-- Table structure for table `cl_configurations`
--

CREATE TABLE IF NOT EXISTS `cl_configurations` (
  `id` int UNSIGNED NOT NULL AUTO_INCREMENT,
  `title` varchar(255) CHARACTER SET utf8 COLLATE utf8_unicode_ci NOT NULL,
  `json` text CHARACTER SET utf8 COLLATE utf8_unicode_ci NOT NULL,
  `status` enum('0','1','2') CHARACTER SET utf8 COLLATE utf8_unicode_ci NOT NULL DEFAULT '1',
  `deleted_at` timestamp NULL DEFAULT NULL,
  `created_at` timestamp NULL DEFAULT NULL,
  `updated_at` timestamp NULL DEFAULT NULL,
  PRIMARY KEY (`id`)
) ENGINE=InnoDB AUTO_INCREMENT=3 DEFAULT CHARSET=utf8mb3 COLLATE=utf8_unicode_ci;

--
-- Dumping data for table `cl_configurations`
--

INSERT INTO `cl_configurations` (`id`, `title`, `json`, `status`, `deleted_at`, `created_at`, `updated_at`) VALUES
(1, 'appointment_type', '[{\"name\":\"ICP\",\"code\":\"icp\"},{\"name\":\"Phone\",\"code\":\"phone\"},{\"name\":\"Email\",\"code\":\"email\"},{\"name\":\"OCP Visit\",\"code\":\"ocp\"},{\"name\":\"VC\",\"code\":\"vc\"}]', '1', NULL, NULL, NULL),
(2, 'ocp_slots', '[{\"name\":\"Before Morning\",\"code\":\"bm\"},{\"name\":\"After Morning\",\"code\":\"am\"},{\"name\":\"After Evening\",\"code\":\"ae\"}]', '1', NULL, NULL, NULL);

-- --------------------------------------------------------

--
-- Table structure for table `cl_country`
--

CREATE TABLE IF NOT EXISTS `cl_country` (
  `id` int UNSIGNED NOT NULL AUTO_INCREMENT,
  `country_name` varchar(100) CHARACTER SET utf8 COLLATE utf8_unicode_ci NOT NULL,
  `creation_date` datetime NOT NULL,
  `created_by` int NOT NULL,
  `modification_date` datetime NOT NULL,
  `modified_by` int NOT NULL,
  `status` enum('0','1','2') CHARACTER SET utf8 COLLATE utf8_unicode_ci NOT NULL,
  `old_id` int NOT NULL,
  PRIMARY KEY (`id`)
) ENGINE=InnoDB AUTO_INCREMENT=244 DEFAULT CHARSET=utf8mb3 COLLATE=utf8_unicode_ci;

--
-- Dumping data for table `cl_country`
--

INSERT INTO `cl_country` (`id`, `country_name`, `creation_date`, `created_by`, `modification_date`, `modified_by`, `status`, `old_id`) VALUES
(1, 'Afganistan', '2016-02-03 17:11:25', 0, '2016-02-03 17:11:25', 0, '1', 120),
(2, 'Albania', '2016-02-03 17:11:25', 0, '2016-02-03 17:11:25', 0, '1', 99),
(3, 'Algeria', '2016-02-03 17:11:25', 0, '2016-02-03 17:11:25', 0, '1', 173),
(4, 'American Samoa', '2016-02-03 17:11:25', 0, '2016-02-03 17:11:25', 0, '1', 237),
(5, 'Andorra', '2016-02-03 17:11:25', 0, '2016-02-03 17:11:25', 0, '1', 61),
(6, 'Angola', '2016-02-03 17:11:25', 0, '2016-02-03 17:11:25', 0, '1', 198),
(7, 'Anguilla', '2016-02-03 17:11:25', 0, '2016-02-03 17:11:25', 0, '1', 20),
(8, 'Antigua and Barbuda', '2016-02-03 17:11:25', 0, '2016-02-03 17:11:25', 0, '1', 23),
(9, 'ANTWERP', '2016-02-03 17:11:25', 0, '2016-02-03 17:11:25', 0, '1', 248),
(10, 'Argentina', '2016-02-03 17:11:25', 0, '2016-02-03 17:11:25', 0, '1', 47),
(11, 'Armenia', '2016-02-03 17:11:25', 0, '2016-02-03 17:11:25', 0, '1', 78),
(12, 'Aruba', '2016-02-03 17:11:25', 0, '2016-02-03 17:11:25', 0, '1', 32),
(13, 'Australia', '2016-02-03 17:11:25', 0, '2016-02-03 17:11:25', 0, '1', 147),
(14, 'Austria', '2016-02-03 17:11:25', 0, '2016-02-03 17:11:25', 0, '1', 65),
(15, 'Azerbaijan', '2016-02-03 17:11:25', 0, '2016-02-03 17:11:25', 0, '1', 79),
(16, 'Bahamas', '2016-02-03 17:11:25', 0, '2016-02-03 17:11:25', 0, '1', 13),
(17, 'Bahrain', '2016-02-03 17:11:25', 0, '2016-02-03 17:11:25', 0, '1', 119),
(18, 'Bangladesh', '2016-02-03 17:11:25', 0, '2016-02-03 17:11:25', 0, '1', 124),
(19, 'Barbados', '2016-02-03 17:11:25', 0, '2016-02-03 17:11:25', 0, '1', 29),
(20, 'Belarus', '2016-02-03 17:11:25', 0, '2016-02-03 17:11:25', 0, '1', 76),
(21, 'Belgium', '2016-02-03 17:11:25', 0, '2016-02-03 17:11:25', 0, '1', 59),
(22, 'Belize', '2016-02-03 17:11:25', 0, '2016-02-03 17:11:25', 0, '1', 6),
(23, 'Benin', '2016-02-03 17:11:25', 0, '2016-02-03 17:11:25', 0, '1', 197),
(24, 'Bermuda', '2016-02-03 17:11:25', 0, '2016-02-03 17:11:25', 0, '1', 12),
(25, 'Bhutan', '2016-02-03 17:11:25', 0, '2016-02-03 17:11:25', 0, '1', 138),
(26, 'Bolivia', '2016-02-03 17:11:25', 0, '2016-02-03 17:11:25', 0, '1', 42),
(27, 'Bosnia-Hercegovina', '2016-02-03 17:11:25', 0, '2016-02-03 17:11:25', 0, '1', 96),
(28, 'Botswana', '2016-02-03 17:11:25', 0, '2016-02-03 17:11:25', 0, '1', 225),
(29, 'Brazil', '2016-02-03 17:11:25', 0, '2016-02-03 17:11:25', 0, '1', 44),
(30, 'British Indian Ocean Terr', '2016-02-03 17:11:25', 0, '2016-02-03 17:11:25', 0, '1', 214),
(31, 'British Virgin Islands', '2016-02-03 17:11:25', 0, '2016-02-03 17:11:25', 0, '1', 21),
(32, 'Brunei', '2016-02-03 17:11:25', 0, '2016-02-03 17:11:25', 0, '1', 135),
(33, 'Bulgaria', '2016-02-03 17:11:25', 0, '2016-02-03 17:11:25', 0, '1', 102),
(34, 'Burkina', '2016-02-03 17:11:25', 0, '2016-02-03 17:11:25', 0, '1', 196),
(35, 'Burma (Myanmar)', '2016-02-03 17:11:25', 0, '2016-02-03 17:11:25', 0, '1', 126),
(36, 'Burundi', '2016-02-03 17:11:25', 0, '2016-02-03 17:11:25', 0, '1', 205),
(37, 'Cambodia', '2016-02-03 17:11:25', 0, '2016-02-03 17:11:25', 0, '1', 130),
(38, 'Cameroon', '2016-02-03 17:11:25', 0, '2016-02-03 17:11:25', 0, '1', 181),
(39, 'Canada', '2016-02-03 17:11:25', 0, '2016-02-03 17:11:25', 0, '1', 2),
(40, 'Cape Verde', '2016-02-03 17:11:25', 0, '2016-02-03 17:11:25', 0, '1', 201),
(41, 'Cayman Islands', '2016-02-03 17:11:25', 0, '2016-02-03 17:11:25', 0, '1', 17),
(42, 'Central African Republic', '2016-02-03 17:11:25', 0, '2016-02-03 17:11:25', 0, '1', 192),
(43, 'Chad', '2016-02-03 17:11:25', 0, '2016-02-03 17:11:25', 0, '1', 194),
(44, 'Chile', '2016-02-03 17:11:25', 0, '2016-02-03 17:11:25', 0, '1', 43),
(45, 'China', '2016-02-03 17:11:25', 0, '2016-02-03 17:11:25', 0, '1', 140),
(46, 'Christmas Island', '2016-02-03 17:11:25', 0, '2016-02-03 17:11:25', 0, '1', 150),
(47, 'Cocos (Keeling) Island', '2016-02-03 17:11:25', 0, '2016-02-03 17:11:25', 0, '1', 149),
(48, 'Colombia', '2016-02-03 17:11:25', 0, '2016-02-03 17:11:25', 0, '1', 35),
(49, 'Comoros', '2016-02-03 17:11:25', 0, '2016-02-03 17:11:25', 0, '1', 220),
(50, 'Congo (Brazzaville)', '2016-02-03 17:11:25', 0, '2016-02-03 17:11:25', 0, '1', 199),
(51, 'Congo (Kinshasa)', '2016-02-03 17:11:25', 0, '2016-02-03 17:11:25', 0, '1', 204),
(52, 'Cook Islands', '2016-02-03 17:11:25', 0, '2016-02-03 17:11:25', 0, '1', 154),
(53, 'Costa Rica', '2016-02-03 17:11:25', 0, '2016-02-03 17:11:25', 0, '1', 10),
(54, 'Croatia', '2016-02-03 17:11:25', 0, '2016-02-03 17:11:25', 0, '1', 94),
(55, 'Cuba', '2016-02-03 17:11:25', 0, '2016-02-03 17:11:25', 0, '1', 14),
(56, 'Cyprus', '2016-02-03 17:11:25', 0, '2016-02-03 17:11:25', 0, '1', 104),
(57, 'Czech Republic', '2016-02-03 17:11:25', 0, '2016-02-03 17:11:25', 0, '1', 66),
(58, 'Denmark', '2016-02-03 17:11:25', 0, '2016-02-03 17:11:25', 0, '1', 55),
(59, 'Djibouti', '2016-02-03 17:11:25', 0, '2016-02-03 17:11:25', 0, '1', 210),
(60, 'Dominica', '2016-02-03 17:11:25', 0, '2016-02-03 17:11:25', 0, '1', 25),
(61, 'Dominican Republic', '2016-02-03 17:11:25', 0, '2016-02-03 17:11:25', 0, '1', 19),
(62, 'East Timor', '2016-02-03 17:11:25', 0, '2016-02-03 17:11:25', 0, '1', 134),
(63, 'Ecuador', '2016-02-03 17:11:25', 0, '2016-02-03 17:11:25', 0, '1', 40),
(64, 'Egypt', '2016-02-03 17:11:25', 0, '2016-02-03 17:11:25', 0, '1', 176),
(65, 'El Salvador', '2016-02-03 17:11:25', 0, '2016-02-03 17:11:25', 0, '1', 7),
(66, 'Equatorial Guinea', '2016-02-03 17:11:25', 0, '2016-02-03 17:11:25', 0, '1', 179),
(67, 'Eritrea', '2016-02-03 17:11:25', 0, '2016-02-03 17:11:25', 0, '1', 208),
(68, 'Estonia', '2016-02-03 17:11:25', 0, '2016-02-03 17:11:25', 0, '1', 71),
(69, 'Ethiopia', '2016-02-03 17:11:25', 0, '2016-02-03 17:11:25', 0, '1', 209),
(70, 'Falkland Islands', '2016-02-03 17:11:25', 0, '2016-02-03 17:11:25', 0, '1', 48),
(71, 'Faroe Islands', '2016-02-03 17:11:25', 0, '2016-02-03 17:11:25', 0, '1', 54),
(72, 'Federal Republic of Germany', '2016-02-03 17:11:25', 0, '2016-02-03 17:11:25', 0, '1', 64),
(73, 'Fedrated States of Micronesia', '2016-02-03 17:11:25', 0, '2016-02-03 17:11:25', 0, '1', 167),
(74, 'Fiji', '2016-02-03 17:11:25', 0, '2016-02-03 17:11:25', 0, '1', 170),
(75, 'Finland', '2016-02-03 17:11:25', 0, '2016-02-03 17:11:25', 0, '1', 53),
(76, 'France', '2016-02-03 17:11:25', 0, '2016-02-03 17:11:25', 0, '1', 63),
(77, 'French Guiana', '2016-02-03 17:11:25', 0, '2016-02-03 17:11:25', 0, '1', 39),
(78, 'French Polynesia', '2016-02-03 17:11:25', 0, '2016-02-03 17:11:25', 0, '1', 165),
(79, 'French Southern and Antarctic Lands', '2016-02-03 17:11:25', 0, '2016-02-03 17:11:25', 0, '1', 222),
(80, 'Gabon', '2016-02-03 17:11:25', 0, '2016-02-03 17:11:25', 0, '1', 193),
(81, 'Gambia', '2016-02-03 17:11:25', 0, '2016-02-03 17:11:25', 0, '1', 188),
(82, 'Gaza Strip Administered by Israel', '2016-02-03 17:11:25', 0, '2016-02-03 17:11:25', 0, '1', 110),
(83, 'Georgia', '2016-02-03 17:11:25', 0, '2016-02-03 17:11:25', 0, '1', 80),
(84, 'GERMANY', '2016-02-03 17:11:25', 0, '2016-02-03 17:11:25', 0, '1', 243),
(85, 'Ghana', '2016-02-03 17:11:25', 0, '2016-02-03 17:11:25', 0, '1', 187),
(86, 'Gibraltar', '2016-02-03 17:11:25', 0, '2016-02-03 17:11:25', 0, '1', 89),
(87, 'Greece', '2016-02-03 17:11:25', 0, '2016-02-03 17:11:25', 0, '1', 100),
(88, 'Greenland', '2016-02-03 17:11:25', 0, '2016-02-03 17:11:25', 0, '1', 1),
(89, 'Grenada', '2016-02-03 17:11:25', 0, '2016-02-03 17:11:25', 0, '1', 28),
(90, 'Guadeloupe', '2016-02-03 17:11:25', 0, '2016-02-03 17:11:25', 0, '1', 33),
(91, 'Guam', '2016-02-03 17:11:25', 0, '2016-02-03 17:11:25', 0, '1', 236),
(92, 'Guatemala', '2016-02-03 17:11:25', 0, '2016-02-03 17:11:25', 0, '1', 5),
(93, 'Guinea', '2016-02-03 17:11:25', 0, '2016-02-03 17:11:25', 0, '1', 184),
(94, 'Guinea-Bissau', '2016-02-03 17:11:25', 0, '2016-02-03 17:11:25', 0, '1', 200),
(95, 'Guyana', '2016-02-03 17:11:25', 0, '2016-02-03 17:11:25', 0, '1', 37),
(96, 'Haiti', '2016-02-03 17:11:25', 0, '2016-02-03 17:11:25', 0, '1', 18),
(97, 'Heard and McDonald Islands', '2016-02-03 17:11:25', 0, '2016-02-03 17:11:25', 0, '1', 151),
(98, 'Honduras', '2016-02-03 17:11:25', 0, '2016-02-03 17:11:25', 0, '1', 8),
(99, 'Hong Kong', '2016-02-03 17:11:25', 0, '2016-02-03 17:11:25', 0, '1', 144),
(100, 'Hungary', '2016-02-03 17:11:25', 0, '2016-02-03 17:11:25', 0, '1', 68),
(101, 'Iceland', '2016-02-03 17:11:25', 0, '2016-02-03 17:11:25', 0, '1', 49),
(102, 'India', '2016-02-03 17:11:25', 0, '2016-02-03 17:11:25', 0, '1', 121),
(103, 'Indonesia', '2016-02-03 17:11:25', 0, '2016-02-03 17:11:25', 0, '1', 133),
(104, 'Iran', '2016-02-03 17:11:25', 0, '2016-02-03 17:11:25', 0, '1', 108),
(105, 'Iraq', '2016-02-03 17:11:25', 0, '2016-02-03 17:11:25', 0, '1', 107),
(106, 'Ireland', '2016-02-03 17:11:25', 0, '2016-02-03 17:11:25', 0, '1', 57),
(107, 'Israel', '2016-02-03 17:11:25', 0, '2016-02-03 17:11:25', 0, '1', 109),
(108, 'Italy', '2016-02-03 17:11:25', 0, '2016-02-03 17:11:25', 0, '1', 93),
(109, 'Ivory Coast', '2016-02-03 17:11:25', 0, '2016-02-03 17:11:25', 0, '1', 186),
(110, 'Jamaica', '2016-02-03 17:11:25', 0, '2016-02-03 17:11:25', 0, '1', 15),
(111, 'Japan', '2016-02-03 17:11:25', 0, '2016-02-03 17:11:25', 0, '1', 146),
(112, 'JOHANNESBURG', '2016-02-03 17:11:25', 0, '2016-02-03 17:11:25', 0, '1', 247),
(113, 'Jordan', '2016-02-03 17:11:25', 0, '2016-02-03 17:11:25', 0, '1', 112),
(114, 'Kazakhstan', '2016-02-03 17:11:25', 0, '2016-02-03 17:11:25', 0, '1', 81),
(115, 'Kenya', '2016-02-03 17:11:25', 0, '2016-02-03 17:11:25', 0, '1', 212),
(116, 'Kiribati', '2016-02-03 17:11:25', 0, '2016-02-03 17:11:25', 0, '1', 161),
(117, 'Korea, South', '2016-02-03 17:11:25', 0, '2016-02-03 17:11:25', 0, '1', 143),
(118, 'Kuwait', '2016-02-03 17:11:25', 0, '2016-02-03 17:11:25', 0, '1', 113),
(119, 'Kyrgyzstan', '2016-02-03 17:11:25', 0, '2016-02-03 17:11:25', 0, '1', 82),
(120, 'Laos', '2016-02-03 17:11:25', 0, '2016-02-03 17:11:25', 0, '1', 129),
(121, 'Latvia', '2016-02-03 17:11:25', 0, '2016-02-03 17:11:25', 0, '1', 72),
(122, 'Lebanon', '2016-02-03 17:11:25', 0, '2016-02-03 17:11:25', 0, '1', 106),
(123, 'Lesotho', '2016-02-03 17:11:25', 0, '2016-02-03 17:11:25', 0, '1', 230),
(124, 'Liberia', '2016-02-03 17:11:25', 0, '2016-02-03 17:11:25', 0, '1', 203),
(125, 'Libya', '2016-02-03 17:11:25', 0, '2016-02-03 17:11:25', 0, '1', 175),
(126, 'Liechtenstein', '2016-02-03 17:11:25', 0, '2016-02-03 17:11:25', 0, '1', 69),
(127, 'Lithuania', '2016-02-03 17:11:25', 0, '2016-02-03 17:11:25', 0, '1', 73),
(128, 'Luxembourg', '2016-02-03 17:11:25', 0, '2016-02-03 17:11:25', 0, '1', 60),
(129, 'Macao', '2016-02-03 17:11:25', 0, '2016-02-03 17:11:25', 0, '1', 137),
(130, 'Macedonia (Skopje)', '2016-02-03 17:11:25', 0, '2016-02-03 17:11:25', 0, '1', 97),
(131, 'Madagascar', '2016-02-03 17:11:25', 0, '2016-02-03 17:11:25', 0, '1', 218),
(132, 'Malawi', '2016-02-03 17:11:25', 0, '2016-02-03 17:11:25', 0, '1', 229),
(133, 'Malaysia', '2016-02-03 17:11:25', 0, '2016-02-03 17:11:25', 0, '1', 131),
(134, 'Maldives', '2016-02-03 17:11:25', 0, '2016-02-03 17:11:25', 0, '1', 139),
(135, 'Mali', '2016-02-03 17:11:25', 0, '2016-02-03 17:11:25', 0, '1', 183),
(136, 'Malta', '2016-02-03 17:11:25', 0, '2016-02-03 17:11:25', 0, '1', 90),
(137, 'Marshall Islands', '2016-02-03 17:11:25', 0, '2016-02-03 17:11:25', 0, '1', 166),
(138, 'Martinique', '2016-02-03 17:11:25', 0, '2016-02-03 17:11:25', 0, '1', 34),
(139, 'Mauritania', '2016-02-03 17:11:25', 0, '2016-02-03 17:11:25', 0, '1', 180),
(140, 'Mauritius', '2016-02-03 17:11:25', 0, '2016-02-03 17:11:25', 0, '1', 216),
(141, 'Mayotte', '2016-02-03 17:11:25', 0, '2016-02-03 17:11:25', 0, '1', 219),
(142, 'Mexico', '2016-02-03 17:11:25', 0, '2016-02-03 17:11:25', 0, '1', 4),
(143, 'Moldova', '2016-02-03 17:11:25', 0, '2016-02-03 17:11:25', 0, '1', 83),
(144, 'Monaco', '2016-02-03 17:11:25', 0, '2016-02-03 17:11:25', 0, '1', 62),
(145, 'Mongolia', '2016-02-03 17:11:25', 0, '2016-02-03 17:11:25', 0, '1', 141),
(146, 'Montserrat', '2016-02-03 17:11:25', 0, '2016-02-03 17:11:25', 0, '1', 24),
(147, 'Morocco', '2016-02-03 17:11:25', 0, '2016-02-03 17:11:25', 0, '1', 172),
(148, 'Mozambique', '2016-02-03 17:11:25', 0, '2016-02-03 17:11:25', 0, '1', 217),
(149, 'Namibia', '2016-02-03 17:11:25', 0, '2016-02-03 17:11:25', 0, '1', 224),
(150, 'Nauru', '2016-02-03 17:11:25', 0, '2016-02-03 17:11:25', 0, '1', 169),
(151, 'Nepal', '2016-02-03 17:11:25', 0, '2016-02-03 17:11:25', 0, '1', 123),
(152, 'Netherlands', '2016-02-03 17:11:25', 0, '2016-02-03 17:11:25', 0, '1', 58),
(153, 'Netherlands Antilles', '2016-02-03 17:11:25', 0, '2016-02-03 17:11:25', 0, '1', 31),
(154, 'New Caledonia', '2016-02-03 17:11:25', 0, '2016-02-03 17:11:25', 0, '1', 163),
(155, 'New Zealand', '2016-02-03 17:11:25', 0, '2016-02-03 17:11:25', 0, '1', 153),
(156, 'Nicaragua', '2016-02-03 17:11:25', 0, '2016-02-03 17:11:25', 0, '1', 9),
(157, 'Niger', '2016-02-03 17:11:25', 0, '2016-02-03 17:11:25', 0, '1', 189),
(158, 'Nigeria', '2016-02-03 17:11:25', 0, '2016-02-03 17:11:25', 0, '1', 191),
(159, 'Niue', '2016-02-03 17:11:25', 0, '2016-02-03 17:11:25', 0, '1', 156),
(160, 'Norfolk Island', '2016-02-03 17:11:25', 0, '2016-02-03 17:11:25', 0, '1', 148),
(161, 'North Korea', '2016-02-03 17:11:25', 0, '2016-02-03 17:11:25', 0, '1', 142),
(162, 'Northern Mariana Islands', '2016-02-03 17:11:25', 0, '2016-02-03 17:11:25', 0, '1', 238),
(163, 'Norway', '2016-02-03 17:11:25', 0, '2016-02-03 17:11:25', 0, '1', 52),
(164, 'Oman', '2016-02-03 17:11:25', 0, '2016-02-03 17:11:25', 0, '1', 118),
(165, 'Pakistan', '2016-02-03 17:11:25', 0, '2016-02-03 17:11:25', 0, '1', 122),
(166, 'Palau', '2016-02-03 17:11:25', 0, '2016-02-03 17:11:25', 0, '1', 168),
(167, 'Panama', '2016-02-03 17:11:25', 0, '2016-02-03 17:11:25', 0, '1', 11),
(168, 'Papua New Guinea', '2016-02-03 17:11:25', 0, '2016-02-03 17:11:25', 0, '1', 152),
(169, 'Paraguay', '2016-02-03 17:11:25', 0, '2016-02-03 17:11:25', 0, '1', 45),
(170, 'Peru', '2016-02-03 17:11:25', 0, '2016-02-03 17:11:25', 0, '1', 41),
(171, 'Philippines', '2016-02-03 17:11:25', 0, '2016-02-03 17:11:25', 0, '1', 136),
(172, 'Pitcairn Island', '2016-02-03 17:11:25', 0, '2016-02-03 17:11:25', 0, '1', 160),
(173, 'Poland', '2016-02-03 17:11:25', 0, '2016-02-03 17:11:25', 0, '1', 74),
(174, 'Portugal', '2016-02-03 17:11:25', 0, '2016-02-03 17:11:25', 0, '1', 88),
(175, 'Puerto Rico', '2016-02-03 17:11:25', 0, '2016-02-03 17:11:25', 0, '1', 234),
(176, 'Qatar', '2016-02-03 17:11:25', 0, '2016-02-03 17:11:25', 0, '1', 115),
(177, 'REP OF PANAMA', '2016-02-03 17:11:25', 0, '2016-02-03 17:11:25', 0, '1', 242),
(178, 'Republic of Yemen', '2016-02-03 17:11:25', 0, '2016-02-03 17:11:25', 0, '1', 117),
(179, 'Reunion', '2016-02-03 17:11:25', 0, '2016-02-03 17:11:25', 0, '1', 221),
(180, 'Romania', '2016-02-03 17:11:25', 0, '2016-02-03 17:11:25', 0, '1', 101),
(181, 'Russia', '2016-02-03 17:11:25', 0, '2016-02-03 17:11:25', 0, '1', 75),
(182, 'Rwanda', '2016-02-03 17:11:25', 0, '2016-02-03 17:11:25', 0, '1', 206),
(183, 'San Marino', '2016-02-03 17:11:25', 0, '2016-02-03 17:11:25', 0, '1', 91),
(184, 'Sao Tome and Principe', '2016-02-03 17:11:25', 0, '2016-02-03 17:11:25', 0, '1', 202),
(185, 'Saudi Arabia', '2016-02-03 17:11:25', 0, '2016-02-03 17:11:25', 0, '1', 114),
(186, 'Senegal', '2016-02-03 17:11:25', 0, '2016-02-03 17:11:25', 0, '1', 182),
(187, 'Seychelles', '2016-02-03 17:11:25', 0, '2016-02-03 17:11:25', 0, '1', 213),
(188, 'Sierra Leone', '2016-02-03 17:11:25', 0, '2016-02-03 17:11:25', 0, '1', 185),
(189, 'Singapore', '2016-02-03 17:11:25', 0, '2016-02-03 17:11:25', 0, '1', 132),
(190, 'Slovakia', '2016-02-03 17:11:25', 0, '2016-02-03 17:11:25', 0, '1', 67),
(191, 'Slovenia', '2016-02-03 17:11:25', 0, '2016-02-03 17:11:25', 0, '1', 95),
(192, 'Solomon Islands', '2016-02-03 17:11:25', 0, '2016-02-03 17:11:25', 0, '1', 158),
(193, 'Somalia', '2016-02-03 17:11:25', 0, '2016-02-03 17:11:25', 0, '1', 207),
(194, 'South Africa', '2016-02-03 17:11:25', 0, '2016-02-03 17:11:25', 0, '1', 223),
(195, 'Spain', '2016-02-03 17:11:25', 0, '2016-02-03 17:11:25', 0, '1', 87),
(196, 'Sri Lanka', '2016-02-03 17:11:25', 0, '2016-02-03 17:11:25', 0, '1', 125),
(197, 'St Helena', '2016-02-03 17:11:25', 0, '2016-02-03 17:11:25', 0, '1', 195),
(198, 'St Kitts and Nevis', '2016-02-03 17:11:25', 0, '2016-02-03 17:11:25', 0, '1', 22),
(199, 'St Lucia', '2016-02-03 17:11:25', 0, '2016-02-03 17:11:25', 0, '1', 26),
(200, 'St Pierre and Miquelon', '2016-02-03 17:11:25', 0, '2016-02-03 17:11:25', 0, '1', 3),
(201, 'St Vincent and the Grenadines', '2016-02-03 17:11:25', 0, '2016-02-03 17:11:25', 0, '1', 27),
(202, 'Sudan', '2016-02-03 17:11:25', 0, '2016-02-03 17:11:25', 0, '1', 177),
(203, 'Suriname', '2016-02-03 17:11:25', 0, '2016-02-03 17:11:25', 0, '1', 38),
(204, 'Svalbard, Jan Mayen Island', '2016-02-03 17:11:25', 0, '2016-02-03 17:11:25', 0, '1', 51),
(205, 'Swaziland', '2016-02-03 17:11:25', 0, '2016-02-03 17:11:25', 0, '1', 227),
(206, 'Sweden', '2016-02-03 17:11:25', 0, '2016-02-03 17:11:25', 0, '1', 50),
(207, 'Switzerland', '2016-02-03 17:11:25', 0, '2016-02-03 17:11:25', 0, '1', 70),
(208, 'Syria', '2016-02-03 17:11:25', 0, '2016-02-03 17:11:25', 0, '1', 105),
(209, 'Taiwan', '2016-02-03 17:11:25', 0, '2016-02-03 17:11:25', 0, '1', 145),
(210, 'Tajikistan', '2016-02-03 17:11:25', 0, '2016-02-03 17:11:25', 0, '1', 84),
(211, 'Tanzania', '2016-02-03 17:11:25', 0, '2016-02-03 17:11:25', 0, '1', 215),
(212, 'Thailand', '2016-02-03 17:11:25', 0, '2016-02-03 17:11:25', 0, '1', 127),
(213, 'Togo', '2016-02-03 17:11:25', 0, '2016-02-03 17:11:25', 0, '1', 190),
(214, 'Tokelau', '2016-02-03 17:11:25', 0, '2016-02-03 17:11:25', 0, '1', 155),
(215, 'Tonga', '2016-02-03 17:11:25', 0, '2016-02-03 17:11:25', 0, '1', 171),
(216, 'Trinidad and Tobago', '2016-02-03 17:11:25', 0, '2016-02-03 17:11:25', 0, '1', 30),
(217, 'Tunisia', '2016-02-03 17:11:25', 0, '2016-02-03 17:11:25', 0, '1', 174),
(218, 'Turkey', '2016-02-03 17:11:25', 0, '2016-02-03 17:11:25', 0, '1', 103),
(219, 'Turkmenistan', '2016-02-03 17:11:25', 0, '2016-02-03 17:11:25', 0, '1', 85),
(220, 'Turks and Caicos Islands', '2016-02-03 17:11:25', 0, '2016-02-03 17:11:25', 0, '1', 16),
(221, 'Tuvalu', '2016-02-03 17:11:25', 0, '2016-02-03 17:11:25', 0, '1', 162),
(222, 'Uganda', '2016-02-03 17:11:25', 0, '2016-02-03 17:11:25', 0, '1', 211),
(223, 'Ukraine', '2016-02-03 17:11:25', 0, '2016-02-03 17:11:25', 0, '1', 77),
(224, 'United Arab Emirates', '2016-02-03 17:11:25', 0, '2016-02-03 17:11:25', 0, '1', 116),
(225, 'United Kingdom', '2016-02-03 17:11:25', 0, '2016-02-03 17:11:25', 0, '1', 56),
(226, 'UNITED KINGDOOM', '2016-02-03 17:11:25', 0, '2016-02-03 17:11:25', 0, '1', 245),
(227, 'United States', '2016-02-03 17:11:25', 0, '2016-02-03 17:11:25', 0, '1', 240),
(228, 'Uruguay', '2016-02-03 17:11:25', 0, '2016-02-03 17:11:25', 0, '1', 46),
(229, 'US minor outlying Islands', '2016-02-03 17:11:25', 0, '2016-02-03 17:11:25', 0, '1', 239),
(230, 'Uzbekistan', '2016-02-03 17:11:25', 0, '2016-02-03 17:11:25', 0, '1', 86),
(231, 'Vanuatu', '2016-02-03 17:11:25', 0, '2016-02-03 17:11:25', 0, '1', 159),
(232, 'Vatican City', '2016-02-03 17:11:25', 0, '2016-02-03 17:11:25', 0, '1', 92),
(233, 'Venezuela', '2016-02-03 17:11:25', 0, '2016-02-03 17:11:25', 0, '1', 36),
(234, 'VENICE', '2016-02-03 17:11:25', 0, '2016-02-03 17:11:25', 0, '1', 246),
(235, 'Vietnam', '2016-02-03 17:11:25', 0, '2016-02-03 17:11:25', 0, '1', 128),
(236, 'Virgin Islands of the United States', '2016-02-03 17:11:25', 0, '2016-02-03 17:11:25', 0, '1', 235),
(237, 'Wallis and Futuna', '2016-02-03 17:11:25', 0, '2016-02-03 17:11:25', 0, '1', 164),
(238, 'West Bank Administered by Israel', '2016-02-03 17:11:25', 0, '2016-02-03 17:11:25', 0, '1', 111),
(239, 'Western Sahara', '2016-02-03 17:11:25', 0, '2016-02-03 17:11:25', 0, '1', 178),
(240, 'Western Samoa', '2016-02-03 17:11:25', 0, '2016-02-03 17:11:25', 0, '1', 157),
(241, 'Yugoslavia', '2016-02-03 17:11:25', 0, '2016-02-03 17:11:25', 0, '1', 98),
(242, 'Zambia', '2016-02-03 17:11:25', 0, '2016-02-03 17:11:25', 0, '1', 226),
(243, 'Zimbabwe', '2016-02-03 17:11:25', 0, '2016-02-03 17:11:25', 0, '1', 228);

-- --------------------------------------------------------

--
-- Table structure for table `cl_customer`
--

CREATE TABLE IF NOT EXISTS `cl_customer` (
  `id` int UNSIGNED NOT NULL AUTO_INCREMENT,
  `created_at` timestamp NULL DEFAULT NULL,
  `updated_at` timestamp NULL DEFAULT NULL,
  PRIMARY KEY (`id`)
) ENGINE=InnoDB DEFAULT CHARSET=utf8mb3 COLLATE=utf8_unicode_ci;

-- --------------------------------------------------------

--
-- Table structure for table `cl_diagnostic_reports`
--

CREATE TABLE IF NOT EXISTS `cl_diagnostic_reports` (
  `id` int UNSIGNED NOT NULL AUTO_INCREMENT,
  `name` varchar(256) CHARACTER SET utf8 COLLATE utf8_unicode_ci NOT NULL,
  `created_by` int NOT NULL,
  `created_at` timestamp NOT NULL DEFAULT CURRENT_TIMESTAMP,
  `modified_by` int NOT NULL,
  `updated_at` timestamp NOT NULL DEFAULT '0000-00-00 00:00:00',
  `status` enum('0','1','2') CHARACTER SET utf8 COLLATE utf8_unicode_ci NOT NULL DEFAULT '1',
  PRIMARY KEY (`id`)
) ENGINE=MyISAM AUTO_INCREMENT=16 DEFAULT CHARSET=utf8mb3 COLLATE=utf8_unicode_ci;

--
-- Dumping data for table `cl_diagnostic_reports`
--

INSERT INTO `cl_diagnostic_reports` (`id`, `name`, `created_by`, `created_at`, `modified_by`, `updated_at`, `status`) VALUES
(1, 'report', 0, '2021-04-20 09:35:25', 0, '2021-04-20 09:35:25', '1'),
(2, ' m', 0, '2021-04-20 09:41:12', 0, '2021-04-20 09:41:12', '1'),
(3, 'Reports 3', 0, '2021-04-20 11:17:24', 0, '2021-04-20 12:37:19', '1'),
(4, '  tRest', 0, '2021-04-20 11:27:30', 0, '2021-04-20 11:27:30', '1'),
(5, '  tRestd', 0, '2021-04-20 11:27:53', 0, '2021-04-20 11:27:53', '1'),
(6, '  tRestds', 0, '2021-04-20 11:29:26', 0, '2021-04-20 06:07:26', '0'),
(7, '  tRestdss', 0, '2021-04-20 11:30:10', 0, '2021-04-20 11:30:10', '1'),
(8, 'aaaaa', 0, '2021-06-15 07:56:48', 0, '2021-07-13 08:34:02', '2'),
(9, 'bbb', 0, '2021-06-15 07:58:35', 0, '2021-06-15 07:58:35', '1'),
(10, 'Xray Chest', 0, '2021-07-14 09:38:36', 0, '2021-07-14 09:39:16', '1'),
(11, 'Blood Report', 0, '2021-08-06 15:08:13', 0, '2021-08-06 15:08:13', '1'),
(12, 'MRI report', 0, '2021-09-06 02:58:05', 0, '2021-09-06 02:58:05', '1'),
(13, 'Urine Test', 0, '2021-09-06 02:58:19', 0, '2021-09-06 02:58:19', '1'),
(14, 'Ultra-sound', 0, '2021-09-06 02:58:42', 0, '2021-09-06 02:58:42', '1'),
(15, 'Sugar report', 0, '2021-11-19 06:15:06', 0, '2021-11-19 06:15:55', '1');

-- --------------------------------------------------------

--
-- Table structure for table `cl_diagnostic_variables`
--

CREATE TABLE IF NOT EXISTS `cl_diagnostic_variables` (
  `id` int UNSIGNED NOT NULL AUTO_INCREMENT,
  `diagnostic_report_id` int UNSIGNED NOT NULL,
  `variable_name` varchar(256) CHARACTER SET utf8 COLLATE utf8_unicode_ci NOT NULL,
  `variable_unit` varchar(256) CHARACTER SET utf8 COLLATE utf8_unicode_ci NOT NULL,
  `range_type` enum('th','bnr') CHARACTER SET utf8 COLLATE utf8_unicode_ci NOT NULL DEFAULT 'th',
  `lower_range` varchar(256) CHARACTER SET utf8 COLLATE utf8_unicode_ci NOT NULL,
  `upper_range` varchar(256) CHARACTER SET utf8 COLLATE utf8_unicode_ci NOT NULL,
  `created_by` int NOT NULL,
  `created_at` timestamp NOT NULL DEFAULT CURRENT_TIMESTAMP,
  `modified_by` int NOT NULL,
  `updated_at` timestamp NOT NULL DEFAULT '0000-00-00 00:00:00',
  `status` enum('0','1','2') CHARACTER SET utf8 COLLATE utf8_unicode_ci NOT NULL DEFAULT '1',
  PRIMARY KEY (`id`),
  KEY `diagnostic_variables_diagnostic_report_id_foreign` (`diagnostic_report_id`)
) ENGINE=MyISAM AUTO_INCREMENT=14 DEFAULT CHARSET=utf8mb3 COLLATE=utf8_unicode_ci;

--
-- Dumping data for table `cl_diagnostic_variables`
--

INSERT INTO `cl_diagnostic_variables` (`id`, `diagnostic_report_id`, `variable_name`, `variable_unit`, `range_type`, `lower_range`, `upper_range`, `created_by`, `created_at`, `modified_by`, `updated_at`, `status`) VALUES
(1, 1, 'Varaible1', 'Unit 1', 'th', '434', '12', 0, '2021-04-20 04:05:25', 0, '2021-04-20 04:05:25', '1'),
(2, 2, 'd', 'd', 'bnr', 'erer', '32', 0, '2021-04-20 04:11:12', 0, '2021-04-20 04:11:12', '1'),
(8, 3, 'Variable 4', 'Unit 4', 'bnr', 'Pass', 'Tst', 0, '2021-04-20 07:07:19', 0, '2021-04-20 07:07:19', '1'),
(7, 3, 'Varaible 3', 'Unit 3', 'th', '33', '33', 0, '2021-04-20 07:07:19', 0, '2021-04-20 07:07:19', '1'),
(6, 3, 'Variable 1', 'Unit 1', 'th', '2', '1', 0, '2021-04-20 07:07:19', 0, '2021-04-20 07:07:19', '1'),
(9, 9, 'bb', 'b', 'th', '5', '10', 0, '2021-06-15 02:28:35', 0, '2021-06-15 02:28:35', '1'),
(10, 11, 'WBC', 'million/mm3', 'th', '11', '4.5', 0, '2021-08-06 15:08:13', 0, '2021-08-06 15:08:13', '1'),
(11, 11, 'RBC', 'million/mm3', 'th', '25', '10', 0, '2021-08-06 15:08:13', 0, '2021-08-06 15:08:13', '1'),
(12, 15, 'Sugar level', 'ml/Hg', 'bnr', 'pass', 'No', 0, '2021-11-19 06:15:55', 0, '2021-11-19 06:15:55', '1'),
(13, 15, 'Platelets', '/mg', 'bnr', 'Up', 'Down', 0, '2021-11-19 06:15:55', 0, '2021-11-19 06:15:55', '1');

-- --------------------------------------------------------

--
-- Table structure for table `cl_dilutions`
--

CREATE TABLE IF NOT EXISTS `cl_dilutions` (
  `id` int UNSIGNED NOT NULL AUTO_INCREMENT,
  `name` varchar(250) CHARACTER SET utf8 COLLATE utf8_unicode_ci NOT NULL,
  `description` varchar(1024) CHARACTER SET utf8 COLLATE utf8_unicode_ci DEFAULT NULL,
  `created_by` int NOT NULL,
  `creation_date_on` timestamp NOT NULL DEFAULT CURRENT_TIMESTAMP ON UPDATE CURRENT_TIMESTAMP,
  `modified_by` int NOT NULL,
  `modification_date` timestamp NOT NULL DEFAULT '0000-00-00 00:00:00',
  `status` enum('0','1','2') CHARACTER SET utf8 COLLATE utf8_unicode_ci NOT NULL DEFAULT '1',
  PRIMARY KEY (`id`)
) ENGINE=InnoDB AUTO_INCREMENT=4 DEFAULT CHARSET=utf8mb3 COLLATE=utf8_unicode_ci;

--
-- Dumping data for table `cl_dilutions`
--

INSERT INTO `cl_dilutions` (`id`, `name`, `description`, `created_by`, `modified_by`, `modification_date`, `status`) VALUES
(1, 'C', 'This c type dilution', 0, 0, '0000-00-00 00:00:00', '1'),
(2, 'X', 'This X type dilution', 0, 0, '0000-00-00 00:00:00', '1'),
(3, 'M', 'This M type dilution', 0, 0, '0000-00-00 00:00:00', '1');

-- --------------------------------------------------------

--
-- Table structure for table `cl_discount_categories`
--

CREATE TABLE IF NOT EXISTS `cl_discount_categories` (
  `id` int UNSIGNED NOT NULL AUTO_INCREMENT,
  `title` varchar(250) CHARACTER SET utf8 COLLATE utf8_unicode_ci NOT NULL,
  `description` text CHARACTER SET utf8 COLLATE utf8_unicode_ci NOT NULL,
  `created_by` int NOT NULL,
  `creation_date_on` timestamp NOT NULL DEFAULT CURRENT_TIMESTAMP ON UPDATE CURRENT_TIMESTAMP,
  `modified_by` int NOT NULL,
  `modification_date` timestamp NOT NULL DEFAULT '0000-00-00 00:00:00',
  `status` enum('0','1','2') CHARACTER SET utf8 COLLATE utf8_unicode_ci NOT NULL DEFAULT '1',
  PRIMARY KEY (`id`)
) ENGINE=InnoDB AUTO_INCREMENT=5 DEFAULT CHARSET=utf8mb3 COLLATE=utf8_unicode_ci;

--
-- Dumping data for table `cl_discount_categories`
--

INSERT INTO `cl_discount_categories` (`id`, `title`, `description`, `created_by`, `modified_by`, `modification_date`, `status`) VALUES
(1, 'Normal', 'This category type patients are not applicable for any discounts.', 0, 0, '0000-00-00 00:00:00', '1'),
(2, 'Consultancy Discount', 'This category type patients are applicable for consultancy discount.', 0, 0, '0000-00-00 00:00:00', '1'),
(3, 'Medicine Discount', 'This category type patients are applicable for Medicine discount.', 0, 0, '0000-00-00 00:00:00', '1'),
(4, 'Consultancy and Medicine Discount', 'This category type patients are applicable for consultancy and medicine discounts.', 0, 0, '0000-00-00 00:00:00', '1');

-- --------------------------------------------------------

--
-- Table structure for table `cl_discount_mappings`
--

CREATE TABLE IF NOT EXISTS `cl_discount_mappings` (
  `id` int UNSIGNED NOT NULL AUTO_INCREMENT,
  `category_id` int UNSIGNED NOT NULL,
  `charge_id` int UNSIGNED NOT NULL,
  `charge_code` varchar(3) CHARACTER SET utf8 COLLATE utf8_unicode_ci NOT NULL,
  `percentage` int UNSIGNED NOT NULL,
  `description` text CHARACTER SET utf8 COLLATE utf8_unicode_ci NOT NULL,
  `created_by` int NOT NULL,
  `creation_date_on` timestamp NOT NULL DEFAULT CURRENT_TIMESTAMP ON UPDATE CURRENT_TIMESTAMP,
  `modified_by` int NOT NULL,
  `modification_date` timestamp NOT NULL DEFAULT '0000-00-00 00:00:00',
  `status` enum('0','1','2') CHARACTER SET utf8 COLLATE utf8_unicode_ci NOT NULL DEFAULT '1',
  PRIMARY KEY (`id`),
  KEY `discount_mappings_charge_id_foreign` (`charge_id`),
  KEY `discount_mappings_charge_code_foreign` (`charge_code`),
  KEY `discount_mappings_category_id_foreign` (`category_id`)
) ENGINE=InnoDB AUTO_INCREMENT=9 DEFAULT CHARSET=utf8mb3 COLLATE=utf8_unicode_ci;

--
-- Dumping data for table `cl_discount_mappings`
--

INSERT INTO `cl_discount_mappings` (`id`, `category_id`, `charge_id`, `charge_code`, `percentage`, `description`, `created_by`, `modified_by`, `modification_date`, `status`) VALUES
(1, 1, 1, 'cns', 0, '', 0, 0, '0000-00-00 00:00:00', '1'),
(2, 1, 2, 'mdn', 0, '', 0, 0, '0000-00-00 00:00:00', '1'),
(3, 2, 1, 'cns', 100, '', 0, 0, '0000-00-00 00:00:00', '1'),
(4, 2, 2, 'mdn', 0, '', 0, 0, '0000-00-00 00:00:00', '1'),
(5, 3, 1, 'cns', 0, '', 0, 0, '0000-00-00 00:00:00', '1'),
(6, 3, 2, 'mdn', 100, '', 0, 0, '0000-00-00 00:00:00', '1'),
(7, 4, 1, 'cns', 100, '', 0, 0, '0000-00-00 00:00:00', '1'),
(8, 4, 2, 'mdn', 100, '', 0, 0, '0000-00-00 00:00:00', '1');

-- --------------------------------------------------------

--
-- Table structure for table `cl_diseases`
--

CREATE TABLE IF NOT EXISTS `cl_diseases` (
  `id` int UNSIGNED NOT NULL AUTO_INCREMENT,
  `name` varchar(256) CHARACTER SET utf8 COLLATE utf8_unicode_ci NOT NULL,
  `organ` int UNSIGNED NOT NULL,
  `system` int UNSIGNED NOT NULL,
  `created_by` int NOT NULL,
  `created_at` timestamp NOT NULL DEFAULT CURRENT_TIMESTAMP,
  `modified_by` int NOT NULL,
  `updated_at` timestamp NOT NULL DEFAULT CURRENT_TIMESTAMP,
  `status` enum('0','1','2') CHARACTER SET utf8 COLLATE utf8_unicode_ci NOT NULL DEFAULT '1',
  PRIMARY KEY (`id`),
  KEY `diseases_organ_id_foreign` (`organ`),
  KEY `diseases_system_id_foreign` (`system`)
) ENGINE=MyISAM AUTO_INCREMENT=53 DEFAULT CHARSET=utf8mb3 COLLATE=utf8_unicode_ci;

--
-- Dumping data for table `cl_diseases`
--

INSERT INTO `cl_diseases` (`id`, `name`, `organ`, `system`, `created_by`, `created_at`, `modified_by`, `updated_at`, `status`) VALUES
(9, 'Disease 2', 5, 1, 0, '2021-04-05 08:20:37', 0, '2021-09-03 11:14:19', '0'),
(8, 'Disease 1', 5, 1, 0, '2021-04-05 08:20:37', 0, '2021-09-03 11:13:52', '0'),
(15, 'Test 5 4 2021', 7, 1, 0, '2021-04-05 08:30:36', 0, '2021-09-03 11:11:51', '0'),
(14, 'Disease 2', 7, 1, 0, '2021-04-05 08:30:36', 0, '2021-09-03 11:14:25', '0'),
(13, 'Disease 1', 7, 1, 0, '2021-04-05 08:30:36', 0, '2021-09-03 11:14:02', '0'),
(16, 'Disease 2', 9, 15, 0, '2021-04-27 07:41:39', 0, '2021-09-03 11:14:31', '0'),
(17, 'Disease 1', 9, 15, 0, '2021-04-27 07:41:39', 0, '2021-09-03 11:14:13', '0'),
(21, 'Fever', 11, 14, 0, '2021-04-27 07:44:11', 0, '2021-09-03 11:15:02', '0'),
(20, 'Cough', 18, 24, 0, '2021-04-27 07:44:11', 0, '2021-09-03 11:13:40', '1'),
(22, 'Left Liver', 15, 21, 0, '2021-06-19 11:32:14', 0, '2021-09-03 11:12:19', '0'),
(23, 'Right Liver', 20, 25, 0, '2021-06-19 11:32:49', 0, '2021-09-03 11:32:00', '1'),
(24, 'Middle Liver', 15, 21, 0, '2021-06-19 11:32:49', 0, '2021-09-03 11:12:30', '0'),
(25, 'Fatty Liver', 21, 25, 0, '2021-06-29 11:43:26', 0, '2021-09-03 11:32:00', '1'),
(26, 'Nerve Tumor', 22, 26, 0, '2021-06-29 12:03:23', 0, '2021-09-03 11:44:03', '1'),
(27, 'Stomachache', 20, 25, 0, '2021-07-28 11:05:08', 0, '2021-09-03 11:32:00', '1'),
(28, 'Shubhnarayan Tiwari Diseasebname test', 23, 26, 0, '2021-08-19 18:43:52', 0, '2021-09-03 11:12:03', '0'),
(29, 'QT syndrome', 25, 28, 0, '2021-09-03 11:04:36', 0, '2021-09-03 11:04:36', '1'),
(30, 'Asthma', 26, 28, 0, '2021-09-03 11:06:24', 0, '2021-09-03 11:57:29', '0'),
(31, 'high blood pressure', 27, 30, 0, '2021-09-03 11:29:39', 0, '2021-09-03 11:29:39', '1'),
(32, 'high cholesterol', 27, 30, 0, '2021-09-03 11:29:39', 0, '2021-09-03 11:29:39', '1'),
(33, 'diabetes', 27, 30, 0, '2021-09-03 11:29:39', 0, '2021-09-03 11:29:39', '1'),
(34, 'overweight', 27, 30, 0, '2021-09-03 11:29:39', 0, '2021-09-03 11:29:39', '1'),
(35, 'Angina', 27, 30, 0, '2021-09-03 11:30:12', 0, '2021-09-03 11:30:12', '1'),
(36, 'Constipation', 32, 25, 0, '2021-09-03 11:36:00', 0, '2021-09-03 11:36:00', '1'),
(37, 'Diarrhea', 32, 25, 0, '2021-09-03 11:36:00', 0, '2021-09-03 11:36:00', '1'),
(38, 'Ulcers', 31, 25, 0, '2021-09-03 11:36:28', 0, '2021-09-03 11:36:28', '1'),
(39, 'Cancer', 29, 25, 0, '2021-09-03 11:37:05', 0, '2021-09-03 11:44:49', '1'),
(40, 'Adrenal insufficiency', 35, 34, 0, '2021-09-03 11:47:16', 0, '2021-09-03 11:47:16', '1'),
(41, 'Nephronia', 35, 34, 0, '2021-09-03 11:47:16', 0, '2021-09-03 11:47:16', '1'),
(42, 'Renal stones', 35, 34, 0, '2021-09-03 11:47:16', 0, '2021-09-03 11:47:16', '1'),
(43, 'Acute kidney injury', 35, 34, 0, '2021-09-03 11:47:16', 0, '2021-09-03 11:47:16', '1'),
(44, 'Alzheimer\'s disease', 22, 26, 0, '2021-09-03 11:52:48', 0, '2021-09-03 11:52:48', '1'),
(45, 'Cancer', 22, 26, 0, '2021-09-03 11:52:48', 0, '2021-09-03 11:52:48', '1'),
(46, 'Mental Disorders', 22, 26, 0, '2021-09-03 11:52:48', 0, '2021-09-03 11:52:48', '1'),
(47, 'Parkinson\'s', 22, 26, 0, '2021-09-03 11:52:48', 0, '2021-09-03 11:52:48', '1'),
(48, 'brain hemorrhage', 22, 26, 0, '2021-09-03 11:52:48', 0, '2021-09-03 11:52:48', '1'),
(49, 'pneumonia', 18, 24, 0, '2021-09-03 11:56:32', 0, '2021-09-03 11:56:32', '1'),
(50, 'Cancer', 18, 24, 0, '2021-09-03 11:56:32', 0, '2021-09-03 11:56:32', '1'),
(51, 'Blocked lung artery', 18, 24, 0, '2021-09-03 11:56:32', 0, '2021-09-03 11:56:32', '1'),
(52, 'Asthma', 18, 24, 0, '2021-09-03 11:56:32', 0, '2021-09-03 11:56:32', '1');

-- --------------------------------------------------------

--
-- Table structure for table `cl_doctorcharges`
--

CREATE TABLE IF NOT EXISTS `cl_doctorcharges` (
  `id` int UNSIGNED NOT NULL AUTO_INCREMENT,
  `doctor_level` int UNSIGNED NOT NULL,
  `charge_id` int UNSIGNED NOT NULL,
  `doctor_id` int UNSIGNED NOT NULL,
  `charge_code` varchar(3) CHARACTER SET utf8 COLLATE utf8_unicode_ci NOT NULL,
  `price` int UNSIGNED NOT NULL,
  `print_code` varchar(3) CHARACTER SET utf8 COLLATE utf8_unicode_ci DEFAULT NULL,
  `created_by` int NOT NULL,
  `creation_date_on` timestamp NOT NULL DEFAULT CURRENT_TIMESTAMP ON UPDATE CURRENT_TIMESTAMP,
  `modified_by` int NOT NULL,
  `modification_date` timestamp NOT NULL DEFAULT '0000-00-00 00:00:00',
  `status` enum('0','1','2') CHARACTER SET utf8 COLLATE utf8_unicode_ci NOT NULL DEFAULT '1',
  PRIMARY KEY (`id`),
  KEY `doctorcharges_charge_id_foreign` (`charge_id`),
  KEY `doctorcharges_charge_code_foreign` (`charge_code`),
  KEY `doctorcharges_doctor_id_foreign` (`doctor_id`)
) ENGINE=InnoDB AUTO_INCREMENT=1206 DEFAULT CHARSET=utf8mb3 COLLATE=utf8_unicode_ci;

--
-- Dumping data for table `cl_doctorcharges`
--

INSERT INTO `cl_doctorcharges` (`id`, `doctor_level`, `charge_id`, `doctor_id`, `charge_code`, `price`, `print_code`, `created_by`, `modified_by`, `modification_date`, `status`) VALUES
(243, 0, 1, 1, 'cns', 2000, NULL, 0, 0, '0000-00-00 00:00:00', '1'),
(244, 0, 3, 1, 'ecs', 1200, NULL, 0, 0, '0000-00-00 00:00:00', '1'),
(245, 0, 7, 1, 'pvt', 2500, NULL, 0, 0, '0000-00-00 00:00:00', '1'),
(679, 0, 1, 6, 'cns', 600, 'SDC', 3, 0, '0000-00-00 00:00:00', '1'),
(680, 0, 2, 6, 'mdn', 0, 'MDN', 3, 0, '0000-00-00 00:00:00', '1'),
(681, 0, 3, 6, 'ecs', 0, 'ECS', 3, 0, '0000-00-00 00:00:00', '1'),
(682, 0, 7, 6, 'pvt', 2500, 'PVT', 3, 0, '0000-00-00 00:00:00', '1'),
(683, 0, 9, 6, 'EXT', 250, 'EXT', 3, 0, '0000-00-00 00:00:00', '1'),
(684, 0, 12, 6, 'SEI', 2500, 'SEI', 3, 0, '0000-00-00 00:00:00', '1'),
(685, 0, 14, 6, 'SED', 700, 'SED', 3, 0, '0000-00-00 00:00:00', '1'),
(686, 0, 15, 6, 'SBX', 50, 'SBX', 3, 0, '0000-00-00 00:00:00', '1'),
(695, 0, 1, 5, 'cns', 900, 'SDC', 3, 0, '0000-00-00 00:00:00', '1'),
(696, 0, 2, 5, 'mdn', 0, 'MDN', 3, 0, '0000-00-00 00:00:00', '1'),
(697, 0, 3, 5, 'ecs', 1200, 'ECS', 3, 0, '0000-00-00 00:00:00', '1'),
(698, 0, 7, 5, 'pvt', 2500, 'PVT', 3, 0, '0000-00-00 00:00:00', '1'),
(699, 0, 9, 5, 'EXT', 250, 'EXT', 3, 0, '0000-00-00 00:00:00', '1'),
(700, 0, 12, 5, 'SEI', 2500, 'SEI', 3, 0, '0000-00-00 00:00:00', '1'),
(701, 0, 14, 5, 'SED', 700, 'SED', 3, 0, '0000-00-00 00:00:00', '1'),
(702, 0, 15, 5, 'SBX', 50, 'SBX', 3, 0, '0000-00-00 00:00:00', '1'),
(1105, 2, 1, 3, 'cns', 100, 'SDC', 1, 0, '0000-00-00 00:00:00', '1'),
(1106, 2, 3, 3, 'ecs', 300, 'ECS', 1, 0, '0000-00-00 00:00:00', '1'),
(1107, 2, 14, 3, 'SED', 600, 'SED', 1, 0, '0000-00-00 00:00:00', '1'),
(1108, 2, 12, 3, 'SEI', 2500, 'SEI', 1, 0, '0000-00-00 00:00:00', '1'),
(1109, 2, 9, 3, 'EXT', 250, 'EXT', 1, 0, '0000-00-00 00:00:00', '1'),
(1110, 2, 2, 3, 'mdn', 0, 'MDN', 1, 0, '0000-00-00 00:00:00', '1'),
(1111, 2, 7, 3, 'pvt', 2500, 'PVT', 1, 0, '0000-00-00 00:00:00', '1'),
(1112, 2, 15, 3, 'SBX', 50, 'SBX', 1, 0, '0000-00-00 00:00:00', '1'),
(1113, 2, 1, 4, 'cns', 100, 'SDC', 1, 0, '0000-00-00 00:00:00', '1'),
(1114, 2, 3, 4, 'ecs', 300, 'ECS', 1, 0, '0000-00-00 00:00:00', '1'),
(1115, 2, 14, 4, 'SED', 600, 'SED', 1, 0, '0000-00-00 00:00:00', '1'),
(1116, 2, 12, 4, 'SEI', 2500, 'SEI', 1, 0, '0000-00-00 00:00:00', '1'),
(1117, 2, 9, 4, 'EXT', 250, 'EXT', 1, 0, '0000-00-00 00:00:00', '1'),
(1118, 2, 2, 4, 'mdn', 0, 'MDN', 1, 0, '0000-00-00 00:00:00', '1'),
(1119, 2, 7, 4, 'pvt', 2500, 'PVT', 1, 0, '0000-00-00 00:00:00', '1'),
(1120, 2, 15, 4, 'SBX', 50, 'SBX', 1, 0, '0000-00-00 00:00:00', '1'),
(1122, 2, 1, 95, 'cns', 100, 'SDC', 1, 0, '0000-00-00 00:00:00', '1'),
(1123, 2, 3, 95, 'ecs', 300, 'ECS', 1, 0, '0000-00-00 00:00:00', '1'),
(1124, 2, 14, 95, 'SED', 600, 'SED', 1, 0, '0000-00-00 00:00:00', '1'),
(1125, 2, 12, 95, 'SEI', 2500, 'SEI', 1, 0, '0000-00-00 00:00:00', '1'),
(1126, 2, 9, 95, 'EXT', 250, 'EXT', 1, 0, '0000-00-00 00:00:00', '1'),
(1127, 2, 2, 95, 'mdn', 0, 'MDN', 1, 0, '0000-00-00 00:00:00', '1'),
(1128, 2, 7, 95, 'pvt', 2500, 'PVT', 1, 0, '0000-00-00 00:00:00', '1'),
(1129, 2, 15, 95, 'SBX', 50, 'SBX', 1, 0, '0000-00-00 00:00:00', '1'),
(1146, 2, 1, 96, 'cns', 100, 'SDC', 2, 0, '0000-00-00 00:00:00', '1'),
(1147, 2, 3, 96, 'ecs', 300, 'ECS', 2, 0, '0000-00-00 00:00:00', '1'),
(1148, 2, 14, 96, 'SED', 600, 'SED', 2, 0, '0000-00-00 00:00:00', '1'),
(1149, 2, 12, 96, 'SEI', 2500, 'SEI', 2, 0, '0000-00-00 00:00:00', '1'),
(1150, 2, 9, 96, 'EXT', 250, 'EXT', 2, 0, '0000-00-00 00:00:00', '1'),
(1151, 2, 2, 96, 'mdn', 0, 'MDN', 2, 0, '0000-00-00 00:00:00', '1'),
(1152, 2, 7, 96, 'pvt', 2500, 'PVT', 2, 0, '0000-00-00 00:00:00', '1'),
(1153, 2, 15, 96, 'SBX', 50, 'SBX', 2, 0, '0000-00-00 00:00:00', '1'),
(1154, 1, 1, 2, 'cns', 200, 'SDC', 1, 0, '0000-00-00 00:00:00', '1'),
(1155, 1, 3, 2, 'ecs', 1200, 'ECS', 1, 0, '0000-00-00 00:00:00', '1'),
(1156, 1, 14, 2, 'SED', 600, 'SED', 1, 0, '0000-00-00 00:00:00', '1'),
(1157, 1, 12, 2, 'SEI', 2500, 'SEI', 1, 0, '0000-00-00 00:00:00', '1'),
(1158, 1, 9, 2, 'EXT', 250, 'EXT', 1, 0, '0000-00-00 00:00:00', '1'),
(1159, 1, 2, 2, 'mdn', 0, 'MDN', 1, 0, '0000-00-00 00:00:00', '1'),
(1160, 1, 7, 2, 'pvt', 2500, 'PVT', 1, 0, '0000-00-00 00:00:00', '1'),
(1161, 1, 15, 2, 'SBX', 50, 'SBX', 1, 0, '0000-00-00 00:00:00', '1'),
(1162, 2, 1, 97, 'cns', 100, 'SDC', 1, 0, '0000-00-00 00:00:00', '1'),
(1163, 2, 3, 97, 'ecs', 300, 'ECS', 1, 0, '0000-00-00 00:00:00', '1'),
(1164, 2, 14, 97, 'SED', 600, 'SED', 1, 0, '0000-00-00 00:00:00', '1'),
(1165, 2, 12, 97, 'SEI', 2500, 'SEI', 1, 0, '0000-00-00 00:00:00', '1'),
(1166, 2, 9, 97, 'EXT', 250, 'EXT', 1, 0, '0000-00-00 00:00:00', '1'),
(1167, 2, 2, 97, 'mdn', 0, 'MDN', 1, 0, '0000-00-00 00:00:00', '1'),
(1168, 2, 7, 97, 'pvt', 2500, 'PVT', 1, 0, '0000-00-00 00:00:00', '1'),
(1169, 2, 15, 97, 'SBX', 50, 'SBX', 1, 0, '0000-00-00 00:00:00', '1'),
(1170, 4, 1, 7, 'cns', 0, 'SDC', 1, 0, '0000-00-00 00:00:00', '1'),
(1171, 4, 20, 7, 'dcc', 0, 'dcc', 1, 0, '0000-00-00 00:00:00', '1'),
(1172, 4, 3, 7, 'ecs', 0, 'ECS', 1, 0, '0000-00-00 00:00:00', '1'),
(1173, 4, 14, 7, 'SED', 0, 'SED', 1, 0, '0000-00-00 00:00:00', '1'),
(1174, 4, 12, 7, 'SEI', 0, 'SEI', 1, 0, '0000-00-00 00:00:00', '1'),
(1175, 4, 9, 7, 'EXT', 0, 'EXT', 1, 0, '0000-00-00 00:00:00', '1'),
(1176, 4, 2, 7, 'mdn', 0, 'MDN', 1, 0, '0000-00-00 00:00:00', '1'),
(1177, 4, 7, 7, 'pvt', 0, 'PVT', 1, 0, '0000-00-00 00:00:00', '1'),
(1178, 4, 15, 7, 'SBX', 0, 'SBX', 1, 0, '0000-00-00 00:00:00', '1'),
(1179, 4, 5, 7, 'ukc', 0, 'UKC', 1, 0, '0000-00-00 00:00:00', '1'),
(1180, 4, 1, 48, 'cns', 0, 'SDC', 1, 0, '0000-00-00 00:00:00', '1'),
(1181, 4, 20, 48, 'dcc', 0, 'dcc', 1, 0, '0000-00-00 00:00:00', '1'),
(1182, 4, 3, 48, 'ecs', 0, 'ECS', 1, 0, '0000-00-00 00:00:00', '1'),
(1183, 4, 14, 48, 'SED', 0, 'SED', 1, 0, '0000-00-00 00:00:00', '1'),
(1184, 4, 12, 48, 'SEI', 0, 'SEI', 1, 0, '0000-00-00 00:00:00', '1'),
(1185, 4, 9, 48, 'EXT', 0, 'EXT', 1, 0, '0000-00-00 00:00:00', '1'),
(1186, 4, 2, 48, 'mdn', 0, 'MDN', 1, 0, '0000-00-00 00:00:00', '1'),
(1187, 4, 7, 48, 'pvt', 0, 'PVT', 1, 0, '0000-00-00 00:00:00', '1'),
(1188, 4, 15, 48, 'SBX', 0, 'SBX', 1, 0, '0000-00-00 00:00:00', '1'),
(1189, 4, 5, 48, 'ukc', 0, 'UKC', 1, 0, '0000-00-00 00:00:00', '1'),
(1190, 2, 1, 99, 'cns', 100, 'SDC', 1, 0, '0000-00-00 00:00:00', '1'),
(1191, 2, 3, 99, 'ecs', 300, 'ECS', 1, 0, '0000-00-00 00:00:00', '1'),
(1192, 2, 14, 99, 'SED', 600, 'SED', 1, 0, '0000-00-00 00:00:00', '1'),
(1193, 2, 12, 99, 'SEI', 2500, 'SEI', 1, 0, '0000-00-00 00:00:00', '1'),
(1194, 2, 9, 99, 'EXT', 250, 'EXT', 1, 0, '0000-00-00 00:00:00', '1'),
(1195, 2, 2, 99, 'mdn', 0, 'MDN', 1, 0, '0000-00-00 00:00:00', '1'),
(1196, 2, 7, 99, 'pvt', 2500, 'PVT', 1, 0, '0000-00-00 00:00:00', '1'),
(1197, 2, 15, 99, 'SBX', 50, 'SBX', 1, 0, '0000-00-00 00:00:00', '1'),
(1198, 2, 1, 102, 'cns', 100, 'SDC', 1, 0, '0000-00-00 00:00:00', '1'),
(1199, 2, 3, 102, 'ecs', 300, 'ECS', 1, 0, '0000-00-00 00:00:00', '1'),
(1200, 2, 14, 102, 'SED', 600, 'SED', 1, 0, '0000-00-00 00:00:00', '1'),
(1201, 2, 12, 102, 'SEI', 2500, 'SEI', 1, 0, '0000-00-00 00:00:00', '1'),
(1202, 2, 9, 102, 'EXT', 250, 'EXT', 1, 0, '0000-00-00 00:00:00', '1'),
(1203, 2, 2, 102, 'mdn', 0, 'MDN', 1, 0, '0000-00-00 00:00:00', '1'),
(1204, 2, 7, 102, 'pvt', 2500, 'PVT', 1, 0, '0000-00-00 00:00:00', '1'),
(1205, 2, 15, 102, 'SBX', 50, 'SBX', 1, 0, '0000-00-00 00:00:00', '1');

-- --------------------------------------------------------

--
-- Table structure for table `cl_doctor_levels`
--

CREATE TABLE IF NOT EXISTS `cl_doctor_levels` (
  `id` int UNSIGNED NOT NULL AUTO_INCREMENT,
  `name` varchar(256) COLLATE utf8_unicode_ci NOT NULL,
  `status` enum('0','1','2') COLLATE utf8_unicode_ci NOT NULL DEFAULT '1',
  `created_by` int NOT NULL,
  `created_at` timestamp NOT NULL,
  `updated_at` timestamp NOT NULL,
  PRIMARY KEY (`id`)
) ENGINE=InnoDB AUTO_INCREMENT=6 DEFAULT CHARSET=utf8mb3 COLLATE=utf8_unicode_ci;

--
-- Dumping data for table `cl_doctor_levels`
--

INSERT INTO `cl_doctor_levels` (`id`, `name`, `status`, `created_by`, `created_at`, `updated_at`) VALUES
(1, 'Senior Consultant', '1', 1, '2021-07-22 09:55:42', '2021-07-29 06:13:01'),
(2, 'Junior Consultant', '1', 1, '2021-07-22 09:56:17', '2021-08-04 12:37:45'),
(4, 'Staff', '1', 1, '2021-07-30 12:59:13', '2021-07-30 13:00:59');

-- --------------------------------------------------------

--
-- Table structure for table `cl_doctor_level_charges`
--

CREATE TABLE IF NOT EXISTS `cl_doctor_level_charges` (
  `id` int UNSIGNED NOT NULL AUTO_INCREMENT,
  `dr_level_id` int UNSIGNED NOT NULL,
  `charge_id` int UNSIGNED NOT NULL,
  `charge_name` varchar(256) COLLATE utf8_unicode_ci NOT NULL,
  `charge_code` varchar(50) COLLATE utf8_unicode_ci NOT NULL,
  `print_code` varchar(50) COLLATE utf8_unicode_ci NOT NULL,
  `amount` int NOT NULL,
  `created_by` int NOT NULL,
  `created_at` timestamp NOT NULL,
  `updated_at` timestamp NOT NULL,
  PRIMARY KEY (`id`),
  KEY `doctor_level_charges_dr_level_id_charge_id_index` (`dr_level_id`,`charge_id`)
) ENGINE=InnoDB AUTO_INCREMENT=46 DEFAULT CHARSET=utf8mb3 COLLATE=utf8_unicode_ci;

--
-- Dumping data for table `cl_doctor_level_charges`
--

INSERT INTO `cl_doctor_level_charges` (`id`, `dr_level_id`, `charge_id`, `charge_name`, `charge_code`, `print_code`, `amount`, `created_by`, `created_at`, `updated_at`) VALUES
(1, 1, 1, 'Consultancy', 'cns', 'SDC', 200, 1, '2021-07-22 09:55:42', '2021-07-29 06:13:01'),
(2, 1, 3, 'E-Consultation', 'ecs', 'ECS', 1200, 1, '2021-07-22 09:55:42', '2021-07-29 06:13:01'),
(3, 1, 14, 'E-consultation Domestic', 'SED', 'SED', 600, 1, '2021-07-22 09:55:42', '2021-07-29 06:13:01'),
(4, 1, 12, 'E-Consultation International', 'SEI', 'SEI', 2500, 1, '2021-07-22 09:55:42', '2021-07-29 06:13:01'),
(5, 1, 9, 'EXtraaas', 'EXT', 'EXT', 250, 1, '2021-07-22 09:55:42', '2021-07-29 06:13:01'),
(6, 1, 2, 'Medicine', 'mdn', 'MDN', 0, 1, '2021-07-22 09:55:42', '2021-07-29 06:13:01'),
(7, 1, 7, 'Patient Visit', 'pvt', 'PVT', 2500, 1, '2021-07-22 09:55:42', '2021-07-29 06:13:01'),
(8, 1, 15, 'Small Box Charge', 'SBX', 'SBX', 50, 1, '2021-07-22 09:55:42', '2021-07-29 06:13:01'),
(9, 2, 1, 'Consultancy', 'cns', 'SDC', 100, 1, '2021-07-22 09:56:17', '2021-08-04 12:37:45'),
(10, 2, 3, 'E-Consultation', 'ecs', 'ECS', 300, 1, '2021-07-22 09:56:17', '2021-08-04 12:37:45'),
(11, 2, 14, 'E-consultation Domestic', 'SED', 'SED', 600, 1, '2021-07-22 09:56:17', '2021-08-04 12:37:45'),
(12, 2, 12, 'E-Consultation International', 'SEI', 'SEI', 2500, 1, '2021-07-22 09:56:17', '2021-08-04 12:37:45'),
(13, 2, 9, 'EXtraaas', 'EXT', 'EXT', 250, 1, '2021-07-22 09:56:17', '2021-08-04 12:37:45'),
(14, 2, 2, 'Medicine', 'mdn', 'MDN', 0, 1, '2021-07-22 09:56:17', '2021-08-04 12:37:45'),
(15, 2, 7, 'Patient Visit', 'pvt', 'PVT', 2500, 1, '2021-07-22 09:56:17', '2021-08-04 12:37:45'),
(16, 2, 15, 'Small Box Charge', 'SBX', 'SBX', 50, 1, '2021-07-22 09:56:17', '2021-08-04 12:37:45'),
(26, 4, 1, 'Consultancy', 'cns', 'SDC', 0, 1, '2021-07-30 12:59:13', '2021-07-30 13:00:59'),
(27, 4, 20, 'Demo Charge', 'dcc', 'dcc', 0, 1, '2021-07-30 12:59:13', '2021-07-30 13:00:59'),
(28, 4, 3, 'E-Consultation', 'ecs', 'ECS', 0, 1, '2021-07-30 12:59:13', '2021-07-30 13:00:59'),
(29, 4, 14, 'E-consultation Domestic', 'SED', 'SED', 0, 1, '2021-07-30 12:59:13', '2021-07-30 13:00:59'),
(30, 4, 12, 'E-Consultation International', 'SEI', 'SEI', 0, 1, '2021-07-30 12:59:13', '2021-07-30 13:00:59'),
(31, 4, 9, 'Extras', 'EXT', 'EXT', 0, 1, '2021-07-30 12:59:13', '2021-07-30 13:00:59'),
(32, 4, 2, 'Medicine', 'mdn', 'MDN', 0, 1, '2021-07-30 12:59:13', '2021-07-30 13:00:59'),
(33, 4, 7, 'Patient Visit', 'pvt', 'PVT', 0, 1, '2021-07-30 12:59:13', '2021-07-30 13:00:59'),
(34, 4, 15, 'Small Box Charge', 'SBX', 'SBX', 0, 1, '2021-07-30 12:59:13', '2021-07-30 13:00:59'),
(35, 4, 5, 'UK Shipping Charge', 'ukc', 'UKC', 0, 1, '2021-07-30 12:59:13', '2021-07-30 13:00:59');

-- --------------------------------------------------------

--
-- Table structure for table `cl_doctor_ocp_regular_schedule`
--

CREATE TABLE IF NOT EXISTS `cl_doctor_ocp_regular_schedule` (
  `id` int UNSIGNED NOT NULL AUTO_INCREMENT,
  `doctor_id` char(36) CHARACTER SET utf8 COLLATE utf8_unicode_ci NOT NULL,
  `DayOfWeek` int NOT NULL,
  `before_morning` int NOT NULL,
  `after_morning` int NOT NULL,
  `after_evening` int NOT NULL,
  `status` enum('0','1') CHARACTER SET utf8 COLLATE utf8_unicode_ci NOT NULL,
  `created_by` char(36) CHARACTER SET utf8 COLLATE utf8_unicode_ci NOT NULL,
  `creation_date` datetime NOT NULL,
  `modified_by` char(36) CHARACTER SET utf8 COLLATE utf8_unicode_ci NOT NULL,
  `modification_date` datetime NOT NULL,
  `available` enum('0','1') CHARACTER SET utf8 COLLATE utf8_unicode_ci DEFAULT '1',
  PRIMARY KEY (`id`),
  KEY `doctor_id` (`doctor_id`),
  KEY `DayOfWeek` (`DayOfWeek`)
) ENGINE=InnoDB AUTO_INCREMENT=15 DEFAULT CHARSET=utf8mb3 COLLATE=utf8_unicode_ci;

--
-- Dumping data for table `cl_doctor_ocp_regular_schedule`
--

INSERT INTO `cl_doctor_ocp_regular_schedule` (`id`, `doctor_id`, `DayOfWeek`, `before_morning`, `after_morning`, `after_evening`, `status`, `created_by`, `creation_date`, `modified_by`, `modification_date`, `available`) VALUES
(1, '3', 1, 1, 1, 1, '1', '2', '2021-10-18 10:39:50', '', '0000-00-00 00:00:00', '1'),
(2, '3', 2, 0, 0, 0, '1', '2', '2021-10-18 10:39:50', '', '0000-00-00 00:00:00', '1'),
(3, '3', 3, 1, 1, 0, '1', '2', '2021-10-18 10:39:50', '', '0000-00-00 00:00:00', '1'),
(4, '3', 4, 1, 1, 1, '1', '2', '2021-10-18 10:39:50', '', '0000-00-00 00:00:00', '1'),
(5, '3', 5, 1, 1, 1, '1', '2', '2021-10-18 10:39:50', '', '0000-00-00 00:00:00', '1'),
(6, '3', 6, 1, 1, 1, '1', '2', '2021-10-18 10:39:50', '', '0000-00-00 00:00:00', '1'),
(7, '3', 7, 1, 1, 1, '1', '2', '2021-10-18 10:39:50', '', '0000-00-00 00:00:00', '1'),
(8, '2', 1, 1, 0, 0, '1', '1', '2021-10-19 10:59:47', '', '0000-00-00 00:00:00', '1'),
(9, '2', 2, 0, 1, 0, '1', '1', '2021-10-19 10:59:47', '', '0000-00-00 00:00:00', '1'),
(10, '2', 3, 0, 0, 1, '1', '1', '2021-10-19 10:59:47', '', '0000-00-00 00:00:00', '1'),
(11, '2', 4, 0, 1, 0, '1', '1', '2021-10-19 10:59:48', '', '0000-00-00 00:00:00', '1'),
(12, '2', 5, 1, 0, 0, '1', '1', '2021-10-19 10:59:48', '', '0000-00-00 00:00:00', '1'),
(13, '2', 6, 0, 1, 0, '1', '1', '2021-10-19 10:59:48', '', '0000-00-00 00:00:00', '1'),
(14, '2', 7, 0, 0, 1, '1', '1', '2021-10-19 10:59:48', '', '0000-00-00 00:00:00', '1');

-- --------------------------------------------------------

--
-- Table structure for table `cl_doctor_ocp_schedule_adjustment`
--

CREATE TABLE IF NOT EXISTS `cl_doctor_ocp_schedule_adjustment` (
  `id` int UNSIGNED NOT NULL AUTO_INCREMENT,
  `doctor_id` char(36) CHARACTER SET utf8 COLLATE utf8_unicode_ci NOT NULL,
  `DayOfWeek` int NOT NULL,
  `before_morning` int NOT NULL,
  `after_morning` int NOT NULL,
  `after_evening` int NOT NULL,
  `dateFrom` date NOT NULL,
  `dateTo` date NOT NULL,
  `status` enum('0','1') CHARACTER SET utf8 COLLATE utf8_unicode_ci NOT NULL,
  `created_by` char(36) CHARACTER SET utf8 COLLATE utf8_unicode_ci NOT NULL,
  `creation_date` datetime NOT NULL,
  `modified_by` char(36) CHARACTER SET utf8 COLLATE utf8_unicode_ci NOT NULL,
  `modification_date` datetime NOT NULL,
  PRIMARY KEY (`id`),
  KEY `doctor_id` (`doctor_id`),
  KEY `DayOfWeek` (`DayOfWeek`)
) ENGINE=InnoDB DEFAULT CHARSET=utf8mb3 COLLATE=utf8_unicode_ci;

-- --------------------------------------------------------

--
-- Table structure for table `cl_doctor_prints`
--

CREATE TABLE IF NOT EXISTS `cl_doctor_prints` (
  `id` int UNSIGNED NOT NULL AUTO_INCREMENT,
  `user_id` int UNSIGNED NOT NULL,
  `print_id` int UNSIGNED NOT NULL,
  `print_type` varchar(16) CHARACTER SET utf8 COLLATE utf8_unicode_ci NOT NULL,
  `status` enum('0','1','2') CHARACTER SET utf8 COLLATE utf8_unicode_ci NOT NULL DEFAULT '1',
  `modified_by` int NOT NULL,
  `modification_date` timestamp NOT NULL,
  `created_by` int NOT NULL,
  `creation_date` timestamp NOT NULL,
  PRIMARY KEY (`id`),
  KEY `doctor_prints_user_id_foreign` (`user_id`),
  KEY `doctor_prints_print_id_foreign` (`print_id`)
) ENGINE=InnoDB AUTO_INCREMENT=207 DEFAULT CHARSET=utf8mb3 COLLATE=utf8_unicode_ci;

--
-- Dumping data for table `cl_doctor_prints`
--

INSERT INTO `cl_doctor_prints` (`id`, `user_id`, `print_id`, `print_type`, `status`, `modified_by`, `modification_date`, `created_by`, `creation_date`) VALUES
(81, 6, 2, 'PRS', '1', 0, '0000-00-00 00:00:00', 0, '0000-00-00 00:00:00'),
(82, 6, 4, 'RCP', '1', 0, '0000-00-00 00:00:00', 0, '0000-00-00 00:00:00'),
(85, 5, 2, 'PRS', '1', 0, '0000-00-00 00:00:00', 0, '0000-00-00 00:00:00'),
(86, 5, 4, 'RCP', '1', 0, '0000-00-00 00:00:00', 0, '0000-00-00 00:00:00'),
(183, 3, 1, 'PRS', '1', 0, '0000-00-00 00:00:00', 0, '0000-00-00 00:00:00'),
(184, 3, 3, 'RCP', '1', 0, '0000-00-00 00:00:00', 0, '0000-00-00 00:00:00'),
(185, 4, 2, 'PRS', '1', 0, '0000-00-00 00:00:00', 0, '0000-00-00 00:00:00'),
(186, 4, 4, 'RCP', '1', 0, '0000-00-00 00:00:00', 0, '0000-00-00 00:00:00'),
(187, 95, 2, 'PRS', '1', 0, '0000-00-00 00:00:00', 0, '0000-00-00 00:00:00'),
(188, 95, 4, 'RCP', '1', 0, '0000-00-00 00:00:00', 0, '0000-00-00 00:00:00'),
(193, 96, 2, 'PRS', '1', 0, '0000-00-00 00:00:00', 0, '0000-00-00 00:00:00'),
(194, 96, 4, 'RCP', '1', 0, '0000-00-00 00:00:00', 0, '0000-00-00 00:00:00'),
(195, 2, 2, 'PRS', '1', 0, '0000-00-00 00:00:00', 0, '0000-00-00 00:00:00'),
(196, 2, 4, 'RCP', '1', 0, '0000-00-00 00:00:00', 0, '0000-00-00 00:00:00'),
(197, 97, 1, 'PRS', '1', 0, '0000-00-00 00:00:00', 0, '0000-00-00 00:00:00'),
(198, 97, 3, 'RCP', '1', 0, '0000-00-00 00:00:00', 0, '0000-00-00 00:00:00'),
(199, 7, 2, 'PRS', '1', 0, '0000-00-00 00:00:00', 0, '0000-00-00 00:00:00'),
(200, 7, 4, 'RCP', '1', 0, '0000-00-00 00:00:00', 0, '0000-00-00 00:00:00'),
(201, 48, 2, 'PRS', '1', 0, '0000-00-00 00:00:00', 0, '0000-00-00 00:00:00'),
(202, 48, 4, 'RCP', '1', 0, '0000-00-00 00:00:00', 0, '0000-00-00 00:00:00'),
(203, 99, 2, 'PRS', '1', 0, '0000-00-00 00:00:00', 0, '0000-00-00 00:00:00'),
(204, 99, 4, 'RCP', '1', 0, '0000-00-00 00:00:00', 0, '0000-00-00 00:00:00'),
(205, 102, 2, 'PRS', '1', 0, '0000-00-00 00:00:00', 0, '0000-00-00 00:00:00'),
(206, 102, 4, 'RCP', '1', 0, '0000-00-00 00:00:00', 0, '0000-00-00 00:00:00');

-- --------------------------------------------------------

--
-- Table structure for table `cl_doctor_regular_schedule`
--

CREATE TABLE IF NOT EXISTS `cl_doctor_regular_schedule` (
  `id` int UNSIGNED NOT NULL AUTO_INCREMENT,
  `doctor_id` char(36) CHARACTER SET utf8 COLLATE utf8_unicode_ci NOT NULL,
  `DayOfWeek` int NOT NULL,
  `StartTime` time NOT NULL,
  `EndTime` time NOT NULL,
  `shift_id` char(1) CHARACTER SET utf8 COLLATE utf8_unicode_ci NOT NULL,
  `branch_id` int NOT NULL,
  `status` enum('0','1') CHARACTER SET utf8 COLLATE utf8_unicode_ci NOT NULL,
  `created_by` char(36) CHARACTER SET utf8 COLLATE utf8_unicode_ci NOT NULL,
  `creation_date` datetime NOT NULL,
  `modified_by` char(36) CHARACTER SET utf8 COLLATE utf8_unicode_ci NOT NULL,
  `modification_date` datetime NOT NULL,
  `available` enum('0','1') CHARACTER SET utf8 COLLATE utf8_unicode_ci DEFAULT '1',
  PRIMARY KEY (`id`),
  KEY `doctor_id` (`doctor_id`),
  KEY `DayOfWeek` (`DayOfWeek`),
  KEY `branch_id` (`branch_id`,`shift_id`) USING BTREE
) ENGINE=InnoDB AUTO_INCREMENT=3149 DEFAULT CHARSET=utf8mb3 COLLATE=utf8_unicode_ci;

--
-- Dumping data for table `cl_doctor_regular_schedule`
--

INSERT INTO `cl_doctor_regular_schedule` (`id`, `doctor_id`, `DayOfWeek`, `StartTime`, `EndTime`, `shift_id`, `branch_id`, `status`, `created_by`, `creation_date`, `modified_by`, `modification_date`, `available`) VALUES
(2197, '6', 1, '00:00:00', '00:00:00', '1', 1, '1', '65', '2021-02-09 06:26:33', '', '0000-00-00 00:00:00', '1'),
(2198, '6', 1, '00:00:00', '00:00:00', '2', 1, '1', '65', '2021-02-09 06:26:33', '', '0000-00-00 00:00:00', '1'),
(2199, '6', 2, '09:00:00', '13:00:00', '1', 1, '1', '65', '2021-02-09 06:26:33', '', '0000-00-00 00:00:00', '1'),
(2200, '6', 2, '16:00:00', '19:00:00', '2', 1, '1', '65', '2021-02-09 06:26:33', '', '0000-00-00 00:00:00', '1'),
(2201, '6', 3, '09:00:00', '13:00:00', '1', 1, '1', '65', '2021-02-09 06:26:33', '', '0000-00-00 00:00:00', '1'),
(2202, '6', 3, '16:00:00', '19:00:00', '2', 1, '1', '65', '2021-02-09 06:26:33', '', '0000-00-00 00:00:00', '1'),
(2203, '6', 4, '00:00:00', '00:00:00', '1', 1, '1', '65', '2021-02-09 06:26:33', '', '0000-00-00 00:00:00', '1'),
(2204, '6', 4, '00:00:00', '00:00:00', '2', 1, '1', '65', '2021-02-09 06:26:33', '', '0000-00-00 00:00:00', '1'),
(2205, '6', 5, '00:00:00', '00:00:00', '1', 1, '1', '65', '2021-02-09 06:26:33', '', '0000-00-00 00:00:00', '1'),
(2206, '6', 5, '00:00:00', '00:00:00', '2', 1, '1', '65', '2021-02-09 06:26:33', '', '0000-00-00 00:00:00', '1'),
(2207, '6', 6, '09:00:00', '13:00:00', '1', 1, '1', '65', '2021-02-09 06:26:33', '', '0000-00-00 00:00:00', '1'),
(2208, '6', 6, '16:00:00', '19:00:00', '2', 1, '1', '65', '2021-02-09 06:26:33', '', '0000-00-00 00:00:00', '1'),
(2209, '6', 7, '09:00:00', '13:00:00', '1', 1, '1', '65', '2021-02-09 06:26:33', '', '0000-00-00 00:00:00', '1'),
(2210, '6', 7, '16:00:00', '19:00:00', '2', 1, '1', '65', '2021-02-09 06:26:33', '', '0000-00-00 00:00:00', '1'),
(2211, '6', 1, '00:00:00', '00:00:00', '1', 3, '1', '65', '2021-02-09 06:26:33', '', '0000-00-00 00:00:00', '1'),
(2212, '6', 1, '00:00:00', '00:00:00', '2', 3, '1', '65', '2021-02-09 06:26:33', '', '0000-00-00 00:00:00', '1'),
(2213, '6', 2, '00:00:00', '00:00:00', '1', 3, '1', '65', '2021-02-09 06:26:33', '', '0000-00-00 00:00:00', '1'),
(2214, '6', 2, '00:00:00', '00:00:00', '2', 3, '1', '65', '2021-02-09 06:26:33', '', '0000-00-00 00:00:00', '1'),
(2215, '6', 3, '00:00:00', '00:00:00', '1', 3, '1', '65', '2021-02-09 06:26:33', '', '0000-00-00 00:00:00', '1'),
(2216, '6', 3, '00:00:00', '00:00:00', '2', 3, '1', '65', '2021-02-09 06:26:33', '', '0000-00-00 00:00:00', '1'),
(2217, '6', 4, '00:00:00', '00:00:00', '1', 3, '1', '65', '2021-02-09 06:26:33', '', '0000-00-00 00:00:00', '1'),
(2218, '6', 4, '00:00:00', '00:00:00', '2', 3, '1', '65', '2021-02-09 06:26:33', '', '0000-00-00 00:00:00', '1'),
(2219, '6', 5, '00:00:00', '00:00:00', '1', 3, '1', '65', '2021-02-09 06:26:33', '', '0000-00-00 00:00:00', '1'),
(2220, '6', 5, '00:00:00', '00:00:00', '2', 3, '1', '65', '2021-02-09 06:26:33', '', '0000-00-00 00:00:00', '1'),
(2221, '6', 6, '00:00:00', '00:00:00', '1', 3, '1', '65', '2021-02-09 06:26:33', '', '0000-00-00 00:00:00', '1'),
(2222, '6', 6, '00:00:00', '00:00:00', '2', 3, '1', '65', '2021-02-09 06:26:33', '', '0000-00-00 00:00:00', '1'),
(2223, '6', 7, '00:00:00', '00:00:00', '1', 3, '1', '65', '2021-02-09 06:26:33', '', '0000-00-00 00:00:00', '1'),
(2224, '6', 7, '00:00:00', '00:00:00', '2', 3, '1', '65', '2021-02-09 06:26:33', '', '0000-00-00 00:00:00', '1'),
(2225, '6', 1, '00:00:00', '00:00:00', '1', 2, '1', '65', '2021-02-09 06:26:33', '', '0000-00-00 00:00:00', '1'),
(2226, '6', 1, '00:00:00', '00:00:00', '2', 2, '1', '65', '2021-02-09 06:26:33', '', '0000-00-00 00:00:00', '1'),
(2227, '6', 2, '00:00:00', '00:00:00', '1', 2, '1', '65', '2021-02-09 06:26:33', '', '0000-00-00 00:00:00', '1'),
(2228, '6', 2, '00:00:00', '00:00:00', '2', 2, '1', '65', '2021-02-09 06:26:33', '', '0000-00-00 00:00:00', '1'),
(2229, '6', 3, '00:00:00', '00:00:00', '1', 2, '1', '65', '2021-02-09 06:26:33', '', '0000-00-00 00:00:00', '1'),
(2230, '6', 3, '00:00:00', '00:00:00', '2', 2, '1', '65', '2021-02-09 06:26:34', '', '0000-00-00 00:00:00', '1'),
(2231, '6', 4, '09:00:00', '13:00:00', '1', 2, '1', '65', '2021-02-09 06:26:34', '', '0000-00-00 00:00:00', '1'),
(2232, '6', 4, '16:00:00', '19:00:00', '2', 2, '1', '65', '2021-02-09 06:26:34', '', '0000-00-00 00:00:00', '1'),
(2233, '6', 5, '00:00:00', '00:00:00', '1', 2, '1', '65', '2021-02-09 06:26:34', '', '0000-00-00 00:00:00', '1'),
(2234, '6', 5, '00:00:00', '00:00:00', '2', 2, '1', '65', '2021-02-09 06:26:34', '', '0000-00-00 00:00:00', '1'),
(2235, '6', 6, '00:00:00', '00:00:00', '1', 2, '1', '65', '2021-02-09 06:26:34', '', '0000-00-00 00:00:00', '1'),
(2236, '6', 6, '00:00:00', '00:00:00', '2', 2, '1', '65', '2021-02-09 06:26:34', '', '0000-00-00 00:00:00', '1'),
(2237, '6', 7, '00:00:00', '00:00:00', '1', 2, '1', '65', '2021-02-09 06:26:34', '', '0000-00-00 00:00:00', '1'),
(2238, '6', 7, '00:00:00', '00:00:00', '2', 2, '1', '65', '2021-02-09 06:26:34', '', '0000-00-00 00:00:00', '1'),
(2239, '6', 1, '00:00:00', '00:00:00', '1', 5, '1', '65', '2021-02-09 06:26:34', '', '0000-00-00 00:00:00', '1'),
(2240, '6', 1, '00:00:00', '00:00:00', '2', 5, '1', '65', '2021-02-09 06:26:34', '', '0000-00-00 00:00:00', '1'),
(2241, '6', 2, '00:00:00', '00:00:00', '1', 5, '1', '65', '2021-02-09 06:26:34', '', '0000-00-00 00:00:00', '1'),
(2242, '6', 2, '00:00:00', '00:00:00', '2', 5, '1', '65', '2021-02-09 06:26:34', '', '0000-00-00 00:00:00', '1'),
(2243, '6', 3, '00:00:00', '00:00:00', '1', 5, '1', '65', '2021-02-09 06:26:34', '', '0000-00-00 00:00:00', '1'),
(2244, '6', 3, '00:00:00', '00:00:00', '2', 5, '1', '65', '2021-02-09 06:26:34', '', '0000-00-00 00:00:00', '1'),
(2245, '6', 4, '00:00:00', '00:00:00', '1', 5, '1', '65', '2021-02-09 06:26:34', '', '0000-00-00 00:00:00', '1'),
(2246, '6', 4, '00:00:00', '00:00:00', '2', 5, '1', '65', '2021-02-09 06:26:34', '', '0000-00-00 00:00:00', '1'),
(2247, '6', 5, '00:00:00', '00:00:00', '1', 5, '1', '65', '2021-02-09 06:26:34', '', '0000-00-00 00:00:00', '1'),
(2248, '6', 5, '00:00:00', '00:00:00', '2', 5, '1', '65', '2021-02-09 06:26:34', '', '0000-00-00 00:00:00', '1'),
(2249, '6', 6, '00:00:00', '00:00:00', '1', 5, '1', '65', '2021-02-09 06:26:34', '', '0000-00-00 00:00:00', '1'),
(2250, '6', 6, '00:00:00', '00:00:00', '2', 5, '1', '65', '2021-02-09 06:26:34', '', '0000-00-00 00:00:00', '1'),
(2251, '6', 7, '00:00:00', '00:00:00', '1', 5, '1', '65', '2021-02-09 06:26:34', '', '0000-00-00 00:00:00', '1'),
(2252, '6', 7, '00:00:00', '00:00:00', '2', 5, '1', '65', '2021-02-09 06:26:34', '', '0000-00-00 00:00:00', '1'),
(2603, '5', 1, '09:00:00', '10:59:00', '1', 1, '1', '1', '2021-07-01 11:33:39', '', '0000-00-00 00:00:00', '1'),
(2604, '5', 1, '16:00:00', '19:00:00', '2', 1, '1', '1', '2021-07-01 11:33:39', '', '0000-00-00 00:00:00', '1'),
(2605, '5', 2, '09:00:00', '10:59:00', '1', 1, '1', '1', '2021-07-01 11:33:39', '', '0000-00-00 00:00:00', '1'),
(2606, '5', 2, '16:00:00', '19:59:00', '2', 1, '1', '1', '2021-07-01 11:33:39', '', '0000-00-00 00:00:00', '1'),
(2607, '5', 3, '09:00:00', '12:00:00', '1', 1, '1', '1', '2021-07-01 11:33:39', '', '0000-00-00 00:00:00', '1'),
(2608, '5', 3, '16:00:00', '19:00:00', '2', 1, '1', '1', '2021-07-01 11:33:39', '', '0000-00-00 00:00:00', '1'),
(2609, '5', 4, '09:00:00', '13:00:00', '1', 1, '1', '1', '2021-07-01 11:33:39', '', '0000-00-00 00:00:00', '1'),
(2610, '5', 4, '16:00:00', '19:00:00', '2', 1, '1', '1', '2021-07-01 11:33:39', '', '0000-00-00 00:00:00', '1'),
(2611, '5', 5, '09:00:00', '13:00:00', '1', 1, '1', '1', '2021-07-01 11:33:39', '', '0000-00-00 00:00:00', '1'),
(2612, '5', 5, '16:00:00', '19:00:00', '2', 1, '1', '1', '2021-07-01 11:33:39', '', '0000-00-00 00:00:00', '1'),
(2613, '5', 6, '09:00:00', '13:00:00', '1', 1, '1', '1', '2021-07-01 11:33:39', '', '0000-00-00 00:00:00', '1'),
(2614, '5', 6, '16:00:00', '19:00:00', '2', 1, '1', '1', '2021-07-01 11:33:39', '', '0000-00-00 00:00:00', '1'),
(2615, '5', 7, '09:00:00', '13:00:00', '1', 1, '1', '1', '2021-07-01 11:33:39', '', '0000-00-00 00:00:00', '1'),
(2616, '5', 7, '16:00:00', '19:00:00', '2', 1, '1', '1', '2021-07-01 11:33:39', '', '0000-00-00 00:00:00', '1'),
(2617, '5', 1, '09:00:00', '13:00:00', '1', 2, '1', '1', '2021-07-01 11:33:39', '', '0000-00-00 00:00:00', '1'),
(2618, '5', 1, '16:00:00', '19:00:00', '2', 2, '1', '1', '2021-07-01 11:33:39', '', '0000-00-00 00:00:00', '1'),
(2619, '5', 2, '09:00:00', '13:00:00', '1', 2, '1', '1', '2021-07-01 11:33:39', '', '0000-00-00 00:00:00', '1'),
(2620, '5', 2, '16:00:00', '19:00:00', '2', 2, '1', '1', '2021-07-01 11:33:40', '', '0000-00-00 00:00:00', '1'),
(2621, '5', 3, '09:00:00', '13:00:00', '1', 2, '1', '1', '2021-07-01 11:33:40', '', '0000-00-00 00:00:00', '1'),
(2622, '5', 3, '16:00:00', '19:00:00', '2', 2, '1', '1', '2021-07-01 11:33:40', '', '0000-00-00 00:00:00', '1'),
(2623, '5', 4, '09:00:00', '13:00:00', '1', 2, '1', '1', '2021-07-01 11:33:40', '', '0000-00-00 00:00:00', '1'),
(2624, '5', 4, '16:00:00', '19:00:00', '2', 2, '1', '1', '2021-07-01 11:33:40', '', '0000-00-00 00:00:00', '1'),
(2625, '5', 5, '09:00:00', '13:00:00', '1', 2, '1', '1', '2021-07-01 11:33:40', '', '0000-00-00 00:00:00', '1'),
(2626, '5', 5, '16:00:00', '19:00:00', '2', 2, '1', '1', '2021-07-01 11:33:40', '', '0000-00-00 00:00:00', '1'),
(2627, '5', 6, '09:00:00', '13:00:00', '1', 2, '1', '1', '2021-07-01 11:33:40', '', '0000-00-00 00:00:00', '1'),
(2628, '5', 6, '16:00:00', '19:00:00', '2', 2, '1', '1', '2021-07-01 11:33:40', '', '0000-00-00 00:00:00', '1'),
(2629, '5', 7, '09:00:00', '13:00:00', '1', 2, '1', '1', '2021-07-01 11:33:40', '', '0000-00-00 00:00:00', '1'),
(2630, '5', 7, '16:00:00', '19:00:00', '2', 2, '1', '1', '2021-07-01 11:33:40', '', '0000-00-00 00:00:00', '1'),
(2631, '5', 1, '09:00:00', '13:00:00', '1', 3, '1', '1', '2021-07-01 11:33:40', '', '0000-00-00 00:00:00', '1'),
(2632, '5', 1, '16:00:00', '19:00:00', '2', 3, '1', '1', '2021-07-01 11:33:40', '', '0000-00-00 00:00:00', '1'),
(2633, '5', 2, '09:00:00', '13:00:00', '1', 3, '1', '1', '2021-07-01 11:33:40', '', '0000-00-00 00:00:00', '1'),
(2634, '5', 2, '16:00:00', '19:00:00', '2', 3, '1', '1', '2021-07-01 11:33:40', '', '0000-00-00 00:00:00', '1'),
(2635, '5', 3, '09:00:00', '13:00:00', '1', 3, '1', '1', '2021-07-01 11:33:40', '', '0000-00-00 00:00:00', '1'),
(2636, '5', 3, '16:00:00', '19:00:00', '2', 3, '1', '1', '2021-07-01 11:33:40', '', '0000-00-00 00:00:00', '1'),
(2637, '5', 4, '09:00:00', '13:00:00', '1', 3, '1', '1', '2021-07-01 11:33:41', '', '0000-00-00 00:00:00', '1'),
(2638, '5', 4, '16:00:00', '19:00:00', '2', 3, '1', '1', '2021-07-01 11:33:41', '', '0000-00-00 00:00:00', '1'),
(2639, '5', 5, '09:00:00', '13:00:00', '1', 3, '1', '1', '2021-07-01 11:33:41', '', '0000-00-00 00:00:00', '1'),
(2640, '5', 5, '16:00:00', '19:00:00', '2', 3, '1', '1', '2021-07-01 11:33:41', '', '0000-00-00 00:00:00', '1'),
(2641, '5', 6, '09:00:00', '13:00:00', '1', 3, '1', '1', '2021-07-01 11:33:41', '', '0000-00-00 00:00:00', '1'),
(2642, '5', 6, '16:00:00', '19:00:00', '2', 3, '1', '1', '2021-07-01 11:33:41', '', '0000-00-00 00:00:00', '1'),
(2643, '5', 7, '09:00:00', '13:00:00', '1', 3, '1', '1', '2021-07-01 11:33:41', '', '0000-00-00 00:00:00', '1'),
(2644, '5', 7, '16:00:00', '19:00:00', '2', 3, '1', '1', '2021-07-01 11:33:41', '', '0000-00-00 00:00:00', '1'),
(2897, '4', 1, '09:00:00', '10:59:00', '1', 1, '1', '1', '2021-07-16 08:16:46', '', '0000-00-00 00:00:00', '1'),
(2898, '4', 1, '16:00:00', '19:00:00', '2', 1, '1', '1', '2021-07-16 08:16:46', '', '0000-00-00 00:00:00', '1'),
(2899, '4', 2, '09:00:00', '10:59:00', '1', 1, '1', '1', '2021-07-16 08:16:46', '', '0000-00-00 00:00:00', '1'),
(2900, '4', 2, '16:00:00', '19:59:00', '2', 1, '1', '1', '2021-07-16 08:16:46', '', '0000-00-00 00:00:00', '1'),
(2901, '4', 3, '09:00:00', '12:00:00', '1', 1, '1', '1', '2021-07-16 08:16:46', '', '0000-00-00 00:00:00', '1'),
(2902, '4', 3, '16:00:00', '19:00:00', '2', 1, '1', '1', '2021-07-16 08:16:46', '', '0000-00-00 00:00:00', '1'),
(2903, '4', 4, '09:00:00', '13:00:00', '1', 1, '1', '1', '2021-07-16 08:16:46', '', '0000-00-00 00:00:00', '1'),
(2904, '4', 4, '16:00:00', '19:00:00', '2', 1, '1', '1', '2021-07-16 08:16:46', '', '0000-00-00 00:00:00', '1'),
(2905, '4', 5, '09:00:00', '13:00:00', '1', 1, '1', '1', '2021-07-16 08:16:46', '', '0000-00-00 00:00:00', '1'),
(2906, '4', 5, '16:00:00', '19:00:00', '2', 1, '1', '1', '2021-07-16 08:16:46', '', '0000-00-00 00:00:00', '1'),
(2907, '4', 6, '09:00:00', '13:00:00', '1', 1, '1', '1', '2021-07-16 08:16:47', '', '0000-00-00 00:00:00', '1'),
(2908, '4', 6, '16:00:00', '19:00:00', '2', 1, '1', '1', '2021-07-16 08:16:47', '', '0000-00-00 00:00:00', '1'),
(2909, '4', 7, '09:00:00', '13:00:00', '1', 1, '1', '1', '2021-07-16 08:16:47', '', '0000-00-00 00:00:00', '1'),
(2910, '4', 7, '16:00:00', '19:00:00', '2', 1, '1', '1', '2021-07-16 08:16:47', '', '0000-00-00 00:00:00', '1'),
(2911, '4', 1, '09:00:00', '13:00:00', '1', 2, '1', '1', '2021-07-16 08:16:47', '', '0000-00-00 00:00:00', '1'),
(2912, '4', 1, '16:00:00', '19:00:00', '2', 2, '1', '1', '2021-07-16 08:16:47', '', '0000-00-00 00:00:00', '1'),
(2913, '4', 2, '09:00:00', '13:00:00', '1', 2, '1', '1', '2021-07-16 08:16:47', '', '0000-00-00 00:00:00', '1'),
(2914, '4', 2, '16:00:00', '19:00:00', '2', 2, '1', '1', '2021-07-16 08:16:47', '', '0000-00-00 00:00:00', '1'),
(2915, '4', 3, '09:00:00', '13:00:00', '1', 2, '1', '1', '2021-07-16 08:16:47', '', '0000-00-00 00:00:00', '1'),
(2916, '4', 3, '16:00:00', '19:00:00', '2', 2, '1', '1', '2021-07-16 08:16:47', '', '0000-00-00 00:00:00', '1'),
(2917, '4', 4, '09:00:00', '13:00:00', '1', 2, '1', '1', '2021-07-16 08:16:47', '', '0000-00-00 00:00:00', '1'),
(2918, '4', 4, '16:00:00', '19:00:00', '2', 2, '1', '1', '2021-07-16 08:16:47', '', '0000-00-00 00:00:00', '1'),
(2919, '4', 5, '09:00:00', '13:00:00', '1', 2, '1', '1', '2021-07-16 08:16:47', '', '0000-00-00 00:00:00', '1'),
(2920, '4', 5, '16:00:00', '19:00:00', '2', 2, '1', '1', '2021-07-16 08:16:47', '', '0000-00-00 00:00:00', '1'),
(2921, '4', 6, '09:00:00', '13:00:00', '1', 2, '1', '1', '2021-07-16 08:16:47', '', '0000-00-00 00:00:00', '1'),
(2922, '4', 6, '16:00:00', '19:00:00', '2', 2, '1', '1', '2021-07-16 08:16:47', '', '0000-00-00 00:00:00', '1'),
(2923, '4', 7, '09:00:00', '13:00:00', '1', 2, '1', '1', '2021-07-16 08:16:47', '', '0000-00-00 00:00:00', '1'),
(2924, '4', 7, '16:00:00', '19:00:00', '2', 2, '1', '1', '2021-07-16 08:16:47', '', '0000-00-00 00:00:00', '1'),
(2925, '4', 1, '09:00:00', '13:00:00', '1', 3, '1', '1', '2021-07-16 08:16:47', '', '0000-00-00 00:00:00', '1'),
(2926, '4', 1, '16:00:00', '19:00:00', '2', 3, '1', '1', '2021-07-16 08:16:48', '', '0000-00-00 00:00:00', '1'),
(2927, '4', 2, '09:00:00', '13:00:00', '1', 3, '1', '1', '2021-07-16 08:16:48', '', '0000-00-00 00:00:00', '1'),
(2928, '4', 2, '16:00:00', '19:00:00', '2', 3, '1', '1', '2021-07-16 08:16:48', '', '0000-00-00 00:00:00', '1'),
(2929, '4', 3, '09:00:00', '13:00:00', '1', 3, '1', '1', '2021-07-16 08:16:48', '', '0000-00-00 00:00:00', '1'),
(2930, '4', 3, '16:00:00', '19:00:00', '2', 3, '1', '1', '2021-07-16 08:16:48', '', '0000-00-00 00:00:00', '1'),
(2931, '4', 4, '09:00:00', '13:00:00', '1', 3, '1', '1', '2021-07-16 08:16:48', '', '0000-00-00 00:00:00', '1'),
(2932, '4', 4, '16:00:00', '19:00:00', '2', 3, '1', '1', '2021-07-16 08:16:48', '', '0000-00-00 00:00:00', '1'),
(2933, '4', 5, '09:00:00', '13:00:00', '1', 3, '1', '1', '2021-07-16 08:16:48', '', '0000-00-00 00:00:00', '1'),
(2934, '4', 5, '16:00:00', '19:00:00', '2', 3, '1', '1', '2021-07-16 08:16:48', '', '0000-00-00 00:00:00', '1'),
(2935, '4', 6, '09:00:00', '13:00:00', '1', 3, '1', '1', '2021-07-16 08:16:48', '', '0000-00-00 00:00:00', '1'),
(2936, '4', 6, '16:00:00', '19:00:00', '2', 3, '1', '1', '2021-07-16 08:16:48', '', '0000-00-00 00:00:00', '1'),
(2937, '4', 7, '09:00:00', '13:00:00', '1', 3, '1', '1', '2021-07-16 08:16:48', '', '0000-00-00 00:00:00', '1'),
(2938, '4', 7, '16:00:00', '19:00:00', '2', 3, '1', '1', '2021-07-16 08:16:48', '', '0000-00-00 00:00:00', '1'),
(3023, '3', 1, '07:59:00', '10:59:00', '1', 1, '1', '2', '2021-10-18 10:39:46', '', '0000-00-00 00:00:00', '1'),
(3024, '3', 1, '16:00:00', '19:00:00', '2', 1, '1', '2', '2021-10-18 10:39:46', '', '0000-00-00 00:00:00', '1'),
(3025, '3', 2, '09:00:00', '10:59:00', '1', 1, '1', '2', '2021-10-18 10:39:46', '', '0000-00-00 00:00:00', '1'),
(3026, '3', 2, '16:00:00', '19:59:00', '2', 1, '1', '2', '2021-10-18 10:39:46', '', '0000-00-00 00:00:00', '1'),
(3027, '3', 3, '09:00:00', '12:00:00', '1', 1, '1', '2', '2021-10-18 10:39:46', '', '0000-00-00 00:00:00', '1'),
(3028, '3', 3, '16:00:00', '19:00:00', '2', 1, '1', '2', '2021-10-18 10:39:46', '', '0000-00-00 00:00:00', '1'),
(3029, '3', 4, '09:00:00', '13:00:00', '1', 1, '1', '2', '2021-10-18 10:39:46', '', '0000-00-00 00:00:00', '1'),
(3030, '3', 4, '00:00:00', '00:00:00', '2', 1, '1', '2', '2021-10-18 10:39:46', '', '0000-00-00 00:00:00', '1'),
(3031, '3', 5, '09:00:00', '13:00:00', '1', 1, '1', '2', '2021-10-18 10:39:46', '', '0000-00-00 00:00:00', '1'),
(3032, '3', 5, '00:00:00', '00:00:00', '2', 1, '1', '2', '2021-10-18 10:39:46', '', '0000-00-00 00:00:00', '1'),
(3033, '3', 6, '09:00:00', '13:00:00', '1', 1, '1', '2', '2021-10-18 10:39:47', '', '0000-00-00 00:00:00', '1'),
(3034, '3', 6, '16:00:00', '19:00:00', '2', 1, '1', '2', '2021-10-18 10:39:47', '', '0000-00-00 00:00:00', '1'),
(3035, '3', 7, '09:00:00', '13:00:00', '1', 1, '1', '2', '2021-10-18 10:39:47', '', '0000-00-00 00:00:00', '1'),
(3036, '3', 7, '16:00:00', '19:00:00', '2', 1, '1', '2', '2021-10-18 10:39:47', '', '0000-00-00 00:00:00', '1'),
(3037, '3', 1, '09:00:00', '13:00:00', '1', 2, '1', '2', '2021-10-18 10:39:47', '', '0000-00-00 00:00:00', '1'),
(3038, '3', 1, '16:00:00', '19:00:00', '2', 2, '1', '2', '2021-10-18 10:39:47', '', '0000-00-00 00:00:00', '1'),
(3039, '3', 2, '09:00:00', '13:00:00', '1', 2, '1', '2', '2021-10-18 10:39:47', '', '0000-00-00 00:00:00', '1'),
(3040, '3', 2, '16:00:00', '19:00:00', '2', 2, '1', '2', '2021-10-18 10:39:47', '', '0000-00-00 00:00:00', '1'),
(3041, '3', 3, '09:00:00', '13:00:00', '1', 2, '1', '2', '2021-10-18 10:39:47', '', '0000-00-00 00:00:00', '1'),
(3042, '3', 3, '16:00:00', '19:00:00', '2', 2, '1', '2', '2021-10-18 10:39:47', '', '0000-00-00 00:00:00', '1'),
(3043, '3', 4, '09:00:00', '13:00:00', '1', 2, '1', '2', '2021-10-18 10:39:47', '', '0000-00-00 00:00:00', '1'),
(3044, '3', 4, '16:00:00', '19:00:00', '2', 2, '1', '2', '2021-10-18 10:39:47', '', '0000-00-00 00:00:00', '1'),
(3045, '3', 5, '00:00:00', '00:00:00', '1', 2, '1', '2', '2021-10-18 10:39:47', '', '0000-00-00 00:00:00', '1'),
(3046, '3', 5, '00:00:00', '00:00:00', '2', 2, '1', '2', '2021-10-18 10:39:47', '', '0000-00-00 00:00:00', '1'),
(3047, '3', 6, '09:00:00', '13:00:00', '1', 2, '1', '2', '2021-10-18 10:39:48', '', '0000-00-00 00:00:00', '1'),
(3048, '3', 6, '16:00:00', '19:00:00', '2', 2, '1', '2', '2021-10-18 10:39:48', '', '0000-00-00 00:00:00', '1'),
(3049, '3', 7, '09:00:00', '13:00:00', '1', 2, '1', '2', '2021-10-18 10:39:48', '', '0000-00-00 00:00:00', '1'),
(3050, '3', 7, '16:00:00', '19:00:00', '2', 2, '1', '2', '2021-10-18 10:39:48', '', '0000-00-00 00:00:00', '1'),
(3051, '3', 1, '10:00:00', '13:00:00', '1', 3, '1', '2', '2021-10-18 10:39:48', '', '0000-00-00 00:00:00', '1'),
(3052, '3', 1, '16:00:00', '19:00:00', '2', 3, '1', '2', '2021-10-18 10:39:48', '', '0000-00-00 00:00:00', '1'),
(3053, '3', 2, '09:00:00', '13:00:00', '1', 3, '1', '2', '2021-10-18 10:39:48', '', '0000-00-00 00:00:00', '1'),
(3054, '3', 2, '16:00:00', '19:00:00', '2', 3, '1', '2', '2021-10-18 10:39:48', '', '0000-00-00 00:00:00', '1'),
(3055, '3', 3, '09:00:00', '13:00:00', '1', 3, '1', '2', '2021-10-18 10:39:48', '', '0000-00-00 00:00:00', '1'),
(3056, '3', 3, '16:00:00', '19:00:00', '2', 3, '1', '2', '2021-10-18 10:39:48', '', '0000-00-00 00:00:00', '1'),
(3057, '3', 4, '09:00:00', '13:00:00', '1', 3, '1', '2', '2021-10-18 10:39:48', '', '0000-00-00 00:00:00', '1'),
(3058, '3', 4, '16:00:00', '19:00:00', '2', 3, '1', '2', '2021-10-18 10:39:48', '', '0000-00-00 00:00:00', '1'),
(3059, '3', 5, '00:00:00', '00:00:00', '1', 3, '1', '2', '2021-10-18 10:39:48', '', '0000-00-00 00:00:00', '1'),
(3060, '3', 5, '00:00:00', '00:00:00', '2', 3, '1', '2', '2021-10-18 10:39:48', '', '0000-00-00 00:00:00', '1'),
(3061, '3', 6, '09:00:00', '13:00:00', '1', 3, '1', '2', '2021-10-18 10:39:48', '', '0000-00-00 00:00:00', '1'),
(3062, '3', 6, '16:00:00', '19:00:00', '2', 3, '1', '2', '2021-10-18 10:39:49', '', '0000-00-00 00:00:00', '1'),
(3063, '3', 7, '09:00:00', '13:00:00', '1', 3, '1', '2', '2021-10-18 10:39:49', '', '0000-00-00 00:00:00', '1'),
(3064, '3', 7, '16:00:00', '19:00:00', '2', 3, '1', '2', '2021-10-18 10:39:49', '', '0000-00-00 00:00:00', '1'),
(3065, '3', 1, '10:00:00', '13:00:00', '1', 5, '1', '2', '2021-10-18 10:39:49', '', '0000-00-00 00:00:00', '1'),
(3066, '3', 1, '16:00:00', '19:00:00', '2', 5, '1', '2', '2021-10-18 10:39:49', '', '0000-00-00 00:00:00', '1'),
(3067, '3', 2, '09:00:00', '13:00:00', '1', 5, '1', '2', '2021-10-18 10:39:49', '', '0000-00-00 00:00:00', '1'),
(3068, '3', 2, '16:00:00', '19:00:00', '2', 5, '1', '2', '2021-10-18 10:39:49', '', '0000-00-00 00:00:00', '1'),
(3069, '3', 3, '09:00:00', '13:00:00', '1', 5, '1', '2', '2021-10-18 10:39:49', '', '0000-00-00 00:00:00', '1'),
(3070, '3', 3, '16:00:00', '19:00:00', '2', 5, '1', '2', '2021-10-18 10:39:49', '', '0000-00-00 00:00:00', '1'),
(3071, '3', 4, '09:00:00', '13:00:00', '1', 5, '1', '2', '2021-10-18 10:39:49', '', '0000-00-00 00:00:00', '1'),
(3072, '3', 4, '16:00:00', '19:00:00', '2', 5, '1', '2', '2021-10-18 10:39:49', '', '0000-00-00 00:00:00', '1'),
(3073, '3', 5, '00:00:00', '00:00:00', '1', 5, '1', '2', '2021-10-18 10:39:49', '', '0000-00-00 00:00:00', '1'),
(3074, '3', 5, '00:00:00', '00:00:00', '2', 5, '1', '2', '2021-10-18 10:39:49', '', '0000-00-00 00:00:00', '1'),
(3075, '3', 6, '09:00:00', '13:00:00', '1', 5, '1', '2', '2021-10-18 10:39:49', '', '0000-00-00 00:00:00', '1'),
(3076, '3', 6, '16:00:00', '19:00:00', '2', 5, '1', '2', '2021-10-18 10:39:49', '', '0000-00-00 00:00:00', '1'),
(3077, '3', 7, '09:00:00', '13:00:00', '1', 5, '1', '2', '2021-10-18 10:39:50', '', '0000-00-00 00:00:00', '1'),
(3078, '3', 7, '16:00:00', '19:00:00', '2', 5, '1', '2', '2021-10-18 10:39:50', '', '0000-00-00 00:00:00', '1'),
(3079, '2', 1, '09:00:00', '13:00:00', '1', 5, '1', '1', '2021-10-19 10:59:34', '', '0000-00-00 00:00:00', '1'),
(3080, '2', 1, '16:00:00', '19:00:00', '2', 5, '1', '1', '2021-10-19 10:59:34', '', '0000-00-00 00:00:00', '1'),
(3081, '2', 2, '00:00:00', '00:00:00', '1', 5, '1', '1', '2021-10-19 10:59:34', '', '0000-00-00 00:00:00', '1'),
(3082, '2', 2, '00:00:00', '00:00:00', '2', 5, '1', '1', '2021-10-19 10:59:34', '', '0000-00-00 00:00:00', '1'),
(3083, '2', 3, '00:00:00', '00:00:00', '1', 5, '1', '1', '2021-10-19 10:59:34', '', '0000-00-00 00:00:00', '1'),
(3084, '2', 3, '00:00:00', '00:00:00', '2', 5, '1', '1', '2021-10-19 10:59:34', '', '0000-00-00 00:00:00', '1'),
(3085, '2', 4, '00:00:00', '00:00:00', '1', 5, '1', '1', '2021-10-19 10:59:34', '', '0000-00-00 00:00:00', '1'),
(3086, '2', 4, '00:00:00', '00:00:00', '2', 5, '1', '1', '2021-10-19 10:59:34', '', '0000-00-00 00:00:00', '1'),
(3087, '2', 5, '00:00:00', '00:00:00', '1', 5, '1', '1', '2021-10-19 10:59:35', '', '0000-00-00 00:00:00', '1'),
(3088, '2', 5, '00:00:00', '00:00:00', '2', 5, '1', '1', '2021-10-19 10:59:35', '', '0000-00-00 00:00:00', '1'),
(3089, '2', 6, '00:00:00', '00:00:00', '1', 5, '1', '1', '2021-10-19 10:59:35', '', '0000-00-00 00:00:00', '1'),
(3090, '2', 6, '00:00:00', '00:00:00', '2', 5, '1', '1', '2021-10-19 10:59:35', '', '0000-00-00 00:00:00', '1'),
(3091, '2', 7, '00:00:00', '00:00:00', '1', 5, '1', '1', '2021-10-19 10:59:38', '', '0000-00-00 00:00:00', '1'),
(3092, '2', 7, '00:00:00', '00:00:00', '2', 5, '1', '1', '2021-10-19 10:59:38', '', '0000-00-00 00:00:00', '1'),
(3093, '2', 1, '00:00:00', '00:00:00', '1', 1, '1', '1', '2021-10-19 10:59:38', '', '0000-00-00 00:00:00', '1'),
(3094, '2', 1, '00:00:00', '00:00:00', '2', 1, '1', '1', '2021-10-19 10:59:38', '', '0000-00-00 00:00:00', '1'),
(3095, '2', 2, '09:00:00', '13:00:00', '1', 1, '1', '1', '2021-10-19 10:59:39', '', '0000-00-00 00:00:00', '1'),
(3096, '2', 2, '16:00:00', '19:00:00', '2', 1, '1', '1', '2021-10-19 10:59:39', '', '0000-00-00 00:00:00', '1'),
(3097, '2', 3, '00:00:00', '00:00:00', '1', 1, '1', '1', '2021-10-19 10:59:39', '', '0000-00-00 00:00:00', '1'),
(3098, '2', 3, '00:00:00', '00:00:00', '2', 1, '1', '1', '2021-10-19 10:59:39', '', '0000-00-00 00:00:00', '1'),
(3099, '2', 4, '00:00:00', '00:00:00', '1', 1, '1', '1', '2021-10-19 10:59:39', '', '0000-00-00 00:00:00', '1'),
(3100, '2', 4, '00:00:00', '00:00:00', '2', 1, '1', '1', '2021-10-19 10:59:39', '', '0000-00-00 00:00:00', '1'),
(3101, '2', 5, '00:00:00', '00:00:00', '1', 1, '1', '1', '2021-10-19 10:59:39', '', '0000-00-00 00:00:00', '1'),
(3102, '2', 5, '00:00:00', '00:00:00', '2', 1, '1', '1', '2021-10-19 10:59:40', '', '0000-00-00 00:00:00', '1'),
(3103, '2', 6, '00:00:00', '00:00:00', '1', 1, '1', '1', '2021-10-19 10:59:40', '', '0000-00-00 00:00:00', '1'),
(3104, '2', 6, '00:00:00', '00:00:00', '2', 1, '1', '1', '2021-10-19 10:59:40', '', '0000-00-00 00:00:00', '1'),
(3105, '2', 7, '00:00:00', '00:00:00', '1', 1, '1', '1', '2021-10-19 10:59:40', '', '0000-00-00 00:00:00', '1'),
(3106, '2', 7, '00:00:00', '00:00:00', '2', 1, '1', '1', '2021-10-19 10:59:40', '', '0000-00-00 00:00:00', '1'),
(3107, '2', 1, '00:00:00', '00:00:00', '1', 3, '1', '1', '2021-10-19 10:59:40', '', '0000-00-00 00:00:00', '1'),
(3108, '2', 1, '00:00:00', '00:00:00', '2', 3, '1', '1', '2021-10-19 10:59:40', '', '0000-00-00 00:00:00', '1'),
(3109, '2', 2, '00:00:00', '00:00:00', '1', 3, '1', '1', '2021-10-19 10:59:41', '', '0000-00-00 00:00:00', '1'),
(3110, '2', 2, '00:00:00', '00:00:00', '2', 3, '1', '1', '2021-10-19 10:59:41', '', '0000-00-00 00:00:00', '1'),
(3111, '2', 3, '09:00:00', '13:00:00', '1', 3, '1', '1', '2021-10-19 10:59:41', '', '0000-00-00 00:00:00', '1'),
(3112, '2', 3, '16:00:00', '19:00:00', '2', 3, '1', '1', '2021-10-19 10:59:41', '', '0000-00-00 00:00:00', '1'),
(3113, '2', 4, '00:00:00', '00:00:00', '1', 3, '1', '1', '2021-10-19 10:59:41', '', '0000-00-00 00:00:00', '1'),
(3114, '2', 4, '00:00:00', '00:00:00', '2', 3, '1', '1', '2021-10-19 10:59:41', '', '0000-00-00 00:00:00', '1'),
(3115, '2', 5, '00:00:00', '00:00:00', '1', 3, '1', '1', '2021-10-19 10:59:41', '', '0000-00-00 00:00:00', '1'),
(3116, '2', 5, '00:00:00', '00:00:00', '2', 3, '1', '1', '2021-10-19 10:59:42', '', '0000-00-00 00:00:00', '1'),
(3117, '2', 6, '00:00:00', '00:00:00', '1', 3, '1', '1', '2021-10-19 10:59:42', '', '0000-00-00 00:00:00', '1'),
(3118, '2', 6, '00:00:00', '00:00:00', '2', 3, '1', '1', '2021-10-19 10:59:42', '', '0000-00-00 00:00:00', '1'),
(3119, '2', 7, '00:00:00', '00:00:00', '1', 3, '1', '1', '2021-10-19 10:59:42', '', '0000-00-00 00:00:00', '1'),
(3120, '2', 7, '00:00:00', '00:00:00', '2', 3, '1', '1', '2021-10-19 10:59:42', '', '0000-00-00 00:00:00', '1'),
(3121, '2', 1, '00:00:00', '00:00:00', '1', 2, '1', '1', '2021-10-19 10:59:43', '', '0000-00-00 00:00:00', '1'),
(3122, '2', 1, '00:00:00', '00:00:00', '2', 2, '1', '1', '2021-10-19 10:59:43', '', '0000-00-00 00:00:00', '1'),
(3123, '2', 2, '00:00:00', '00:00:00', '1', 2, '1', '1', '2021-10-19 10:59:43', '', '0000-00-00 00:00:00', '1'),
(3124, '2', 2, '00:00:00', '00:00:00', '2', 2, '1', '1', '2021-10-19 10:59:43', '', '0000-00-00 00:00:00', '1'),
(3125, '2', 3, '00:00:00', '00:00:00', '1', 2, '1', '1', '2021-10-19 10:59:43', '', '0000-00-00 00:00:00', '1'),
(3126, '2', 3, '00:00:00', '00:00:00', '2', 2, '1', '1', '2021-10-19 10:59:43', '', '0000-00-00 00:00:00', '1'),
(3127, '2', 4, '09:00:00', '13:00:00', '1', 2, '1', '1', '2021-10-19 10:59:44', '', '0000-00-00 00:00:00', '1'),
(3128, '2', 4, '16:00:00', '19:00:00', '2', 2, '1', '1', '2021-10-19 10:59:44', '', '0000-00-00 00:00:00', '1'),
(3129, '2', 5, '00:00:00', '00:00:00', '1', 2, '1', '1', '2021-10-19 10:59:44', '', '0000-00-00 00:00:00', '1'),
(3130, '2', 5, '00:00:00', '00:00:00', '2', 2, '1', '1', '2021-10-19 10:59:44', '', '0000-00-00 00:00:00', '1'),
(3131, '2', 6, '00:00:00', '00:00:00', '1', 2, '1', '1', '2021-10-19 10:59:44', '', '0000-00-00 00:00:00', '1'),
(3132, '2', 6, '00:00:00', '00:00:00', '2', 2, '1', '1', '2021-10-19 10:59:44', '', '0000-00-00 00:00:00', '1'),
(3133, '2', 7, '00:00:00', '00:00:00', '1', 2, '1', '1', '2021-10-19 10:59:44', '', '0000-00-00 00:00:00', '1'),
(3134, '2', 7, '00:00:00', '00:00:00', '2', 2, '1', '1', '2021-10-19 10:59:45', '', '0000-00-00 00:00:00', '1'),
(3135, '2', 1, '00:00:00', '00:00:00', '1', 4, '1', '1', '2021-10-19 10:59:45', '', '0000-00-00 00:00:00', '1'),
(3136, '2', 1, '00:00:00', '00:00:00', '2', 4, '1', '1', '2021-10-19 10:59:45', '', '0000-00-00 00:00:00', '1'),
(3137, '2', 2, '00:00:00', '00:00:00', '1', 4, '1', '1', '2021-10-19 10:59:45', '', '0000-00-00 00:00:00', '1'),
(3138, '2', 2, '00:00:00', '00:00:00', '2', 4, '1', '1', '2021-10-19 10:59:45', '', '0000-00-00 00:00:00', '1'),
(3139, '2', 3, '00:00:00', '00:00:00', '1', 4, '1', '1', '2021-10-19 10:59:45', '', '0000-00-00 00:00:00', '1'),
(3140, '2', 3, '00:00:00', '00:00:00', '2', 4, '1', '1', '2021-10-19 10:59:45', '', '0000-00-00 00:00:00', '1'),
(3141, '2', 4, '00:00:00', '00:00:00', '1', 4, '1', '1', '2021-10-19 10:59:46', '', '0000-00-00 00:00:00', '1'),
(3142, '2', 4, '00:00:00', '00:00:00', '2', 4, '1', '1', '2021-10-19 10:59:46', '', '0000-00-00 00:00:00', '1'),
(3143, '2', 5, '00:00:00', '00:00:00', '1', 4, '1', '1', '2021-10-19 10:59:46', '', '0000-00-00 00:00:00', '1'),
(3144, '2', 5, '00:00:00', '00:00:00', '2', 4, '1', '1', '2021-10-19 10:59:46', '', '0000-00-00 00:00:00', '1'),
(3145, '2', 6, '09:00:00', '13:00:00', '1', 4, '1', '1', '2021-10-19 10:59:46', '', '0000-00-00 00:00:00', '1'),
(3146, '2', 6, '16:00:00', '19:00:00', '2', 4, '1', '1', '2021-10-19 10:59:46', '', '0000-00-00 00:00:00', '1'),
(3147, '2', 7, '09:00:00', '13:00:00', '1', 4, '1', '1', '2021-10-19 10:59:46', '', '0000-00-00 00:00:00', '1'),
(3148, '2', 7, '16:00:00', '19:00:00', '2', 4, '1', '1', '2021-10-19 10:59:47', '', '0000-00-00 00:00:00', '1');

-- --------------------------------------------------------

--
-- Table structure for table `cl_doctor_schedule_adjustment`
--

CREATE TABLE IF NOT EXISTS `cl_doctor_schedule_adjustment` (
  `id` int UNSIGNED NOT NULL AUTO_INCREMENT,
  `doctor_id` char(36) CHARACTER SET utf8 COLLATE utf8_unicode_ci NOT NULL,
  `DayOfWeek` int NOT NULL,
  `StartTime` time NOT NULL,
  `EndTime` time NOT NULL,
  `shift_id` char(1) CHARACTER SET utf8 COLLATE utf8_unicode_ci NOT NULL,
  `dateFrom` date NOT NULL,
  `dateTo` date NOT NULL,
  `branch_id` int NOT NULL,
  `status` enum('0','1') CHARACTER SET utf8 COLLATE utf8_unicode_ci NOT NULL,
  `created_by` char(36) CHARACTER SET utf8 COLLATE utf8_unicode_ci NOT NULL,
  `creation_date` datetime NOT NULL,
  `modified_by` char(36) CHARACTER SET utf8 COLLATE utf8_unicode_ci NOT NULL,
  `modification_date` datetime NOT NULL,
  PRIMARY KEY (`id`),
  KEY `doctor_id` (`doctor_id`),
  KEY `DayOfWeek` (`DayOfWeek`),
  KEY `branch_id` (`branch_id`)
) ENGINE=InnoDB AUTO_INCREMENT=5707 DEFAULT CHARSET=utf8mb3 COLLATE=utf8_unicode_ci;

--
-- Dumping data for table `cl_doctor_schedule_adjustment`
--

INSERT INTO `cl_doctor_schedule_adjustment` (`id`, `doctor_id`, `DayOfWeek`, `StartTime`, `EndTime`, `shift_id`, `dateFrom`, `dateTo`, `branch_id`, `status`, `created_by`, `creation_date`, `modified_by`, `modification_date`) VALUES
(1, '2', 1, '00:00:00', '00:00:00', '1', '2017-06-19', '2017-06-28', 1, '1', 'f31b7c9a64318b48b769d810e3075b2d', '2017-05-17 10:04:16', '', '0000-00-00 00:00:00'),
(2, '2', 1, '00:00:00', '00:00:00', '2', '2017-06-19', '2017-06-28', 1, '1', 'f31b7c9a64318b48b769d810e3075b2d', '2017-05-17 10:04:16', '', '0000-00-00 00:00:00'),
(3, '2', 2, '00:00:00', '00:00:00', '1', '2017-06-19', '2017-06-28', 1, '1', 'f31b7c9a64318b48b769d810e3075b2d', '2017-05-17 10:04:16', '', '0000-00-00 00:00:00'),
(4, '2', 2, '00:00:00', '00:00:00', '2', '2017-06-19', '2017-06-28', 1, '1', 'f31b7c9a64318b48b769d810e3075b2d', '2017-05-17 10:04:16', '', '0000-00-00 00:00:00'),
(5, '2', 3, '00:00:00', '00:00:00', '1', '2017-06-19', '2017-06-28', 1, '1', 'f31b7c9a64318b48b769d810e3075b2d', '2017-05-17 10:04:16', '', '0000-00-00 00:00:00'),
(6, '2', 3, '00:00:00', '00:00:00', '2', '2017-06-19', '2017-06-28', 1, '1', 'f31b7c9a64318b48b769d810e3075b2d', '2017-05-17 10:04:16', '', '0000-00-00 00:00:00'),
(7, '2', 4, '00:00:00', '00:00:00', '1', '2017-06-19', '2017-06-28', 1, '1', 'f31b7c9a64318b48b769d810e3075b2d', '2017-05-17 10:04:16', '', '0000-00-00 00:00:00'),
(8, '2', 4, '00:00:00', '00:00:00', '2', '2017-06-19', '2017-06-28', 1, '1', 'f31b7c9a64318b48b769d810e3075b2d', '2017-05-17 10:04:16', '', '0000-00-00 00:00:00'),
(9, '2', 5, '00:00:00', '00:00:00', '1', '2017-06-19', '2017-06-28', 1, '1', 'f31b7c9a64318b48b769d810e3075b2d', '2017-05-17 10:04:16', '', '0000-00-00 00:00:00'),
(10, '2', 5, '00:00:00', '00:00:00', '2', '2017-06-19', '2017-06-28', 1, '1', 'f31b7c9a64318b48b769d810e3075b2d', '2017-05-17 10:04:16', '', '0000-00-00 00:00:00'),
(11, '2', 6, '00:00:00', '00:00:00', '1', '2017-06-19', '2017-06-28', 1, '1', 'f31b7c9a64318b48b769d810e3075b2d', '2017-05-17 10:04:16', '', '0000-00-00 00:00:00'),
(12, '2', 6, '00:00:00', '00:00:00', '2', '2017-06-19', '2017-06-28', 1, '1', 'f31b7c9a64318b48b769d810e3075b2d', '2017-05-17 10:04:16', '', '0000-00-00 00:00:00'),
(13, '2', 7, '00:00:00', '00:00:00', '1', '2017-06-19', '2017-06-28', 1, '1', 'f31b7c9a64318b48b769d810e3075b2d', '2017-05-17 10:04:16', '', '0000-00-00 00:00:00'),
(14, '2', 7, '00:00:00', '00:00:00', '2', '2017-06-19', '2017-06-28', 1, '1', 'f31b7c9a64318b48b769d810e3075b2d', '2017-05-17 10:04:16', '', '0000-00-00 00:00:00'),
(15, '2', 1, '00:00:00', '00:00:00', '1', '2017-06-19', '2017-06-28', 2, '1', 'f31b7c9a64318b48b769d810e3075b2d', '2017-05-17 10:04:16', '', '0000-00-00 00:00:00'),
(16, '2', 1, '00:00:00', '00:00:00', '2', '2017-06-19', '2017-06-28', 2, '1', 'f31b7c9a64318b48b769d810e3075b2d', '2017-05-17 10:04:16', '', '0000-00-00 00:00:00'),
(17, '2', 2, '00:00:00', '00:00:00', '1', '2017-06-19', '2017-06-28', 2, '1', 'f31b7c9a64318b48b769d810e3075b2d', '2017-05-17 10:04:16', '', '0000-00-00 00:00:00'),
(18, '2', 2, '00:00:00', '00:00:00', '2', '2017-06-19', '2017-06-28', 2, '1', 'f31b7c9a64318b48b769d810e3075b2d', '2017-05-17 10:04:16', '', '0000-00-00 00:00:00'),
(19, '2', 3, '00:00:00', '00:00:00', '1', '2017-06-19', '2017-06-28', 2, '1', 'f31b7c9a64318b48b769d810e3075b2d', '2017-05-17 10:04:16', '', '0000-00-00 00:00:00'),
(20, '2', 3, '00:00:00', '00:00:00', '2', '2017-06-19', '2017-06-28', 2, '1', 'f31b7c9a64318b48b769d810e3075b2d', '2017-05-17 10:04:16', '', '0000-00-00 00:00:00'),
(21, '2', 4, '00:00:00', '00:00:00', '1', '2017-06-19', '2017-06-28', 2, '1', 'f31b7c9a64318b48b769d810e3075b2d', '2017-05-17 10:04:16', '', '0000-00-00 00:00:00'),
(22, '2', 4, '00:00:00', '00:00:00', '2', '2017-06-19', '2017-06-28', 2, '1', 'f31b7c9a64318b48b769d810e3075b2d', '2017-05-17 10:04:16', '', '0000-00-00 00:00:00'),
(23, '2', 5, '00:00:00', '00:00:00', '1', '2017-06-19', '2017-06-28', 2, '1', 'f31b7c9a64318b48b769d810e3075b2d', '2017-05-17 10:04:16', '', '0000-00-00 00:00:00'),
(24, '2', 5, '00:00:00', '00:00:00', '2', '2017-06-19', '2017-06-28', 2, '1', 'f31b7c9a64318b48b769d810e3075b2d', '2017-05-17 10:04:16', '', '0000-00-00 00:00:00'),
(25, '2', 6, '00:00:00', '00:00:00', '1', '2017-06-19', '2017-06-28', 2, '1', 'f31b7c9a64318b48b769d810e3075b2d', '2017-05-17 10:04:16', '', '0000-00-00 00:00:00'),
(26, '2', 6, '00:00:00', '00:00:00', '2', '2017-06-19', '2017-06-28', 2, '1', 'f31b7c9a64318b48b769d810e3075b2d', '2017-05-17 10:04:16', '', '0000-00-00 00:00:00'),
(27, '2', 7, '00:00:00', '00:00:00', '1', '2017-06-19', '2017-06-28', 2, '1', 'f31b7c9a64318b48b769d810e3075b2d', '2017-05-17 10:04:16', '', '0000-00-00 00:00:00'),
(28, '2', 7, '00:00:00', '00:00:00', '2', '2017-06-19', '2017-06-28', 2, '1', 'f31b7c9a64318b48b769d810e3075b2d', '2017-05-17 10:04:16', '', '0000-00-00 00:00:00'),
(29, '2', 1, '00:00:00', '00:00:00', '1', '2017-06-19', '2017-06-28', 3, '1', 'f31b7c9a64318b48b769d810e3075b2d', '2017-05-17 10:04:16', '', '0000-00-00 00:00:00'),
(30, '2', 1, '00:00:00', '00:00:00', '2', '2017-06-19', '2017-06-28', 3, '1', 'f31b7c9a64318b48b769d810e3075b2d', '2017-05-17 10:04:16', '', '0000-00-00 00:00:00'),
(31, '2', 2, '00:00:00', '00:00:00', '1', '2017-06-19', '2017-06-28', 3, '1', 'f31b7c9a64318b48b769d810e3075b2d', '2017-05-17 10:04:16', '', '0000-00-00 00:00:00'),
(32, '2', 2, '00:00:00', '00:00:00', '2', '2017-06-19', '2017-06-28', 3, '1', 'f31b7c9a64318b48b769d810e3075b2d', '2017-05-17 10:04:16', '', '0000-00-00 00:00:00'),
(33, '2', 3, '00:00:00', '00:00:00', '1', '2017-06-19', '2017-06-28', 3, '1', 'f31b7c9a64318b48b769d810e3075b2d', '2017-05-17 10:04:16', '', '0000-00-00 00:00:00'),
(34, '2', 3, '00:00:00', '00:00:00', '2', '2017-06-19', '2017-06-28', 3, '1', 'f31b7c9a64318b48b769d810e3075b2d', '2017-05-17 10:04:16', '', '0000-00-00 00:00:00'),
(35, '2', 4, '00:00:00', '00:00:00', '1', '2017-06-19', '2017-06-28', 3, '1', 'f31b7c9a64318b48b769d810e3075b2d', '2017-05-17 10:04:16', '', '0000-00-00 00:00:00'),
(36, '2', 4, '00:00:00', '00:00:00', '2', '2017-06-19', '2017-06-28', 3, '1', 'f31b7c9a64318b48b769d810e3075b2d', '2017-05-17 10:04:16', '', '0000-00-00 00:00:00'),
(37, '2', 5, '00:00:00', '00:00:00', '1', '2017-06-19', '2017-06-28', 3, '1', 'f31b7c9a64318b48b769d810e3075b2d', '2017-05-17 10:04:16', '', '0000-00-00 00:00:00'),
(38, '2', 5, '00:00:00', '00:00:00', '2', '2017-06-19', '2017-06-28', 3, '1', 'f31b7c9a64318b48b769d810e3075b2d', '2017-05-17 10:04:16', '', '0000-00-00 00:00:00'),
(39, '2', 6, '00:00:00', '00:00:00', '1', '2017-06-19', '2017-06-28', 3, '1', 'f31b7c9a64318b48b769d810e3075b2d', '2017-05-17 10:04:16', '', '0000-00-00 00:00:00'),
(40, '2', 6, '00:00:00', '00:00:00', '2', '2017-06-19', '2017-06-28', 3, '1', 'f31b7c9a64318b48b769d810e3075b2d', '2017-05-17 10:04:16', '', '0000-00-00 00:00:00'),
(41, '2', 7, '00:00:00', '00:00:00', '1', '2017-06-19', '2017-06-28', 3, '1', 'f31b7c9a64318b48b769d810e3075b2d', '2017-05-17 10:04:16', '', '0000-00-00 00:00:00'),
(42, '2', 7, '00:00:00', '00:00:00', '2', '2017-06-19', '2017-06-28', 3, '1', 'f31b7c9a64318b48b769d810e3075b2d', '2017-05-17 10:04:16', '', '0000-00-00 00:00:00'),
(43, '3', 1, '00:00:00', '00:00:00', '1', '2017-06-19', '2017-06-28', 1, '1', 'f31b7c9a64318b48b769d810e3075b2d', '2017-05-17 10:04:36', '', '0000-00-00 00:00:00'),
(44, '3', 1, '00:00:00', '00:00:00', '2', '2017-06-19', '2017-06-28', 1, '1', 'f31b7c9a64318b48b769d810e3075b2d', '2017-05-17 10:04:36', '', '0000-00-00 00:00:00'),
(45, '3', 2, '00:00:00', '00:00:00', '1', '2017-06-19', '2017-06-28', 1, '1', 'f31b7c9a64318b48b769d810e3075b2d', '2017-05-17 10:04:36', '', '0000-00-00 00:00:00'),
(46, '3', 2, '00:00:00', '00:00:00', '2', '2017-06-19', '2017-06-28', 1, '1', 'f31b7c9a64318b48b769d810e3075b2d', '2017-05-17 10:04:36', '', '0000-00-00 00:00:00'),
(47, '3', 3, '00:00:00', '00:00:00', '1', '2017-06-19', '2017-06-28', 1, '1', 'f31b7c9a64318b48b769d810e3075b2d', '2017-05-17 10:04:36', '', '0000-00-00 00:00:00'),
(48, '3', 3, '00:00:00', '00:00:00', '2', '2017-06-19', '2017-06-28', 1, '1', 'f31b7c9a64318b48b769d810e3075b2d', '2017-05-17 10:04:36', '', '0000-00-00 00:00:00'),
(49, '3', 4, '00:00:00', '00:00:00', '1', '2017-06-19', '2017-06-28', 1, '1', 'f31b7c9a64318b48b769d810e3075b2d', '2017-05-17 10:04:36', '', '0000-00-00 00:00:00'),
(50, '3', 4, '00:00:00', '00:00:00', '2', '2017-06-19', '2017-06-28', 1, '1', 'f31b7c9a64318b48b769d810e3075b2d', '2017-05-17 10:04:36', '', '0000-00-00 00:00:00'),
(51, '3', 5, '00:00:00', '00:00:00', '1', '2017-06-19', '2017-06-28', 1, '1', 'f31b7c9a64318b48b769d810e3075b2d', '2017-05-17 10:04:36', '', '0000-00-00 00:00:00'),
(52, '3', 5, '00:00:00', '00:00:00', '2', '2017-06-19', '2017-06-28', 1, '1', 'f31b7c9a64318b48b769d810e3075b2d', '2017-05-17 10:04:36', '', '0000-00-00 00:00:00'),
(53, '3', 6, '00:00:00', '00:00:00', '1', '2017-06-19', '2017-06-28', 1, '1', 'f31b7c9a64318b48b769d810e3075b2d', '2017-05-17 10:04:36', '', '0000-00-00 00:00:00'),
(54, '3', 6, '00:00:00', '00:00:00', '2', '2017-06-19', '2017-06-28', 1, '1', 'f31b7c9a64318b48b769d810e3075b2d', '2017-05-17 10:04:36', '', '0000-00-00 00:00:00'),
(55, '3', 7, '00:00:00', '00:00:00', '1', '2017-06-19', '2017-06-28', 1, '1', 'f31b7c9a64318b48b769d810e3075b2d', '2017-05-17 10:04:36', '', '0000-00-00 00:00:00'),
(56, '3', 7, '00:00:00', '00:00:00', '2', '2017-06-19', '2017-06-28', 1, '1', 'f31b7c9a64318b48b769d810e3075b2d', '2017-05-17 10:04:36', '', '0000-00-00 00:00:00'),
(57, '3', 1, '00:00:00', '00:00:00', '1', '2017-06-19', '2017-06-28', 2, '1', 'f31b7c9a64318b48b769d810e3075b2d', '2017-05-17 10:04:36', '', '0000-00-00 00:00:00'),
(58, '3', 1, '00:00:00', '00:00:00', '2', '2017-06-19', '2017-06-28', 2, '1', 'f31b7c9a64318b48b769d810e3075b2d', '2017-05-17 10:04:36', '', '0000-00-00 00:00:00'),
(59, '3', 2, '00:00:00', '00:00:00', '1', '2017-06-19', '2017-06-28', 2, '1', 'f31b7c9a64318b48b769d810e3075b2d', '2017-05-17 10:04:36', '', '0000-00-00 00:00:00'),
(60, '3', 2, '00:00:00', '00:00:00', '2', '2017-06-19', '2017-06-28', 2, '1', 'f31b7c9a64318b48b769d810e3075b2d', '2017-05-17 10:04:36', '', '0000-00-00 00:00:00'),
(61, '3', 3, '00:00:00', '00:00:00', '1', '2017-06-19', '2017-06-28', 2, '1', 'f31b7c9a64318b48b769d810e3075b2d', '2017-05-17 10:04:36', '', '0000-00-00 00:00:00'),
(62, '3', 3, '00:00:00', '00:00:00', '2', '2017-06-19', '2017-06-28', 2, '1', 'f31b7c9a64318b48b769d810e3075b2d', '2017-05-17 10:04:36', '', '0000-00-00 00:00:00'),
(63, '3', 4, '00:00:00', '00:00:00', '1', '2017-06-19', '2017-06-28', 2, '1', 'f31b7c9a64318b48b769d810e3075b2d', '2017-05-17 10:04:36', '', '0000-00-00 00:00:00'),
(64, '3', 4, '00:00:00', '00:00:00', '2', '2017-06-19', '2017-06-28', 2, '1', 'f31b7c9a64318b48b769d810e3075b2d', '2017-05-17 10:04:36', '', '0000-00-00 00:00:00'),
(65, '3', 5, '00:00:00', '00:00:00', '1', '2017-06-19', '2017-06-28', 2, '1', 'f31b7c9a64318b48b769d810e3075b2d', '2017-05-17 10:04:36', '', '0000-00-00 00:00:00'),
(66, '3', 5, '00:00:00', '00:00:00', '2', '2017-06-19', '2017-06-28', 2, '1', 'f31b7c9a64318b48b769d810e3075b2d', '2017-05-17 10:04:36', '', '0000-00-00 00:00:00'),
(67, '3', 6, '00:00:00', '00:00:00', '1', '2017-06-19', '2017-06-28', 2, '1', 'f31b7c9a64318b48b769d810e3075b2d', '2017-05-17 10:04:36', '', '0000-00-00 00:00:00'),
(68, '3', 6, '00:00:00', '00:00:00', '2', '2017-06-19', '2017-06-28', 2, '1', 'f31b7c9a64318b48b769d810e3075b2d', '2017-05-17 10:04:36', '', '0000-00-00 00:00:00'),
(69, '3', 7, '00:00:00', '00:00:00', '1', '2017-06-19', '2017-06-28', 2, '1', 'f31b7c9a64318b48b769d810e3075b2d', '2017-05-17 10:04:36', '', '0000-00-00 00:00:00'),
(70, '3', 7, '00:00:00', '00:00:00', '2', '2017-06-19', '2017-06-28', 2, '1', 'f31b7c9a64318b48b769d810e3075b2d', '2017-05-17 10:04:36', '', '0000-00-00 00:00:00'),
(85, '2', 1, '00:00:00', '00:00:00', '1', '2017-08-15', '2017-08-30', 1, '1', '7fb3cfd98d2fc0f9dd24fcc906209ae1', '2017-05-31 04:52:58', '', '0000-00-00 00:00:00'),
(86, '2', 1, '00:00:00', '00:00:00', '2', '2017-08-15', '2017-08-30', 1, '1', '7fb3cfd98d2fc0f9dd24fcc906209ae1', '2017-05-31 04:52:58', '', '0000-00-00 00:00:00'),
(87, '2', 2, '00:00:00', '00:00:00', '1', '2017-08-15', '2017-08-30', 1, '1', '7fb3cfd98d2fc0f9dd24fcc906209ae1', '2017-05-31 04:52:58', '', '0000-00-00 00:00:00'),
(88, '2', 2, '00:00:00', '00:00:00', '2', '2017-08-15', '2017-08-30', 1, '1', '7fb3cfd98d2fc0f9dd24fcc906209ae1', '2017-05-31 04:52:58', '', '0000-00-00 00:00:00'),
(89, '2', 3, '00:00:00', '00:00:00', '1', '2017-08-15', '2017-08-30', 1, '1', '7fb3cfd98d2fc0f9dd24fcc906209ae1', '2017-05-31 04:52:58', '', '0000-00-00 00:00:00'),
(90, '2', 3, '00:00:00', '00:00:00', '2', '2017-08-15', '2017-08-30', 1, '1', '7fb3cfd98d2fc0f9dd24fcc906209ae1', '2017-05-31 04:52:58', '', '0000-00-00 00:00:00'),
(91, '2', 4, '00:00:00', '00:00:00', '1', '2017-08-15', '2017-08-30', 1, '1', '7fb3cfd98d2fc0f9dd24fcc906209ae1', '2017-05-31 04:52:58', '', '0000-00-00 00:00:00'),
(92, '2', 4, '00:00:00', '00:00:00', '2', '2017-08-15', '2017-08-30', 1, '1', '7fb3cfd98d2fc0f9dd24fcc906209ae1', '2017-05-31 04:52:58', '', '0000-00-00 00:00:00'),
(93, '2', 5, '00:00:00', '00:00:00', '1', '2017-08-15', '2017-08-30', 1, '1', '7fb3cfd98d2fc0f9dd24fcc906209ae1', '2017-05-31 04:52:58', '', '0000-00-00 00:00:00'),
(94, '2', 5, '00:00:00', '00:00:00', '2', '2017-08-15', '2017-08-30', 1, '1', '7fb3cfd98d2fc0f9dd24fcc906209ae1', '2017-05-31 04:52:58', '', '0000-00-00 00:00:00'),
(95, '2', 6, '00:00:00', '00:00:00', '1', '2017-08-15', '2017-08-30', 1, '1', '7fb3cfd98d2fc0f9dd24fcc906209ae1', '2017-05-31 04:52:58', '', '0000-00-00 00:00:00'),
(96, '2', 6, '00:00:00', '00:00:00', '2', '2017-08-15', '2017-08-30', 1, '1', '7fb3cfd98d2fc0f9dd24fcc906209ae1', '2017-05-31 04:52:58', '', '0000-00-00 00:00:00'),
(97, '2', 7, '00:00:00', '00:00:00', '1', '2017-08-15', '2017-08-30', 1, '1', '7fb3cfd98d2fc0f9dd24fcc906209ae1', '2017-05-31 04:52:58', '', '0000-00-00 00:00:00'),
(98, '2', 7, '00:00:00', '00:00:00', '2', '2017-08-15', '2017-08-30', 1, '1', '7fb3cfd98d2fc0f9dd24fcc906209ae1', '2017-05-31 04:52:58', '', '0000-00-00 00:00:00'),
(99, '2', 1, '00:00:00', '00:00:00', '1', '2017-08-15', '2017-08-30', 2, '1', '7fb3cfd98d2fc0f9dd24fcc906209ae1', '2017-05-31 04:52:58', '', '0000-00-00 00:00:00'),
(100, '2', 1, '00:00:00', '00:00:00', '2', '2017-08-15', '2017-08-30', 2, '1', '7fb3cfd98d2fc0f9dd24fcc906209ae1', '2017-05-31 04:52:58', '', '0000-00-00 00:00:00'),
(101, '2', 2, '00:00:00', '00:00:00', '1', '2017-08-15', '2017-08-30', 2, '1', '7fb3cfd98d2fc0f9dd24fcc906209ae1', '2017-05-31 04:52:58', '', '0000-00-00 00:00:00'),
(102, '2', 2, '00:00:00', '00:00:00', '2', '2017-08-15', '2017-08-30', 2, '1', '7fb3cfd98d2fc0f9dd24fcc906209ae1', '2017-05-31 04:52:58', '', '0000-00-00 00:00:00'),
(103, '2', 3, '00:00:00', '00:00:00', '1', '2017-08-15', '2017-08-30', 2, '1', '7fb3cfd98d2fc0f9dd24fcc906209ae1', '2017-05-31 04:52:58', '', '0000-00-00 00:00:00'),
(104, '2', 3, '00:00:00', '00:00:00', '2', '2017-08-15', '2017-08-30', 2, '1', '7fb3cfd98d2fc0f9dd24fcc906209ae1', '2017-05-31 04:52:58', '', '0000-00-00 00:00:00'),
(105, '2', 4, '00:00:00', '00:00:00', '1', '2017-08-15', '2017-08-30', 2, '1', '7fb3cfd98d2fc0f9dd24fcc906209ae1', '2017-05-31 04:52:58', '', '0000-00-00 00:00:00'),
(106, '2', 4, '00:00:00', '00:00:00', '2', '2017-08-15', '2017-08-30', 2, '1', '7fb3cfd98d2fc0f9dd24fcc906209ae1', '2017-05-31 04:52:58', '', '0000-00-00 00:00:00'),
(107, '2', 5, '00:00:00', '00:00:00', '1', '2017-08-15', '2017-08-30', 2, '1', '7fb3cfd98d2fc0f9dd24fcc906209ae1', '2017-05-31 04:52:58', '', '0000-00-00 00:00:00'),
(108, '2', 5, '00:00:00', '00:00:00', '2', '2017-08-15', '2017-08-30', 2, '1', '7fb3cfd98d2fc0f9dd24fcc906209ae1', '2017-05-31 04:52:58', '', '0000-00-00 00:00:00'),
(109, '2', 6, '00:00:00', '00:00:00', '1', '2017-08-15', '2017-08-30', 2, '1', '7fb3cfd98d2fc0f9dd24fcc906209ae1', '2017-05-31 04:52:58', '', '0000-00-00 00:00:00'),
(110, '2', 6, '00:00:00', '00:00:00', '2', '2017-08-15', '2017-08-30', 2, '1', '7fb3cfd98d2fc0f9dd24fcc906209ae1', '2017-05-31 04:52:58', '', '0000-00-00 00:00:00'),
(111, '2', 7, '00:00:00', '00:00:00', '1', '2017-08-15', '2017-08-30', 2, '1', '7fb3cfd98d2fc0f9dd24fcc906209ae1', '2017-05-31 04:52:58', '', '0000-00-00 00:00:00'),
(112, '2', 7, '00:00:00', '00:00:00', '2', '2017-08-15', '2017-08-30', 2, '1', '7fb3cfd98d2fc0f9dd24fcc906209ae1', '2017-05-31 04:52:58', '', '0000-00-00 00:00:00'),
(113, '2', 1, '00:00:00', '00:00:00', '1', '2017-08-15', '2017-08-30', 3, '1', '7fb3cfd98d2fc0f9dd24fcc906209ae1', '2017-05-31 04:52:58', '', '0000-00-00 00:00:00'),
(114, '2', 1, '00:00:00', '00:00:00', '2', '2017-08-15', '2017-08-30', 3, '1', '7fb3cfd98d2fc0f9dd24fcc906209ae1', '2017-05-31 04:52:58', '', '0000-00-00 00:00:00'),
(115, '2', 2, '00:00:00', '00:00:00', '1', '2017-08-15', '2017-08-30', 3, '1', '7fb3cfd98d2fc0f9dd24fcc906209ae1', '2017-05-31 04:52:58', '', '0000-00-00 00:00:00'),
(116, '2', 2, '00:00:00', '00:00:00', '2', '2017-08-15', '2017-08-30', 3, '1', '7fb3cfd98d2fc0f9dd24fcc906209ae1', '2017-05-31 04:52:58', '', '0000-00-00 00:00:00'),
(117, '2', 3, '00:00:00', '00:00:00', '1', '2017-08-15', '2017-08-30', 3, '1', '7fb3cfd98d2fc0f9dd24fcc906209ae1', '2017-05-31 04:52:58', '', '0000-00-00 00:00:00'),
(118, '2', 3, '00:00:00', '00:00:00', '2', '2017-08-15', '2017-08-30', 3, '1', '7fb3cfd98d2fc0f9dd24fcc906209ae1', '2017-05-31 04:52:58', '', '0000-00-00 00:00:00'),
(119, '2', 4, '00:00:00', '00:00:00', '1', '2017-08-15', '2017-08-30', 3, '1', '7fb3cfd98d2fc0f9dd24fcc906209ae1', '2017-05-31 04:52:58', '', '0000-00-00 00:00:00'),
(120, '2', 4, '00:00:00', '00:00:00', '2', '2017-08-15', '2017-08-30', 3, '1', '7fb3cfd98d2fc0f9dd24fcc906209ae1', '2017-05-31 04:52:58', '', '0000-00-00 00:00:00'),
(121, '2', 5, '00:00:00', '00:00:00', '1', '2017-08-15', '2017-08-30', 3, '1', '7fb3cfd98d2fc0f9dd24fcc906209ae1', '2017-05-31 04:52:58', '', '0000-00-00 00:00:00'),
(122, '2', 5, '00:00:00', '00:00:00', '2', '2017-08-15', '2017-08-30', 3, '1', '7fb3cfd98d2fc0f9dd24fcc906209ae1', '2017-05-31 04:52:58', '', '0000-00-00 00:00:00'),
(123, '2', 6, '00:00:00', '00:00:00', '1', '2017-08-15', '2017-08-30', 3, '1', '7fb3cfd98d2fc0f9dd24fcc906209ae1', '2017-05-31 04:52:58', '', '0000-00-00 00:00:00'),
(124, '2', 6, '00:00:00', '00:00:00', '2', '2017-08-15', '2017-08-30', 3, '1', '7fb3cfd98d2fc0f9dd24fcc906209ae1', '2017-05-31 04:52:58', '', '0000-00-00 00:00:00'),
(125, '2', 7, '00:00:00', '00:00:00', '1', '2017-08-15', '2017-08-30', 3, '1', '7fb3cfd98d2fc0f9dd24fcc906209ae1', '2017-05-31 04:52:58', '', '0000-00-00 00:00:00'),
(126, '2', 7, '00:00:00', '00:00:00', '2', '2017-08-15', '2017-08-30', 3, '1', '7fb3cfd98d2fc0f9dd24fcc906209ae1', '2017-05-31 04:52:58', '', '0000-00-00 00:00:00'),
(127, '3', 1, '00:00:00', '00:00:00', '1', '2017-08-15', '2017-08-30', 1, '1', '7fb3cfd98d2fc0f9dd24fcc906209ae1', '2017-05-31 04:54:42', '', '0000-00-00 00:00:00'),
(128, '3', 1, '00:00:00', '00:00:00', '2', '2017-08-15', '2017-08-30', 1, '1', '7fb3cfd98d2fc0f9dd24fcc906209ae1', '2017-05-31 04:54:42', '', '0000-00-00 00:00:00'),
(129, '3', 2, '00:00:00', '00:00:00', '1', '2017-08-15', '2017-08-30', 1, '1', '7fb3cfd98d2fc0f9dd24fcc906209ae1', '2017-05-31 04:54:42', '', '0000-00-00 00:00:00'),
(130, '3', 2, '00:00:00', '00:00:00', '2', '2017-08-15', '2017-08-30', 1, '1', '7fb3cfd98d2fc0f9dd24fcc906209ae1', '2017-05-31 04:54:42', '', '0000-00-00 00:00:00'),
(131, '3', 3, '00:00:00', '00:00:00', '1', '2017-08-15', '2017-08-30', 1, '1', '7fb3cfd98d2fc0f9dd24fcc906209ae1', '2017-05-31 04:54:42', '', '0000-00-00 00:00:00'),
(132, '3', 3, '00:00:00', '00:00:00', '2', '2017-08-15', '2017-08-30', 1, '1', '7fb3cfd98d2fc0f9dd24fcc906209ae1', '2017-05-31 04:54:42', '', '0000-00-00 00:00:00'),
(133, '3', 4, '00:00:00', '00:00:00', '1', '2017-08-15', '2017-08-30', 1, '1', '7fb3cfd98d2fc0f9dd24fcc906209ae1', '2017-05-31 04:54:42', '', '0000-00-00 00:00:00'),
(134, '3', 4, '00:00:00', '00:00:00', '2', '2017-08-15', '2017-08-30', 1, '1', '7fb3cfd98d2fc0f9dd24fcc906209ae1', '2017-05-31 04:54:42', '', '0000-00-00 00:00:00'),
(135, '3', 5, '00:00:00', '00:00:00', '1', '2017-08-15', '2017-08-30', 1, '1', '7fb3cfd98d2fc0f9dd24fcc906209ae1', '2017-05-31 04:54:42', '', '0000-00-00 00:00:00'),
(136, '3', 5, '00:00:00', '00:00:00', '2', '2017-08-15', '2017-08-30', 1, '1', '7fb3cfd98d2fc0f9dd24fcc906209ae1', '2017-05-31 04:54:42', '', '0000-00-00 00:00:00'),
(137, '3', 6, '00:00:00', '00:00:00', '1', '2017-08-15', '2017-08-30', 1, '1', '7fb3cfd98d2fc0f9dd24fcc906209ae1', '2017-05-31 04:54:42', '', '0000-00-00 00:00:00'),
(138, '3', 6, '00:00:00', '00:00:00', '2', '2017-08-15', '2017-08-30', 1, '1', '7fb3cfd98d2fc0f9dd24fcc906209ae1', '2017-05-31 04:54:42', '', '0000-00-00 00:00:00'),
(139, '3', 7, '00:00:00', '00:00:00', '1', '2017-08-15', '2017-08-30', 1, '1', '7fb3cfd98d2fc0f9dd24fcc906209ae1', '2017-05-31 04:54:42', '', '0000-00-00 00:00:00'),
(140, '3', 7, '00:00:00', '00:00:00', '2', '2017-08-15', '2017-08-30', 1, '1', '7fb3cfd98d2fc0f9dd24fcc906209ae1', '2017-05-31 04:54:42', '', '0000-00-00 00:00:00'),
(141, '3', 1, '00:00:00', '00:00:00', '1', '2017-08-15', '2017-08-30', 2, '1', '7fb3cfd98d2fc0f9dd24fcc906209ae1', '2017-05-31 04:54:42', '', '0000-00-00 00:00:00'),
(142, '3', 1, '00:00:00', '00:00:00', '2', '2017-08-15', '2017-08-30', 2, '1', '7fb3cfd98d2fc0f9dd24fcc906209ae1', '2017-05-31 04:54:42', '', '0000-00-00 00:00:00'),
(143, '3', 2, '00:00:00', '00:00:00', '1', '2017-08-15', '2017-08-30', 2, '1', '7fb3cfd98d2fc0f9dd24fcc906209ae1', '2017-05-31 04:54:42', '', '0000-00-00 00:00:00'),
(144, '3', 2, '00:00:00', '00:00:00', '2', '2017-08-15', '2017-08-30', 2, '1', '7fb3cfd98d2fc0f9dd24fcc906209ae1', '2017-05-31 04:54:42', '', '0000-00-00 00:00:00'),
(145, '3', 3, '00:00:00', '00:00:00', '1', '2017-08-15', '2017-08-30', 2, '1', '7fb3cfd98d2fc0f9dd24fcc906209ae1', '2017-05-31 04:54:42', '', '0000-00-00 00:00:00'),
(146, '3', 3, '00:00:00', '00:00:00', '2', '2017-08-15', '2017-08-30', 2, '1', '7fb3cfd98d2fc0f9dd24fcc906209ae1', '2017-05-31 04:54:42', '', '0000-00-00 00:00:00'),
(147, '3', 4, '00:00:00', '00:00:00', '1', '2017-08-15', '2017-08-30', 2, '1', '7fb3cfd98d2fc0f9dd24fcc906209ae1', '2017-05-31 04:54:42', '', '0000-00-00 00:00:00'),
(148, '3', 4, '00:00:00', '00:00:00', '2', '2017-08-15', '2017-08-30', 2, '1', '7fb3cfd98d2fc0f9dd24fcc906209ae1', '2017-05-31 04:54:42', '', '0000-00-00 00:00:00'),
(149, '3', 5, '00:00:00', '00:00:00', '1', '2017-08-15', '2017-08-30', 2, '1', '7fb3cfd98d2fc0f9dd24fcc906209ae1', '2017-05-31 04:54:42', '', '0000-00-00 00:00:00'),
(150, '3', 5, '00:00:00', '00:00:00', '2', '2017-08-15', '2017-08-30', 2, '1', '7fb3cfd98d2fc0f9dd24fcc906209ae1', '2017-05-31 04:54:42', '', '0000-00-00 00:00:00'),
(151, '3', 6, '00:00:00', '00:00:00', '1', '2017-08-15', '2017-08-30', 2, '1', '7fb3cfd98d2fc0f9dd24fcc906209ae1', '2017-05-31 04:54:42', '', '0000-00-00 00:00:00'),
(152, '3', 6, '00:00:00', '00:00:00', '2', '2017-08-15', '2017-08-30', 2, '1', '7fb3cfd98d2fc0f9dd24fcc906209ae1', '2017-05-31 04:54:42', '', '0000-00-00 00:00:00'),
(153, '3', 7, '00:00:00', '00:00:00', '1', '2017-08-15', '2017-08-30', 2, '1', '7fb3cfd98d2fc0f9dd24fcc906209ae1', '2017-05-31 04:54:42', '', '0000-00-00 00:00:00'),
(154, '3', 7, '00:00:00', '00:00:00', '2', '2017-08-15', '2017-08-30', 2, '1', '7fb3cfd98d2fc0f9dd24fcc906209ae1', '2017-05-31 04:54:42', '', '0000-00-00 00:00:00'),
(169, '4', 1, '00:00:00', '00:00:00', '1', '2017-08-14', '2017-08-16', 1, '1', '30f13df59d03f0fa31b2c301774541c7', '2017-05-31 04:59:20', '', '0000-00-00 00:00:00'),
(170, '4', 1, '00:00:00', '00:00:00', '2', '2017-08-14', '2017-08-16', 1, '1', '30f13df59d03f0fa31b2c301774541c7', '2017-05-31 04:59:20', '', '0000-00-00 00:00:00'),
(171, '4', 2, '00:00:00', '00:00:00', '1', '2017-08-14', '2017-08-16', 1, '1', '30f13df59d03f0fa31b2c301774541c7', '2017-05-31 04:59:20', '', '0000-00-00 00:00:00'),
(172, '4', 2, '00:00:00', '00:00:00', '2', '2017-08-14', '2017-08-16', 1, '1', '30f13df59d03f0fa31b2c301774541c7', '2017-05-31 04:59:20', '', '0000-00-00 00:00:00'),
(173, '4', 3, '00:00:00', '00:00:00', '1', '2017-08-14', '2017-08-16', 1, '1', '30f13df59d03f0fa31b2c301774541c7', '2017-05-31 04:59:20', '', '0000-00-00 00:00:00'),
(174, '4', 3, '00:00:00', '00:00:00', '2', '2017-08-14', '2017-08-16', 1, '1', '30f13df59d03f0fa31b2c301774541c7', '2017-05-31 04:59:20', '', '0000-00-00 00:00:00'),
(175, '4', 4, '00:00:00', '00:00:00', '1', '2017-08-14', '2017-08-16', 1, '1', '30f13df59d03f0fa31b2c301774541c7', '2017-05-31 04:59:20', '', '0000-00-00 00:00:00'),
(176, '4', 4, '00:00:00', '00:00:00', '2', '2017-08-14', '2017-08-16', 1, '1', '30f13df59d03f0fa31b2c301774541c7', '2017-05-31 04:59:20', '', '0000-00-00 00:00:00'),
(177, '4', 5, '00:00:00', '00:00:00', '1', '2017-08-14', '2017-08-16', 1, '1', '30f13df59d03f0fa31b2c301774541c7', '2017-05-31 04:59:20', '', '0000-00-00 00:00:00'),
(178, '4', 5, '00:00:00', '00:00:00', '2', '2017-08-14', '2017-08-16', 1, '1', '30f13df59d03f0fa31b2c301774541c7', '2017-05-31 04:59:20', '', '0000-00-00 00:00:00'),
(179, '4', 6, '00:00:00', '00:00:00', '1', '2017-08-14', '2017-08-16', 1, '1', '30f13df59d03f0fa31b2c301774541c7', '2017-05-31 04:59:20', '', '0000-00-00 00:00:00'),
(180, '4', 6, '00:00:00', '00:00:00', '2', '2017-08-14', '2017-08-16', 1, '1', '30f13df59d03f0fa31b2c301774541c7', '2017-05-31 04:59:20', '', '0000-00-00 00:00:00'),
(181, '4', 7, '00:00:00', '00:00:00', '1', '2017-08-14', '2017-08-16', 1, '1', '30f13df59d03f0fa31b2c301774541c7', '2017-05-31 04:59:20', '', '0000-00-00 00:00:00'),
(182, '4', 7, '00:00:00', '00:00:00', '2', '2017-08-14', '2017-08-16', 1, '1', '30f13df59d03f0fa31b2c301774541c7', '2017-05-31 04:59:20', '', '0000-00-00 00:00:00'),
(183, '4', 1, '00:00:00', '00:00:00', '1', '2017-08-14', '2017-08-16', 2, '1', '30f13df59d03f0fa31b2c301774541c7', '2017-05-31 04:59:20', '', '0000-00-00 00:00:00'),
(184, '4', 1, '00:00:00', '00:00:00', '2', '2017-08-14', '2017-08-16', 2, '1', '30f13df59d03f0fa31b2c301774541c7', '2017-05-31 04:59:20', '', '0000-00-00 00:00:00'),
(185, '4', 2, '00:00:00', '00:00:00', '1', '2017-08-14', '2017-08-16', 2, '1', '30f13df59d03f0fa31b2c301774541c7', '2017-05-31 04:59:20', '', '0000-00-00 00:00:00'),
(186, '4', 2, '00:00:00', '00:00:00', '2', '2017-08-14', '2017-08-16', 2, '1', '30f13df59d03f0fa31b2c301774541c7', '2017-05-31 04:59:20', '', '0000-00-00 00:00:00'),
(187, '4', 3, '00:00:00', '00:00:00', '1', '2017-08-14', '2017-08-16', 2, '1', '30f13df59d03f0fa31b2c301774541c7', '2017-05-31 04:59:20', '', '0000-00-00 00:00:00'),
(188, '4', 3, '00:00:00', '00:00:00', '2', '2017-08-14', '2017-08-16', 2, '1', '30f13df59d03f0fa31b2c301774541c7', '2017-05-31 04:59:20', '', '0000-00-00 00:00:00'),
(189, '4', 4, '00:00:00', '00:00:00', '1', '2017-08-14', '2017-08-16', 2, '1', '30f13df59d03f0fa31b2c301774541c7', '2017-05-31 04:59:20', '', '0000-00-00 00:00:00'),
(190, '4', 4, '00:00:00', '00:00:00', '2', '2017-08-14', '2017-08-16', 2, '1', '30f13df59d03f0fa31b2c301774541c7', '2017-05-31 04:59:20', '', '0000-00-00 00:00:00'),
(191, '4', 5, '00:00:00', '00:00:00', '1', '2017-08-14', '2017-08-16', 2, '1', '30f13df59d03f0fa31b2c301774541c7', '2017-05-31 04:59:20', '', '0000-00-00 00:00:00'),
(192, '4', 5, '00:00:00', '00:00:00', '2', '2017-08-14', '2017-08-16', 2, '1', '30f13df59d03f0fa31b2c301774541c7', '2017-05-31 04:59:20', '', '0000-00-00 00:00:00'),
(193, '4', 6, '00:00:00', '00:00:00', '1', '2017-08-14', '2017-08-16', 2, '1', '30f13df59d03f0fa31b2c301774541c7', '2017-05-31 04:59:20', '', '0000-00-00 00:00:00'),
(194, '4', 6, '00:00:00', '00:00:00', '2', '2017-08-14', '2017-08-16', 2, '1', '30f13df59d03f0fa31b2c301774541c7', '2017-05-31 04:59:20', '', '0000-00-00 00:00:00'),
(195, '4', 7, '00:00:00', '00:00:00', '1', '2017-08-14', '2017-08-16', 2, '1', '30f13df59d03f0fa31b2c301774541c7', '2017-05-31 04:59:20', '', '0000-00-00 00:00:00'),
(196, '4', 7, '00:00:00', '00:00:00', '2', '2017-08-14', '2017-08-16', 2, '1', '30f13df59d03f0fa31b2c301774541c7', '2017-05-31 04:59:20', '', '0000-00-00 00:00:00'),
(197, '4', 1, '00:00:00', '00:00:00', '1', '2017-08-14', '2017-08-16', 3, '1', '30f13df59d03f0fa31b2c301774541c7', '2017-05-31 04:59:20', '', '0000-00-00 00:00:00'),
(198, '4', 1, '00:00:00', '00:00:00', '2', '2017-08-14', '2017-08-16', 3, '1', '30f13df59d03f0fa31b2c301774541c7', '2017-05-31 04:59:20', '', '0000-00-00 00:00:00'),
(199, '4', 2, '00:00:00', '00:00:00', '1', '2017-08-14', '2017-08-16', 3, '1', '30f13df59d03f0fa31b2c301774541c7', '2017-05-31 04:59:20', '', '0000-00-00 00:00:00'),
(200, '4', 2, '00:00:00', '00:00:00', '2', '2017-08-14', '2017-08-16', 3, '1', '30f13df59d03f0fa31b2c301774541c7', '2017-05-31 04:59:20', '', '0000-00-00 00:00:00'),
(201, '4', 3, '00:00:00', '00:00:00', '1', '2017-08-14', '2017-08-16', 3, '1', '30f13df59d03f0fa31b2c301774541c7', '2017-05-31 04:59:20', '', '0000-00-00 00:00:00'),
(202, '4', 3, '00:00:00', '00:00:00', '2', '2017-08-14', '2017-08-16', 3, '1', '30f13df59d03f0fa31b2c301774541c7', '2017-05-31 04:59:20', '', '0000-00-00 00:00:00'),
(203, '4', 4, '00:00:00', '00:00:00', '1', '2017-08-14', '2017-08-16', 3, '1', '30f13df59d03f0fa31b2c301774541c7', '2017-05-31 04:59:20', '', '0000-00-00 00:00:00'),
(204, '4', 4, '00:00:00', '00:00:00', '2', '2017-08-14', '2017-08-16', 3, '1', '30f13df59d03f0fa31b2c301774541c7', '2017-05-31 04:59:20', '', '0000-00-00 00:00:00'),
(205, '4', 5, '00:00:00', '00:00:00', '1', '2017-08-14', '2017-08-16', 3, '1', '30f13df59d03f0fa31b2c301774541c7', '2017-05-31 04:59:20', '', '0000-00-00 00:00:00'),
(206, '4', 5, '00:00:00', '00:00:00', '2', '2017-08-14', '2017-08-16', 3, '1', '30f13df59d03f0fa31b2c301774541c7', '2017-05-31 04:59:20', '', '0000-00-00 00:00:00'),
(207, '4', 6, '00:00:00', '00:00:00', '1', '2017-08-14', '2017-08-16', 3, '1', '30f13df59d03f0fa31b2c301774541c7', '2017-05-31 04:59:20', '', '0000-00-00 00:00:00'),
(208, '4', 6, '00:00:00', '00:00:00', '2', '2017-08-14', '2017-08-16', 3, '1', '30f13df59d03f0fa31b2c301774541c7', '2017-05-31 04:59:20', '', '0000-00-00 00:00:00'),
(209, '4', 7, '00:00:00', '00:00:00', '1', '2017-08-14', '2017-08-16', 3, '1', '30f13df59d03f0fa31b2c301774541c7', '2017-05-31 04:59:20', '', '0000-00-00 00:00:00'),
(210, '4', 7, '00:00:00', '00:00:00', '2', '2017-08-14', '2017-08-16', 3, '1', '30f13df59d03f0fa31b2c301774541c7', '2017-05-31 04:59:20', '', '0000-00-00 00:00:00'),
(211, '3', 1, '00:00:00', '00:00:00', '1', '2017-07-28', '2017-07-28', 1, '1', 'a5cc2a2b76501f7fc7c689c83f7a6944', '2017-07-03 05:38:03', '', '0000-00-00 00:00:00'),
(212, '3', 1, '00:00:00', '00:00:00', '2', '2017-07-28', '2017-07-28', 1, '1', 'a5cc2a2b76501f7fc7c689c83f7a6944', '2017-07-03 05:38:03', '', '0000-00-00 00:00:00'),
(213, '3', 2, '00:00:00', '00:00:00', '1', '2017-07-28', '2017-07-28', 1, '1', 'a5cc2a2b76501f7fc7c689c83f7a6944', '2017-07-03 05:38:03', '', '0000-00-00 00:00:00'),
(214, '3', 2, '00:00:00', '00:00:00', '2', '2017-07-28', '2017-07-28', 1, '1', 'a5cc2a2b76501f7fc7c689c83f7a6944', '2017-07-03 05:38:03', '', '0000-00-00 00:00:00'),
(215, '3', 3, '00:00:00', '00:00:00', '1', '2017-07-28', '2017-07-28', 1, '1', 'a5cc2a2b76501f7fc7c689c83f7a6944', '2017-07-03 05:38:03', '', '0000-00-00 00:00:00'),
(216, '3', 3, '00:00:00', '00:00:00', '2', '2017-07-28', '2017-07-28', 1, '1', 'a5cc2a2b76501f7fc7c689c83f7a6944', '2017-07-03 05:38:03', '', '0000-00-00 00:00:00'),
(217, '3', 4, '00:00:00', '00:00:00', '1', '2017-07-28', '2017-07-28', 1, '1', 'a5cc2a2b76501f7fc7c689c83f7a6944', '2017-07-03 05:38:03', '', '0000-00-00 00:00:00'),
(218, '3', 4, '00:00:00', '00:00:00', '2', '2017-07-28', '2017-07-28', 1, '1', 'a5cc2a2b76501f7fc7c689c83f7a6944', '2017-07-03 05:38:03', '', '0000-00-00 00:00:00'),
(219, '3', 5, '00:00:00', '00:00:00', '1', '2017-07-28', '2017-07-28', 1, '1', 'a5cc2a2b76501f7fc7c689c83f7a6944', '2017-07-03 05:38:03', '', '0000-00-00 00:00:00'),
(220, '3', 5, '00:00:00', '00:00:00', '2', '2017-07-28', '2017-07-28', 1, '1', 'a5cc2a2b76501f7fc7c689c83f7a6944', '2017-07-03 05:38:03', '', '0000-00-00 00:00:00'),
(221, '3', 6, '00:00:00', '00:00:00', '1', '2017-07-28', '2017-07-28', 1, '1', 'a5cc2a2b76501f7fc7c689c83f7a6944', '2017-07-03 05:38:03', '', '0000-00-00 00:00:00'),
(222, '3', 6, '00:00:00', '00:00:00', '2', '2017-07-28', '2017-07-28', 1, '1', 'a5cc2a2b76501f7fc7c689c83f7a6944', '2017-07-03 05:38:03', '', '0000-00-00 00:00:00'),
(223, '3', 7, '00:00:00', '00:00:00', '1', '2017-07-28', '2017-07-28', 1, '1', 'a5cc2a2b76501f7fc7c689c83f7a6944', '2017-07-03 05:38:03', '', '0000-00-00 00:00:00'),
(224, '3', 7, '00:00:00', '00:00:00', '2', '2017-07-28', '2017-07-28', 1, '1', 'a5cc2a2b76501f7fc7c689c83f7a6944', '2017-07-03 05:38:04', '', '0000-00-00 00:00:00'),
(225, '3', 1, '00:00:00', '00:00:00', '1', '2017-07-28', '2017-07-28', 2, '1', 'a5cc2a2b76501f7fc7c689c83f7a6944', '2017-07-03 05:38:04', '', '0000-00-00 00:00:00'),
(226, '3', 1, '00:00:00', '00:00:00', '2', '2017-07-28', '2017-07-28', 2, '1', 'a5cc2a2b76501f7fc7c689c83f7a6944', '2017-07-03 05:38:04', '', '0000-00-00 00:00:00'),
(227, '3', 2, '00:00:00', '00:00:00', '1', '2017-07-28', '2017-07-28', 2, '1', 'a5cc2a2b76501f7fc7c689c83f7a6944', '2017-07-03 05:38:04', '', '0000-00-00 00:00:00'),
(228, '3', 2, '00:00:00', '00:00:00', '2', '2017-07-28', '2017-07-28', 2, '1', 'a5cc2a2b76501f7fc7c689c83f7a6944', '2017-07-03 05:38:04', '', '0000-00-00 00:00:00'),
(229, '3', 3, '00:00:00', '00:00:00', '1', '2017-07-28', '2017-07-28', 2, '1', 'a5cc2a2b76501f7fc7c689c83f7a6944', '2017-07-03 05:38:04', '', '0000-00-00 00:00:00'),
(230, '3', 3, '00:00:00', '00:00:00', '2', '2017-07-28', '2017-07-28', 2, '1', 'a5cc2a2b76501f7fc7c689c83f7a6944', '2017-07-03 05:38:04', '', '0000-00-00 00:00:00'),
(231, '3', 4, '00:00:00', '00:00:00', '1', '2017-07-28', '2017-07-28', 2, '1', 'a5cc2a2b76501f7fc7c689c83f7a6944', '2017-07-03 05:38:04', '', '0000-00-00 00:00:00'),
(232, '3', 4, '00:00:00', '00:00:00', '2', '2017-07-28', '2017-07-28', 2, '1', 'a5cc2a2b76501f7fc7c689c83f7a6944', '2017-07-03 05:38:04', '', '0000-00-00 00:00:00'),
(233, '3', 5, '00:00:00', '00:00:00', '1', '2017-07-28', '2017-07-28', 2, '1', 'a5cc2a2b76501f7fc7c689c83f7a6944', '2017-07-03 05:38:04', '', '0000-00-00 00:00:00'),
(234, '3', 5, '00:00:00', '00:00:00', '2', '2017-07-28', '2017-07-28', 2, '1', 'a5cc2a2b76501f7fc7c689c83f7a6944', '2017-07-03 05:38:04', '', '0000-00-00 00:00:00'),
(235, '3', 6, '00:00:00', '00:00:00', '1', '2017-07-28', '2017-07-28', 2, '1', 'a5cc2a2b76501f7fc7c689c83f7a6944', '2017-07-03 05:38:04', '', '0000-00-00 00:00:00'),
(236, '3', 6, '00:00:00', '00:00:00', '2', '2017-07-28', '2017-07-28', 2, '1', 'a5cc2a2b76501f7fc7c689c83f7a6944', '2017-07-03 05:38:04', '', '0000-00-00 00:00:00'),
(237, '3', 7, '00:00:00', '00:00:00', '1', '2017-07-28', '2017-07-28', 2, '1', 'a5cc2a2b76501f7fc7c689c83f7a6944', '2017-07-03 05:38:04', '', '0000-00-00 00:00:00'),
(238, '3', 7, '00:00:00', '00:00:00', '2', '2017-07-28', '2017-07-28', 2, '1', 'a5cc2a2b76501f7fc7c689c83f7a6944', '2017-07-03 05:38:04', '', '0000-00-00 00:00:00'),
(253, '2', 1, '00:00:00', '00:00:00', '1', '2017-09-27', '2017-09-30', 1, '1', 'a5cc2a2b76501f7fc7c689c83f7a6944', '2017-07-03 05:39:10', '', '0000-00-00 00:00:00'),
(254, '2', 1, '00:00:00', '00:00:00', '2', '2017-09-27', '2017-09-30', 1, '1', 'a5cc2a2b76501f7fc7c689c83f7a6944', '2017-07-03 05:39:10', '', '0000-00-00 00:00:00'),
(255, '2', 2, '00:00:00', '00:00:00', '1', '2017-09-27', '2017-09-30', 1, '1', 'a5cc2a2b76501f7fc7c689c83f7a6944', '2017-07-03 05:39:10', '', '0000-00-00 00:00:00'),
(256, '2', 2, '00:00:00', '00:00:00', '2', '2017-09-27', '2017-09-30', 1, '1', 'a5cc2a2b76501f7fc7c689c83f7a6944', '2017-07-03 05:39:10', '', '0000-00-00 00:00:00'),
(257, '2', 3, '00:00:00', '00:00:00', '1', '2017-09-27', '2017-09-30', 1, '1', 'a5cc2a2b76501f7fc7c689c83f7a6944', '2017-07-03 05:39:10', '', '0000-00-00 00:00:00'),
(258, '2', 3, '00:00:00', '00:00:00', '2', '2017-09-27', '2017-09-30', 1, '1', 'a5cc2a2b76501f7fc7c689c83f7a6944', '2017-07-03 05:39:10', '', '0000-00-00 00:00:00'),
(259, '2', 4, '00:00:00', '00:00:00', '1', '2017-09-27', '2017-09-30', 1, '1', 'a5cc2a2b76501f7fc7c689c83f7a6944', '2017-07-03 05:39:10', '', '0000-00-00 00:00:00'),
(260, '2', 4, '00:00:00', '00:00:00', '2', '2017-09-27', '2017-09-30', 1, '1', 'a5cc2a2b76501f7fc7c689c83f7a6944', '2017-07-03 05:39:10', '', '0000-00-00 00:00:00'),
(261, '2', 5, '00:00:00', '00:00:00', '1', '2017-09-27', '2017-09-30', 1, '1', 'a5cc2a2b76501f7fc7c689c83f7a6944', '2017-07-03 05:39:10', '', '0000-00-00 00:00:00'),
(262, '2', 5, '00:00:00', '00:00:00', '2', '2017-09-27', '2017-09-30', 1, '1', 'a5cc2a2b76501f7fc7c689c83f7a6944', '2017-07-03 05:39:10', '', '0000-00-00 00:00:00'),
(263, '2', 6, '00:00:00', '00:00:00', '1', '2017-09-27', '2017-09-30', 1, '1', 'a5cc2a2b76501f7fc7c689c83f7a6944', '2017-07-03 05:39:10', '', '0000-00-00 00:00:00'),
(264, '2', 6, '00:00:00', '00:00:00', '2', '2017-09-27', '2017-09-30', 1, '1', 'a5cc2a2b76501f7fc7c689c83f7a6944', '2017-07-03 05:39:10', '', '0000-00-00 00:00:00'),
(265, '2', 7, '00:00:00', '00:00:00', '1', '2017-09-27', '2017-09-30', 1, '1', 'a5cc2a2b76501f7fc7c689c83f7a6944', '2017-07-03 05:39:10', '', '0000-00-00 00:00:00'),
(266, '2', 7, '00:00:00', '00:00:00', '2', '2017-09-27', '2017-09-30', 1, '1', 'a5cc2a2b76501f7fc7c689c83f7a6944', '2017-07-03 05:39:10', '', '0000-00-00 00:00:00'),
(267, '2', 1, '00:00:00', '00:00:00', '1', '2017-09-27', '2017-09-30', 2, '1', 'a5cc2a2b76501f7fc7c689c83f7a6944', '2017-07-03 05:39:10', '', '0000-00-00 00:00:00'),
(268, '2', 1, '00:00:00', '00:00:00', '2', '2017-09-27', '2017-09-30', 2, '1', 'a5cc2a2b76501f7fc7c689c83f7a6944', '2017-07-03 05:39:10', '', '0000-00-00 00:00:00'),
(269, '2', 2, '00:00:00', '00:00:00', '1', '2017-09-27', '2017-09-30', 2, '1', 'a5cc2a2b76501f7fc7c689c83f7a6944', '2017-07-03 05:39:10', '', '0000-00-00 00:00:00'),
(270, '2', 2, '00:00:00', '00:00:00', '2', '2017-09-27', '2017-09-30', 2, '1', 'a5cc2a2b76501f7fc7c689c83f7a6944', '2017-07-03 05:39:10', '', '0000-00-00 00:00:00'),
(271, '2', 3, '00:00:00', '00:00:00', '1', '2017-09-27', '2017-09-30', 2, '1', 'a5cc2a2b76501f7fc7c689c83f7a6944', '2017-07-03 05:39:10', '', '0000-00-00 00:00:00'),
(272, '2', 3, '00:00:00', '00:00:00', '2', '2017-09-27', '2017-09-30', 2, '1', 'a5cc2a2b76501f7fc7c689c83f7a6944', '2017-07-03 05:39:10', '', '0000-00-00 00:00:00'),
(273, '2', 4, '00:00:00', '00:00:00', '1', '2017-09-27', '2017-09-30', 2, '1', 'a5cc2a2b76501f7fc7c689c83f7a6944', '2017-07-03 05:39:10', '', '0000-00-00 00:00:00'),
(274, '2', 4, '00:00:00', '00:00:00', '2', '2017-09-27', '2017-09-30', 2, '1', 'a5cc2a2b76501f7fc7c689c83f7a6944', '2017-07-03 05:39:10', '', '0000-00-00 00:00:00'),
(275, '2', 5, '00:00:00', '00:00:00', '1', '2017-09-27', '2017-09-30', 2, '1', 'a5cc2a2b76501f7fc7c689c83f7a6944', '2017-07-03 05:39:10', '', '0000-00-00 00:00:00'),
(276, '2', 5, '00:00:00', '00:00:00', '2', '2017-09-27', '2017-09-30', 2, '1', 'a5cc2a2b76501f7fc7c689c83f7a6944', '2017-07-03 05:39:10', '', '0000-00-00 00:00:00'),
(277, '2', 6, '00:00:00', '00:00:00', '1', '2017-09-27', '2017-09-30', 2, '1', 'a5cc2a2b76501f7fc7c689c83f7a6944', '2017-07-03 05:39:10', '', '0000-00-00 00:00:00'),
(278, '2', 6, '00:00:00', '00:00:00', '2', '2017-09-27', '2017-09-30', 2, '1', 'a5cc2a2b76501f7fc7c689c83f7a6944', '2017-07-03 05:39:10', '', '0000-00-00 00:00:00'),
(279, '2', 7, '00:00:00', '00:00:00', '1', '2017-09-27', '2017-09-30', 2, '1', 'a5cc2a2b76501f7fc7c689c83f7a6944', '2017-07-03 05:39:10', '', '0000-00-00 00:00:00'),
(280, '2', 7, '00:00:00', '00:00:00', '2', '2017-09-27', '2017-09-30', 2, '1', 'a5cc2a2b76501f7fc7c689c83f7a6944', '2017-07-03 05:39:10', '', '0000-00-00 00:00:00'),
(281, '2', 1, '00:00:00', '00:00:00', '1', '2017-09-27', '2017-09-30', 3, '1', 'a5cc2a2b76501f7fc7c689c83f7a6944', '2017-07-03 05:39:10', '', '0000-00-00 00:00:00'),
(282, '2', 1, '00:00:00', '00:00:00', '2', '2017-09-27', '2017-09-30', 3, '1', 'a5cc2a2b76501f7fc7c689c83f7a6944', '2017-07-03 05:39:10', '', '0000-00-00 00:00:00'),
(283, '2', 2, '00:00:00', '00:00:00', '1', '2017-09-27', '2017-09-30', 3, '1', 'a5cc2a2b76501f7fc7c689c83f7a6944', '2017-07-03 05:39:10', '', '0000-00-00 00:00:00'),
(284, '2', 2, '00:00:00', '00:00:00', '2', '2017-09-27', '2017-09-30', 3, '1', 'a5cc2a2b76501f7fc7c689c83f7a6944', '2017-07-03 05:39:10', '', '0000-00-00 00:00:00'),
(285, '2', 3, '00:00:00', '00:00:00', '1', '2017-09-27', '2017-09-30', 3, '1', 'a5cc2a2b76501f7fc7c689c83f7a6944', '2017-07-03 05:39:10', '', '0000-00-00 00:00:00'),
(286, '2', 3, '00:00:00', '00:00:00', '2', '2017-09-27', '2017-09-30', 3, '1', 'a5cc2a2b76501f7fc7c689c83f7a6944', '2017-07-03 05:39:10', '', '0000-00-00 00:00:00'),
(287, '2', 4, '00:00:00', '00:00:00', '1', '2017-09-27', '2017-09-30', 3, '1', 'a5cc2a2b76501f7fc7c689c83f7a6944', '2017-07-03 05:39:10', '', '0000-00-00 00:00:00'),
(288, '2', 4, '00:00:00', '00:00:00', '2', '2017-09-27', '2017-09-30', 3, '1', 'a5cc2a2b76501f7fc7c689c83f7a6944', '2017-07-03 05:39:10', '', '0000-00-00 00:00:00'),
(289, '2', 5, '00:00:00', '00:00:00', '1', '2017-09-27', '2017-09-30', 3, '1', 'a5cc2a2b76501f7fc7c689c83f7a6944', '2017-07-03 05:39:10', '', '0000-00-00 00:00:00'),
(290, '2', 5, '00:00:00', '00:00:00', '2', '2017-09-27', '2017-09-30', 3, '1', 'a5cc2a2b76501f7fc7c689c83f7a6944', '2017-07-03 05:39:10', '', '0000-00-00 00:00:00'),
(291, '2', 6, '00:00:00', '00:00:00', '1', '2017-09-27', '2017-09-30', 3, '1', 'a5cc2a2b76501f7fc7c689c83f7a6944', '2017-07-03 05:39:10', '', '0000-00-00 00:00:00'),
(292, '2', 6, '00:00:00', '00:00:00', '2', '2017-09-27', '2017-09-30', 3, '1', 'a5cc2a2b76501f7fc7c689c83f7a6944', '2017-07-03 05:39:10', '', '0000-00-00 00:00:00'),
(293, '2', 7, '00:00:00', '00:00:00', '1', '2017-09-27', '2017-09-30', 3, '1', 'a5cc2a2b76501f7fc7c689c83f7a6944', '2017-07-03 05:39:10', '', '0000-00-00 00:00:00'),
(294, '2', 7, '00:00:00', '00:00:00', '2', '2017-09-27', '2017-09-30', 3, '1', 'a5cc2a2b76501f7fc7c689c83f7a6944', '2017-07-03 05:39:10', '', '0000-00-00 00:00:00'),
(295, '3', 1, '00:00:00', '00:00:00', '1', '2017-09-27', '2017-09-30', 1, '1', 'a5cc2a2b76501f7fc7c689c83f7a6944', '2017-07-03 05:39:32', '', '0000-00-00 00:00:00'),
(296, '3', 1, '00:00:00', '00:00:00', '2', '2017-09-27', '2017-09-30', 1, '1', 'a5cc2a2b76501f7fc7c689c83f7a6944', '2017-07-03 05:39:32', '', '0000-00-00 00:00:00'),
(297, '3', 2, '00:00:00', '00:00:00', '1', '2017-09-27', '2017-09-30', 1, '1', 'a5cc2a2b76501f7fc7c689c83f7a6944', '2017-07-03 05:39:32', '', '0000-00-00 00:00:00'),
(298, '3', 2, '00:00:00', '00:00:00', '2', '2017-09-27', '2017-09-30', 1, '1', 'a5cc2a2b76501f7fc7c689c83f7a6944', '2017-07-03 05:39:32', '', '0000-00-00 00:00:00'),
(299, '3', 3, '00:00:00', '00:00:00', '1', '2017-09-27', '2017-09-30', 1, '1', 'a5cc2a2b76501f7fc7c689c83f7a6944', '2017-07-03 05:39:32', '', '0000-00-00 00:00:00'),
(300, '3', 3, '00:00:00', '00:00:00', '2', '2017-09-27', '2017-09-30', 1, '1', 'a5cc2a2b76501f7fc7c689c83f7a6944', '2017-07-03 05:39:32', '', '0000-00-00 00:00:00'),
(301, '3', 4, '00:00:00', '00:00:00', '1', '2017-09-27', '2017-09-30', 1, '1', 'a5cc2a2b76501f7fc7c689c83f7a6944', '2017-07-03 05:39:32', '', '0000-00-00 00:00:00'),
(302, '3', 4, '00:00:00', '00:00:00', '2', '2017-09-27', '2017-09-30', 1, '1', 'a5cc2a2b76501f7fc7c689c83f7a6944', '2017-07-03 05:39:32', '', '0000-00-00 00:00:00'),
(303, '3', 5, '00:00:00', '00:00:00', '1', '2017-09-27', '2017-09-30', 1, '1', 'a5cc2a2b76501f7fc7c689c83f7a6944', '2017-07-03 05:39:32', '', '0000-00-00 00:00:00'),
(304, '3', 5, '00:00:00', '00:00:00', '2', '2017-09-27', '2017-09-30', 1, '1', 'a5cc2a2b76501f7fc7c689c83f7a6944', '2017-07-03 05:39:32', '', '0000-00-00 00:00:00'),
(305, '3', 6, '00:00:00', '00:00:00', '1', '2017-09-27', '2017-09-30', 1, '1', 'a5cc2a2b76501f7fc7c689c83f7a6944', '2017-07-03 05:39:32', '', '0000-00-00 00:00:00'),
(306, '3', 6, '00:00:00', '00:00:00', '2', '2017-09-27', '2017-09-30', 1, '1', 'a5cc2a2b76501f7fc7c689c83f7a6944', '2017-07-03 05:39:32', '', '0000-00-00 00:00:00'),
(307, '3', 7, '00:00:00', '00:00:00', '1', '2017-09-27', '2017-09-30', 1, '1', 'a5cc2a2b76501f7fc7c689c83f7a6944', '2017-07-03 05:39:32', '', '0000-00-00 00:00:00'),
(308, '3', 7, '00:00:00', '00:00:00', '2', '2017-09-27', '2017-09-30', 1, '1', 'a5cc2a2b76501f7fc7c689c83f7a6944', '2017-07-03 05:39:32', '', '0000-00-00 00:00:00'),
(309, '3', 1, '00:00:00', '00:00:00', '1', '2017-09-27', '2017-09-30', 2, '1', 'a5cc2a2b76501f7fc7c689c83f7a6944', '2017-07-03 05:39:32', '', '0000-00-00 00:00:00'),
(310, '3', 1, '00:00:00', '00:00:00', '2', '2017-09-27', '2017-09-30', 2, '1', 'a5cc2a2b76501f7fc7c689c83f7a6944', '2017-07-03 05:39:32', '', '0000-00-00 00:00:00'),
(311, '3', 2, '00:00:00', '00:00:00', '1', '2017-09-27', '2017-09-30', 2, '1', 'a5cc2a2b76501f7fc7c689c83f7a6944', '2017-07-03 05:39:32', '', '0000-00-00 00:00:00'),
(312, '3', 2, '00:00:00', '00:00:00', '2', '2017-09-27', '2017-09-30', 2, '1', 'a5cc2a2b76501f7fc7c689c83f7a6944', '2017-07-03 05:39:32', '', '0000-00-00 00:00:00'),
(313, '3', 3, '00:00:00', '00:00:00', '1', '2017-09-27', '2017-09-30', 2, '1', 'a5cc2a2b76501f7fc7c689c83f7a6944', '2017-07-03 05:39:32', '', '0000-00-00 00:00:00'),
(314, '3', 3, '00:00:00', '00:00:00', '2', '2017-09-27', '2017-09-30', 2, '1', 'a5cc2a2b76501f7fc7c689c83f7a6944', '2017-07-03 05:39:32', '', '0000-00-00 00:00:00'),
(315, '3', 4, '00:00:00', '00:00:00', '1', '2017-09-27', '2017-09-30', 2, '1', 'a5cc2a2b76501f7fc7c689c83f7a6944', '2017-07-03 05:39:32', '', '0000-00-00 00:00:00'),
(316, '3', 4, '00:00:00', '00:00:00', '2', '2017-09-27', '2017-09-30', 2, '1', 'a5cc2a2b76501f7fc7c689c83f7a6944', '2017-07-03 05:39:32', '', '0000-00-00 00:00:00'),
(317, '3', 5, '00:00:00', '00:00:00', '1', '2017-09-27', '2017-09-30', 2, '1', 'a5cc2a2b76501f7fc7c689c83f7a6944', '2017-07-03 05:39:32', '', '0000-00-00 00:00:00'),
(318, '3', 5, '00:00:00', '00:00:00', '2', '2017-09-27', '2017-09-30', 2, '1', 'a5cc2a2b76501f7fc7c689c83f7a6944', '2017-07-03 05:39:32', '', '0000-00-00 00:00:00'),
(319, '3', 6, '00:00:00', '00:00:00', '1', '2017-09-27', '2017-09-30', 2, '1', 'a5cc2a2b76501f7fc7c689c83f7a6944', '2017-07-03 05:39:32', '', '0000-00-00 00:00:00'),
(320, '3', 6, '00:00:00', '00:00:00', '2', '2017-09-27', '2017-09-30', 2, '1', 'a5cc2a2b76501f7fc7c689c83f7a6944', '2017-07-03 05:39:32', '', '0000-00-00 00:00:00'),
(321, '3', 7, '00:00:00', '00:00:00', '1', '2017-09-27', '2017-09-30', 2, '1', 'a5cc2a2b76501f7fc7c689c83f7a6944', '2017-07-03 05:39:32', '', '0000-00-00 00:00:00'),
(322, '3', 7, '00:00:00', '00:00:00', '2', '2017-09-27', '2017-09-30', 2, '1', 'a5cc2a2b76501f7fc7c689c83f7a6944', '2017-07-03 05:39:32', '', '0000-00-00 00:00:00'),
(337, '4', 1, '00:00:00', '00:00:00', '1', '2017-09-27', '2017-09-30', 1, '1', 'a5cc2a2b76501f7fc7c689c83f7a6944', '2017-07-03 05:39:53', '', '0000-00-00 00:00:00'),
(338, '4', 1, '00:00:00', '00:00:00', '2', '2017-09-27', '2017-09-30', 1, '1', 'a5cc2a2b76501f7fc7c689c83f7a6944', '2017-07-03 05:39:53', '', '0000-00-00 00:00:00'),
(339, '4', 2, '00:00:00', '00:00:00', '1', '2017-09-27', '2017-09-30', 1, '1', 'a5cc2a2b76501f7fc7c689c83f7a6944', '2017-07-03 05:39:53', '', '0000-00-00 00:00:00'),
(340, '4', 2, '00:00:00', '00:00:00', '2', '2017-09-27', '2017-09-30', 1, '1', 'a5cc2a2b76501f7fc7c689c83f7a6944', '2017-07-03 05:39:53', '', '0000-00-00 00:00:00'),
(341, '4', 3, '00:00:00', '00:00:00', '1', '2017-09-27', '2017-09-30', 1, '1', 'a5cc2a2b76501f7fc7c689c83f7a6944', '2017-07-03 05:39:53', '', '0000-00-00 00:00:00'),
(342, '4', 3, '00:00:00', '00:00:00', '2', '2017-09-27', '2017-09-30', 1, '1', 'a5cc2a2b76501f7fc7c689c83f7a6944', '2017-07-03 05:39:53', '', '0000-00-00 00:00:00'),
(343, '4', 4, '00:00:00', '00:00:00', '1', '2017-09-27', '2017-09-30', 1, '1', 'a5cc2a2b76501f7fc7c689c83f7a6944', '2017-07-03 05:39:53', '', '0000-00-00 00:00:00'),
(344, '4', 4, '00:00:00', '00:00:00', '2', '2017-09-27', '2017-09-30', 1, '1', 'a5cc2a2b76501f7fc7c689c83f7a6944', '2017-07-03 05:39:53', '', '0000-00-00 00:00:00'),
(345, '4', 5, '00:00:00', '00:00:00', '1', '2017-09-27', '2017-09-30', 1, '1', 'a5cc2a2b76501f7fc7c689c83f7a6944', '2017-07-03 05:39:53', '', '0000-00-00 00:00:00'),
(346, '4', 5, '00:00:00', '00:00:00', '2', '2017-09-27', '2017-09-30', 1, '1', 'a5cc2a2b76501f7fc7c689c83f7a6944', '2017-07-03 05:39:53', '', '0000-00-00 00:00:00'),
(347, '4', 6, '00:00:00', '00:00:00', '1', '2017-09-27', '2017-09-30', 1, '1', 'a5cc2a2b76501f7fc7c689c83f7a6944', '2017-07-03 05:39:53', '', '0000-00-00 00:00:00'),
(348, '4', 6, '00:00:00', '00:00:00', '2', '2017-09-27', '2017-09-30', 1, '1', 'a5cc2a2b76501f7fc7c689c83f7a6944', '2017-07-03 05:39:53', '', '0000-00-00 00:00:00'),
(349, '4', 7, '00:00:00', '00:00:00', '1', '2017-09-27', '2017-09-30', 1, '1', 'a5cc2a2b76501f7fc7c689c83f7a6944', '2017-07-03 05:39:53', '', '0000-00-00 00:00:00'),
(350, '4', 7, '00:00:00', '00:00:00', '2', '2017-09-27', '2017-09-30', 1, '1', 'a5cc2a2b76501f7fc7c689c83f7a6944', '2017-07-03 05:39:53', '', '0000-00-00 00:00:00'),
(351, '4', 1, '00:00:00', '00:00:00', '1', '2017-09-27', '2017-09-30', 2, '1', 'a5cc2a2b76501f7fc7c689c83f7a6944', '2017-07-03 05:39:53', '', '0000-00-00 00:00:00'),
(352, '4', 1, '00:00:00', '00:00:00', '2', '2017-09-27', '2017-09-30', 2, '1', 'a5cc2a2b76501f7fc7c689c83f7a6944', '2017-07-03 05:39:53', '', '0000-00-00 00:00:00'),
(353, '4', 2, '00:00:00', '00:00:00', '1', '2017-09-27', '2017-09-30', 2, '1', 'a5cc2a2b76501f7fc7c689c83f7a6944', '2017-07-03 05:39:53', '', '0000-00-00 00:00:00'),
(354, '4', 2, '00:00:00', '00:00:00', '2', '2017-09-27', '2017-09-30', 2, '1', 'a5cc2a2b76501f7fc7c689c83f7a6944', '2017-07-03 05:39:53', '', '0000-00-00 00:00:00'),
(355, '4', 3, '00:00:00', '00:00:00', '1', '2017-09-27', '2017-09-30', 2, '1', 'a5cc2a2b76501f7fc7c689c83f7a6944', '2017-07-03 05:39:53', '', '0000-00-00 00:00:00'),
(356, '4', 3, '00:00:00', '00:00:00', '2', '2017-09-27', '2017-09-30', 2, '1', 'a5cc2a2b76501f7fc7c689c83f7a6944', '2017-07-03 05:39:53', '', '0000-00-00 00:00:00'),
(357, '4', 4, '00:00:00', '00:00:00', '1', '2017-09-27', '2017-09-30', 2, '1', 'a5cc2a2b76501f7fc7c689c83f7a6944', '2017-07-03 05:39:53', '', '0000-00-00 00:00:00'),
(358, '4', 4, '00:00:00', '00:00:00', '2', '2017-09-27', '2017-09-30', 2, '1', 'a5cc2a2b76501f7fc7c689c83f7a6944', '2017-07-03 05:39:53', '', '0000-00-00 00:00:00'),
(359, '4', 5, '00:00:00', '00:00:00', '1', '2017-09-27', '2017-09-30', 2, '1', 'a5cc2a2b76501f7fc7c689c83f7a6944', '2017-07-03 05:39:53', '', '0000-00-00 00:00:00'),
(360, '4', 5, '00:00:00', '00:00:00', '2', '2017-09-27', '2017-09-30', 2, '1', 'a5cc2a2b76501f7fc7c689c83f7a6944', '2017-07-03 05:39:53', '', '0000-00-00 00:00:00');
INSERT INTO `cl_doctor_schedule_adjustment` (`id`, `doctor_id`, `DayOfWeek`, `StartTime`, `EndTime`, `shift_id`, `dateFrom`, `dateTo`, `branch_id`, `status`, `created_by`, `creation_date`, `modified_by`, `modification_date`) VALUES
(361, '4', 6, '00:00:00', '00:00:00', '1', '2017-09-27', '2017-09-30', 2, '1', 'a5cc2a2b76501f7fc7c689c83f7a6944', '2017-07-03 05:39:53', '', '0000-00-00 00:00:00'),
(362, '4', 6, '00:00:00', '00:00:00', '2', '2017-09-27', '2017-09-30', 2, '1', 'a5cc2a2b76501f7fc7c689c83f7a6944', '2017-07-03 05:39:53', '', '0000-00-00 00:00:00'),
(363, '4', 7, '00:00:00', '00:00:00', '1', '2017-09-27', '2017-09-30', 2, '1', 'a5cc2a2b76501f7fc7c689c83f7a6944', '2017-07-03 05:39:53', '', '0000-00-00 00:00:00'),
(364, '4', 7, '00:00:00', '00:00:00', '2', '2017-09-27', '2017-09-30', 2, '1', 'a5cc2a2b76501f7fc7c689c83f7a6944', '2017-07-03 05:39:53', '', '0000-00-00 00:00:00'),
(365, '4', 1, '00:00:00', '00:00:00', '1', '2017-09-27', '2017-09-30', 3, '1', 'a5cc2a2b76501f7fc7c689c83f7a6944', '2017-07-03 05:39:53', '', '0000-00-00 00:00:00'),
(366, '4', 1, '00:00:00', '00:00:00', '2', '2017-09-27', '2017-09-30', 3, '1', 'a5cc2a2b76501f7fc7c689c83f7a6944', '2017-07-03 05:39:53', '', '0000-00-00 00:00:00'),
(367, '4', 2, '00:00:00', '00:00:00', '1', '2017-09-27', '2017-09-30', 3, '1', 'a5cc2a2b76501f7fc7c689c83f7a6944', '2017-07-03 05:39:53', '', '0000-00-00 00:00:00'),
(368, '4', 2, '00:00:00', '00:00:00', '2', '2017-09-27', '2017-09-30', 3, '1', 'a5cc2a2b76501f7fc7c689c83f7a6944', '2017-07-03 05:39:53', '', '0000-00-00 00:00:00'),
(369, '4', 3, '00:00:00', '00:00:00', '1', '2017-09-27', '2017-09-30', 3, '1', 'a5cc2a2b76501f7fc7c689c83f7a6944', '2017-07-03 05:39:53', '', '0000-00-00 00:00:00'),
(370, '4', 3, '00:00:00', '00:00:00', '2', '2017-09-27', '2017-09-30', 3, '1', 'a5cc2a2b76501f7fc7c689c83f7a6944', '2017-07-03 05:39:53', '', '0000-00-00 00:00:00'),
(371, '4', 4, '00:00:00', '00:00:00', '1', '2017-09-27', '2017-09-30', 3, '1', 'a5cc2a2b76501f7fc7c689c83f7a6944', '2017-07-03 05:39:53', '', '0000-00-00 00:00:00'),
(372, '4', 4, '00:00:00', '00:00:00', '2', '2017-09-27', '2017-09-30', 3, '1', 'a5cc2a2b76501f7fc7c689c83f7a6944', '2017-07-03 05:39:53', '', '0000-00-00 00:00:00'),
(373, '4', 5, '00:00:00', '00:00:00', '1', '2017-09-27', '2017-09-30', 3, '1', 'a5cc2a2b76501f7fc7c689c83f7a6944', '2017-07-03 05:39:53', '', '0000-00-00 00:00:00'),
(374, '4', 5, '00:00:00', '00:00:00', '2', '2017-09-27', '2017-09-30', 3, '1', 'a5cc2a2b76501f7fc7c689c83f7a6944', '2017-07-03 05:39:53', '', '0000-00-00 00:00:00'),
(375, '4', 6, '00:00:00', '00:00:00', '1', '2017-09-27', '2017-09-30', 3, '1', 'a5cc2a2b76501f7fc7c689c83f7a6944', '2017-07-03 05:39:53', '', '0000-00-00 00:00:00'),
(376, '4', 6, '00:00:00', '00:00:00', '2', '2017-09-27', '2017-09-30', 3, '1', 'a5cc2a2b76501f7fc7c689c83f7a6944', '2017-07-03 05:39:53', '', '0000-00-00 00:00:00'),
(377, '4', 7, '00:00:00', '00:00:00', '1', '2017-09-27', '2017-09-30', 3, '1', 'a5cc2a2b76501f7fc7c689c83f7a6944', '2017-07-03 05:39:53', '', '0000-00-00 00:00:00'),
(378, '4', 7, '00:00:00', '00:00:00', '2', '2017-09-27', '2017-09-30', 3, '1', 'a5cc2a2b76501f7fc7c689c83f7a6944', '2017-07-03 05:39:53', '', '0000-00-00 00:00:00'),
(421, '6', 1, '00:00:00', '00:00:00', '1', '2017-09-27', '2017-09-30', 1, '1', 'a5cc2a2b76501f7fc7c689c83f7a6944', '2017-07-03 05:40:37', '', '0000-00-00 00:00:00'),
(422, '6', 1, '00:00:00', '00:00:00', '2', '2017-09-27', '2017-09-30', 1, '1', 'a5cc2a2b76501f7fc7c689c83f7a6944', '2017-07-03 05:40:37', '', '0000-00-00 00:00:00'),
(423, '6', 2, '00:00:00', '00:00:00', '1', '2017-09-27', '2017-09-30', 1, '1', 'a5cc2a2b76501f7fc7c689c83f7a6944', '2017-07-03 05:40:37', '', '0000-00-00 00:00:00'),
(424, '6', 2, '00:00:00', '00:00:00', '2', '2017-09-27', '2017-09-30', 1, '1', 'a5cc2a2b76501f7fc7c689c83f7a6944', '2017-07-03 05:40:37', '', '0000-00-00 00:00:00'),
(425, '6', 3, '00:00:00', '00:00:00', '1', '2017-09-27', '2017-09-30', 1, '1', 'a5cc2a2b76501f7fc7c689c83f7a6944', '2017-07-03 05:40:37', '', '0000-00-00 00:00:00'),
(426, '6', 3, '00:00:00', '00:00:00', '2', '2017-09-27', '2017-09-30', 1, '1', 'a5cc2a2b76501f7fc7c689c83f7a6944', '2017-07-03 05:40:37', '', '0000-00-00 00:00:00'),
(427, '6', 4, '00:00:00', '00:00:00', '1', '2017-09-27', '2017-09-30', 1, '1', 'a5cc2a2b76501f7fc7c689c83f7a6944', '2017-07-03 05:40:37', '', '0000-00-00 00:00:00'),
(428, '6', 4, '00:00:00', '00:00:00', '2', '2017-09-27', '2017-09-30', 1, '1', 'a5cc2a2b76501f7fc7c689c83f7a6944', '2017-07-03 05:40:37', '', '0000-00-00 00:00:00'),
(429, '6', 5, '00:00:00', '00:00:00', '1', '2017-09-27', '2017-09-30', 1, '1', 'a5cc2a2b76501f7fc7c689c83f7a6944', '2017-07-03 05:40:37', '', '0000-00-00 00:00:00'),
(430, '6', 5, '00:00:00', '00:00:00', '2', '2017-09-27', '2017-09-30', 1, '1', 'a5cc2a2b76501f7fc7c689c83f7a6944', '2017-07-03 05:40:37', '', '0000-00-00 00:00:00'),
(431, '6', 6, '00:00:00', '00:00:00', '1', '2017-09-27', '2017-09-30', 1, '1', 'a5cc2a2b76501f7fc7c689c83f7a6944', '2017-07-03 05:40:37', '', '0000-00-00 00:00:00'),
(432, '6', 6, '00:00:00', '00:00:00', '2', '2017-09-27', '2017-09-30', 1, '1', 'a5cc2a2b76501f7fc7c689c83f7a6944', '2017-07-03 05:40:37', '', '0000-00-00 00:00:00'),
(433, '6', 7, '00:00:00', '00:00:00', '1', '2017-09-27', '2017-09-30', 1, '1', 'a5cc2a2b76501f7fc7c689c83f7a6944', '2017-07-03 05:40:37', '', '0000-00-00 00:00:00'),
(434, '6', 7, '00:00:00', '00:00:00', '2', '2017-09-27', '2017-09-30', 1, '1', 'a5cc2a2b76501f7fc7c689c83f7a6944', '2017-07-03 05:40:37', '', '0000-00-00 00:00:00'),
(435, '6', 1, '00:00:00', '00:00:00', '1', '2017-09-27', '2017-09-30', 2, '1', 'a5cc2a2b76501f7fc7c689c83f7a6944', '2017-07-03 05:40:37', '', '0000-00-00 00:00:00'),
(436, '6', 1, '00:00:00', '00:00:00', '2', '2017-09-27', '2017-09-30', 2, '1', 'a5cc2a2b76501f7fc7c689c83f7a6944', '2017-07-03 05:40:37', '', '0000-00-00 00:00:00'),
(437, '6', 2, '00:00:00', '00:00:00', '1', '2017-09-27', '2017-09-30', 2, '1', 'a5cc2a2b76501f7fc7c689c83f7a6944', '2017-07-03 05:40:37', '', '0000-00-00 00:00:00'),
(438, '6', 2, '00:00:00', '00:00:00', '2', '2017-09-27', '2017-09-30', 2, '1', 'a5cc2a2b76501f7fc7c689c83f7a6944', '2017-07-03 05:40:37', '', '0000-00-00 00:00:00'),
(439, '6', 3, '00:00:00', '00:00:00', '1', '2017-09-27', '2017-09-30', 2, '1', 'a5cc2a2b76501f7fc7c689c83f7a6944', '2017-07-03 05:40:37', '', '0000-00-00 00:00:00'),
(440, '6', 3, '00:00:00', '00:00:00', '2', '2017-09-27', '2017-09-30', 2, '1', 'a5cc2a2b76501f7fc7c689c83f7a6944', '2017-07-03 05:40:37', '', '0000-00-00 00:00:00'),
(441, '6', 4, '00:00:00', '00:00:00', '1', '2017-09-27', '2017-09-30', 2, '1', 'a5cc2a2b76501f7fc7c689c83f7a6944', '2017-07-03 05:40:37', '', '0000-00-00 00:00:00'),
(442, '6', 4, '00:00:00', '00:00:00', '2', '2017-09-27', '2017-09-30', 2, '1', 'a5cc2a2b76501f7fc7c689c83f7a6944', '2017-07-03 05:40:37', '', '0000-00-00 00:00:00'),
(443, '6', 5, '00:00:00', '00:00:00', '1', '2017-09-27', '2017-09-30', 2, '1', 'a5cc2a2b76501f7fc7c689c83f7a6944', '2017-07-03 05:40:37', '', '0000-00-00 00:00:00'),
(444, '6', 5, '00:00:00', '00:00:00', '2', '2017-09-27', '2017-09-30', 2, '1', 'a5cc2a2b76501f7fc7c689c83f7a6944', '2017-07-03 05:40:37', '', '0000-00-00 00:00:00'),
(445, '6', 6, '00:00:00', '00:00:00', '1', '2017-09-27', '2017-09-30', 2, '1', 'a5cc2a2b76501f7fc7c689c83f7a6944', '2017-07-03 05:40:37', '', '0000-00-00 00:00:00'),
(446, '6', 6, '00:00:00', '00:00:00', '2', '2017-09-27', '2017-09-30', 2, '1', 'a5cc2a2b76501f7fc7c689c83f7a6944', '2017-07-03 05:40:37', '', '0000-00-00 00:00:00'),
(447, '6', 7, '00:00:00', '00:00:00', '1', '2017-09-27', '2017-09-30', 2, '1', 'a5cc2a2b76501f7fc7c689c83f7a6944', '2017-07-03 05:40:37', '', '0000-00-00 00:00:00'),
(448, '6', 7, '00:00:00', '00:00:00', '2', '2017-09-27', '2017-09-30', 2, '1', 'a5cc2a2b76501f7fc7c689c83f7a6944', '2017-07-03 05:40:37', '', '0000-00-00 00:00:00'),
(449, '6', 1, '00:00:00', '00:00:00', '1', '2017-09-27', '2017-09-30', 3, '1', 'a5cc2a2b76501f7fc7c689c83f7a6944', '2017-07-03 05:40:37', '', '0000-00-00 00:00:00'),
(450, '6', 1, '00:00:00', '00:00:00', '2', '2017-09-27', '2017-09-30', 3, '1', 'a5cc2a2b76501f7fc7c689c83f7a6944', '2017-07-03 05:40:37', '', '0000-00-00 00:00:00'),
(451, '6', 2, '00:00:00', '00:00:00', '1', '2017-09-27', '2017-09-30', 3, '1', 'a5cc2a2b76501f7fc7c689c83f7a6944', '2017-07-03 05:40:37', '', '0000-00-00 00:00:00'),
(452, '6', 2, '00:00:00', '00:00:00', '2', '2017-09-27', '2017-09-30', 3, '1', 'a5cc2a2b76501f7fc7c689c83f7a6944', '2017-07-03 05:40:37', '', '0000-00-00 00:00:00'),
(453, '6', 3, '00:00:00', '00:00:00', '1', '2017-09-27', '2017-09-30', 3, '1', 'a5cc2a2b76501f7fc7c689c83f7a6944', '2017-07-03 05:40:37', '', '0000-00-00 00:00:00'),
(454, '6', 3, '00:00:00', '00:00:00', '2', '2017-09-27', '2017-09-30', 3, '1', 'a5cc2a2b76501f7fc7c689c83f7a6944', '2017-07-03 05:40:37', '', '0000-00-00 00:00:00'),
(455, '6', 4, '00:00:00', '00:00:00', '1', '2017-09-27', '2017-09-30', 3, '1', 'a5cc2a2b76501f7fc7c689c83f7a6944', '2017-07-03 05:40:37', '', '0000-00-00 00:00:00'),
(456, '6', 4, '00:00:00', '00:00:00', '2', '2017-09-27', '2017-09-30', 3, '1', 'a5cc2a2b76501f7fc7c689c83f7a6944', '2017-07-03 05:40:37', '', '0000-00-00 00:00:00'),
(457, '6', 5, '00:00:00', '00:00:00', '1', '2017-09-27', '2017-09-30', 3, '1', 'a5cc2a2b76501f7fc7c689c83f7a6944', '2017-07-03 05:40:37', '', '0000-00-00 00:00:00'),
(458, '6', 5, '00:00:00', '00:00:00', '2', '2017-09-27', '2017-09-30', 3, '1', 'a5cc2a2b76501f7fc7c689c83f7a6944', '2017-07-03 05:40:37', '', '0000-00-00 00:00:00'),
(459, '6', 6, '00:00:00', '00:00:00', '1', '2017-09-27', '2017-09-30', 3, '1', 'a5cc2a2b76501f7fc7c689c83f7a6944', '2017-07-03 05:40:37', '', '0000-00-00 00:00:00'),
(460, '6', 6, '00:00:00', '00:00:00', '2', '2017-09-27', '2017-09-30', 3, '1', 'a5cc2a2b76501f7fc7c689c83f7a6944', '2017-07-03 05:40:37', '', '0000-00-00 00:00:00'),
(461, '6', 7, '00:00:00', '00:00:00', '1', '2017-09-27', '2017-09-30', 3, '1', 'a5cc2a2b76501f7fc7c689c83f7a6944', '2017-07-03 05:40:37', '', '0000-00-00 00:00:00'),
(462, '6', 7, '00:00:00', '00:00:00', '2', '2017-09-27', '2017-09-30', 3, '1', 'a5cc2a2b76501f7fc7c689c83f7a6944', '2017-07-03 05:40:37', '', '0000-00-00 00:00:00'),
(547, '3', 1, '00:00:00', '00:00:00', '1', '2017-10-10', '2017-10-14', 1, '1', '5177daade5a2da592ff1079ca8e53c13', '2017-07-30 08:36:29', '', '0000-00-00 00:00:00'),
(548, '3', 1, '00:00:00', '00:00:00', '2', '2017-10-10', '2017-10-14', 1, '1', '5177daade5a2da592ff1079ca8e53c13', '2017-07-30 08:36:29', '', '0000-00-00 00:00:00'),
(549, '3', 2, '00:00:00', '00:00:00', '1', '2017-10-10', '2017-10-14', 1, '1', '5177daade5a2da592ff1079ca8e53c13', '2017-07-30 08:36:29', '', '0000-00-00 00:00:00'),
(550, '3', 2, '00:00:00', '00:00:00', '2', '2017-10-10', '2017-10-14', 1, '1', '5177daade5a2da592ff1079ca8e53c13', '2017-07-30 08:36:29', '', '0000-00-00 00:00:00'),
(551, '3', 3, '00:00:00', '00:00:00', '1', '2017-10-10', '2017-10-14', 1, '1', '5177daade5a2da592ff1079ca8e53c13', '2017-07-30 08:36:29', '', '0000-00-00 00:00:00'),
(552, '3', 3, '00:00:00', '00:00:00', '2', '2017-10-10', '2017-10-14', 1, '1', '5177daade5a2da592ff1079ca8e53c13', '2017-07-30 08:36:29', '', '0000-00-00 00:00:00'),
(553, '3', 4, '00:00:00', '00:00:00', '1', '2017-10-10', '2017-10-14', 1, '1', '5177daade5a2da592ff1079ca8e53c13', '2017-07-30 08:36:29', '', '0000-00-00 00:00:00'),
(554, '3', 4, '00:00:00', '00:00:00', '2', '2017-10-10', '2017-10-14', 1, '1', '5177daade5a2da592ff1079ca8e53c13', '2017-07-30 08:36:29', '', '0000-00-00 00:00:00'),
(555, '3', 5, '00:00:00', '00:00:00', '1', '2017-10-10', '2017-10-14', 1, '1', '5177daade5a2da592ff1079ca8e53c13', '2017-07-30 08:36:29', '', '0000-00-00 00:00:00'),
(556, '3', 5, '00:00:00', '00:00:00', '2', '2017-10-10', '2017-10-14', 1, '1', '5177daade5a2da592ff1079ca8e53c13', '2017-07-30 08:36:29', '', '0000-00-00 00:00:00'),
(557, '3', 6, '00:00:00', '00:00:00', '1', '2017-10-10', '2017-10-14', 1, '1', '5177daade5a2da592ff1079ca8e53c13', '2017-07-30 08:36:30', '', '0000-00-00 00:00:00'),
(558, '3', 6, '00:00:00', '00:00:00', '2', '2017-10-10', '2017-10-14', 1, '1', '5177daade5a2da592ff1079ca8e53c13', '2017-07-30 08:36:30', '', '0000-00-00 00:00:00'),
(559, '3', 7, '00:00:00', '00:00:00', '1', '2017-10-10', '2017-10-14', 1, '1', '5177daade5a2da592ff1079ca8e53c13', '2017-07-30 08:36:30', '', '0000-00-00 00:00:00'),
(560, '3', 7, '00:00:00', '00:00:00', '2', '2017-10-10', '2017-10-14', 1, '1', '5177daade5a2da592ff1079ca8e53c13', '2017-07-30 08:36:30', '', '0000-00-00 00:00:00'),
(561, '3', 1, '00:00:00', '00:00:00', '1', '2017-10-10', '2017-10-14', 2, '1', '5177daade5a2da592ff1079ca8e53c13', '2017-07-30 08:36:30', '', '0000-00-00 00:00:00'),
(562, '3', 1, '00:00:00', '00:00:00', '2', '2017-10-10', '2017-10-14', 2, '1', '5177daade5a2da592ff1079ca8e53c13', '2017-07-30 08:36:30', '', '0000-00-00 00:00:00'),
(563, '3', 2, '00:00:00', '00:00:00', '1', '2017-10-10', '2017-10-14', 2, '1', '5177daade5a2da592ff1079ca8e53c13', '2017-07-30 08:36:30', '', '0000-00-00 00:00:00'),
(564, '3', 2, '00:00:00', '00:00:00', '2', '2017-10-10', '2017-10-14', 2, '1', '5177daade5a2da592ff1079ca8e53c13', '2017-07-30 08:36:30', '', '0000-00-00 00:00:00'),
(565, '3', 3, '00:00:00', '00:00:00', '1', '2017-10-10', '2017-10-14', 2, '1', '5177daade5a2da592ff1079ca8e53c13', '2017-07-30 08:36:30', '', '0000-00-00 00:00:00'),
(566, '3', 3, '00:00:00', '00:00:00', '2', '2017-10-10', '2017-10-14', 2, '1', '5177daade5a2da592ff1079ca8e53c13', '2017-07-30 08:36:30', '', '0000-00-00 00:00:00'),
(567, '3', 4, '00:00:00', '00:00:00', '1', '2017-10-10', '2017-10-14', 2, '1', '5177daade5a2da592ff1079ca8e53c13', '2017-07-30 08:36:30', '', '0000-00-00 00:00:00'),
(568, '3', 4, '00:00:00', '00:00:00', '2', '2017-10-10', '2017-10-14', 2, '1', '5177daade5a2da592ff1079ca8e53c13', '2017-07-30 08:36:30', '', '0000-00-00 00:00:00'),
(569, '3', 5, '00:00:00', '00:00:00', '1', '2017-10-10', '2017-10-14', 2, '1', '5177daade5a2da592ff1079ca8e53c13', '2017-07-30 08:36:30', '', '0000-00-00 00:00:00'),
(570, '3', 5, '00:00:00', '00:00:00', '2', '2017-10-10', '2017-10-14', 2, '1', '5177daade5a2da592ff1079ca8e53c13', '2017-07-30 08:36:30', '', '0000-00-00 00:00:00'),
(571, '3', 6, '00:00:00', '00:00:00', '1', '2017-10-10', '2017-10-14', 2, '1', '5177daade5a2da592ff1079ca8e53c13', '2017-07-30 08:36:30', '', '0000-00-00 00:00:00'),
(572, '3', 6, '00:00:00', '00:00:00', '2', '2017-10-10', '2017-10-14', 2, '1', '5177daade5a2da592ff1079ca8e53c13', '2017-07-30 08:36:30', '', '0000-00-00 00:00:00'),
(573, '3', 7, '00:00:00', '00:00:00', '1', '2017-10-10', '2017-10-14', 2, '1', '5177daade5a2da592ff1079ca8e53c13', '2017-07-30 08:36:30', '', '0000-00-00 00:00:00'),
(574, '3', 7, '00:00:00', '00:00:00', '2', '2017-10-10', '2017-10-14', 2, '1', '5177daade5a2da592ff1079ca8e53c13', '2017-07-30 08:36:30', '', '0000-00-00 00:00:00'),
(589, '2', 1, '00:00:00', '00:00:00', '1', '2017-10-10', '2017-10-14', 1, '1', '5177daade5a2da592ff1079ca8e53c13', '2017-07-30 09:07:58', '', '0000-00-00 00:00:00'),
(590, '2', 1, '00:00:00', '00:00:00', '2', '2017-10-10', '2017-10-14', 1, '1', '5177daade5a2da592ff1079ca8e53c13', '2017-07-30 09:07:58', '', '0000-00-00 00:00:00'),
(591, '2', 2, '00:00:00', '00:00:00', '1', '2017-10-10', '2017-10-14', 1, '1', '5177daade5a2da592ff1079ca8e53c13', '2017-07-30 09:07:58', '', '0000-00-00 00:00:00'),
(592, '2', 2, '00:00:00', '00:00:00', '2', '2017-10-10', '2017-10-14', 1, '1', '5177daade5a2da592ff1079ca8e53c13', '2017-07-30 09:07:58', '', '0000-00-00 00:00:00'),
(593, '2', 3, '00:00:00', '00:00:00', '1', '2017-10-10', '2017-10-14', 1, '1', '5177daade5a2da592ff1079ca8e53c13', '2017-07-30 09:07:58', '', '0000-00-00 00:00:00'),
(594, '2', 3, '00:00:00', '00:00:00', '2', '2017-10-10', '2017-10-14', 1, '1', '5177daade5a2da592ff1079ca8e53c13', '2017-07-30 09:07:58', '', '0000-00-00 00:00:00'),
(595, '2', 4, '00:00:00', '00:00:00', '1', '2017-10-10', '2017-10-14', 1, '1', '5177daade5a2da592ff1079ca8e53c13', '2017-07-30 09:07:58', '', '0000-00-00 00:00:00'),
(596, '2', 4, '00:00:00', '00:00:00', '2', '2017-10-10', '2017-10-14', 1, '1', '5177daade5a2da592ff1079ca8e53c13', '2017-07-30 09:07:58', '', '0000-00-00 00:00:00'),
(597, '2', 5, '00:00:00', '00:00:00', '1', '2017-10-10', '2017-10-14', 1, '1', '5177daade5a2da592ff1079ca8e53c13', '2017-07-30 09:07:58', '', '0000-00-00 00:00:00'),
(598, '2', 5, '00:00:00', '00:00:00', '2', '2017-10-10', '2017-10-14', 1, '1', '5177daade5a2da592ff1079ca8e53c13', '2017-07-30 09:07:58', '', '0000-00-00 00:00:00'),
(599, '2', 6, '00:00:00', '00:00:00', '1', '2017-10-10', '2017-10-14', 1, '1', '5177daade5a2da592ff1079ca8e53c13', '2017-07-30 09:07:58', '', '0000-00-00 00:00:00'),
(600, '2', 6, '00:00:00', '00:00:00', '2', '2017-10-10', '2017-10-14', 1, '1', '5177daade5a2da592ff1079ca8e53c13', '2017-07-30 09:07:58', '', '0000-00-00 00:00:00'),
(601, '2', 7, '00:00:00', '00:00:00', '1', '2017-10-10', '2017-10-14', 1, '1', '5177daade5a2da592ff1079ca8e53c13', '2017-07-30 09:07:58', '', '0000-00-00 00:00:00'),
(602, '2', 7, '00:00:00', '00:00:00', '2', '2017-10-10', '2017-10-14', 1, '1', '5177daade5a2da592ff1079ca8e53c13', '2017-07-30 09:07:58', '', '0000-00-00 00:00:00'),
(603, '2', 1, '00:00:00', '00:00:00', '1', '2017-10-10', '2017-10-14', 2, '1', '5177daade5a2da592ff1079ca8e53c13', '2017-07-30 09:07:58', '', '0000-00-00 00:00:00'),
(604, '2', 1, '00:00:00', '00:00:00', '2', '2017-10-10', '2017-10-14', 2, '1', '5177daade5a2da592ff1079ca8e53c13', '2017-07-30 09:07:58', '', '0000-00-00 00:00:00'),
(605, '2', 2, '00:00:00', '00:00:00', '1', '2017-10-10', '2017-10-14', 2, '1', '5177daade5a2da592ff1079ca8e53c13', '2017-07-30 09:07:58', '', '0000-00-00 00:00:00'),
(606, '2', 2, '00:00:00', '00:00:00', '2', '2017-10-10', '2017-10-14', 2, '1', '5177daade5a2da592ff1079ca8e53c13', '2017-07-30 09:07:58', '', '0000-00-00 00:00:00'),
(607, '2', 3, '00:00:00', '00:00:00', '1', '2017-10-10', '2017-10-14', 2, '1', '5177daade5a2da592ff1079ca8e53c13', '2017-07-30 09:07:58', '', '0000-00-00 00:00:00'),
(608, '2', 3, '00:00:00', '00:00:00', '2', '2017-10-10', '2017-10-14', 2, '1', '5177daade5a2da592ff1079ca8e53c13', '2017-07-30 09:07:58', '', '0000-00-00 00:00:00'),
(609, '2', 4, '00:00:00', '00:00:00', '1', '2017-10-10', '2017-10-14', 2, '1', '5177daade5a2da592ff1079ca8e53c13', '2017-07-30 09:07:58', '', '0000-00-00 00:00:00'),
(610, '2', 4, '00:00:00', '00:00:00', '2', '2017-10-10', '2017-10-14', 2, '1', '5177daade5a2da592ff1079ca8e53c13', '2017-07-30 09:07:58', '', '0000-00-00 00:00:00'),
(611, '2', 5, '00:00:00', '00:00:00', '1', '2017-10-10', '2017-10-14', 2, '1', '5177daade5a2da592ff1079ca8e53c13', '2017-07-30 09:07:58', '', '0000-00-00 00:00:00'),
(612, '2', 5, '00:00:00', '00:00:00', '2', '2017-10-10', '2017-10-14', 2, '1', '5177daade5a2da592ff1079ca8e53c13', '2017-07-30 09:07:58', '', '0000-00-00 00:00:00'),
(613, '2', 6, '00:00:00', '00:00:00', '1', '2017-10-10', '2017-10-14', 2, '1', '5177daade5a2da592ff1079ca8e53c13', '2017-07-30 09:07:58', '', '0000-00-00 00:00:00'),
(614, '2', 6, '00:00:00', '00:00:00', '2', '2017-10-10', '2017-10-14', 2, '1', '5177daade5a2da592ff1079ca8e53c13', '2017-07-30 09:07:58', '', '0000-00-00 00:00:00'),
(615, '2', 7, '00:00:00', '00:00:00', '1', '2017-10-10', '2017-10-14', 2, '1', '5177daade5a2da592ff1079ca8e53c13', '2017-07-30 09:07:58', '', '0000-00-00 00:00:00'),
(616, '2', 7, '00:00:00', '00:00:00', '2', '2017-10-10', '2017-10-14', 2, '1', '5177daade5a2da592ff1079ca8e53c13', '2017-07-30 09:07:58', '', '0000-00-00 00:00:00'),
(617, '2', 1, '00:00:00', '00:00:00', '1', '2017-10-10', '2017-10-14', 3, '1', '5177daade5a2da592ff1079ca8e53c13', '2017-07-30 09:07:58', '', '0000-00-00 00:00:00'),
(618, '2', 1, '00:00:00', '00:00:00', '2', '2017-10-10', '2017-10-14', 3, '1', '5177daade5a2da592ff1079ca8e53c13', '2017-07-30 09:07:58', '', '0000-00-00 00:00:00'),
(619, '2', 2, '00:00:00', '00:00:00', '1', '2017-10-10', '2017-10-14', 3, '1', '5177daade5a2da592ff1079ca8e53c13', '2017-07-30 09:07:58', '', '0000-00-00 00:00:00'),
(620, '2', 2, '00:00:00', '00:00:00', '2', '2017-10-10', '2017-10-14', 3, '1', '5177daade5a2da592ff1079ca8e53c13', '2017-07-30 09:07:58', '', '0000-00-00 00:00:00'),
(621, '2', 3, '00:00:00', '00:00:00', '1', '2017-10-10', '2017-10-14', 3, '1', '5177daade5a2da592ff1079ca8e53c13', '2017-07-30 09:07:58', '', '0000-00-00 00:00:00'),
(622, '2', 3, '00:00:00', '00:00:00', '2', '2017-10-10', '2017-10-14', 3, '1', '5177daade5a2da592ff1079ca8e53c13', '2017-07-30 09:07:58', '', '0000-00-00 00:00:00'),
(623, '2', 4, '00:00:00', '00:00:00', '1', '2017-10-10', '2017-10-14', 3, '1', '5177daade5a2da592ff1079ca8e53c13', '2017-07-30 09:07:58', '', '0000-00-00 00:00:00'),
(624, '2', 4, '00:00:00', '00:00:00', '2', '2017-10-10', '2017-10-14', 3, '1', '5177daade5a2da592ff1079ca8e53c13', '2017-07-30 09:07:58', '', '0000-00-00 00:00:00'),
(625, '2', 5, '00:00:00', '00:00:00', '1', '2017-10-10', '2017-10-14', 3, '1', '5177daade5a2da592ff1079ca8e53c13', '2017-07-30 09:07:58', '', '0000-00-00 00:00:00'),
(626, '2', 5, '00:00:00', '00:00:00', '2', '2017-10-10', '2017-10-14', 3, '1', '5177daade5a2da592ff1079ca8e53c13', '2017-07-30 09:07:58', '', '0000-00-00 00:00:00'),
(627, '2', 6, '00:00:00', '00:00:00', '1', '2017-10-10', '2017-10-14', 3, '1', '5177daade5a2da592ff1079ca8e53c13', '2017-07-30 09:07:58', '', '0000-00-00 00:00:00'),
(628, '2', 6, '00:00:00', '00:00:00', '2', '2017-10-10', '2017-10-14', 3, '1', '5177daade5a2da592ff1079ca8e53c13', '2017-07-30 09:07:58', '', '0000-00-00 00:00:00'),
(629, '2', 7, '00:00:00', '00:00:00', '1', '2017-10-10', '2017-10-14', 3, '1', '5177daade5a2da592ff1079ca8e53c13', '2017-07-30 09:07:58', '', '0000-00-00 00:00:00'),
(630, '2', 7, '00:00:00', '00:00:00', '2', '2017-10-10', '2017-10-14', 3, '1', '5177daade5a2da592ff1079ca8e53c13', '2017-07-30 09:07:58', '', '0000-00-00 00:00:00'),
(715, '4', 1, '00:00:00', '00:00:00', '1', '2017-09-26', '2017-09-26', 1, '1', 'e0d2a571e5319ec86cc4fd69f703e104', '2017-09-16 12:17:56', '', '0000-00-00 00:00:00'),
(716, '4', 1, '00:00:00', '00:00:00', '2', '2017-09-26', '2017-09-26', 1, '1', 'e0d2a571e5319ec86cc4fd69f703e104', '2017-09-16 12:17:56', '', '0000-00-00 00:00:00'),
(717, '4', 2, '00:00:00', '00:00:00', '1', '2017-09-26', '2017-09-26', 1, '1', 'e0d2a571e5319ec86cc4fd69f703e104', '2017-09-16 12:17:57', '', '0000-00-00 00:00:00'),
(718, '4', 2, '00:00:00', '00:00:00', '2', '2017-09-26', '2017-09-26', 1, '1', 'e0d2a571e5319ec86cc4fd69f703e104', '2017-09-16 12:17:57', '', '0000-00-00 00:00:00'),
(719, '4', 3, '00:00:00', '00:00:00', '1', '2017-09-26', '2017-09-26', 1, '1', 'e0d2a571e5319ec86cc4fd69f703e104', '2017-09-16 12:17:57', '', '0000-00-00 00:00:00'),
(720, '4', 3, '00:00:00', '00:00:00', '2', '2017-09-26', '2017-09-26', 1, '1', 'e0d2a571e5319ec86cc4fd69f703e104', '2017-09-16 12:17:57', '', '0000-00-00 00:00:00'),
(721, '4', 4, '00:00:00', '00:00:00', '1', '2017-09-26', '2017-09-26', 1, '1', 'e0d2a571e5319ec86cc4fd69f703e104', '2017-09-16 12:17:57', '', '0000-00-00 00:00:00'),
(722, '4', 4, '00:00:00', '00:00:00', '2', '2017-09-26', '2017-09-26', 1, '1', 'e0d2a571e5319ec86cc4fd69f703e104', '2017-09-16 12:17:57', '', '0000-00-00 00:00:00'),
(723, '4', 5, '00:00:00', '00:00:00', '1', '2017-09-26', '2017-09-26', 1, '1', 'e0d2a571e5319ec86cc4fd69f703e104', '2017-09-16 12:17:57', '', '0000-00-00 00:00:00'),
(724, '4', 5, '00:00:00', '00:00:00', '2', '2017-09-26', '2017-09-26', 1, '1', 'e0d2a571e5319ec86cc4fd69f703e104', '2017-09-16 12:17:57', '', '0000-00-00 00:00:00'),
(725, '4', 6, '00:00:00', '00:00:00', '1', '2017-09-26', '2017-09-26', 1, '1', 'e0d2a571e5319ec86cc4fd69f703e104', '2017-09-16 12:17:57', '', '0000-00-00 00:00:00'),
(726, '4', 6, '00:00:00', '00:00:00', '2', '2017-09-26', '2017-09-26', 1, '1', 'e0d2a571e5319ec86cc4fd69f703e104', '2017-09-16 12:17:57', '', '0000-00-00 00:00:00'),
(727, '4', 7, '00:00:00', '00:00:00', '1', '2017-09-26', '2017-09-26', 1, '1', 'e0d2a571e5319ec86cc4fd69f703e104', '2017-09-16 12:17:57', '', '0000-00-00 00:00:00'),
(728, '4', 7, '00:00:00', '00:00:00', '2', '2017-09-26', '2017-09-26', 1, '1', 'e0d2a571e5319ec86cc4fd69f703e104', '2017-09-16 12:17:57', '', '0000-00-00 00:00:00'),
(729, '4', 1, '00:00:00', '00:00:00', '1', '2017-09-26', '2017-09-26', 2, '1', 'e0d2a571e5319ec86cc4fd69f703e104', '2017-09-16 12:17:57', '', '0000-00-00 00:00:00'),
(730, '4', 1, '00:00:00', '00:00:00', '2', '2017-09-26', '2017-09-26', 2, '1', 'e0d2a571e5319ec86cc4fd69f703e104', '2017-09-16 12:17:57', '', '0000-00-00 00:00:00'),
(731, '4', 2, '00:00:00', '00:00:00', '1', '2017-09-26', '2017-09-26', 2, '1', 'e0d2a571e5319ec86cc4fd69f703e104', '2017-09-16 12:17:57', '', '0000-00-00 00:00:00'),
(732, '4', 2, '00:00:00', '00:00:00', '2', '2017-09-26', '2017-09-26', 2, '1', 'e0d2a571e5319ec86cc4fd69f703e104', '2017-09-16 12:17:57', '', '0000-00-00 00:00:00'),
(733, '4', 3, '00:00:00', '00:00:00', '1', '2017-09-26', '2017-09-26', 2, '1', 'e0d2a571e5319ec86cc4fd69f703e104', '2017-09-16 12:17:57', '', '0000-00-00 00:00:00'),
(734, '4', 3, '00:00:00', '00:00:00', '2', '2017-09-26', '2017-09-26', 2, '1', 'e0d2a571e5319ec86cc4fd69f703e104', '2017-09-16 12:17:57', '', '0000-00-00 00:00:00'),
(735, '4', 4, '00:00:00', '00:00:00', '1', '2017-09-26', '2017-09-26', 2, '1', 'e0d2a571e5319ec86cc4fd69f703e104', '2017-09-16 12:17:57', '', '0000-00-00 00:00:00'),
(736, '4', 4, '00:00:00', '00:00:00', '2', '2017-09-26', '2017-09-26', 2, '1', 'e0d2a571e5319ec86cc4fd69f703e104', '2017-09-16 12:17:57', '', '0000-00-00 00:00:00'),
(737, '4', 5, '00:00:00', '00:00:00', '1', '2017-09-26', '2017-09-26', 2, '1', 'e0d2a571e5319ec86cc4fd69f703e104', '2017-09-16 12:17:57', '', '0000-00-00 00:00:00'),
(738, '4', 5, '00:00:00', '00:00:00', '2', '2017-09-26', '2017-09-26', 2, '1', 'e0d2a571e5319ec86cc4fd69f703e104', '2017-09-16 12:17:57', '', '0000-00-00 00:00:00'),
(739, '4', 6, '00:00:00', '00:00:00', '1', '2017-09-26', '2017-09-26', 2, '1', 'e0d2a571e5319ec86cc4fd69f703e104', '2017-09-16 12:17:57', '', '0000-00-00 00:00:00'),
(740, '4', 6, '00:00:00', '00:00:00', '2', '2017-09-26', '2017-09-26', 2, '1', 'e0d2a571e5319ec86cc4fd69f703e104', '2017-09-16 12:17:57', '', '0000-00-00 00:00:00'),
(741, '4', 7, '00:00:00', '00:00:00', '1', '2017-09-26', '2017-09-26', 2, '1', 'e0d2a571e5319ec86cc4fd69f703e104', '2017-09-16 12:17:57', '', '0000-00-00 00:00:00'),
(742, '4', 7, '00:00:00', '00:00:00', '2', '2017-09-26', '2017-09-26', 2, '1', 'e0d2a571e5319ec86cc4fd69f703e104', '2017-09-16 12:17:57', '', '0000-00-00 00:00:00'),
(743, '4', 1, '00:00:00', '00:00:00', '1', '2017-09-26', '2017-09-26', 3, '1', 'e0d2a571e5319ec86cc4fd69f703e104', '2017-09-16 12:17:57', '', '0000-00-00 00:00:00'),
(744, '4', 1, '00:00:00', '00:00:00', '2', '2017-09-26', '2017-09-26', 3, '1', 'e0d2a571e5319ec86cc4fd69f703e104', '2017-09-16 12:17:57', '', '0000-00-00 00:00:00'),
(745, '4', 2, '00:00:00', '00:00:00', '1', '2017-09-26', '2017-09-26', 3, '1', 'e0d2a571e5319ec86cc4fd69f703e104', '2017-09-16 12:17:57', '', '0000-00-00 00:00:00'),
(746, '4', 2, '00:00:00', '00:00:00', '2', '2017-09-26', '2017-09-26', 3, '1', 'e0d2a571e5319ec86cc4fd69f703e104', '2017-09-16 12:17:57', '', '0000-00-00 00:00:00'),
(747, '4', 3, '00:00:00', '00:00:00', '1', '2017-09-26', '2017-09-26', 3, '1', 'e0d2a571e5319ec86cc4fd69f703e104', '2017-09-16 12:17:57', '', '0000-00-00 00:00:00'),
(748, '4', 3, '00:00:00', '00:00:00', '2', '2017-09-26', '2017-09-26', 3, '1', 'e0d2a571e5319ec86cc4fd69f703e104', '2017-09-16 12:17:57', '', '0000-00-00 00:00:00'),
(749, '4', 4, '00:00:00', '00:00:00', '1', '2017-09-26', '2017-09-26', 3, '1', 'e0d2a571e5319ec86cc4fd69f703e104', '2017-09-16 12:17:57', '', '0000-00-00 00:00:00'),
(750, '4', 4, '00:00:00', '00:00:00', '2', '2017-09-26', '2017-09-26', 3, '1', 'e0d2a571e5319ec86cc4fd69f703e104', '2017-09-16 12:17:57', '', '0000-00-00 00:00:00'),
(751, '4', 5, '00:00:00', '00:00:00', '1', '2017-09-26', '2017-09-26', 3, '1', 'e0d2a571e5319ec86cc4fd69f703e104', '2017-09-16 12:17:57', '', '0000-00-00 00:00:00'),
(752, '4', 5, '00:00:00', '00:00:00', '2', '2017-09-26', '2017-09-26', 3, '1', 'e0d2a571e5319ec86cc4fd69f703e104', '2017-09-16 12:17:57', '', '0000-00-00 00:00:00'),
(753, '4', 6, '00:00:00', '00:00:00', '1', '2017-09-26', '2017-09-26', 3, '1', 'e0d2a571e5319ec86cc4fd69f703e104', '2017-09-16 12:17:57', '', '0000-00-00 00:00:00'),
(754, '4', 6, '00:00:00', '00:00:00', '2', '2017-09-26', '2017-09-26', 3, '1', 'e0d2a571e5319ec86cc4fd69f703e104', '2017-09-16 12:17:57', '', '0000-00-00 00:00:00'),
(755, '4', 7, '00:00:00', '00:00:00', '1', '2017-09-26', '2017-09-26', 3, '1', 'e0d2a571e5319ec86cc4fd69f703e104', '2017-09-16 12:17:57', '', '0000-00-00 00:00:00'),
(756, '4', 7, '00:00:00', '00:00:00', '2', '2017-09-26', '2017-09-26', 3, '1', 'e0d2a571e5319ec86cc4fd69f703e104', '2017-09-16 12:17:57', '', '0000-00-00 00:00:00'),
(757, '3', 1, '00:00:00', '00:00:00', '1', '2017-10-01', '2017-10-01', 1, '1', '81695af5c7f20bf41c1a40bc4712e550', '2017-09-18 07:33:55', '', '0000-00-00 00:00:00'),
(758, '3', 1, '00:00:00', '00:00:00', '2', '2017-10-01', '2017-10-01', 1, '1', '81695af5c7f20bf41c1a40bc4712e550', '2017-09-18 07:33:55', '', '0000-00-00 00:00:00'),
(759, '3', 2, '00:00:00', '00:00:00', '1', '2017-10-01', '2017-10-01', 1, '1', '81695af5c7f20bf41c1a40bc4712e550', '2017-09-18 07:33:55', '', '0000-00-00 00:00:00'),
(760, '3', 2, '00:00:00', '00:00:00', '2', '2017-10-01', '2017-10-01', 1, '1', '81695af5c7f20bf41c1a40bc4712e550', '2017-09-18 07:33:55', '', '0000-00-00 00:00:00'),
(761, '3', 3, '00:00:00', '00:00:00', '1', '2017-10-01', '2017-10-01', 1, '1', '81695af5c7f20bf41c1a40bc4712e550', '2017-09-18 07:33:56', '', '0000-00-00 00:00:00'),
(762, '3', 3, '00:00:00', '00:00:00', '2', '2017-10-01', '2017-10-01', 1, '1', '81695af5c7f20bf41c1a40bc4712e550', '2017-09-18 07:33:56', '', '0000-00-00 00:00:00'),
(763, '3', 4, '00:00:00', '00:00:00', '1', '2017-10-01', '2017-10-01', 1, '1', '81695af5c7f20bf41c1a40bc4712e550', '2017-09-18 07:33:56', '', '0000-00-00 00:00:00'),
(764, '3', 4, '00:00:00', '00:00:00', '2', '2017-10-01', '2017-10-01', 1, '1', '81695af5c7f20bf41c1a40bc4712e550', '2017-09-18 07:33:56', '', '0000-00-00 00:00:00'),
(765, '3', 5, '00:00:00', '00:00:00', '1', '2017-10-01', '2017-10-01', 1, '1', '81695af5c7f20bf41c1a40bc4712e550', '2017-09-18 07:33:56', '', '0000-00-00 00:00:00'),
(766, '3', 5, '00:00:00', '00:00:00', '2', '2017-10-01', '2017-10-01', 1, '1', '81695af5c7f20bf41c1a40bc4712e550', '2017-09-18 07:33:56', '', '0000-00-00 00:00:00'),
(767, '3', 6, '00:00:00', '00:00:00', '1', '2017-10-01', '2017-10-01', 1, '1', '81695af5c7f20bf41c1a40bc4712e550', '2017-09-18 07:33:56', '', '0000-00-00 00:00:00'),
(768, '3', 6, '00:00:00', '00:00:00', '2', '2017-10-01', '2017-10-01', 1, '1', '81695af5c7f20bf41c1a40bc4712e550', '2017-09-18 07:33:56', '', '0000-00-00 00:00:00'),
(769, '3', 7, '00:00:00', '00:00:00', '1', '2017-10-01', '2017-10-01', 1, '1', '81695af5c7f20bf41c1a40bc4712e550', '2017-09-18 07:33:56', '', '0000-00-00 00:00:00'),
(770, '3', 7, '00:00:00', '00:00:00', '2', '2017-10-01', '2017-10-01', 1, '1', '81695af5c7f20bf41c1a40bc4712e550', '2017-09-18 07:33:56', '', '0000-00-00 00:00:00'),
(771, '3', 1, '00:00:00', '00:00:00', '1', '2017-10-01', '2017-10-01', 2, '1', '81695af5c7f20bf41c1a40bc4712e550', '2017-09-18 07:33:56', '', '0000-00-00 00:00:00'),
(772, '3', 1, '00:00:00', '00:00:00', '2', '2017-10-01', '2017-10-01', 2, '1', '81695af5c7f20bf41c1a40bc4712e550', '2017-09-18 07:33:56', '', '0000-00-00 00:00:00'),
(773, '3', 2, '00:00:00', '00:00:00', '1', '2017-10-01', '2017-10-01', 2, '1', '81695af5c7f20bf41c1a40bc4712e550', '2017-09-18 07:33:56', '', '0000-00-00 00:00:00'),
(774, '3', 2, '00:00:00', '00:00:00', '2', '2017-10-01', '2017-10-01', 2, '1', '81695af5c7f20bf41c1a40bc4712e550', '2017-09-18 07:33:56', '', '0000-00-00 00:00:00'),
(775, '3', 3, '00:00:00', '00:00:00', '1', '2017-10-01', '2017-10-01', 2, '1', '81695af5c7f20bf41c1a40bc4712e550', '2017-09-18 07:33:56', '', '0000-00-00 00:00:00'),
(776, '3', 3, '00:00:00', '00:00:00', '2', '2017-10-01', '2017-10-01', 2, '1', '81695af5c7f20bf41c1a40bc4712e550', '2017-09-18 07:33:56', '', '0000-00-00 00:00:00'),
(777, '3', 4, '00:00:00', '00:00:00', '1', '2017-10-01', '2017-10-01', 2, '1', '81695af5c7f20bf41c1a40bc4712e550', '2017-09-18 07:33:56', '', '0000-00-00 00:00:00'),
(778, '3', 4, '00:00:00', '00:00:00', '2', '2017-10-01', '2017-10-01', 2, '1', '81695af5c7f20bf41c1a40bc4712e550', '2017-09-18 07:33:56', '', '0000-00-00 00:00:00'),
(779, '3', 5, '00:00:00', '00:00:00', '1', '2017-10-01', '2017-10-01', 2, '1', '81695af5c7f20bf41c1a40bc4712e550', '2017-09-18 07:33:56', '', '0000-00-00 00:00:00'),
(780, '3', 5, '00:00:00', '00:00:00', '2', '2017-10-01', '2017-10-01', 2, '1', '81695af5c7f20bf41c1a40bc4712e550', '2017-09-18 07:33:56', '', '0000-00-00 00:00:00'),
(781, '3', 6, '00:00:00', '00:00:00', '1', '2017-10-01', '2017-10-01', 2, '1', '81695af5c7f20bf41c1a40bc4712e550', '2017-09-18 07:33:56', '', '0000-00-00 00:00:00'),
(782, '3', 6, '00:00:00', '00:00:00', '2', '2017-10-01', '2017-10-01', 2, '1', '81695af5c7f20bf41c1a40bc4712e550', '2017-09-18 07:33:56', '', '0000-00-00 00:00:00'),
(783, '3', 7, '00:00:00', '00:00:00', '1', '2017-10-01', '2017-10-01', 2, '1', '81695af5c7f20bf41c1a40bc4712e550', '2017-09-18 07:33:56', '', '0000-00-00 00:00:00'),
(784, '3', 7, '00:00:00', '00:00:00', '2', '2017-10-01', '2017-10-01', 2, '1', '81695af5c7f20bf41c1a40bc4712e550', '2017-09-18 07:33:56', '', '0000-00-00 00:00:00'),
(799, '3', 1, '00:00:00', '00:00:00', '1', '2017-11-10', '2017-11-12', 1, '1', '5614225ae3bf02d0338b67b52717c7e6', '2017-10-10 10:52:23', '', '0000-00-00 00:00:00'),
(800, '3', 1, '00:00:00', '00:00:00', '2', '2017-11-10', '2017-11-12', 1, '1', '5614225ae3bf02d0338b67b52717c7e6', '2017-10-10 10:52:23', '', '0000-00-00 00:00:00'),
(801, '3', 2, '00:00:00', '00:00:00', '1', '2017-11-10', '2017-11-12', 1, '1', '5614225ae3bf02d0338b67b52717c7e6', '2017-10-10 10:52:23', '', '0000-00-00 00:00:00'),
(802, '3', 2, '00:00:00', '00:00:00', '2', '2017-11-10', '2017-11-12', 1, '1', '5614225ae3bf02d0338b67b52717c7e6', '2017-10-10 10:52:23', '', '0000-00-00 00:00:00'),
(803, '3', 3, '00:00:00', '00:00:00', '1', '2017-11-10', '2017-11-12', 1, '1', '5614225ae3bf02d0338b67b52717c7e6', '2017-10-10 10:52:23', '', '0000-00-00 00:00:00'),
(804, '3', 3, '00:00:00', '00:00:00', '2', '2017-11-10', '2017-11-12', 1, '1', '5614225ae3bf02d0338b67b52717c7e6', '2017-10-10 10:52:23', '', '0000-00-00 00:00:00'),
(805, '3', 4, '00:00:00', '00:00:00', '1', '2017-11-10', '2017-11-12', 1, '1', '5614225ae3bf02d0338b67b52717c7e6', '2017-10-10 10:52:23', '', '0000-00-00 00:00:00'),
(806, '3', 4, '00:00:00', '00:00:00', '2', '2017-11-10', '2017-11-12', 1, '1', '5614225ae3bf02d0338b67b52717c7e6', '2017-10-10 10:52:23', '', '0000-00-00 00:00:00'),
(807, '3', 5, '00:00:00', '00:00:00', '1', '2017-11-10', '2017-11-12', 1, '1', '5614225ae3bf02d0338b67b52717c7e6', '2017-10-10 10:52:23', '', '0000-00-00 00:00:00'),
(808, '3', 5, '00:00:00', '00:00:00', '2', '2017-11-10', '2017-11-12', 1, '1', '5614225ae3bf02d0338b67b52717c7e6', '2017-10-10 10:52:23', '', '0000-00-00 00:00:00'),
(809, '3', 6, '00:00:00', '00:00:00', '1', '2017-11-10', '2017-11-12', 1, '1', '5614225ae3bf02d0338b67b52717c7e6', '2017-10-10 10:52:23', '', '0000-00-00 00:00:00'),
(810, '3', 6, '00:00:00', '00:00:00', '2', '2017-11-10', '2017-11-12', 1, '1', '5614225ae3bf02d0338b67b52717c7e6', '2017-10-10 10:52:23', '', '0000-00-00 00:00:00'),
(811, '3', 7, '00:00:00', '00:00:00', '1', '2017-11-10', '2017-11-12', 1, '1', '5614225ae3bf02d0338b67b52717c7e6', '2017-10-10 10:52:23', '', '0000-00-00 00:00:00'),
(812, '3', 7, '00:00:00', '00:00:00', '2', '2017-11-10', '2017-11-12', 1, '1', '5614225ae3bf02d0338b67b52717c7e6', '2017-10-10 10:52:23', '', '0000-00-00 00:00:00'),
(813, '3', 1, '00:00:00', '00:00:00', '1', '2017-11-10', '2017-11-12', 2, '1', '5614225ae3bf02d0338b67b52717c7e6', '2017-10-10 10:52:23', '', '0000-00-00 00:00:00'),
(814, '3', 1, '00:00:00', '00:00:00', '2', '2017-11-10', '2017-11-12', 2, '1', '5614225ae3bf02d0338b67b52717c7e6', '2017-10-10 10:52:23', '', '0000-00-00 00:00:00'),
(815, '3', 2, '00:00:00', '00:00:00', '1', '2017-11-10', '2017-11-12', 2, '1', '5614225ae3bf02d0338b67b52717c7e6', '2017-10-10 10:52:23', '', '0000-00-00 00:00:00'),
(816, '3', 2, '00:00:00', '00:00:00', '2', '2017-11-10', '2017-11-12', 2, '1', '5614225ae3bf02d0338b67b52717c7e6', '2017-10-10 10:52:23', '', '0000-00-00 00:00:00'),
(817, '3', 3, '00:00:00', '00:00:00', '1', '2017-11-10', '2017-11-12', 2, '1', '5614225ae3bf02d0338b67b52717c7e6', '2017-10-10 10:52:23', '', '0000-00-00 00:00:00'),
(818, '3', 3, '00:00:00', '00:00:00', '2', '2017-11-10', '2017-11-12', 2, '1', '5614225ae3bf02d0338b67b52717c7e6', '2017-10-10 10:52:23', '', '0000-00-00 00:00:00'),
(819, '3', 4, '00:00:00', '00:00:00', '1', '2017-11-10', '2017-11-12', 2, '1', '5614225ae3bf02d0338b67b52717c7e6', '2017-10-10 10:52:23', '', '0000-00-00 00:00:00'),
(820, '3', 4, '00:00:00', '00:00:00', '2', '2017-11-10', '2017-11-12', 2, '1', '5614225ae3bf02d0338b67b52717c7e6', '2017-10-10 10:52:23', '', '0000-00-00 00:00:00'),
(821, '3', 5, '00:00:00', '00:00:00', '1', '2017-11-10', '2017-11-12', 2, '1', '5614225ae3bf02d0338b67b52717c7e6', '2017-10-10 10:52:23', '', '0000-00-00 00:00:00'),
(822, '3', 5, '00:00:00', '00:00:00', '2', '2017-11-10', '2017-11-12', 2, '1', '5614225ae3bf02d0338b67b52717c7e6', '2017-10-10 10:52:23', '', '0000-00-00 00:00:00'),
(823, '3', 6, '00:00:00', '00:00:00', '1', '2017-11-10', '2017-11-12', 2, '1', '5614225ae3bf02d0338b67b52717c7e6', '2017-10-10 10:52:23', '', '0000-00-00 00:00:00'),
(824, '3', 6, '00:00:00', '00:00:00', '2', '2017-11-10', '2017-11-12', 2, '1', '5614225ae3bf02d0338b67b52717c7e6', '2017-10-10 10:52:23', '', '0000-00-00 00:00:00'),
(825, '3', 7, '00:00:00', '00:00:00', '1', '2017-11-10', '2017-11-12', 2, '1', '5614225ae3bf02d0338b67b52717c7e6', '2017-10-10 10:52:23', '', '0000-00-00 00:00:00'),
(826, '3', 7, '00:00:00', '00:00:00', '2', '2017-11-10', '2017-11-12', 2, '1', '5614225ae3bf02d0338b67b52717c7e6', '2017-10-10 10:52:23', '', '0000-00-00 00:00:00'),
(841, '2', 1, '00:00:00', '00:00:00', '1', '2018-01-26', '2018-01-26', 1, '1', '19b60062830b0ba9cb44b38c97ff5f9f', '2017-11-03 12:29:33', '', '0000-00-00 00:00:00'),
(842, '2', 1, '00:00:00', '00:00:00', '2', '2018-01-26', '2018-01-26', 1, '1', '19b60062830b0ba9cb44b38c97ff5f9f', '2017-11-03 12:29:33', '', '0000-00-00 00:00:00'),
(843, '2', 2, '00:00:00', '00:00:00', '1', '2018-01-26', '2018-01-26', 1, '1', '19b60062830b0ba9cb44b38c97ff5f9f', '2017-11-03 12:29:33', '', '0000-00-00 00:00:00'),
(844, '2', 2, '00:00:00', '00:00:00', '2', '2018-01-26', '2018-01-26', 1, '1', '19b60062830b0ba9cb44b38c97ff5f9f', '2017-11-03 12:29:33', '', '0000-00-00 00:00:00'),
(845, '2', 3, '00:00:00', '00:00:00', '1', '2018-01-26', '2018-01-26', 1, '1', '19b60062830b0ba9cb44b38c97ff5f9f', '2017-11-03 12:29:33', '', '0000-00-00 00:00:00'),
(846, '2', 3, '00:00:00', '00:00:00', '2', '2018-01-26', '2018-01-26', 1, '1', '19b60062830b0ba9cb44b38c97ff5f9f', '2017-11-03 12:29:33', '', '0000-00-00 00:00:00'),
(847, '2', 4, '00:00:00', '00:00:00', '1', '2018-01-26', '2018-01-26', 1, '1', '19b60062830b0ba9cb44b38c97ff5f9f', '2017-11-03 12:29:33', '', '0000-00-00 00:00:00'),
(848, '2', 4, '00:00:00', '00:00:00', '2', '2018-01-26', '2018-01-26', 1, '1', '19b60062830b0ba9cb44b38c97ff5f9f', '2017-11-03 12:29:33', '', '0000-00-00 00:00:00'),
(849, '2', 5, '00:00:00', '00:00:00', '1', '2018-01-26', '2018-01-26', 1, '1', '19b60062830b0ba9cb44b38c97ff5f9f', '2017-11-03 12:29:33', '', '0000-00-00 00:00:00'),
(850, '2', 5, '00:00:00', '00:00:00', '2', '2018-01-26', '2018-01-26', 1, '1', '19b60062830b0ba9cb44b38c97ff5f9f', '2017-11-03 12:29:33', '', '0000-00-00 00:00:00'),
(851, '2', 6, '00:00:00', '00:00:00', '1', '2018-01-26', '2018-01-26', 1, '1', '19b60062830b0ba9cb44b38c97ff5f9f', '2017-11-03 12:29:33', '', '0000-00-00 00:00:00'),
(852, '2', 6, '00:00:00', '00:00:00', '2', '2018-01-26', '2018-01-26', 1, '1', '19b60062830b0ba9cb44b38c97ff5f9f', '2017-11-03 12:29:33', '', '0000-00-00 00:00:00'),
(853, '2', 7, '00:00:00', '00:00:00', '1', '2018-01-26', '2018-01-26', 1, '1', '19b60062830b0ba9cb44b38c97ff5f9f', '2017-11-03 12:29:33', '', '0000-00-00 00:00:00'),
(854, '2', 7, '00:00:00', '00:00:00', '2', '2018-01-26', '2018-01-26', 1, '1', '19b60062830b0ba9cb44b38c97ff5f9f', '2017-11-03 12:29:33', '', '0000-00-00 00:00:00'),
(855, '2', 1, '00:00:00', '00:00:00', '1', '2018-01-26', '2018-01-26', 2, '1', '19b60062830b0ba9cb44b38c97ff5f9f', '2017-11-03 12:29:33', '', '0000-00-00 00:00:00'),
(856, '2', 1, '00:00:00', '00:00:00', '2', '2018-01-26', '2018-01-26', 2, '1', '19b60062830b0ba9cb44b38c97ff5f9f', '2017-11-03 12:29:33', '', '0000-00-00 00:00:00'),
(857, '2', 2, '00:00:00', '00:00:00', '1', '2018-01-26', '2018-01-26', 2, '1', '19b60062830b0ba9cb44b38c97ff5f9f', '2017-11-03 12:29:33', '', '0000-00-00 00:00:00'),
(858, '2', 2, '00:00:00', '00:00:00', '2', '2018-01-26', '2018-01-26', 2, '1', '19b60062830b0ba9cb44b38c97ff5f9f', '2017-11-03 12:29:33', '', '0000-00-00 00:00:00'),
(859, '2', 3, '00:00:00', '00:00:00', '1', '2018-01-26', '2018-01-26', 2, '1', '19b60062830b0ba9cb44b38c97ff5f9f', '2017-11-03 12:29:33', '', '0000-00-00 00:00:00'),
(860, '2', 3, '00:00:00', '00:00:00', '2', '2018-01-26', '2018-01-26', 2, '1', '19b60062830b0ba9cb44b38c97ff5f9f', '2017-11-03 12:29:33', '', '0000-00-00 00:00:00'),
(861, '2', 4, '00:00:00', '00:00:00', '1', '2018-01-26', '2018-01-26', 2, '1', '19b60062830b0ba9cb44b38c97ff5f9f', '2017-11-03 12:29:33', '', '0000-00-00 00:00:00'),
(862, '2', 4, '00:00:00', '00:00:00', '2', '2018-01-26', '2018-01-26', 2, '1', '19b60062830b0ba9cb44b38c97ff5f9f', '2017-11-03 12:29:33', '', '0000-00-00 00:00:00'),
(863, '2', 5, '00:00:00', '00:00:00', '1', '2018-01-26', '2018-01-26', 2, '1', '19b60062830b0ba9cb44b38c97ff5f9f', '2017-11-03 12:29:33', '', '0000-00-00 00:00:00'),
(864, '2', 5, '00:00:00', '00:00:00', '2', '2018-01-26', '2018-01-26', 2, '1', '19b60062830b0ba9cb44b38c97ff5f9f', '2017-11-03 12:29:33', '', '0000-00-00 00:00:00'),
(865, '2', 6, '00:00:00', '00:00:00', '1', '2018-01-26', '2018-01-26', 2, '1', '19b60062830b0ba9cb44b38c97ff5f9f', '2017-11-03 12:29:33', '', '0000-00-00 00:00:00'),
(866, '2', 6, '00:00:00', '00:00:00', '2', '2018-01-26', '2018-01-26', 2, '1', '19b60062830b0ba9cb44b38c97ff5f9f', '2017-11-03 12:29:33', '', '0000-00-00 00:00:00'),
(867, '2', 7, '00:00:00', '00:00:00', '1', '2018-01-26', '2018-01-26', 2, '1', '19b60062830b0ba9cb44b38c97ff5f9f', '2017-11-03 12:29:33', '', '0000-00-00 00:00:00'),
(868, '2', 7, '00:00:00', '00:00:00', '2', '2018-01-26', '2018-01-26', 2, '1', '19b60062830b0ba9cb44b38c97ff5f9f', '2017-11-03 12:29:33', '', '0000-00-00 00:00:00'),
(869, '2', 1, '00:00:00', '00:00:00', '1', '2018-01-26', '2018-01-26', 3, '1', '19b60062830b0ba9cb44b38c97ff5f9f', '2017-11-03 12:29:33', '', '0000-00-00 00:00:00'),
(870, '2', 1, '00:00:00', '00:00:00', '2', '2018-01-26', '2018-01-26', 3, '1', '19b60062830b0ba9cb44b38c97ff5f9f', '2017-11-03 12:29:33', '', '0000-00-00 00:00:00'),
(871, '2', 2, '00:00:00', '00:00:00', '1', '2018-01-26', '2018-01-26', 3, '1', '19b60062830b0ba9cb44b38c97ff5f9f', '2017-11-03 12:29:33', '', '0000-00-00 00:00:00'),
(872, '2', 2, '00:00:00', '00:00:00', '2', '2018-01-26', '2018-01-26', 3, '1', '19b60062830b0ba9cb44b38c97ff5f9f', '2017-11-03 12:29:33', '', '0000-00-00 00:00:00'),
(873, '2', 3, '00:00:00', '00:00:00', '1', '2018-01-26', '2018-01-26', 3, '1', '19b60062830b0ba9cb44b38c97ff5f9f', '2017-11-03 12:29:33', '', '0000-00-00 00:00:00'),
(874, '2', 3, '00:00:00', '00:00:00', '2', '2018-01-26', '2018-01-26', 3, '1', '19b60062830b0ba9cb44b38c97ff5f9f', '2017-11-03 12:29:33', '', '0000-00-00 00:00:00'),
(875, '2', 4, '00:00:00', '00:00:00', '1', '2018-01-26', '2018-01-26', 3, '1', '19b60062830b0ba9cb44b38c97ff5f9f', '2017-11-03 12:29:33', '', '0000-00-00 00:00:00'),
(876, '2', 4, '00:00:00', '00:00:00', '2', '2018-01-26', '2018-01-26', 3, '1', '19b60062830b0ba9cb44b38c97ff5f9f', '2017-11-03 12:29:33', '', '0000-00-00 00:00:00'),
(877, '2', 5, '00:00:00', '00:00:00', '1', '2018-01-26', '2018-01-26', 3, '1', '19b60062830b0ba9cb44b38c97ff5f9f', '2017-11-03 12:29:33', '', '0000-00-00 00:00:00'),
(878, '2', 5, '00:00:00', '00:00:00', '2', '2018-01-26', '2018-01-26', 3, '1', '19b60062830b0ba9cb44b38c97ff5f9f', '2017-11-03 12:29:33', '', '0000-00-00 00:00:00'),
(879, '2', 6, '00:00:00', '00:00:00', '1', '2018-01-26', '2018-01-26', 3, '1', '19b60062830b0ba9cb44b38c97ff5f9f', '2017-11-03 12:29:33', '', '0000-00-00 00:00:00'),
(880, '2', 6, '00:00:00', '00:00:00', '2', '2018-01-26', '2018-01-26', 3, '1', '19b60062830b0ba9cb44b38c97ff5f9f', '2017-11-03 12:29:33', '', '0000-00-00 00:00:00'),
(881, '2', 7, '00:00:00', '00:00:00', '1', '2018-01-26', '2018-01-26', 3, '1', '19b60062830b0ba9cb44b38c97ff5f9f', '2017-11-03 12:29:33', '', '0000-00-00 00:00:00'),
(882, '2', 7, '00:00:00', '00:00:00', '2', '2018-01-26', '2018-01-26', 3, '1', '19b60062830b0ba9cb44b38c97ff5f9f', '2017-11-03 12:29:33', '', '0000-00-00 00:00:00'),
(1135, '4', 1, '00:00:00', '00:00:00', '1', '2018-01-09', '2018-01-18', 1, '1', '6f4fc3109ecd067936aafcd10cd52231', '2018-01-10 12:35:44', '', '0000-00-00 00:00:00'),
(1136, '4', 1, '00:00:00', '00:00:00', '2', '2018-01-09', '2018-01-18', 1, '1', '6f4fc3109ecd067936aafcd10cd52231', '2018-01-10 12:35:44', '', '0000-00-00 00:00:00'),
(1137, '4', 2, '00:00:00', '00:00:00', '1', '2018-01-09', '2018-01-18', 1, '1', '6f4fc3109ecd067936aafcd10cd52231', '2018-01-10 12:35:44', '', '0000-00-00 00:00:00'),
(1138, '4', 2, '00:00:00', '00:00:00', '2', '2018-01-09', '2018-01-18', 1, '1', '6f4fc3109ecd067936aafcd10cd52231', '2018-01-10 12:35:44', '', '0000-00-00 00:00:00'),
(1139, '4', 3, '00:00:00', '00:00:00', '1', '2018-01-09', '2018-01-18', 1, '1', '6f4fc3109ecd067936aafcd10cd52231', '2018-01-10 12:35:44', '', '0000-00-00 00:00:00'),
(1140, '4', 3, '00:00:00', '00:00:00', '2', '2018-01-09', '2018-01-18', 1, '1', '6f4fc3109ecd067936aafcd10cd52231', '2018-01-10 12:35:44', '', '0000-00-00 00:00:00'),
(1141, '4', 4, '00:00:00', '00:00:00', '1', '2018-01-09', '2018-01-18', 1, '1', '6f4fc3109ecd067936aafcd10cd52231', '2018-01-10 12:35:44', '', '0000-00-00 00:00:00'),
(1142, '4', 4, '00:00:00', '00:00:00', '2', '2018-01-09', '2018-01-18', 1, '1', '6f4fc3109ecd067936aafcd10cd52231', '2018-01-10 12:35:44', '', '0000-00-00 00:00:00'),
(1143, '4', 5, '00:00:00', '00:00:00', '1', '2018-01-09', '2018-01-18', 1, '1', '6f4fc3109ecd067936aafcd10cd52231', '2018-01-10 12:35:44', '', '0000-00-00 00:00:00'),
(1144, '4', 5, '00:00:00', '00:00:00', '2', '2018-01-09', '2018-01-18', 1, '1', '6f4fc3109ecd067936aafcd10cd52231', '2018-01-10 12:35:44', '', '0000-00-00 00:00:00'),
(1145, '4', 6, '00:00:00', '00:00:00', '1', '2018-01-09', '2018-01-18', 1, '1', '6f4fc3109ecd067936aafcd10cd52231', '2018-01-10 12:35:44', '', '0000-00-00 00:00:00'),
(1146, '4', 6, '00:00:00', '00:00:00', '2', '2018-01-09', '2018-01-18', 1, '1', '6f4fc3109ecd067936aafcd10cd52231', '2018-01-10 12:35:44', '', '0000-00-00 00:00:00'),
(1147, '4', 7, '00:00:00', '00:00:00', '1', '2018-01-09', '2018-01-18', 1, '1', '6f4fc3109ecd067936aafcd10cd52231', '2018-01-10 12:35:44', '', '0000-00-00 00:00:00'),
(1148, '4', 7, '00:00:00', '00:00:00', '2', '2018-01-09', '2018-01-18', 1, '1', '6f4fc3109ecd067936aafcd10cd52231', '2018-01-10 12:35:44', '', '0000-00-00 00:00:00'),
(1149, '4', 1, '00:00:00', '00:00:00', '1', '2018-01-09', '2018-01-18', 2, '1', '6f4fc3109ecd067936aafcd10cd52231', '2018-01-10 12:35:44', '', '0000-00-00 00:00:00'),
(1150, '4', 1, '00:00:00', '00:00:00', '2', '2018-01-09', '2018-01-18', 2, '1', '6f4fc3109ecd067936aafcd10cd52231', '2018-01-10 12:35:44', '', '0000-00-00 00:00:00'),
(1151, '4', 2, '00:00:00', '00:00:00', '1', '2018-01-09', '2018-01-18', 2, '1', '6f4fc3109ecd067936aafcd10cd52231', '2018-01-10 12:35:44', '', '0000-00-00 00:00:00'),
(1152, '4', 2, '00:00:00', '00:00:00', '2', '2018-01-09', '2018-01-18', 2, '1', '6f4fc3109ecd067936aafcd10cd52231', '2018-01-10 12:35:44', '', '0000-00-00 00:00:00'),
(1153, '4', 3, '00:00:00', '00:00:00', '1', '2018-01-09', '2018-01-18', 2, '1', '6f4fc3109ecd067936aafcd10cd52231', '2018-01-10 12:35:44', '', '0000-00-00 00:00:00'),
(1154, '4', 3, '00:00:00', '00:00:00', '2', '2018-01-09', '2018-01-18', 2, '1', '6f4fc3109ecd067936aafcd10cd52231', '2018-01-10 12:35:44', '', '0000-00-00 00:00:00'),
(1155, '4', 4, '00:00:00', '00:00:00', '1', '2018-01-09', '2018-01-18', 2, '1', '6f4fc3109ecd067936aafcd10cd52231', '2018-01-10 12:35:44', '', '0000-00-00 00:00:00'),
(1156, '4', 4, '00:00:00', '00:00:00', '2', '2018-01-09', '2018-01-18', 2, '1', '6f4fc3109ecd067936aafcd10cd52231', '2018-01-10 12:35:44', '', '0000-00-00 00:00:00'),
(1157, '4', 5, '00:00:00', '00:00:00', '1', '2018-01-09', '2018-01-18', 2, '1', '6f4fc3109ecd067936aafcd10cd52231', '2018-01-10 12:35:44', '', '0000-00-00 00:00:00'),
(1158, '4', 5, '00:00:00', '00:00:00', '2', '2018-01-09', '2018-01-18', 2, '1', '6f4fc3109ecd067936aafcd10cd52231', '2018-01-10 12:35:44', '', '0000-00-00 00:00:00'),
(1159, '4', 6, '00:00:00', '00:00:00', '1', '2018-01-09', '2018-01-18', 2, '1', '6f4fc3109ecd067936aafcd10cd52231', '2018-01-10 12:35:44', '', '0000-00-00 00:00:00'),
(1160, '4', 6, '00:00:00', '00:00:00', '2', '2018-01-09', '2018-01-18', 2, '1', '6f4fc3109ecd067936aafcd10cd52231', '2018-01-10 12:35:44', '', '0000-00-00 00:00:00'),
(1161, '4', 7, '00:00:00', '00:00:00', '1', '2018-01-09', '2018-01-18', 2, '1', '6f4fc3109ecd067936aafcd10cd52231', '2018-01-10 12:35:44', '', '0000-00-00 00:00:00'),
(1162, '4', 7, '00:00:00', '00:00:00', '2', '2018-01-09', '2018-01-18', 2, '1', '6f4fc3109ecd067936aafcd10cd52231', '2018-01-10 12:35:44', '', '0000-00-00 00:00:00'),
(1163, '4', 1, '00:00:00', '00:00:00', '1', '2018-01-09', '2018-01-18', 3, '1', '6f4fc3109ecd067936aafcd10cd52231', '2018-01-10 12:35:44', '', '0000-00-00 00:00:00'),
(1164, '4', 1, '00:00:00', '00:00:00', '2', '2018-01-09', '2018-01-18', 3, '1', '6f4fc3109ecd067936aafcd10cd52231', '2018-01-10 12:35:44', '', '0000-00-00 00:00:00'),
(1165, '4', 2, '00:00:00', '00:00:00', '1', '2018-01-09', '2018-01-18', 3, '1', '6f4fc3109ecd067936aafcd10cd52231', '2018-01-10 12:35:44', '', '0000-00-00 00:00:00'),
(1166, '4', 2, '00:00:00', '00:00:00', '2', '2018-01-09', '2018-01-18', 3, '1', '6f4fc3109ecd067936aafcd10cd52231', '2018-01-10 12:35:44', '', '0000-00-00 00:00:00'),
(1167, '4', 3, '00:00:00', '00:00:00', '1', '2018-01-09', '2018-01-18', 3, '1', '6f4fc3109ecd067936aafcd10cd52231', '2018-01-10 12:35:44', '', '0000-00-00 00:00:00');
INSERT INTO `cl_doctor_schedule_adjustment` (`id`, `doctor_id`, `DayOfWeek`, `StartTime`, `EndTime`, `shift_id`, `dateFrom`, `dateTo`, `branch_id`, `status`, `created_by`, `creation_date`, `modified_by`, `modification_date`) VALUES
(1168, '4', 3, '00:00:00', '00:00:00', '2', '2018-01-09', '2018-01-18', 3, '1', '6f4fc3109ecd067936aafcd10cd52231', '2018-01-10 12:35:44', '', '0000-00-00 00:00:00'),
(1169, '4', 4, '00:00:00', '00:00:00', '1', '2018-01-09', '2018-01-18', 3, '1', '6f4fc3109ecd067936aafcd10cd52231', '2018-01-10 12:35:44', '', '0000-00-00 00:00:00'),
(1170, '4', 4, '00:00:00', '00:00:00', '2', '2018-01-09', '2018-01-18', 3, '1', '6f4fc3109ecd067936aafcd10cd52231', '2018-01-10 12:35:44', '', '0000-00-00 00:00:00'),
(1171, '4', 5, '00:00:00', '00:00:00', '1', '2018-01-09', '2018-01-18', 3, '1', '6f4fc3109ecd067936aafcd10cd52231', '2018-01-10 12:35:44', '', '0000-00-00 00:00:00'),
(1172, '4', 5, '00:00:00', '00:00:00', '2', '2018-01-09', '2018-01-18', 3, '1', '6f4fc3109ecd067936aafcd10cd52231', '2018-01-10 12:35:44', '', '0000-00-00 00:00:00'),
(1173, '4', 6, '00:00:00', '00:00:00', '1', '2018-01-09', '2018-01-18', 3, '1', '6f4fc3109ecd067936aafcd10cd52231', '2018-01-10 12:35:44', '', '0000-00-00 00:00:00'),
(1174, '4', 6, '00:00:00', '00:00:00', '2', '2018-01-09', '2018-01-18', 3, '1', '6f4fc3109ecd067936aafcd10cd52231', '2018-01-10 12:35:44', '', '0000-00-00 00:00:00'),
(1175, '4', 7, '00:00:00', '00:00:00', '1', '2018-01-09', '2018-01-18', 3, '1', '6f4fc3109ecd067936aafcd10cd52231', '2018-01-10 12:35:44', '', '0000-00-00 00:00:00'),
(1176, '4', 7, '00:00:00', '00:00:00', '2', '2018-01-09', '2018-01-18', 3, '1', '6f4fc3109ecd067936aafcd10cd52231', '2018-01-10 12:35:44', '', '0000-00-00 00:00:00'),
(1177, '3', 1, '00:00:00', '00:00:00', '1', '2018-02-04', '2018-02-07', 1, '1', 'fb604d0ef17012c78459a222c11b5f38', '2018-01-17 12:06:52', '', '0000-00-00 00:00:00'),
(1178, '3', 1, '00:00:00', '00:00:00', '2', '2018-02-04', '2018-02-07', 1, '1', 'fb604d0ef17012c78459a222c11b5f38', '2018-01-17 12:06:52', '', '0000-00-00 00:00:00'),
(1179, '3', 2, '00:00:00', '00:00:00', '1', '2018-02-04', '2018-02-07', 1, '1', 'fb604d0ef17012c78459a222c11b5f38', '2018-01-17 12:06:52', '', '0000-00-00 00:00:00'),
(1180, '3', 2, '00:00:00', '00:00:00', '2', '2018-02-04', '2018-02-07', 1, '1', 'fb604d0ef17012c78459a222c11b5f38', '2018-01-17 12:06:52', '', '0000-00-00 00:00:00'),
(1181, '3', 3, '00:00:00', '00:00:00', '1', '2018-02-04', '2018-02-07', 1, '1', 'fb604d0ef17012c78459a222c11b5f38', '2018-01-17 12:06:52', '', '0000-00-00 00:00:00'),
(1182, '3', 3, '00:00:00', '00:00:00', '2', '2018-02-04', '2018-02-07', 1, '1', 'fb604d0ef17012c78459a222c11b5f38', '2018-01-17 12:06:52', '', '0000-00-00 00:00:00'),
(1183, '3', 4, '00:00:00', '00:00:00', '1', '2018-02-04', '2018-02-07', 1, '1', 'fb604d0ef17012c78459a222c11b5f38', '2018-01-17 12:06:52', '', '0000-00-00 00:00:00'),
(1184, '3', 4, '00:00:00', '00:00:00', '2', '2018-02-04', '2018-02-07', 1, '1', 'fb604d0ef17012c78459a222c11b5f38', '2018-01-17 12:06:52', '', '0000-00-00 00:00:00'),
(1185, '3', 5, '00:00:00', '00:00:00', '1', '2018-02-04', '2018-02-07', 1, '1', 'fb604d0ef17012c78459a222c11b5f38', '2018-01-17 12:06:52', '', '0000-00-00 00:00:00'),
(1186, '3', 5, '00:00:00', '00:00:00', '2', '2018-02-04', '2018-02-07', 1, '1', 'fb604d0ef17012c78459a222c11b5f38', '2018-01-17 12:06:52', '', '0000-00-00 00:00:00'),
(1187, '3', 6, '00:00:00', '00:00:00', '1', '2018-02-04', '2018-02-07', 1, '1', 'fb604d0ef17012c78459a222c11b5f38', '2018-01-17 12:06:52', '', '0000-00-00 00:00:00'),
(1188, '3', 6, '00:00:00', '00:00:00', '2', '2018-02-04', '2018-02-07', 1, '1', 'fb604d0ef17012c78459a222c11b5f38', '2018-01-17 12:06:52', '', '0000-00-00 00:00:00'),
(1189, '3', 7, '00:00:00', '00:00:00', '1', '2018-02-04', '2018-02-07', 1, '1', 'fb604d0ef17012c78459a222c11b5f38', '2018-01-17 12:06:52', '', '0000-00-00 00:00:00'),
(1190, '3', 7, '00:00:00', '00:00:00', '2', '2018-02-04', '2018-02-07', 1, '1', 'fb604d0ef17012c78459a222c11b5f38', '2018-01-17 12:06:52', '', '0000-00-00 00:00:00'),
(1191, '3', 1, '00:00:00', '00:00:00', '1', '2018-02-04', '2018-02-07', 2, '1', 'fb604d0ef17012c78459a222c11b5f38', '2018-01-17 12:06:52', '', '0000-00-00 00:00:00'),
(1192, '3', 1, '00:00:00', '00:00:00', '2', '2018-02-04', '2018-02-07', 2, '1', 'fb604d0ef17012c78459a222c11b5f38', '2018-01-17 12:06:52', '', '0000-00-00 00:00:00'),
(1193, '3', 2, '00:00:00', '00:00:00', '1', '2018-02-04', '2018-02-07', 2, '1', 'fb604d0ef17012c78459a222c11b5f38', '2018-01-17 12:06:52', '', '0000-00-00 00:00:00'),
(1194, '3', 2, '00:00:00', '00:00:00', '2', '2018-02-04', '2018-02-07', 2, '1', 'fb604d0ef17012c78459a222c11b5f38', '2018-01-17 12:06:52', '', '0000-00-00 00:00:00'),
(1195, '3', 3, '00:00:00', '00:00:00', '1', '2018-02-04', '2018-02-07', 2, '1', 'fb604d0ef17012c78459a222c11b5f38', '2018-01-17 12:06:52', '', '0000-00-00 00:00:00'),
(1196, '3', 3, '00:00:00', '00:00:00', '2', '2018-02-04', '2018-02-07', 2, '1', 'fb604d0ef17012c78459a222c11b5f38', '2018-01-17 12:06:52', '', '0000-00-00 00:00:00'),
(1197, '3', 4, '00:00:00', '00:00:00', '1', '2018-02-04', '2018-02-07', 2, '1', 'fb604d0ef17012c78459a222c11b5f38', '2018-01-17 12:06:52', '', '0000-00-00 00:00:00'),
(1198, '3', 4, '00:00:00', '00:00:00', '2', '2018-02-04', '2018-02-07', 2, '1', 'fb604d0ef17012c78459a222c11b5f38', '2018-01-17 12:06:52', '', '0000-00-00 00:00:00'),
(1199, '3', 5, '00:00:00', '00:00:00', '1', '2018-02-04', '2018-02-07', 2, '1', 'fb604d0ef17012c78459a222c11b5f38', '2018-01-17 12:06:52', '', '0000-00-00 00:00:00'),
(1200, '3', 5, '00:00:00', '00:00:00', '2', '2018-02-04', '2018-02-07', 2, '1', 'fb604d0ef17012c78459a222c11b5f38', '2018-01-17 12:06:52', '', '0000-00-00 00:00:00'),
(1201, '3', 6, '00:00:00', '00:00:00', '1', '2018-02-04', '2018-02-07', 2, '1', 'fb604d0ef17012c78459a222c11b5f38', '2018-01-17 12:06:52', '', '0000-00-00 00:00:00'),
(1202, '3', 6, '00:00:00', '00:00:00', '2', '2018-02-04', '2018-02-07', 2, '1', 'fb604d0ef17012c78459a222c11b5f38', '2018-01-17 12:06:52', '', '0000-00-00 00:00:00'),
(1203, '3', 7, '00:00:00', '00:00:00', '1', '2018-02-04', '2018-02-07', 2, '1', 'fb604d0ef17012c78459a222c11b5f38', '2018-01-17 12:06:52', '', '0000-00-00 00:00:00'),
(1204, '3', 7, '00:00:00', '00:00:00', '2', '2018-02-04', '2018-02-07', 2, '1', 'fb604d0ef17012c78459a222c11b5f38', '2018-01-17 12:06:52', '', '0000-00-00 00:00:00'),
(1219, '3', 1, '00:00:00', '00:00:00', '1', '2018-05-09', '2018-05-26', 1, '1', 'b447af15767b71c5338873c86eaf5fc0', '2018-03-03 04:30:30', '', '0000-00-00 00:00:00'),
(1220, '3', 1, '00:00:00', '00:00:00', '2', '2018-05-09', '2018-05-26', 1, '1', 'b447af15767b71c5338873c86eaf5fc0', '2018-03-03 04:30:30', '', '0000-00-00 00:00:00'),
(1221, '3', 2, '00:00:00', '00:00:00', '1', '2018-05-09', '2018-05-26', 1, '1', 'b447af15767b71c5338873c86eaf5fc0', '2018-03-03 04:30:30', '', '0000-00-00 00:00:00'),
(1222, '3', 2, '00:00:00', '00:00:00', '2', '2018-05-09', '2018-05-26', 1, '1', 'b447af15767b71c5338873c86eaf5fc0', '2018-03-03 04:30:30', '', '0000-00-00 00:00:00'),
(1223, '3', 3, '00:00:00', '00:00:00', '1', '2018-05-09', '2018-05-26', 1, '1', 'b447af15767b71c5338873c86eaf5fc0', '2018-03-03 04:30:30', '', '0000-00-00 00:00:00'),
(1224, '3', 3, '00:00:00', '00:00:00', '2', '2018-05-09', '2018-05-26', 1, '1', 'b447af15767b71c5338873c86eaf5fc0', '2018-03-03 04:30:30', '', '0000-00-00 00:00:00'),
(1225, '3', 4, '00:00:00', '00:00:00', '1', '2018-05-09', '2018-05-26', 1, '1', 'b447af15767b71c5338873c86eaf5fc0', '2018-03-03 04:30:30', '', '0000-00-00 00:00:00'),
(1226, '3', 4, '00:00:00', '00:00:00', '2', '2018-05-09', '2018-05-26', 1, '1', 'b447af15767b71c5338873c86eaf5fc0', '2018-03-03 04:30:30', '', '0000-00-00 00:00:00'),
(1227, '3', 5, '00:00:00', '00:00:00', '1', '2018-05-09', '2018-05-26', 1, '1', 'b447af15767b71c5338873c86eaf5fc0', '2018-03-03 04:30:30', '', '0000-00-00 00:00:00'),
(1228, '3', 5, '00:00:00', '00:00:00', '2', '2018-05-09', '2018-05-26', 1, '1', 'b447af15767b71c5338873c86eaf5fc0', '2018-03-03 04:30:30', '', '0000-00-00 00:00:00'),
(1229, '3', 6, '00:00:00', '00:00:00', '1', '2018-05-09', '2018-05-26', 1, '1', 'b447af15767b71c5338873c86eaf5fc0', '2018-03-03 04:30:30', '', '0000-00-00 00:00:00'),
(1230, '3', 6, '00:00:00', '00:00:00', '2', '2018-05-09', '2018-05-26', 1, '1', 'b447af15767b71c5338873c86eaf5fc0', '2018-03-03 04:30:30', '', '0000-00-00 00:00:00'),
(1231, '3', 7, '00:00:00', '00:00:00', '1', '2018-05-09', '2018-05-26', 1, '1', 'b447af15767b71c5338873c86eaf5fc0', '2018-03-03 04:30:30', '', '0000-00-00 00:00:00'),
(1232, '3', 7, '00:00:00', '00:00:00', '2', '2018-05-09', '2018-05-26', 1, '1', 'b447af15767b71c5338873c86eaf5fc0', '2018-03-03 04:30:30', '', '0000-00-00 00:00:00'),
(1233, '3', 1, '00:00:00', '00:00:00', '1', '2018-05-09', '2018-05-26', 2, '1', 'b447af15767b71c5338873c86eaf5fc0', '2018-03-03 04:30:30', '', '0000-00-00 00:00:00'),
(1234, '3', 1, '00:00:00', '00:00:00', '2', '2018-05-09', '2018-05-26', 2, '1', 'b447af15767b71c5338873c86eaf5fc0', '2018-03-03 04:30:30', '', '0000-00-00 00:00:00'),
(1235, '3', 2, '00:00:00', '00:00:00', '1', '2018-05-09', '2018-05-26', 2, '1', 'b447af15767b71c5338873c86eaf5fc0', '2018-03-03 04:30:30', '', '0000-00-00 00:00:00'),
(1236, '3', 2, '00:00:00', '00:00:00', '2', '2018-05-09', '2018-05-26', 2, '1', 'b447af15767b71c5338873c86eaf5fc0', '2018-03-03 04:30:30', '', '0000-00-00 00:00:00'),
(1237, '3', 3, '00:00:00', '00:00:00', '1', '2018-05-09', '2018-05-26', 2, '1', 'b447af15767b71c5338873c86eaf5fc0', '2018-03-03 04:30:30', '', '0000-00-00 00:00:00'),
(1238, '3', 3, '00:00:00', '00:00:00', '2', '2018-05-09', '2018-05-26', 2, '1', 'b447af15767b71c5338873c86eaf5fc0', '2018-03-03 04:30:30', '', '0000-00-00 00:00:00'),
(1239, '3', 4, '00:00:00', '00:00:00', '1', '2018-05-09', '2018-05-26', 2, '1', 'b447af15767b71c5338873c86eaf5fc0', '2018-03-03 04:30:30', '', '0000-00-00 00:00:00'),
(1240, '3', 4, '00:00:00', '00:00:00', '2', '2018-05-09', '2018-05-26', 2, '1', 'b447af15767b71c5338873c86eaf5fc0', '2018-03-03 04:30:30', '', '0000-00-00 00:00:00'),
(1241, '3', 5, '00:00:00', '00:00:00', '1', '2018-05-09', '2018-05-26', 2, '1', 'b447af15767b71c5338873c86eaf5fc0', '2018-03-03 04:30:30', '', '0000-00-00 00:00:00'),
(1242, '3', 5, '00:00:00', '00:00:00', '2', '2018-05-09', '2018-05-26', 2, '1', 'b447af15767b71c5338873c86eaf5fc0', '2018-03-03 04:30:30', '', '0000-00-00 00:00:00'),
(1243, '3', 6, '00:00:00', '00:00:00', '1', '2018-05-09', '2018-05-26', 2, '1', 'b447af15767b71c5338873c86eaf5fc0', '2018-03-03 04:30:30', '', '0000-00-00 00:00:00'),
(1244, '3', 6, '00:00:00', '00:00:00', '2', '2018-05-09', '2018-05-26', 2, '1', 'b447af15767b71c5338873c86eaf5fc0', '2018-03-03 04:30:30', '', '0000-00-00 00:00:00'),
(1245, '3', 7, '00:00:00', '00:00:00', '1', '2018-05-09', '2018-05-26', 2, '1', 'b447af15767b71c5338873c86eaf5fc0', '2018-03-03 04:30:30', '', '0000-00-00 00:00:00'),
(1246, '3', 7, '00:00:00', '00:00:00', '2', '2018-05-09', '2018-05-26', 2, '1', 'b447af15767b71c5338873c86eaf5fc0', '2018-03-03 04:30:30', '', '0000-00-00 00:00:00'),
(1261, '3', 1, '00:00:00', '00:00:00', '1', '2018-03-14', '2018-03-14', 1, '1', 'b447af15767b71c5338873c86eaf5fc0', '2018-03-03 04:32:16', '', '0000-00-00 00:00:00'),
(1262, '3', 1, '00:00:00', '00:00:00', '2', '2018-03-14', '2018-03-14', 1, '1', 'b447af15767b71c5338873c86eaf5fc0', '2018-03-03 04:32:16', '', '0000-00-00 00:00:00'),
(1263, '3', 2, '00:00:00', '00:00:00', '1', '2018-03-14', '2018-03-14', 1, '1', 'b447af15767b71c5338873c86eaf5fc0', '2018-03-03 04:32:16', '', '0000-00-00 00:00:00'),
(1264, '3', 2, '00:00:00', '00:00:00', '2', '2018-03-14', '2018-03-14', 1, '1', 'b447af15767b71c5338873c86eaf5fc0', '2018-03-03 04:32:16', '', '0000-00-00 00:00:00'),
(1265, '3', 3, '00:00:00', '00:00:00', '1', '2018-03-14', '2018-03-14', 1, '1', 'b447af15767b71c5338873c86eaf5fc0', '2018-03-03 04:32:16', '', '0000-00-00 00:00:00'),
(1266, '3', 3, '00:00:00', '00:00:00', '2', '2018-03-14', '2018-03-14', 1, '1', 'b447af15767b71c5338873c86eaf5fc0', '2018-03-03 04:32:16', '', '0000-00-00 00:00:00'),
(1267, '3', 4, '00:00:00', '00:00:00', '1', '2018-03-14', '2018-03-14', 1, '1', 'b447af15767b71c5338873c86eaf5fc0', '2018-03-03 04:32:16', '', '0000-00-00 00:00:00'),
(1268, '3', 4, '00:00:00', '00:00:00', '2', '2018-03-14', '2018-03-14', 1, '1', 'b447af15767b71c5338873c86eaf5fc0', '2018-03-03 04:32:16', '', '0000-00-00 00:00:00'),
(1269, '3', 5, '00:00:00', '00:00:00', '1', '2018-03-14', '2018-03-14', 1, '1', 'b447af15767b71c5338873c86eaf5fc0', '2018-03-03 04:32:16', '', '0000-00-00 00:00:00'),
(1270, '3', 5, '00:00:00', '00:00:00', '2', '2018-03-14', '2018-03-14', 1, '1', 'b447af15767b71c5338873c86eaf5fc0', '2018-03-03 04:32:16', '', '0000-00-00 00:00:00'),
(1271, '3', 6, '00:00:00', '00:00:00', '1', '2018-03-14', '2018-03-14', 1, '1', 'b447af15767b71c5338873c86eaf5fc0', '2018-03-03 04:32:16', '', '0000-00-00 00:00:00'),
(1272, '3', 6, '00:00:00', '00:00:00', '2', '2018-03-14', '2018-03-14', 1, '1', 'b447af15767b71c5338873c86eaf5fc0', '2018-03-03 04:32:16', '', '0000-00-00 00:00:00'),
(1273, '3', 7, '00:00:00', '00:00:00', '1', '2018-03-14', '2018-03-14', 1, '1', 'b447af15767b71c5338873c86eaf5fc0', '2018-03-03 04:32:16', '', '0000-00-00 00:00:00'),
(1274, '3', 7, '00:00:00', '00:00:00', '2', '2018-03-14', '2018-03-14', 1, '1', 'b447af15767b71c5338873c86eaf5fc0', '2018-03-03 04:32:16', '', '0000-00-00 00:00:00'),
(1275, '3', 1, '00:00:00', '00:00:00', '1', '2018-03-14', '2018-03-14', 2, '1', 'b447af15767b71c5338873c86eaf5fc0', '2018-03-03 04:32:16', '', '0000-00-00 00:00:00'),
(1276, '3', 1, '00:00:00', '00:00:00', '2', '2018-03-14', '2018-03-14', 2, '1', 'b447af15767b71c5338873c86eaf5fc0', '2018-03-03 04:32:16', '', '0000-00-00 00:00:00'),
(1277, '3', 2, '00:00:00', '00:00:00', '1', '2018-03-14', '2018-03-14', 2, '1', 'b447af15767b71c5338873c86eaf5fc0', '2018-03-03 04:32:16', '', '0000-00-00 00:00:00'),
(1278, '3', 2, '00:00:00', '00:00:00', '2', '2018-03-14', '2018-03-14', 2, '1', 'b447af15767b71c5338873c86eaf5fc0', '2018-03-03 04:32:16', '', '0000-00-00 00:00:00'),
(1279, '3', 3, '00:00:00', '00:00:00', '1', '2018-03-14', '2018-03-14', 2, '1', 'b447af15767b71c5338873c86eaf5fc0', '2018-03-03 04:32:16', '', '0000-00-00 00:00:00'),
(1280, '3', 3, '00:00:00', '00:00:00', '2', '2018-03-14', '2018-03-14', 2, '1', 'b447af15767b71c5338873c86eaf5fc0', '2018-03-03 04:32:16', '', '0000-00-00 00:00:00'),
(1281, '3', 4, '00:00:00', '00:00:00', '1', '2018-03-14', '2018-03-14', 2, '1', 'b447af15767b71c5338873c86eaf5fc0', '2018-03-03 04:32:16', '', '0000-00-00 00:00:00'),
(1282, '3', 4, '00:00:00', '00:00:00', '2', '2018-03-14', '2018-03-14', 2, '1', 'b447af15767b71c5338873c86eaf5fc0', '2018-03-03 04:32:16', '', '0000-00-00 00:00:00'),
(1283, '3', 5, '00:00:00', '00:00:00', '1', '2018-03-14', '2018-03-14', 2, '1', 'b447af15767b71c5338873c86eaf5fc0', '2018-03-03 04:32:17', '', '0000-00-00 00:00:00'),
(1284, '3', 5, '00:00:00', '00:00:00', '2', '2018-03-14', '2018-03-14', 2, '1', 'b447af15767b71c5338873c86eaf5fc0', '2018-03-03 04:32:17', '', '0000-00-00 00:00:00'),
(1285, '3', 6, '00:00:00', '00:00:00', '1', '2018-03-14', '2018-03-14', 2, '1', 'b447af15767b71c5338873c86eaf5fc0', '2018-03-03 04:32:17', '', '0000-00-00 00:00:00'),
(1286, '3', 6, '00:00:00', '00:00:00', '2', '2018-03-14', '2018-03-14', 2, '1', 'b447af15767b71c5338873c86eaf5fc0', '2018-03-03 04:32:17', '', '0000-00-00 00:00:00'),
(1287, '3', 7, '00:00:00', '00:00:00', '1', '2018-03-14', '2018-03-14', 2, '1', 'b447af15767b71c5338873c86eaf5fc0', '2018-03-03 04:32:17', '', '0000-00-00 00:00:00'),
(1288, '3', 7, '00:00:00', '00:00:00', '2', '2018-03-14', '2018-03-14', 2, '1', 'b447af15767b71c5338873c86eaf5fc0', '2018-03-03 04:32:17', '', '0000-00-00 00:00:00'),
(1303, '3', 1, '00:00:00', '00:00:00', '1', '2018-05-27', '2018-05-27', 1, '1', 'ea83c2d2d1ef033a81abfcbb7a63d988', '2018-03-09 10:39:48', '', '0000-00-00 00:00:00'),
(1304, '3', 1, '00:00:00', '00:00:00', '2', '2018-05-27', '2018-05-27', 1, '1', 'ea83c2d2d1ef033a81abfcbb7a63d988', '2018-03-09 10:39:48', '', '0000-00-00 00:00:00'),
(1305, '3', 2, '00:00:00', '00:00:00', '1', '2018-05-27', '2018-05-27', 1, '1', 'ea83c2d2d1ef033a81abfcbb7a63d988', '2018-03-09 10:39:48', '', '0000-00-00 00:00:00'),
(1306, '3', 2, '00:00:00', '00:00:00', '2', '2018-05-27', '2018-05-27', 1, '1', 'ea83c2d2d1ef033a81abfcbb7a63d988', '2018-03-09 10:39:48', '', '0000-00-00 00:00:00'),
(1307, '3', 3, '00:00:00', '00:00:00', '1', '2018-05-27', '2018-05-27', 1, '1', 'ea83c2d2d1ef033a81abfcbb7a63d988', '2018-03-09 10:39:48', '', '0000-00-00 00:00:00'),
(1308, '3', 3, '00:00:00', '00:00:00', '2', '2018-05-27', '2018-05-27', 1, '1', 'ea83c2d2d1ef033a81abfcbb7a63d988', '2018-03-09 10:39:48', '', '0000-00-00 00:00:00'),
(1309, '3', 4, '00:00:00', '00:00:00', '1', '2018-05-27', '2018-05-27', 1, '1', 'ea83c2d2d1ef033a81abfcbb7a63d988', '2018-03-09 10:39:48', '', '0000-00-00 00:00:00'),
(1310, '3', 4, '00:00:00', '00:00:00', '2', '2018-05-27', '2018-05-27', 1, '1', 'ea83c2d2d1ef033a81abfcbb7a63d988', '2018-03-09 10:39:48', '', '0000-00-00 00:00:00'),
(1311, '3', 5, '00:00:00', '00:00:00', '1', '2018-05-27', '2018-05-27', 1, '1', 'ea83c2d2d1ef033a81abfcbb7a63d988', '2018-03-09 10:39:48', '', '0000-00-00 00:00:00'),
(1312, '3', 5, '00:00:00', '00:00:00', '2', '2018-05-27', '2018-05-27', 1, '1', 'ea83c2d2d1ef033a81abfcbb7a63d988', '2018-03-09 10:39:48', '', '0000-00-00 00:00:00'),
(1313, '3', 6, '00:00:00', '00:00:00', '1', '2018-05-27', '2018-05-27', 1, '1', 'ea83c2d2d1ef033a81abfcbb7a63d988', '2018-03-09 10:39:48', '', '0000-00-00 00:00:00'),
(1314, '3', 6, '00:00:00', '00:00:00', '2', '2018-05-27', '2018-05-27', 1, '1', 'ea83c2d2d1ef033a81abfcbb7a63d988', '2018-03-09 10:39:48', '', '0000-00-00 00:00:00'),
(1315, '3', 7, '00:00:00', '00:00:00', '1', '2018-05-27', '2018-05-27', 1, '1', 'ea83c2d2d1ef033a81abfcbb7a63d988', '2018-03-09 10:39:48', '', '0000-00-00 00:00:00'),
(1316, '3', 7, '00:00:00', '00:00:00', '2', '2018-05-27', '2018-05-27', 1, '1', 'ea83c2d2d1ef033a81abfcbb7a63d988', '2018-03-09 10:39:48', '', '0000-00-00 00:00:00'),
(1317, '3', 1, '00:00:00', '00:00:00', '1', '2018-05-27', '2018-05-27', 2, '1', 'ea83c2d2d1ef033a81abfcbb7a63d988', '2018-03-09 10:39:48', '', '0000-00-00 00:00:00'),
(1318, '3', 1, '00:00:00', '00:00:00', '2', '2018-05-27', '2018-05-27', 2, '1', 'ea83c2d2d1ef033a81abfcbb7a63d988', '2018-03-09 10:39:48', '', '0000-00-00 00:00:00'),
(1319, '3', 2, '00:00:00', '00:00:00', '1', '2018-05-27', '2018-05-27', 2, '1', 'ea83c2d2d1ef033a81abfcbb7a63d988', '2018-03-09 10:39:48', '', '0000-00-00 00:00:00'),
(1320, '3', 2, '00:00:00', '00:00:00', '2', '2018-05-27', '2018-05-27', 2, '1', 'ea83c2d2d1ef033a81abfcbb7a63d988', '2018-03-09 10:39:48', '', '0000-00-00 00:00:00'),
(1321, '3', 3, '00:00:00', '00:00:00', '1', '2018-05-27', '2018-05-27', 2, '1', 'ea83c2d2d1ef033a81abfcbb7a63d988', '2018-03-09 10:39:48', '', '0000-00-00 00:00:00'),
(1322, '3', 3, '00:00:00', '00:00:00', '2', '2018-05-27', '2018-05-27', 2, '1', 'ea83c2d2d1ef033a81abfcbb7a63d988', '2018-03-09 10:39:48', '', '0000-00-00 00:00:00'),
(1323, '3', 4, '00:00:00', '00:00:00', '1', '2018-05-27', '2018-05-27', 2, '1', 'ea83c2d2d1ef033a81abfcbb7a63d988', '2018-03-09 10:39:48', '', '0000-00-00 00:00:00'),
(1324, '3', 4, '00:00:00', '00:00:00', '2', '2018-05-27', '2018-05-27', 2, '1', 'ea83c2d2d1ef033a81abfcbb7a63d988', '2018-03-09 10:39:48', '', '0000-00-00 00:00:00'),
(1325, '3', 5, '00:00:00', '00:00:00', '1', '2018-05-27', '2018-05-27', 2, '1', 'ea83c2d2d1ef033a81abfcbb7a63d988', '2018-03-09 10:39:48', '', '0000-00-00 00:00:00'),
(1326, '3', 5, '00:00:00', '00:00:00', '2', '2018-05-27', '2018-05-27', 2, '1', 'ea83c2d2d1ef033a81abfcbb7a63d988', '2018-03-09 10:39:48', '', '0000-00-00 00:00:00'),
(1327, '3', 6, '00:00:00', '00:00:00', '1', '2018-05-27', '2018-05-27', 2, '1', 'ea83c2d2d1ef033a81abfcbb7a63d988', '2018-03-09 10:39:48', '', '0000-00-00 00:00:00'),
(1328, '3', 6, '00:00:00', '00:00:00', '2', '2018-05-27', '2018-05-27', 2, '1', 'ea83c2d2d1ef033a81abfcbb7a63d988', '2018-03-09 10:39:48', '', '0000-00-00 00:00:00'),
(1329, '3', 7, '00:00:00', '00:00:00', '1', '2018-05-27', '2018-05-27', 2, '1', 'ea83c2d2d1ef033a81abfcbb7a63d988', '2018-03-09 10:39:48', '', '0000-00-00 00:00:00'),
(1330, '3', 7, '00:00:00', '00:00:00', '2', '2018-05-27', '2018-05-27', 2, '1', 'ea83c2d2d1ef033a81abfcbb7a63d988', '2018-03-09 10:39:48', '', '0000-00-00 00:00:00'),
(1681, '2', 1, '00:00:00', '00:00:00', '1', '2018-10-16', '2018-10-19', 1, '1', '5e820686742676ad2ba82df8c32a3dd2', '2018-07-25 05:31:18', '', '0000-00-00 00:00:00'),
(1682, '2', 1, '00:00:00', '00:00:00', '2', '2018-10-16', '2018-10-19', 1, '1', '5e820686742676ad2ba82df8c32a3dd2', '2018-07-25 05:31:18', '', '0000-00-00 00:00:00'),
(1683, '2', 2, '00:00:00', '00:00:00', '1', '2018-10-16', '2018-10-19', 1, '1', '5e820686742676ad2ba82df8c32a3dd2', '2018-07-25 05:31:18', '', '0000-00-00 00:00:00'),
(1684, '2', 2, '00:00:00', '00:00:00', '2', '2018-10-16', '2018-10-19', 1, '1', '5e820686742676ad2ba82df8c32a3dd2', '2018-07-25 05:31:18', '', '0000-00-00 00:00:00'),
(1685, '2', 3, '00:00:00', '00:00:00', '1', '2018-10-16', '2018-10-19', 1, '1', '5e820686742676ad2ba82df8c32a3dd2', '2018-07-25 05:31:18', '', '0000-00-00 00:00:00'),
(1686, '2', 3, '00:00:00', '00:00:00', '2', '2018-10-16', '2018-10-19', 1, '1', '5e820686742676ad2ba82df8c32a3dd2', '2018-07-25 05:31:18', '', '0000-00-00 00:00:00'),
(1687, '2', 4, '00:00:00', '00:00:00', '1', '2018-10-16', '2018-10-19', 1, '1', '5e820686742676ad2ba82df8c32a3dd2', '2018-07-25 05:31:18', '', '0000-00-00 00:00:00'),
(1688, '2', 4, '00:00:00', '00:00:00', '2', '2018-10-16', '2018-10-19', 1, '1', '5e820686742676ad2ba82df8c32a3dd2', '2018-07-25 05:31:18', '', '0000-00-00 00:00:00'),
(1689, '2', 5, '00:00:00', '00:00:00', '1', '2018-10-16', '2018-10-19', 1, '1', '5e820686742676ad2ba82df8c32a3dd2', '2018-07-25 05:31:18', '', '0000-00-00 00:00:00'),
(1690, '2', 5, '00:00:00', '00:00:00', '2', '2018-10-16', '2018-10-19', 1, '1', '5e820686742676ad2ba82df8c32a3dd2', '2018-07-25 05:31:18', '', '0000-00-00 00:00:00'),
(1691, '2', 6, '00:00:00', '00:00:00', '1', '2018-10-16', '2018-10-19', 1, '1', '5e820686742676ad2ba82df8c32a3dd2', '2018-07-25 05:31:18', '', '0000-00-00 00:00:00'),
(1692, '2', 6, '00:00:00', '00:00:00', '2', '2018-10-16', '2018-10-19', 1, '1', '5e820686742676ad2ba82df8c32a3dd2', '2018-07-25 05:31:18', '', '0000-00-00 00:00:00'),
(1693, '2', 7, '00:00:00', '00:00:00', '1', '2018-10-16', '2018-10-19', 1, '1', '5e820686742676ad2ba82df8c32a3dd2', '2018-07-25 05:31:18', '', '0000-00-00 00:00:00'),
(1694, '2', 7, '00:00:00', '00:00:00', '2', '2018-10-16', '2018-10-19', 1, '1', '5e820686742676ad2ba82df8c32a3dd2', '2018-07-25 05:31:18', '', '0000-00-00 00:00:00'),
(1695, '2', 1, '00:00:00', '00:00:00', '1', '2018-10-16', '2018-10-19', 2, '1', '5e820686742676ad2ba82df8c32a3dd2', '2018-07-25 05:31:18', '', '0000-00-00 00:00:00'),
(1696, '2', 1, '00:00:00', '00:00:00', '2', '2018-10-16', '2018-10-19', 2, '1', '5e820686742676ad2ba82df8c32a3dd2', '2018-07-25 05:31:18', '', '0000-00-00 00:00:00'),
(1697, '2', 2, '00:00:00', '00:00:00', '1', '2018-10-16', '2018-10-19', 2, '1', '5e820686742676ad2ba82df8c32a3dd2', '2018-07-25 05:31:18', '', '0000-00-00 00:00:00'),
(1698, '2', 2, '00:00:00', '00:00:00', '2', '2018-10-16', '2018-10-19', 2, '1', '5e820686742676ad2ba82df8c32a3dd2', '2018-07-25 05:31:18', '', '0000-00-00 00:00:00'),
(1699, '2', 3, '00:00:00', '00:00:00', '1', '2018-10-16', '2018-10-19', 2, '1', '5e820686742676ad2ba82df8c32a3dd2', '2018-07-25 05:31:18', '', '0000-00-00 00:00:00'),
(1700, '2', 3, '00:00:00', '00:00:00', '2', '2018-10-16', '2018-10-19', 2, '1', '5e820686742676ad2ba82df8c32a3dd2', '2018-07-25 05:31:18', '', '0000-00-00 00:00:00'),
(1701, '2', 4, '00:00:00', '00:00:00', '1', '2018-10-16', '2018-10-19', 2, '1', '5e820686742676ad2ba82df8c32a3dd2', '2018-07-25 05:31:18', '', '0000-00-00 00:00:00'),
(1702, '2', 4, '00:00:00', '00:00:00', '2', '2018-10-16', '2018-10-19', 2, '1', '5e820686742676ad2ba82df8c32a3dd2', '2018-07-25 05:31:18', '', '0000-00-00 00:00:00'),
(1703, '2', 5, '00:00:00', '00:00:00', '1', '2018-10-16', '2018-10-19', 2, '1', '5e820686742676ad2ba82df8c32a3dd2', '2018-07-25 05:31:18', '', '0000-00-00 00:00:00'),
(1704, '2', 5, '00:00:00', '00:00:00', '2', '2018-10-16', '2018-10-19', 2, '1', '5e820686742676ad2ba82df8c32a3dd2', '2018-07-25 05:31:18', '', '0000-00-00 00:00:00'),
(1705, '2', 6, '00:00:00', '00:00:00', '1', '2018-10-16', '2018-10-19', 2, '1', '5e820686742676ad2ba82df8c32a3dd2', '2018-07-25 05:31:18', '', '0000-00-00 00:00:00'),
(1706, '2', 6, '00:00:00', '00:00:00', '2', '2018-10-16', '2018-10-19', 2, '1', '5e820686742676ad2ba82df8c32a3dd2', '2018-07-25 05:31:18', '', '0000-00-00 00:00:00'),
(1707, '2', 7, '00:00:00', '00:00:00', '1', '2018-10-16', '2018-10-19', 2, '1', '5e820686742676ad2ba82df8c32a3dd2', '2018-07-25 05:31:18', '', '0000-00-00 00:00:00'),
(1708, '2', 7, '00:00:00', '00:00:00', '2', '2018-10-16', '2018-10-19', 2, '1', '5e820686742676ad2ba82df8c32a3dd2', '2018-07-25 05:31:18', '', '0000-00-00 00:00:00'),
(1709, '2', 1, '00:00:00', '00:00:00', '1', '2018-10-16', '2018-10-19', 3, '1', '5e820686742676ad2ba82df8c32a3dd2', '2018-07-25 05:31:18', '', '0000-00-00 00:00:00'),
(1710, '2', 1, '00:00:00', '00:00:00', '2', '2018-10-16', '2018-10-19', 3, '1', '5e820686742676ad2ba82df8c32a3dd2', '2018-07-25 05:31:18', '', '0000-00-00 00:00:00'),
(1711, '2', 2, '00:00:00', '00:00:00', '1', '2018-10-16', '2018-10-19', 3, '1', '5e820686742676ad2ba82df8c32a3dd2', '2018-07-25 05:31:18', '', '0000-00-00 00:00:00'),
(1712, '2', 2, '00:00:00', '00:00:00', '2', '2018-10-16', '2018-10-19', 3, '1', '5e820686742676ad2ba82df8c32a3dd2', '2018-07-25 05:31:18', '', '0000-00-00 00:00:00'),
(1713, '2', 3, '00:00:00', '00:00:00', '1', '2018-10-16', '2018-10-19', 3, '1', '5e820686742676ad2ba82df8c32a3dd2', '2018-07-25 05:31:18', '', '0000-00-00 00:00:00'),
(1714, '2', 3, '00:00:00', '00:00:00', '2', '2018-10-16', '2018-10-19', 3, '1', '5e820686742676ad2ba82df8c32a3dd2', '2018-07-25 05:31:18', '', '0000-00-00 00:00:00'),
(1715, '2', 4, '00:00:00', '00:00:00', '1', '2018-10-16', '2018-10-19', 3, '1', '5e820686742676ad2ba82df8c32a3dd2', '2018-07-25 05:31:19', '', '0000-00-00 00:00:00'),
(1716, '2', 4, '00:00:00', '00:00:00', '2', '2018-10-16', '2018-10-19', 3, '1', '5e820686742676ad2ba82df8c32a3dd2', '2018-07-25 05:31:19', '', '0000-00-00 00:00:00'),
(1717, '2', 5, '00:00:00', '00:00:00', '1', '2018-10-16', '2018-10-19', 3, '1', '5e820686742676ad2ba82df8c32a3dd2', '2018-07-25 05:31:19', '', '0000-00-00 00:00:00'),
(1718, '2', 5, '00:00:00', '00:00:00', '2', '2018-10-16', '2018-10-19', 3, '1', '5e820686742676ad2ba82df8c32a3dd2', '2018-07-25 05:31:19', '', '0000-00-00 00:00:00'),
(1719, '2', 6, '00:00:00', '00:00:00', '1', '2018-10-16', '2018-10-19', 3, '1', '5e820686742676ad2ba82df8c32a3dd2', '2018-07-25 05:31:19', '', '0000-00-00 00:00:00'),
(1720, '2', 6, '00:00:00', '00:00:00', '2', '2018-10-16', '2018-10-19', 3, '1', '5e820686742676ad2ba82df8c32a3dd2', '2018-07-25 05:31:19', '', '0000-00-00 00:00:00'),
(1721, '2', 7, '00:00:00', '00:00:00', '1', '2018-10-16', '2018-10-19', 3, '1', '5e820686742676ad2ba82df8c32a3dd2', '2018-07-25 05:31:19', '', '0000-00-00 00:00:00'),
(1722, '2', 7, '00:00:00', '00:00:00', '2', '2018-10-16', '2018-10-19', 3, '1', '5e820686742676ad2ba82df8c32a3dd2', '2018-07-25 05:31:19', '', '0000-00-00 00:00:00'),
(1723, '3', 1, '00:00:00', '00:00:00', '1', '2018-10-16', '2018-10-19', 1, '1', '5e820686742676ad2ba82df8c32a3dd2', '2018-07-25 05:34:17', '', '0000-00-00 00:00:00'),
(1724, '3', 1, '00:00:00', '00:00:00', '2', '2018-10-16', '2018-10-19', 1, '1', '5e820686742676ad2ba82df8c32a3dd2', '2018-07-25 05:34:17', '', '0000-00-00 00:00:00'),
(1725, '3', 2, '00:00:00', '00:00:00', '1', '2018-10-16', '2018-10-19', 1, '1', '5e820686742676ad2ba82df8c32a3dd2', '2018-07-25 05:34:17', '', '0000-00-00 00:00:00'),
(1726, '3', 2, '00:00:00', '00:00:00', '2', '2018-10-16', '2018-10-19', 1, '1', '5e820686742676ad2ba82df8c32a3dd2', '2018-07-25 05:34:17', '', '0000-00-00 00:00:00'),
(1727, '3', 3, '00:00:00', '00:00:00', '1', '2018-10-16', '2018-10-19', 1, '1', '5e820686742676ad2ba82df8c32a3dd2', '2018-07-25 05:34:17', '', '0000-00-00 00:00:00'),
(1728, '3', 3, '00:00:00', '00:00:00', '2', '2018-10-16', '2018-10-19', 1, '1', '5e820686742676ad2ba82df8c32a3dd2', '2018-07-25 05:34:17', '', '0000-00-00 00:00:00'),
(1729, '3', 4, '00:00:00', '00:00:00', '1', '2018-10-16', '2018-10-19', 1, '1', '5e820686742676ad2ba82df8c32a3dd2', '2018-07-25 05:34:17', '', '0000-00-00 00:00:00'),
(1730, '3', 4, '00:00:00', '00:00:00', '2', '2018-10-16', '2018-10-19', 1, '1', '5e820686742676ad2ba82df8c32a3dd2', '2018-07-25 05:34:17', '', '0000-00-00 00:00:00'),
(1731, '3', 5, '00:00:00', '00:00:00', '1', '2018-10-16', '2018-10-19', 1, '1', '5e820686742676ad2ba82df8c32a3dd2', '2018-07-25 05:34:17', '', '0000-00-00 00:00:00'),
(1732, '3', 5, '00:00:00', '00:00:00', '2', '2018-10-16', '2018-10-19', 1, '1', '5e820686742676ad2ba82df8c32a3dd2', '2018-07-25 05:34:17', '', '0000-00-00 00:00:00'),
(1733, '3', 6, '00:00:00', '00:00:00', '1', '2018-10-16', '2018-10-19', 1, '1', '5e820686742676ad2ba82df8c32a3dd2', '2018-07-25 05:34:17', '', '0000-00-00 00:00:00'),
(1734, '3', 6, '00:00:00', '00:00:00', '2', '2018-10-16', '2018-10-19', 1, '1', '5e820686742676ad2ba82df8c32a3dd2', '2018-07-25 05:34:17', '', '0000-00-00 00:00:00'),
(1735, '3', 7, '00:00:00', '00:00:00', '1', '2018-10-16', '2018-10-19', 1, '1', '5e820686742676ad2ba82df8c32a3dd2', '2018-07-25 05:34:17', '', '0000-00-00 00:00:00'),
(1736, '3', 7, '00:00:00', '00:00:00', '2', '2018-10-16', '2018-10-19', 1, '1', '5e820686742676ad2ba82df8c32a3dd2', '2018-07-25 05:34:17', '', '0000-00-00 00:00:00'),
(1737, '3', 1, '00:00:00', '00:00:00', '1', '2018-10-16', '2018-10-19', 2, '1', '5e820686742676ad2ba82df8c32a3dd2', '2018-07-25 05:34:17', '', '0000-00-00 00:00:00'),
(1738, '3', 1, '00:00:00', '00:00:00', '2', '2018-10-16', '2018-10-19', 2, '1', '5e820686742676ad2ba82df8c32a3dd2', '2018-07-25 05:34:17', '', '0000-00-00 00:00:00'),
(1739, '3', 2, '00:00:00', '00:00:00', '1', '2018-10-16', '2018-10-19', 2, '1', '5e820686742676ad2ba82df8c32a3dd2', '2018-07-25 05:34:17', '', '0000-00-00 00:00:00'),
(1740, '3', 2, '00:00:00', '00:00:00', '2', '2018-10-16', '2018-10-19', 2, '1', '5e820686742676ad2ba82df8c32a3dd2', '2018-07-25 05:34:17', '', '0000-00-00 00:00:00'),
(1741, '3', 3, '00:00:00', '00:00:00', '1', '2018-10-16', '2018-10-19', 2, '1', '5e820686742676ad2ba82df8c32a3dd2', '2018-07-25 05:34:17', '', '0000-00-00 00:00:00'),
(1742, '3', 3, '00:00:00', '00:00:00', '2', '2018-10-16', '2018-10-19', 2, '1', '5e820686742676ad2ba82df8c32a3dd2', '2018-07-25 05:34:17', '', '0000-00-00 00:00:00'),
(1743, '3', 4, '00:00:00', '00:00:00', '1', '2018-10-16', '2018-10-19', 2, '1', '5e820686742676ad2ba82df8c32a3dd2', '2018-07-25 05:34:17', '', '0000-00-00 00:00:00'),
(1744, '3', 4, '00:00:00', '00:00:00', '2', '2018-10-16', '2018-10-19', 2, '1', '5e820686742676ad2ba82df8c32a3dd2', '2018-07-25 05:34:17', '', '0000-00-00 00:00:00'),
(1745, '3', 5, '00:00:00', '00:00:00', '1', '2018-10-16', '2018-10-19', 2, '1', '5e820686742676ad2ba82df8c32a3dd2', '2018-07-25 05:34:17', '', '0000-00-00 00:00:00'),
(1746, '3', 5, '00:00:00', '00:00:00', '2', '2018-10-16', '2018-10-19', 2, '1', '5e820686742676ad2ba82df8c32a3dd2', '2018-07-25 05:34:17', '', '0000-00-00 00:00:00'),
(1747, '3', 6, '00:00:00', '00:00:00', '1', '2018-10-16', '2018-10-19', 2, '1', '5e820686742676ad2ba82df8c32a3dd2', '2018-07-25 05:34:17', '', '0000-00-00 00:00:00'),
(1748, '3', 6, '00:00:00', '00:00:00', '2', '2018-10-16', '2018-10-19', 2, '1', '5e820686742676ad2ba82df8c32a3dd2', '2018-07-25 05:34:17', '', '0000-00-00 00:00:00'),
(1749, '3', 7, '00:00:00', '00:00:00', '1', '2018-10-16', '2018-10-19', 2, '1', '5e820686742676ad2ba82df8c32a3dd2', '2018-07-25 05:34:17', '', '0000-00-00 00:00:00'),
(1750, '3', 7, '00:00:00', '00:00:00', '2', '2018-10-16', '2018-10-19', 2, '1', '5e820686742676ad2ba82df8c32a3dd2', '2018-07-25 05:34:17', '', '0000-00-00 00:00:00'),
(1849, '2', 1, '00:00:00', '00:00:00', '1', '2018-11-17', '2018-11-19', 1, '1', 'fd8cd41d161b5bff980babad9588e768', '2018-09-01 04:42:04', '', '0000-00-00 00:00:00'),
(1850, '2', 1, '00:00:00', '00:00:00', '2', '2018-11-17', '2018-11-19', 1, '1', 'fd8cd41d161b5bff980babad9588e768', '2018-09-01 04:42:04', '', '0000-00-00 00:00:00'),
(1851, '2', 2, '00:00:00', '00:00:00', '1', '2018-11-17', '2018-11-19', 1, '1', 'fd8cd41d161b5bff980babad9588e768', '2018-09-01 04:42:04', '', '0000-00-00 00:00:00'),
(1852, '2', 2, '00:00:00', '00:00:00', '2', '2018-11-17', '2018-11-19', 1, '1', 'fd8cd41d161b5bff980babad9588e768', '2018-09-01 04:42:04', '', '0000-00-00 00:00:00'),
(1853, '2', 3, '00:00:00', '00:00:00', '1', '2018-11-17', '2018-11-19', 1, '1', 'fd8cd41d161b5bff980babad9588e768', '2018-09-01 04:42:04', '', '0000-00-00 00:00:00'),
(1854, '2', 3, '00:00:00', '00:00:00', '2', '2018-11-17', '2018-11-19', 1, '1', 'fd8cd41d161b5bff980babad9588e768', '2018-09-01 04:42:04', '', '0000-00-00 00:00:00'),
(1855, '2', 4, '00:00:00', '00:00:00', '1', '2018-11-17', '2018-11-19', 1, '1', 'fd8cd41d161b5bff980babad9588e768', '2018-09-01 04:42:04', '', '0000-00-00 00:00:00'),
(1856, '2', 4, '00:00:00', '00:00:00', '2', '2018-11-17', '2018-11-19', 1, '1', 'fd8cd41d161b5bff980babad9588e768', '2018-09-01 04:42:04', '', '0000-00-00 00:00:00'),
(1857, '2', 5, '00:00:00', '00:00:00', '1', '2018-11-17', '2018-11-19', 1, '1', 'fd8cd41d161b5bff980babad9588e768', '2018-09-01 04:42:04', '', '0000-00-00 00:00:00'),
(1858, '2', 5, '00:00:00', '00:00:00', '2', '2018-11-17', '2018-11-19', 1, '1', 'fd8cd41d161b5bff980babad9588e768', '2018-09-01 04:42:04', '', '0000-00-00 00:00:00'),
(1859, '2', 6, '00:00:00', '00:00:00', '1', '2018-11-17', '2018-11-19', 1, '1', 'fd8cd41d161b5bff980babad9588e768', '2018-09-01 04:42:04', '', '0000-00-00 00:00:00'),
(1860, '2', 6, '00:00:00', '00:00:00', '2', '2018-11-17', '2018-11-19', 1, '1', 'fd8cd41d161b5bff980babad9588e768', '2018-09-01 04:42:04', '', '0000-00-00 00:00:00'),
(1861, '2', 7, '00:00:00', '00:00:00', '1', '2018-11-17', '2018-11-19', 1, '1', 'fd8cd41d161b5bff980babad9588e768', '2018-09-01 04:42:04', '', '0000-00-00 00:00:00'),
(1862, '2', 7, '00:00:00', '00:00:00', '2', '2018-11-17', '2018-11-19', 1, '1', 'fd8cd41d161b5bff980babad9588e768', '2018-09-01 04:42:04', '', '0000-00-00 00:00:00'),
(1863, '2', 1, '00:00:00', '00:00:00', '1', '2018-11-17', '2018-11-19', 2, '1', 'fd8cd41d161b5bff980babad9588e768', '2018-09-01 04:42:04', '', '0000-00-00 00:00:00'),
(1864, '2', 1, '00:00:00', '00:00:00', '2', '2018-11-17', '2018-11-19', 2, '1', 'fd8cd41d161b5bff980babad9588e768', '2018-09-01 04:42:04', '', '0000-00-00 00:00:00'),
(1865, '2', 2, '00:00:00', '00:00:00', '1', '2018-11-17', '2018-11-19', 2, '1', 'fd8cd41d161b5bff980babad9588e768', '2018-09-01 04:42:04', '', '0000-00-00 00:00:00'),
(1866, '2', 2, '00:00:00', '00:00:00', '2', '2018-11-17', '2018-11-19', 2, '1', 'fd8cd41d161b5bff980babad9588e768', '2018-09-01 04:42:04', '', '0000-00-00 00:00:00'),
(1867, '2', 3, '00:00:00', '00:00:00', '1', '2018-11-17', '2018-11-19', 2, '1', 'fd8cd41d161b5bff980babad9588e768', '2018-09-01 04:42:04', '', '0000-00-00 00:00:00'),
(1868, '2', 3, '00:00:00', '00:00:00', '2', '2018-11-17', '2018-11-19', 2, '1', 'fd8cd41d161b5bff980babad9588e768', '2018-09-01 04:42:04', '', '0000-00-00 00:00:00'),
(1869, '2', 4, '00:00:00', '00:00:00', '1', '2018-11-17', '2018-11-19', 2, '1', 'fd8cd41d161b5bff980babad9588e768', '2018-09-01 04:42:04', '', '0000-00-00 00:00:00'),
(1870, '2', 4, '00:00:00', '00:00:00', '2', '2018-11-17', '2018-11-19', 2, '1', 'fd8cd41d161b5bff980babad9588e768', '2018-09-01 04:42:04', '', '0000-00-00 00:00:00'),
(1871, '2', 5, '00:00:00', '00:00:00', '1', '2018-11-17', '2018-11-19', 2, '1', 'fd8cd41d161b5bff980babad9588e768', '2018-09-01 04:42:04', '', '0000-00-00 00:00:00'),
(1872, '2', 5, '00:00:00', '00:00:00', '2', '2018-11-17', '2018-11-19', 2, '1', 'fd8cd41d161b5bff980babad9588e768', '2018-09-01 04:42:04', '', '0000-00-00 00:00:00'),
(1873, '2', 6, '00:00:00', '00:00:00', '1', '2018-11-17', '2018-11-19', 2, '1', 'fd8cd41d161b5bff980babad9588e768', '2018-09-01 04:42:04', '', '0000-00-00 00:00:00'),
(1874, '2', 6, '00:00:00', '00:00:00', '2', '2018-11-17', '2018-11-19', 2, '1', 'fd8cd41d161b5bff980babad9588e768', '2018-09-01 04:42:04', '', '0000-00-00 00:00:00'),
(1875, '2', 7, '00:00:00', '00:00:00', '1', '2018-11-17', '2018-11-19', 2, '1', 'fd8cd41d161b5bff980babad9588e768', '2018-09-01 04:42:04', '', '0000-00-00 00:00:00'),
(1876, '2', 7, '00:00:00', '00:00:00', '2', '2018-11-17', '2018-11-19', 2, '1', 'fd8cd41d161b5bff980babad9588e768', '2018-09-01 04:42:04', '', '0000-00-00 00:00:00'),
(1877, '2', 1, '00:00:00', '00:00:00', '1', '2018-11-17', '2018-11-19', 3, '1', 'fd8cd41d161b5bff980babad9588e768', '2018-09-01 04:42:04', '', '0000-00-00 00:00:00'),
(1878, '2', 1, '00:00:00', '00:00:00', '2', '2018-11-17', '2018-11-19', 3, '1', 'fd8cd41d161b5bff980babad9588e768', '2018-09-01 04:42:04', '', '0000-00-00 00:00:00'),
(1879, '2', 2, '00:00:00', '00:00:00', '1', '2018-11-17', '2018-11-19', 3, '1', 'fd8cd41d161b5bff980babad9588e768', '2018-09-01 04:42:04', '', '0000-00-00 00:00:00'),
(1880, '2', 2, '00:00:00', '00:00:00', '2', '2018-11-17', '2018-11-19', 3, '1', 'fd8cd41d161b5bff980babad9588e768', '2018-09-01 04:42:04', '', '0000-00-00 00:00:00'),
(1881, '2', 3, '00:00:00', '00:00:00', '1', '2018-11-17', '2018-11-19', 3, '1', 'fd8cd41d161b5bff980babad9588e768', '2018-09-01 04:42:04', '', '0000-00-00 00:00:00'),
(1882, '2', 3, '00:00:00', '00:00:00', '2', '2018-11-17', '2018-11-19', 3, '1', 'fd8cd41d161b5bff980babad9588e768', '2018-09-01 04:42:04', '', '0000-00-00 00:00:00'),
(1883, '2', 4, '00:00:00', '00:00:00', '1', '2018-11-17', '2018-11-19', 3, '1', 'fd8cd41d161b5bff980babad9588e768', '2018-09-01 04:42:04', '', '0000-00-00 00:00:00'),
(1884, '2', 4, '00:00:00', '00:00:00', '2', '2018-11-17', '2018-11-19', 3, '1', 'fd8cd41d161b5bff980babad9588e768', '2018-09-01 04:42:04', '', '0000-00-00 00:00:00'),
(1885, '2', 5, '00:00:00', '00:00:00', '1', '2018-11-17', '2018-11-19', 3, '1', 'fd8cd41d161b5bff980babad9588e768', '2018-09-01 04:42:04', '', '0000-00-00 00:00:00'),
(1886, '2', 5, '00:00:00', '00:00:00', '2', '2018-11-17', '2018-11-19', 3, '1', 'fd8cd41d161b5bff980babad9588e768', '2018-09-01 04:42:04', '', '0000-00-00 00:00:00'),
(1887, '2', 6, '00:00:00', '00:00:00', '1', '2018-11-17', '2018-11-19', 3, '1', 'fd8cd41d161b5bff980babad9588e768', '2018-09-01 04:42:04', '', '0000-00-00 00:00:00'),
(1888, '2', 6, '00:00:00', '00:00:00', '2', '2018-11-17', '2018-11-19', 3, '1', 'fd8cd41d161b5bff980babad9588e768', '2018-09-01 04:42:04', '', '0000-00-00 00:00:00'),
(1889, '2', 7, '00:00:00', '00:00:00', '1', '2018-11-17', '2018-11-19', 3, '1', 'fd8cd41d161b5bff980babad9588e768', '2018-09-01 04:42:04', '', '0000-00-00 00:00:00'),
(1890, '2', 7, '00:00:00', '00:00:00', '2', '2018-11-17', '2018-11-19', 3, '1', 'fd8cd41d161b5bff980babad9588e768', '2018-09-01 04:42:04', '', '0000-00-00 00:00:00'),
(4141, '3', 1, '00:00:00', '00:00:00', '1', '2018-12-25', '2018-12-29', 1, '1', 'eea919eb371580cfcf1b4e513583b2a3', '2018-11-28 04:51:49', '', '0000-00-00 00:00:00'),
(4142, '3', 1, '00:00:00', '00:00:00', '2', '2018-12-25', '2018-12-29', 1, '1', 'eea919eb371580cfcf1b4e513583b2a3', '2018-11-28 04:51:49', '', '0000-00-00 00:00:00'),
(4143, '3', 2, '00:00:00', '00:00:00', '1', '2018-12-25', '2018-12-29', 1, '1', 'eea919eb371580cfcf1b4e513583b2a3', '2018-11-28 04:51:49', '', '0000-00-00 00:00:00'),
(4144, '3', 2, '00:00:00', '00:00:00', '2', '2018-12-25', '2018-12-29', 1, '1', 'eea919eb371580cfcf1b4e513583b2a3', '2018-11-28 04:51:49', '', '0000-00-00 00:00:00'),
(4145, '3', 3, '00:00:00', '00:00:00', '1', '2018-12-25', '2018-12-29', 1, '1', 'eea919eb371580cfcf1b4e513583b2a3', '2018-11-28 04:51:49', '', '0000-00-00 00:00:00'),
(4146, '3', 3, '00:00:00', '00:00:00', '2', '2018-12-25', '2018-12-29', 1, '1', 'eea919eb371580cfcf1b4e513583b2a3', '2018-11-28 04:51:49', '', '0000-00-00 00:00:00'),
(4147, '3', 4, '00:00:00', '00:00:00', '1', '2018-12-25', '2018-12-29', 1, '1', 'eea919eb371580cfcf1b4e513583b2a3', '2018-11-28 04:51:49', '', '0000-00-00 00:00:00'),
(4148, '3', 4, '00:00:00', '00:00:00', '2', '2018-12-25', '2018-12-29', 1, '1', 'eea919eb371580cfcf1b4e513583b2a3', '2018-11-28 04:51:49', '', '0000-00-00 00:00:00'),
(4149, '3', 5, '00:00:00', '00:00:00', '1', '2018-12-25', '2018-12-29', 1, '1', 'eea919eb371580cfcf1b4e513583b2a3', '2018-11-28 04:51:49', '', '0000-00-00 00:00:00'),
(4150, '3', 5, '00:00:00', '00:00:00', '2', '2018-12-25', '2018-12-29', 1, '1', 'eea919eb371580cfcf1b4e513583b2a3', '2018-11-28 04:51:49', '', '0000-00-00 00:00:00'),
(4151, '3', 6, '00:00:00', '00:00:00', '1', '2018-12-25', '2018-12-29', 1, '1', 'eea919eb371580cfcf1b4e513583b2a3', '2018-11-28 04:51:49', '', '0000-00-00 00:00:00'),
(4152, '3', 6, '00:00:00', '00:00:00', '2', '2018-12-25', '2018-12-29', 1, '1', 'eea919eb371580cfcf1b4e513583b2a3', '2018-11-28 04:51:49', '', '0000-00-00 00:00:00'),
(4153, '3', 7, '00:00:00', '00:00:00', '1', '2018-12-25', '2018-12-29', 1, '1', 'eea919eb371580cfcf1b4e513583b2a3', '2018-11-28 04:51:49', '', '0000-00-00 00:00:00'),
(4154, '3', 7, '00:00:00', '00:00:00', '2', '2018-12-25', '2018-12-29', 1, '1', 'eea919eb371580cfcf1b4e513583b2a3', '2018-11-28 04:51:49', '', '0000-00-00 00:00:00'),
(4155, '3', 1, '00:00:00', '00:00:00', '1', '2018-12-25', '2018-12-29', 2, '1', 'eea919eb371580cfcf1b4e513583b2a3', '2018-11-28 04:51:49', '', '0000-00-00 00:00:00'),
(4156, '3', 1, '00:00:00', '00:00:00', '2', '2018-12-25', '2018-12-29', 2, '1', 'eea919eb371580cfcf1b4e513583b2a3', '2018-11-28 04:51:49', '', '0000-00-00 00:00:00'),
(4157, '3', 2, '00:00:00', '00:00:00', '1', '2018-12-25', '2018-12-29', 2, '1', 'eea919eb371580cfcf1b4e513583b2a3', '2018-11-28 04:51:49', '', '0000-00-00 00:00:00'),
(4158, '3', 2, '00:00:00', '00:00:00', '2', '2018-12-25', '2018-12-29', 2, '1', 'eea919eb371580cfcf1b4e513583b2a3', '2018-11-28 04:51:49', '', '0000-00-00 00:00:00'),
(4159, '3', 3, '00:00:00', '00:00:00', '1', '2018-12-25', '2018-12-29', 2, '1', 'eea919eb371580cfcf1b4e513583b2a3', '2018-11-28 04:51:49', '', '0000-00-00 00:00:00'),
(4160, '3', 3, '00:00:00', '00:00:00', '2', '2018-12-25', '2018-12-29', 2, '1', 'eea919eb371580cfcf1b4e513583b2a3', '2018-11-28 04:51:50', '', '0000-00-00 00:00:00'),
(4161, '3', 4, '00:00:00', '00:00:00', '1', '2018-12-25', '2018-12-29', 2, '1', 'eea919eb371580cfcf1b4e513583b2a3', '2018-11-28 04:51:50', '', '0000-00-00 00:00:00'),
(4162, '3', 4, '00:00:00', '00:00:00', '2', '2018-12-25', '2018-12-29', 2, '1', 'eea919eb371580cfcf1b4e513583b2a3', '2018-11-28 04:51:50', '', '0000-00-00 00:00:00'),
(4163, '3', 5, '00:00:00', '00:00:00', '1', '2018-12-25', '2018-12-29', 2, '1', 'eea919eb371580cfcf1b4e513583b2a3', '2018-11-28 04:51:50', '', '0000-00-00 00:00:00'),
(4164, '3', 5, '00:00:00', '00:00:00', '2', '2018-12-25', '2018-12-29', 2, '1', 'eea919eb371580cfcf1b4e513583b2a3', '2018-11-28 04:51:50', '', '0000-00-00 00:00:00'),
(4165, '3', 6, '00:00:00', '00:00:00', '1', '2018-12-25', '2018-12-29', 2, '1', 'eea919eb371580cfcf1b4e513583b2a3', '2018-11-28 04:51:50', '', '0000-00-00 00:00:00'),
(4166, '3', 6, '00:00:00', '00:00:00', '2', '2018-12-25', '2018-12-29', 2, '1', 'eea919eb371580cfcf1b4e513583b2a3', '2018-11-28 04:51:50', '', '0000-00-00 00:00:00'),
(4167, '3', 7, '00:00:00', '00:00:00', '1', '2018-12-25', '2018-12-29', 2, '1', 'eea919eb371580cfcf1b4e513583b2a3', '2018-11-28 04:51:50', '', '0000-00-00 00:00:00'),
(4168, '3', 7, '00:00:00', '00:00:00', '2', '2018-12-25', '2018-12-29', 2, '1', 'eea919eb371580cfcf1b4e513583b2a3', '2018-11-28 04:51:50', '', '0000-00-00 00:00:00'),
(4183, '3', 1, '00:00:00', '00:00:00', '1', '2018-12-25', '2018-12-29', 4, '1', 'eea919eb371580cfcf1b4e513583b2a3', '2018-11-28 04:51:50', '', '0000-00-00 00:00:00'),
(4184, '3', 1, '00:00:00', '00:00:00', '2', '2018-12-25', '2018-12-29', 4, '1', 'eea919eb371580cfcf1b4e513583b2a3', '2018-11-28 04:51:50', '', '0000-00-00 00:00:00'),
(4185, '3', 2, '00:00:00', '00:00:00', '1', '2018-12-25', '2018-12-29', 4, '1', 'eea919eb371580cfcf1b4e513583b2a3', '2018-11-28 04:51:50', '', '0000-00-00 00:00:00'),
(4186, '3', 2, '00:00:00', '00:00:00', '2', '2018-12-25', '2018-12-29', 4, '1', 'eea919eb371580cfcf1b4e513583b2a3', '2018-11-28 04:51:50', '', '0000-00-00 00:00:00'),
(4187, '3', 3, '00:00:00', '00:00:00', '1', '2018-12-25', '2018-12-29', 4, '1', 'eea919eb371580cfcf1b4e513583b2a3', '2018-11-28 04:51:50', '', '0000-00-00 00:00:00'),
(4188, '3', 3, '00:00:00', '00:00:00', '2', '2018-12-25', '2018-12-29', 4, '1', 'eea919eb371580cfcf1b4e513583b2a3', '2018-11-28 04:51:50', '', '0000-00-00 00:00:00'),
(4189, '3', 4, '00:00:00', '00:00:00', '1', '2018-12-25', '2018-12-29', 4, '1', 'eea919eb371580cfcf1b4e513583b2a3', '2018-11-28 04:51:50', '', '0000-00-00 00:00:00'),
(4190, '3', 4, '00:00:00', '00:00:00', '2', '2018-12-25', '2018-12-29', 4, '1', 'eea919eb371580cfcf1b4e513583b2a3', '2018-11-28 04:51:50', '', '0000-00-00 00:00:00'),
(4191, '3', 5, '00:00:00', '00:00:00', '1', '2018-12-25', '2018-12-29', 4, '1', 'eea919eb371580cfcf1b4e513583b2a3', '2018-11-28 04:51:50', '', '0000-00-00 00:00:00'),
(4192, '3', 5, '00:00:00', '00:00:00', '2', '2018-12-25', '2018-12-29', 4, '1', 'eea919eb371580cfcf1b4e513583b2a3', '2018-11-28 04:51:50', '', '0000-00-00 00:00:00'),
(4193, '3', 6, '00:00:00', '00:00:00', '1', '2018-12-25', '2018-12-29', 4, '1', 'eea919eb371580cfcf1b4e513583b2a3', '2018-11-28 04:51:50', '', '0000-00-00 00:00:00'),
(4194, '3', 6, '00:00:00', '00:00:00', '2', '2018-12-25', '2018-12-29', 4, '1', 'eea919eb371580cfcf1b4e513583b2a3', '2018-11-28 04:51:50', '', '0000-00-00 00:00:00'),
(4195, '3', 7, '00:00:00', '00:00:00', '1', '2018-12-25', '2018-12-29', 4, '1', 'eea919eb371580cfcf1b4e513583b2a3', '2018-11-28 04:51:50', '', '0000-00-00 00:00:00'),
(4196, '3', 7, '00:00:00', '00:00:00', '2', '2018-12-25', '2018-12-29', 4, '1', 'eea919eb371580cfcf1b4e513583b2a3', '2018-11-28 04:51:50', '', '0000-00-00 00:00:00'),
(4197, '3', 1, '09:00:00', '13:00:00', '1', '2019-02-05', '2019-02-05', 1, '1', '47d99eacea0765c1ab1cd97ca70a65d7', '2019-01-09 06:20:00', '', '0000-00-00 00:00:00'),
(4198, '3', 1, '16:00:00', '19:00:00', '2', '2019-02-05', '2019-02-05', 1, '1', '47d99eacea0765c1ab1cd97ca70a65d7', '2019-01-09 06:20:00', '', '0000-00-00 00:00:00'),
(4199, '3', 2, '09:00:00', '13:00:00', '1', '2019-02-05', '2019-02-05', 1, '1', '47d99eacea0765c1ab1cd97ca70a65d7', '2019-01-09 06:20:00', '', '0000-00-00 00:00:00'),
(4200, '3', 2, '16:00:00', '19:00:00', '2', '2019-02-05', '2019-02-05', 1, '1', '47d99eacea0765c1ab1cd97ca70a65d7', '2019-01-09 06:20:00', '', '0000-00-00 00:00:00'),
(4201, '3', 3, '00:00:00', '00:00:00', '1', '2019-02-05', '2019-02-05', 1, '1', '47d99eacea0765c1ab1cd97ca70a65d7', '2019-01-09 06:20:00', '', '0000-00-00 00:00:00'),
(4202, '3', 3, '16:00:00', '19:00:00', '2', '2019-02-05', '2019-02-05', 1, '1', '47d99eacea0765c1ab1cd97ca70a65d7', '2019-01-09 06:20:00', '', '0000-00-00 00:00:00'),
(4203, '3', 4, '09:00:00', '13:00:00', '1', '2019-02-05', '2019-02-05', 1, '1', '47d99eacea0765c1ab1cd97ca70a65d7', '2019-01-09 06:20:00', '', '0000-00-00 00:00:00'),
(4204, '3', 4, '16:00:00', '19:00:00', '2', '2019-02-05', '2019-02-05', 1, '1', '47d99eacea0765c1ab1cd97ca70a65d7', '2019-01-09 06:20:00', '', '0000-00-00 00:00:00'),
(4205, '3', 5, '00:00:00', '00:00:00', '1', '2019-02-05', '2019-02-05', 1, '1', '47d99eacea0765c1ab1cd97ca70a65d7', '2019-01-09 06:20:00', '', '0000-00-00 00:00:00'),
(4206, '3', 5, '00:00:00', '00:00:00', '2', '2019-02-05', '2019-02-05', 1, '1', '47d99eacea0765c1ab1cd97ca70a65d7', '2019-01-09 06:20:00', '', '0000-00-00 00:00:00'),
(4207, '3', 6, '09:00:00', '13:00:00', '1', '2019-02-05', '2019-02-05', 1, '1', '47d99eacea0765c1ab1cd97ca70a65d7', '2019-01-09 06:20:00', '', '0000-00-00 00:00:00'),
(4208, '3', 6, '16:00:00', '19:00:00', '2', '2019-02-05', '2019-02-05', 1, '1', '47d99eacea0765c1ab1cd97ca70a65d7', '2019-01-09 06:20:00', '', '0000-00-00 00:00:00'),
(4209, '3', 7, '09:00:00', '13:00:00', '1', '2019-02-05', '2019-02-05', 1, '1', '47d99eacea0765c1ab1cd97ca70a65d7', '2019-01-09 06:20:00', '', '0000-00-00 00:00:00'),
(4210, '3', 7, '16:00:00', '19:00:00', '2', '2019-02-05', '2019-02-05', 1, '1', '47d99eacea0765c1ab1cd97ca70a65d7', '2019-01-09 06:20:00', '', '0000-00-00 00:00:00'),
(4211, '3', 1, '09:00:00', '13:00:00', '1', '2019-02-05', '2019-02-05', 2, '1', '47d99eacea0765c1ab1cd97ca70a65d7', '2019-01-09 06:20:00', '', '0000-00-00 00:00:00'),
(4212, '3', 1, '16:00:00', '19:00:00', '2', '2019-02-05', '2019-02-05', 2, '1', '47d99eacea0765c1ab1cd97ca70a65d7', '2019-01-09 06:20:00', '', '0000-00-00 00:00:00'),
(4213, '3', 2, '09:00:00', '13:00:00', '1', '2019-02-05', '2019-02-05', 2, '1', '47d99eacea0765c1ab1cd97ca70a65d7', '2019-01-09 06:20:00', '', '0000-00-00 00:00:00'),
(4214, '3', 2, '16:00:00', '19:00:00', '2', '2019-02-05', '2019-02-05', 2, '1', '47d99eacea0765c1ab1cd97ca70a65d7', '2019-01-09 06:20:00', '', '0000-00-00 00:00:00'),
(4215, '3', 3, '09:00:00', '13:00:00', '1', '2019-02-05', '2019-02-05', 2, '1', '47d99eacea0765c1ab1cd97ca70a65d7', '2019-01-09 06:20:00', '', '0000-00-00 00:00:00'),
(4216, '3', 3, '16:00:00', '19:00:00', '2', '2019-02-05', '2019-02-05', 2, '1', '47d99eacea0765c1ab1cd97ca70a65d7', '2019-01-09 06:20:00', '', '0000-00-00 00:00:00'),
(4217, '3', 4, '09:00:00', '13:00:00', '1', '2019-02-05', '2019-02-05', 2, '1', '47d99eacea0765c1ab1cd97ca70a65d7', '2019-01-09 06:20:00', '', '0000-00-00 00:00:00'),
(4218, '3', 4, '16:00:00', '19:00:00', '2', '2019-02-05', '2019-02-05', 2, '1', '47d99eacea0765c1ab1cd97ca70a65d7', '2019-01-09 06:20:00', '', '0000-00-00 00:00:00'),
(4219, '3', 5, '00:00:00', '00:00:00', '1', '2019-02-05', '2019-02-05', 2, '1', '47d99eacea0765c1ab1cd97ca70a65d7', '2019-01-09 06:20:00', '', '0000-00-00 00:00:00'),
(4220, '3', 5, '00:00:00', '00:00:00', '2', '2019-02-05', '2019-02-05', 2, '1', '47d99eacea0765c1ab1cd97ca70a65d7', '2019-01-09 06:20:00', '', '0000-00-00 00:00:00'),
(4221, '3', 6, '09:00:00', '13:00:00', '1', '2019-02-05', '2019-02-05', 2, '1', '47d99eacea0765c1ab1cd97ca70a65d7', '2019-01-09 06:20:00', '', '0000-00-00 00:00:00'),
(4222, '3', 6, '16:00:00', '19:00:00', '2', '2019-02-05', '2019-02-05', 2, '1', '47d99eacea0765c1ab1cd97ca70a65d7', '2019-01-09 06:20:00', '', '0000-00-00 00:00:00');
INSERT INTO `cl_doctor_schedule_adjustment` (`id`, `doctor_id`, `DayOfWeek`, `StartTime`, `EndTime`, `shift_id`, `dateFrom`, `dateTo`, `branch_id`, `status`, `created_by`, `creation_date`, `modified_by`, `modification_date`) VALUES
(4223, '3', 7, '09:00:00', '13:00:00', '1', '2019-02-05', '2019-02-05', 2, '1', '47d99eacea0765c1ab1cd97ca70a65d7', '2019-01-09 06:20:00', '', '0000-00-00 00:00:00'),
(4224, '3', 7, '16:00:00', '19:00:00', '2', '2019-02-05', '2019-02-05', 2, '1', '47d99eacea0765c1ab1cd97ca70a65d7', '2019-01-09 06:20:00', '', '0000-00-00 00:00:00'),
(4239, '3', 1, '09:00:00', '13:00:00', '1', '2019-03-05', '2019-03-05', 1, '1', '1b01a5e32c0153a47f9117bfd9d7afd8', '2019-01-09 08:37:18', '', '0000-00-00 00:00:00'),
(4240, '3', 1, '16:00:00', '19:00:00', '2', '2019-03-05', '2019-03-05', 1, '1', '1b01a5e32c0153a47f9117bfd9d7afd8', '2019-01-09 08:37:18', '', '0000-00-00 00:00:00'),
(4241, '3', 2, '09:00:00', '13:00:00', '1', '2019-03-05', '2019-03-05', 1, '1', '1b01a5e32c0153a47f9117bfd9d7afd8', '2019-01-09 08:37:18', '', '0000-00-00 00:00:00'),
(4242, '3', 2, '16:00:00', '19:00:00', '2', '2019-03-05', '2019-03-05', 1, '1', '1b01a5e32c0153a47f9117bfd9d7afd8', '2019-01-09 08:37:18', '', '0000-00-00 00:00:00'),
(4243, '3', 3, '09:00:00', '13:00:00', '1', '2019-03-05', '2019-03-05', 1, '1', '1b01a5e32c0153a47f9117bfd9d7afd8', '2019-01-09 08:37:18', '', '0000-00-00 00:00:00'),
(4244, '3', 3, '16:00:00', '19:00:00', '2', '2019-03-05', '2019-03-05', 1, '1', '1b01a5e32c0153a47f9117bfd9d7afd8', '2019-01-09 08:37:18', '', '0000-00-00 00:00:00'),
(4245, '3', 4, '09:00:00', '13:00:00', '1', '2019-03-05', '2019-03-05', 1, '1', '1b01a5e32c0153a47f9117bfd9d7afd8', '2019-01-09 08:37:18', '', '0000-00-00 00:00:00'),
(4246, '3', 4, '16:00:00', '19:00:00', '2', '2019-03-05', '2019-03-05', 1, '1', '1b01a5e32c0153a47f9117bfd9d7afd8', '2019-01-09 08:37:18', '', '0000-00-00 00:00:00'),
(4247, '3', 5, '00:00:00', '00:00:00', '1', '2019-03-05', '2019-03-05', 1, '1', '1b01a5e32c0153a47f9117bfd9d7afd8', '2019-01-09 08:37:18', '', '0000-00-00 00:00:00'),
(4248, '3', 5, '00:00:00', '00:00:00', '2', '2019-03-05', '2019-03-05', 1, '1', '1b01a5e32c0153a47f9117bfd9d7afd8', '2019-01-09 08:37:18', '', '0000-00-00 00:00:00'),
(4249, '3', 6, '09:00:00', '13:00:00', '1', '2019-03-05', '2019-03-05', 1, '1', '1b01a5e32c0153a47f9117bfd9d7afd8', '2019-01-09 08:37:18', '', '0000-00-00 00:00:00'),
(4250, '3', 6, '16:00:00', '19:00:00', '2', '2019-03-05', '2019-03-05', 1, '1', '1b01a5e32c0153a47f9117bfd9d7afd8', '2019-01-09 08:37:18', '', '0000-00-00 00:00:00'),
(4251, '3', 7, '09:00:00', '13:00:00', '1', '2019-03-05', '2019-03-05', 1, '1', '1b01a5e32c0153a47f9117bfd9d7afd8', '2019-01-09 08:37:18', '', '0000-00-00 00:00:00'),
(4252, '3', 7, '16:00:00', '19:00:00', '2', '2019-03-05', '2019-03-05', 1, '1', '1b01a5e32c0153a47f9117bfd9d7afd8', '2019-01-09 08:37:18', '', '0000-00-00 00:00:00'),
(4253, '3', 1, '09:00:00', '13:00:00', '1', '2019-03-05', '2019-03-05', 2, '1', '1b01a5e32c0153a47f9117bfd9d7afd8', '2019-01-09 08:37:18', '', '0000-00-00 00:00:00'),
(4254, '3', 1, '16:00:00', '19:00:00', '2', '2019-03-05', '2019-03-05', 2, '1', '1b01a5e32c0153a47f9117bfd9d7afd8', '2019-01-09 08:37:18', '', '0000-00-00 00:00:00'),
(4255, '3', 2, '09:00:00', '13:00:00', '1', '2019-03-05', '2019-03-05', 2, '1', '1b01a5e32c0153a47f9117bfd9d7afd8', '2019-01-09 08:37:18', '', '0000-00-00 00:00:00'),
(4256, '3', 2, '16:00:00', '19:00:00', '2', '2019-03-05', '2019-03-05', 2, '1', '1b01a5e32c0153a47f9117bfd9d7afd8', '2019-01-09 08:37:18', '', '0000-00-00 00:00:00'),
(4257, '3', 3, '09:00:00', '13:00:00', '1', '2019-03-05', '2019-03-05', 2, '1', '1b01a5e32c0153a47f9117bfd9d7afd8', '2019-01-09 08:37:18', '', '0000-00-00 00:00:00'),
(4258, '3', 3, '16:00:00', '19:00:00', '2', '2019-03-05', '2019-03-05', 2, '1', '1b01a5e32c0153a47f9117bfd9d7afd8', '2019-01-09 08:37:18', '', '0000-00-00 00:00:00'),
(4259, '3', 4, '09:00:00', '13:00:00', '1', '2019-03-05', '2019-03-05', 2, '1', '1b01a5e32c0153a47f9117bfd9d7afd8', '2019-01-09 08:37:18', '', '0000-00-00 00:00:00'),
(4260, '3', 4, '16:00:00', '19:00:00', '2', '2019-03-05', '2019-03-05', 2, '1', '1b01a5e32c0153a47f9117bfd9d7afd8', '2019-01-09 08:37:18', '', '0000-00-00 00:00:00'),
(4261, '3', 5, '00:00:00', '00:00:00', '1', '2019-03-05', '2019-03-05', 2, '1', '1b01a5e32c0153a47f9117bfd9d7afd8', '2019-01-09 08:37:18', '', '0000-00-00 00:00:00'),
(4262, '3', 5, '00:00:00', '00:00:00', '2', '2019-03-05', '2019-03-05', 2, '1', '1b01a5e32c0153a47f9117bfd9d7afd8', '2019-01-09 08:37:18', '', '0000-00-00 00:00:00'),
(4263, '3', 6, '09:00:00', '13:00:00', '1', '2019-03-05', '2019-03-05', 2, '1', '1b01a5e32c0153a47f9117bfd9d7afd8', '2019-01-09 08:37:18', '', '0000-00-00 00:00:00'),
(4264, '3', 6, '16:00:00', '19:00:00', '2', '2019-03-05', '2019-03-05', 2, '1', '1b01a5e32c0153a47f9117bfd9d7afd8', '2019-01-09 08:37:18', '', '0000-00-00 00:00:00'),
(4265, '3', 7, '09:00:00', '13:00:00', '1', '2019-03-05', '2019-03-05', 2, '1', '1b01a5e32c0153a47f9117bfd9d7afd8', '2019-01-09 08:37:18', '', '0000-00-00 00:00:00'),
(4266, '3', 7, '16:00:00', '19:00:00', '2', '2019-03-05', '2019-03-05', 2, '1', '1b01a5e32c0153a47f9117bfd9d7afd8', '2019-01-09 08:37:18', '', '0000-00-00 00:00:00'),
(4281, '3', 1, '09:00:00', '13:00:00', '1', '2019-03-05', '2019-03-05', 1, '1', '1b01a5e32c0153a47f9117bfd9d7afd8', '2019-01-09 08:43:01', '', '0000-00-00 00:00:00'),
(4282, '3', 1, '16:00:00', '19:00:00', '2', '2019-03-05', '2019-03-05', 1, '1', '1b01a5e32c0153a47f9117bfd9d7afd8', '2019-01-09 08:43:01', '', '0000-00-00 00:00:00'),
(4283, '3', 2, '09:00:00', '13:00:00', '1', '2019-03-05', '2019-03-05', 1, '1', '1b01a5e32c0153a47f9117bfd9d7afd8', '2019-01-09 08:43:01', '', '0000-00-00 00:00:00'),
(4284, '3', 2, '16:00:00', '19:00:00', '2', '2019-03-05', '2019-03-05', 1, '1', '1b01a5e32c0153a47f9117bfd9d7afd8', '2019-01-09 08:43:01', '', '0000-00-00 00:00:00'),
(4285, '3', 3, '00:00:00', '00:00:00', '1', '2019-03-05', '2019-03-05', 1, '1', '1b01a5e32c0153a47f9117bfd9d7afd8', '2019-01-09 08:43:01', '', '0000-00-00 00:00:00'),
(4286, '3', 3, '00:00:00', '00:00:00', '2', '2019-03-05', '2019-03-05', 1, '1', '1b01a5e32c0153a47f9117bfd9d7afd8', '2019-01-09 08:43:01', '', '0000-00-00 00:00:00'),
(4287, '3', 4, '09:00:00', '13:00:00', '1', '2019-03-05', '2019-03-05', 1, '1', '1b01a5e32c0153a47f9117bfd9d7afd8', '2019-01-09 08:43:01', '', '0000-00-00 00:00:00'),
(4288, '3', 4, '16:00:00', '19:00:00', '2', '2019-03-05', '2019-03-05', 1, '1', '1b01a5e32c0153a47f9117bfd9d7afd8', '2019-01-09 08:43:01', '', '0000-00-00 00:00:00'),
(4289, '3', 5, '00:00:00', '00:00:00', '1', '2019-03-05', '2019-03-05', 1, '1', '1b01a5e32c0153a47f9117bfd9d7afd8', '2019-01-09 08:43:01', '', '0000-00-00 00:00:00'),
(4290, '3', 5, '00:00:00', '00:00:00', '2', '2019-03-05', '2019-03-05', 1, '1', '1b01a5e32c0153a47f9117bfd9d7afd8', '2019-01-09 08:43:01', '', '0000-00-00 00:00:00'),
(4291, '3', 6, '09:00:00', '13:00:00', '1', '2019-03-05', '2019-03-05', 1, '1', '1b01a5e32c0153a47f9117bfd9d7afd8', '2019-01-09 08:43:01', '', '0000-00-00 00:00:00'),
(4292, '3', 6, '16:00:00', '19:00:00', '2', '2019-03-05', '2019-03-05', 1, '1', '1b01a5e32c0153a47f9117bfd9d7afd8', '2019-01-09 08:43:01', '', '0000-00-00 00:00:00'),
(4293, '3', 7, '09:00:00', '13:00:00', '1', '2019-03-05', '2019-03-05', 1, '1', '1b01a5e32c0153a47f9117bfd9d7afd8', '2019-01-09 08:43:01', '', '0000-00-00 00:00:00'),
(4294, '3', 7, '16:00:00', '19:00:00', '2', '2019-03-05', '2019-03-05', 1, '1', '1b01a5e32c0153a47f9117bfd9d7afd8', '2019-01-09 08:43:02', '', '0000-00-00 00:00:00'),
(4295, '3', 1, '09:00:00', '13:00:00', '1', '2019-03-05', '2019-03-05', 2, '1', '1b01a5e32c0153a47f9117bfd9d7afd8', '2019-01-09 08:43:02', '', '0000-00-00 00:00:00'),
(4296, '3', 1, '16:00:00', '19:00:00', '2', '2019-03-05', '2019-03-05', 2, '1', '1b01a5e32c0153a47f9117bfd9d7afd8', '2019-01-09 08:43:02', '', '0000-00-00 00:00:00'),
(4297, '3', 2, '09:00:00', '13:00:00', '1', '2019-03-05', '2019-03-05', 2, '1', '1b01a5e32c0153a47f9117bfd9d7afd8', '2019-01-09 08:43:02', '', '0000-00-00 00:00:00'),
(4298, '3', 2, '16:00:00', '19:00:00', '2', '2019-03-05', '2019-03-05', 2, '1', '1b01a5e32c0153a47f9117bfd9d7afd8', '2019-01-09 08:43:02', '', '0000-00-00 00:00:00'),
(4299, '3', 3, '09:00:00', '13:00:00', '1', '2019-03-05', '2019-03-05', 2, '1', '1b01a5e32c0153a47f9117bfd9d7afd8', '2019-01-09 08:43:02', '', '0000-00-00 00:00:00'),
(4300, '3', 3, '16:00:00', '19:00:00', '2', '2019-03-05', '2019-03-05', 2, '1', '1b01a5e32c0153a47f9117bfd9d7afd8', '2019-01-09 08:43:02', '', '0000-00-00 00:00:00'),
(4301, '3', 4, '09:00:00', '13:00:00', '1', '2019-03-05', '2019-03-05', 2, '1', '1b01a5e32c0153a47f9117bfd9d7afd8', '2019-01-09 08:43:02', '', '0000-00-00 00:00:00'),
(4302, '3', 4, '16:00:00', '19:00:00', '2', '2019-03-05', '2019-03-05', 2, '1', '1b01a5e32c0153a47f9117bfd9d7afd8', '2019-01-09 08:43:02', '', '0000-00-00 00:00:00'),
(4303, '3', 5, '00:00:00', '00:00:00', '1', '2019-03-05', '2019-03-05', 2, '1', '1b01a5e32c0153a47f9117bfd9d7afd8', '2019-01-09 08:43:02', '', '0000-00-00 00:00:00'),
(4304, '3', 5, '00:00:00', '00:00:00', '2', '2019-03-05', '2019-03-05', 2, '1', '1b01a5e32c0153a47f9117bfd9d7afd8', '2019-01-09 08:43:02', '', '0000-00-00 00:00:00'),
(4305, '3', 6, '09:00:00', '13:00:00', '1', '2019-03-05', '2019-03-05', 2, '1', '1b01a5e32c0153a47f9117bfd9d7afd8', '2019-01-09 08:43:02', '', '0000-00-00 00:00:00'),
(4306, '3', 6, '16:00:00', '19:00:00', '2', '2019-03-05', '2019-03-05', 2, '1', '1b01a5e32c0153a47f9117bfd9d7afd8', '2019-01-09 08:43:02', '', '0000-00-00 00:00:00'),
(4307, '3', 7, '09:00:00', '13:00:00', '1', '2019-03-05', '2019-03-05', 2, '1', '1b01a5e32c0153a47f9117bfd9d7afd8', '2019-01-09 08:43:02', '', '0000-00-00 00:00:00'),
(4308, '3', 7, '16:00:00', '19:00:00', '2', '2019-03-05', '2019-03-05', 2, '1', '1b01a5e32c0153a47f9117bfd9d7afd8', '2019-01-09 08:43:02', '', '0000-00-00 00:00:00'),
(4323, '4', 1, '09:00:00', '13:00:00', '1', '2019-01-21', '2019-01-21', 1, '1', '1b01a5e32c0153a47f9117bfd9d7afd8', '2019-01-09 11:39:31', '', '0000-00-00 00:00:00'),
(4324, '4', 1, '16:00:00', '19:00:00', '2', '2019-01-21', '2019-01-21', 1, '1', '1b01a5e32c0153a47f9117bfd9d7afd8', '2019-01-09 11:39:31', '', '0000-00-00 00:00:00'),
(4325, '4', 2, '09:00:00', '13:00:00', '1', '2019-01-21', '2019-01-21', 1, '1', '1b01a5e32c0153a47f9117bfd9d7afd8', '2019-01-09 11:39:31', '', '0000-00-00 00:00:00'),
(4326, '4', 2, '16:00:00', '19:00:00', '2', '2019-01-21', '2019-01-21', 1, '1', '1b01a5e32c0153a47f9117bfd9d7afd8', '2019-01-09 11:39:31', '', '0000-00-00 00:00:00'),
(4327, '4', 3, '09:00:00', '13:00:00', '1', '2019-01-21', '2019-01-21', 1, '1', '1b01a5e32c0153a47f9117bfd9d7afd8', '2019-01-09 11:39:31', '', '0000-00-00 00:00:00'),
(4328, '4', 3, '16:00:00', '00:00:00', '2', '2019-01-21', '2019-01-21', 1, '1', '1b01a5e32c0153a47f9117bfd9d7afd8', '2019-01-09 11:39:31', '', '0000-00-00 00:00:00'),
(4329, '4', 4, '09:00:00', '13:00:00', '1', '2019-01-21', '2019-01-21', 1, '1', '1b01a5e32c0153a47f9117bfd9d7afd8', '2019-01-09 11:39:31', '', '0000-00-00 00:00:00'),
(4330, '4', 4, '16:00:00', '19:00:00', '2', '2019-01-21', '2019-01-21', 1, '1', '1b01a5e32c0153a47f9117bfd9d7afd8', '2019-01-09 11:39:31', '', '0000-00-00 00:00:00'),
(4331, '4', 5, '00:00:00', '00:00:00', '1', '2019-01-21', '2019-01-21', 1, '1', '1b01a5e32c0153a47f9117bfd9d7afd8', '2019-01-09 11:39:31', '', '0000-00-00 00:00:00'),
(4332, '4', 5, '00:00:00', '00:00:00', '2', '2019-01-21', '2019-01-21', 1, '1', '1b01a5e32c0153a47f9117bfd9d7afd8', '2019-01-09 11:39:31', '', '0000-00-00 00:00:00'),
(4333, '4', 6, '09:00:00', '13:00:00', '1', '2019-01-21', '2019-01-21', 1, '1', '1b01a5e32c0153a47f9117bfd9d7afd8', '2019-01-09 11:39:31', '', '0000-00-00 00:00:00'),
(4334, '4', 6, '16:00:00', '19:00:00', '2', '2019-01-21', '2019-01-21', 1, '1', '1b01a5e32c0153a47f9117bfd9d7afd8', '2019-01-09 11:39:31', '', '0000-00-00 00:00:00'),
(4335, '4', 7, '09:00:00', '13:00:00', '1', '2019-01-21', '2019-01-21', 1, '1', '1b01a5e32c0153a47f9117bfd9d7afd8', '2019-01-09 11:39:31', '', '0000-00-00 00:00:00'),
(4336, '4', 7, '16:00:00', '19:00:00', '2', '2019-01-21', '2019-01-21', 1, '1', '1b01a5e32c0153a47f9117bfd9d7afd8', '2019-01-09 11:39:31', '', '0000-00-00 00:00:00'),
(4337, '4', 1, '09:00:00', '13:00:00', '1', '2019-01-21', '2019-01-21', 2, '1', '1b01a5e32c0153a47f9117bfd9d7afd8', '2019-01-09 11:39:31', '', '0000-00-00 00:00:00'),
(4338, '4', 1, '16:00:00', '19:00:00', '2', '2019-01-21', '2019-01-21', 2, '1', '1b01a5e32c0153a47f9117bfd9d7afd8', '2019-01-09 11:39:31', '', '0000-00-00 00:00:00'),
(4339, '4', 2, '09:00:00', '13:00:00', '1', '2019-01-21', '2019-01-21', 2, '1', '1b01a5e32c0153a47f9117bfd9d7afd8', '2019-01-09 11:39:31', '', '0000-00-00 00:00:00'),
(4340, '4', 2, '16:00:00', '19:00:00', '2', '2019-01-21', '2019-01-21', 2, '1', '1b01a5e32c0153a47f9117bfd9d7afd8', '2019-01-09 11:39:31', '', '0000-00-00 00:00:00'),
(4341, '4', 3, '09:00:00', '13:00:00', '1', '2019-01-21', '2019-01-21', 2, '1', '1b01a5e32c0153a47f9117bfd9d7afd8', '2019-01-09 11:39:31', '', '0000-00-00 00:00:00'),
(4342, '4', 3, '16:00:00', '19:00:00', '2', '2019-01-21', '2019-01-21', 2, '1', '1b01a5e32c0153a47f9117bfd9d7afd8', '2019-01-09 11:39:31', '', '0000-00-00 00:00:00'),
(4343, '4', 4, '09:00:00', '13:00:00', '1', '2019-01-21', '2019-01-21', 2, '1', '1b01a5e32c0153a47f9117bfd9d7afd8', '2019-01-09 11:39:31', '', '0000-00-00 00:00:00'),
(4344, '4', 4, '16:00:00', '19:00:00', '2', '2019-01-21', '2019-01-21', 2, '1', '1b01a5e32c0153a47f9117bfd9d7afd8', '2019-01-09 11:39:31', '', '0000-00-00 00:00:00'),
(4345, '4', 5, '00:00:00', '00:00:00', '1', '2019-01-21', '2019-01-21', 2, '1', '1b01a5e32c0153a47f9117bfd9d7afd8', '2019-01-09 11:39:31', '', '0000-00-00 00:00:00'),
(4346, '4', 5, '00:00:00', '00:00:00', '2', '2019-01-21', '2019-01-21', 2, '1', '1b01a5e32c0153a47f9117bfd9d7afd8', '2019-01-09 11:39:31', '', '0000-00-00 00:00:00'),
(4347, '4', 6, '09:00:00', '13:00:00', '1', '2019-01-21', '2019-01-21', 2, '1', '1b01a5e32c0153a47f9117bfd9d7afd8', '2019-01-09 11:39:31', '', '0000-00-00 00:00:00'),
(4348, '4', 6, '16:00:00', '19:00:00', '2', '2019-01-21', '2019-01-21', 2, '1', '1b01a5e32c0153a47f9117bfd9d7afd8', '2019-01-09 11:39:31', '', '0000-00-00 00:00:00'),
(4349, '4', 7, '09:00:00', '13:00:00', '1', '2019-01-21', '2019-01-21', 2, '1', '1b01a5e32c0153a47f9117bfd9d7afd8', '2019-01-09 11:39:31', '', '0000-00-00 00:00:00'),
(4350, '4', 7, '16:00:00', '19:00:00', '2', '2019-01-21', '2019-01-21', 2, '1', '1b01a5e32c0153a47f9117bfd9d7afd8', '2019-01-09 11:39:31', '', '0000-00-00 00:00:00'),
(4351, '4', 1, '00:00:00', '00:00:00', '1', '2019-01-21', '2019-01-21', 3, '1', '1b01a5e32c0153a47f9117bfd9d7afd8', '2019-01-09 11:39:31', '', '0000-00-00 00:00:00'),
(4352, '4', 1, '00:00:00', '00:00:00', '2', '2019-01-21', '2019-01-21', 3, '1', '1b01a5e32c0153a47f9117bfd9d7afd8', '2019-01-09 11:39:31', '', '0000-00-00 00:00:00'),
(4353, '4', 2, '00:00:00', '00:00:00', '1', '2019-01-21', '2019-01-21', 3, '1', '1b01a5e32c0153a47f9117bfd9d7afd8', '2019-01-09 11:39:31', '', '0000-00-00 00:00:00'),
(4354, '4', 2, '00:00:00', '00:00:00', '2', '2019-01-21', '2019-01-21', 3, '1', '1b01a5e32c0153a47f9117bfd9d7afd8', '2019-01-09 11:39:31', '', '0000-00-00 00:00:00'),
(4355, '4', 3, '00:00:00', '00:00:00', '1', '2019-01-21', '2019-01-21', 3, '1', '1b01a5e32c0153a47f9117bfd9d7afd8', '2019-01-09 11:39:31', '', '0000-00-00 00:00:00'),
(4356, '4', 3, '00:00:00', '00:00:00', '2', '2019-01-21', '2019-01-21', 3, '1', '1b01a5e32c0153a47f9117bfd9d7afd8', '2019-01-09 11:39:31', '', '0000-00-00 00:00:00'),
(4357, '4', 4, '00:00:00', '00:00:00', '1', '2019-01-21', '2019-01-21', 3, '1', '1b01a5e32c0153a47f9117bfd9d7afd8', '2019-01-09 11:39:31', '', '0000-00-00 00:00:00'),
(4358, '4', 4, '00:00:00', '00:00:00', '2', '2019-01-21', '2019-01-21', 3, '1', '1b01a5e32c0153a47f9117bfd9d7afd8', '2019-01-09 11:39:31', '', '0000-00-00 00:00:00'),
(4359, '4', 5, '00:00:00', '00:00:00', '1', '2019-01-21', '2019-01-21', 3, '1', '1b01a5e32c0153a47f9117bfd9d7afd8', '2019-01-09 11:39:31', '', '0000-00-00 00:00:00'),
(4360, '4', 5, '00:00:00', '00:00:00', '2', '2019-01-21', '2019-01-21', 3, '1', '1b01a5e32c0153a47f9117bfd9d7afd8', '2019-01-09 11:39:31', '', '0000-00-00 00:00:00'),
(4361, '4', 6, '00:00:00', '00:00:00', '1', '2019-01-21', '2019-01-21', 3, '1', '1b01a5e32c0153a47f9117bfd9d7afd8', '2019-01-09 11:39:31', '', '0000-00-00 00:00:00'),
(4362, '4', 6, '00:00:00', '00:00:00', '2', '2019-01-21', '2019-01-21', 3, '1', '1b01a5e32c0153a47f9117bfd9d7afd8', '2019-01-09 11:39:31', '', '0000-00-00 00:00:00'),
(4363, '4', 7, '00:00:00', '00:00:00', '1', '2019-01-21', '2019-01-21', 3, '1', '1b01a5e32c0153a47f9117bfd9d7afd8', '2019-01-09 11:39:31', '', '0000-00-00 00:00:00'),
(4364, '4', 7, '00:00:00', '00:00:00', '2', '2019-01-21', '2019-01-21', 3, '1', '1b01a5e32c0153a47f9117bfd9d7afd8', '2019-01-09 11:39:31', '', '0000-00-00 00:00:00'),
(4365, '3', 1, '09:00:00', '13:00:00', '1', '2019-03-05', '2019-03-05', 1, '1', '1b01a5e32c0153a47f9117bfd9d7afd8', '2019-01-09 11:58:36', '', '0000-00-00 00:00:00'),
(4366, '3', 1, '16:00:00', '19:00:00', '2', '2019-03-05', '2019-03-05', 1, '1', '1b01a5e32c0153a47f9117bfd9d7afd8', '2019-01-09 11:58:36', '', '0000-00-00 00:00:00'),
(4367, '3', 2, '09:00:00', '13:00:00', '1', '2019-03-05', '2019-03-05', 1, '1', '1b01a5e32c0153a47f9117bfd9d7afd8', '2019-01-09 11:58:36', '', '0000-00-00 00:00:00'),
(4368, '3', 2, '16:00:00', '19:00:00', '2', '2019-03-05', '2019-03-05', 1, '1', '1b01a5e32c0153a47f9117bfd9d7afd8', '2019-01-09 11:58:36', '', '0000-00-00 00:00:00'),
(4369, '3', 3, '09:00:00', '13:00:00', '1', '2019-03-05', '2019-03-05', 1, '1', '1b01a5e32c0153a47f9117bfd9d7afd8', '2019-01-09 11:58:36', '', '0000-00-00 00:00:00'),
(4370, '3', 3, '16:00:00', '00:00:00', '2', '2019-03-05', '2019-03-05', 1, '1', '1b01a5e32c0153a47f9117bfd9d7afd8', '2019-01-09 11:58:36', '', '0000-00-00 00:00:00'),
(4371, '3', 4, '09:00:00', '13:00:00', '1', '2019-03-05', '2019-03-05', 1, '1', '1b01a5e32c0153a47f9117bfd9d7afd8', '2019-01-09 11:58:36', '', '0000-00-00 00:00:00'),
(4372, '3', 4, '16:00:00', '19:00:00', '2', '2019-03-05', '2019-03-05', 1, '1', '1b01a5e32c0153a47f9117bfd9d7afd8', '2019-01-09 11:58:36', '', '0000-00-00 00:00:00'),
(4373, '3', 5, '00:00:00', '00:00:00', '1', '2019-03-05', '2019-03-05', 1, '1', '1b01a5e32c0153a47f9117bfd9d7afd8', '2019-01-09 11:58:36', '', '0000-00-00 00:00:00'),
(4374, '3', 5, '00:00:00', '00:00:00', '2', '2019-03-05', '2019-03-05', 1, '1', '1b01a5e32c0153a47f9117bfd9d7afd8', '2019-01-09 11:58:36', '', '0000-00-00 00:00:00'),
(4375, '3', 6, '09:00:00', '13:00:00', '1', '2019-03-05', '2019-03-05', 1, '1', '1b01a5e32c0153a47f9117bfd9d7afd8', '2019-01-09 11:58:36', '', '0000-00-00 00:00:00'),
(4376, '3', 6, '16:00:00', '19:00:00', '2', '2019-03-05', '2019-03-05', 1, '1', '1b01a5e32c0153a47f9117bfd9d7afd8', '2019-01-09 11:58:36', '', '0000-00-00 00:00:00'),
(4377, '3', 7, '09:00:00', '13:00:00', '1', '2019-03-05', '2019-03-05', 1, '1', '1b01a5e32c0153a47f9117bfd9d7afd8', '2019-01-09 11:58:36', '', '0000-00-00 00:00:00'),
(4378, '3', 7, '16:00:00', '19:00:00', '2', '2019-03-05', '2019-03-05', 1, '1', '1b01a5e32c0153a47f9117bfd9d7afd8', '2019-01-09 11:58:36', '', '0000-00-00 00:00:00'),
(4379, '3', 1, '09:00:00', '13:00:00', '1', '2019-03-05', '2019-03-05', 2, '1', '1b01a5e32c0153a47f9117bfd9d7afd8', '2019-01-09 11:58:36', '', '0000-00-00 00:00:00'),
(4380, '3', 1, '16:00:00', '19:00:00', '2', '2019-03-05', '2019-03-05', 2, '1', '1b01a5e32c0153a47f9117bfd9d7afd8', '2019-01-09 11:58:36', '', '0000-00-00 00:00:00'),
(4381, '3', 2, '09:00:00', '13:00:00', '1', '2019-03-05', '2019-03-05', 2, '1', '1b01a5e32c0153a47f9117bfd9d7afd8', '2019-01-09 11:58:36', '', '0000-00-00 00:00:00'),
(4382, '3', 2, '16:00:00', '19:00:00', '2', '2019-03-05', '2019-03-05', 2, '1', '1b01a5e32c0153a47f9117bfd9d7afd8', '2019-01-09 11:58:36', '', '0000-00-00 00:00:00'),
(4383, '3', 3, '09:00:00', '13:00:00', '1', '2019-03-05', '2019-03-05', 2, '1', '1b01a5e32c0153a47f9117bfd9d7afd8', '2019-01-09 11:58:36', '', '0000-00-00 00:00:00'),
(4384, '3', 3, '16:00:00', '19:00:00', '2', '2019-03-05', '2019-03-05', 2, '1', '1b01a5e32c0153a47f9117bfd9d7afd8', '2019-01-09 11:58:36', '', '0000-00-00 00:00:00'),
(4385, '3', 4, '09:00:00', '13:00:00', '1', '2019-03-05', '2019-03-05', 2, '1', '1b01a5e32c0153a47f9117bfd9d7afd8', '2019-01-09 11:58:36', '', '0000-00-00 00:00:00'),
(4386, '3', 4, '16:00:00', '19:00:00', '2', '2019-03-05', '2019-03-05', 2, '1', '1b01a5e32c0153a47f9117bfd9d7afd8', '2019-01-09 11:58:36', '', '0000-00-00 00:00:00'),
(4387, '3', 5, '00:00:00', '00:00:00', '1', '2019-03-05', '2019-03-05', 2, '1', '1b01a5e32c0153a47f9117bfd9d7afd8', '2019-01-09 11:58:36', '', '0000-00-00 00:00:00'),
(4388, '3', 5, '00:00:00', '00:00:00', '2', '2019-03-05', '2019-03-05', 2, '1', '1b01a5e32c0153a47f9117bfd9d7afd8', '2019-01-09 11:58:36', '', '0000-00-00 00:00:00'),
(4389, '3', 6, '09:00:00', '13:00:00', '1', '2019-03-05', '2019-03-05', 2, '1', '1b01a5e32c0153a47f9117bfd9d7afd8', '2019-01-09 11:58:36', '', '0000-00-00 00:00:00'),
(4390, '3', 6, '16:00:00', '19:00:00', '2', '2019-03-05', '2019-03-05', 2, '1', '1b01a5e32c0153a47f9117bfd9d7afd8', '2019-01-09 11:58:36', '', '0000-00-00 00:00:00'),
(4391, '3', 7, '09:00:00', '13:00:00', '1', '2019-03-05', '2019-03-05', 2, '1', '1b01a5e32c0153a47f9117bfd9d7afd8', '2019-01-09 11:58:36', '', '0000-00-00 00:00:00'),
(4392, '3', 7, '16:00:00', '19:00:00', '2', '2019-03-05', '2019-03-05', 2, '1', '1b01a5e32c0153a47f9117bfd9d7afd8', '2019-01-09 11:58:36', '', '0000-00-00 00:00:00'),
(4407, '3', 1, '09:00:00', '13:00:00', '1', '2019-04-02', '2019-04-02', 1, '1', '7d7d3b3d67aecc6187a004d87a1ecf24', '2019-02-15 11:31:56', '', '0000-00-00 00:00:00'),
(4408, '3', 1, '16:00:00', '19:00:00', '2', '2019-04-02', '2019-04-02', 1, '1', '7d7d3b3d67aecc6187a004d87a1ecf24', '2019-02-15 11:31:56', '', '0000-00-00 00:00:00'),
(4409, '3', 2, '09:00:00', '13:00:00', '1', '2019-04-02', '2019-04-02', 1, '1', '7d7d3b3d67aecc6187a004d87a1ecf24', '2019-02-15 11:31:56', '', '0000-00-00 00:00:00'),
(4410, '3', 2, '16:00:00', '19:00:00', '2', '2019-04-02', '2019-04-02', 1, '1', '7d7d3b3d67aecc6187a004d87a1ecf24', '2019-02-15 11:31:56', '', '0000-00-00 00:00:00'),
(4411, '3', 3, '00:00:00', '00:00:00', '1', '2019-04-02', '2019-04-02', 1, '1', '7d7d3b3d67aecc6187a004d87a1ecf24', '2019-02-15 11:31:56', '', '0000-00-00 00:00:00'),
(4412, '3', 3, '00:00:00', '00:00:00', '2', '2019-04-02', '2019-04-02', 1, '1', '7d7d3b3d67aecc6187a004d87a1ecf24', '2019-02-15 11:31:56', '', '0000-00-00 00:00:00'),
(4413, '3', 4, '09:00:00', '13:00:00', '1', '2019-04-02', '2019-04-02', 1, '1', '7d7d3b3d67aecc6187a004d87a1ecf24', '2019-02-15 11:31:56', '', '0000-00-00 00:00:00'),
(4414, '3', 4, '16:00:00', '19:00:00', '2', '2019-04-02', '2019-04-02', 1, '1', '7d7d3b3d67aecc6187a004d87a1ecf24', '2019-02-15 11:31:56', '', '0000-00-00 00:00:00'),
(4415, '3', 5, '00:00:00', '00:00:00', '1', '2019-04-02', '2019-04-02', 1, '1', '7d7d3b3d67aecc6187a004d87a1ecf24', '2019-02-15 11:31:56', '', '0000-00-00 00:00:00'),
(4416, '3', 5, '00:00:00', '00:00:00', '2', '2019-04-02', '2019-04-02', 1, '1', '7d7d3b3d67aecc6187a004d87a1ecf24', '2019-02-15 11:31:56', '', '0000-00-00 00:00:00'),
(4417, '3', 6, '09:00:00', '13:00:00', '1', '2019-04-02', '2019-04-02', 1, '1', '7d7d3b3d67aecc6187a004d87a1ecf24', '2019-02-15 11:31:56', '', '0000-00-00 00:00:00'),
(4418, '3', 6, '16:00:00', '19:00:00', '2', '2019-04-02', '2019-04-02', 1, '1', '7d7d3b3d67aecc6187a004d87a1ecf24', '2019-02-15 11:31:56', '', '0000-00-00 00:00:00'),
(4419, '3', 7, '09:00:00', '13:00:00', '1', '2019-04-02', '2019-04-02', 1, '1', '7d7d3b3d67aecc6187a004d87a1ecf24', '2019-02-15 11:31:56', '', '0000-00-00 00:00:00'),
(4420, '3', 7, '16:00:00', '19:00:00', '2', '2019-04-02', '2019-04-02', 1, '1', '7d7d3b3d67aecc6187a004d87a1ecf24', '2019-02-15 11:31:56', '', '0000-00-00 00:00:00'),
(4421, '3', 1, '09:00:00', '13:00:00', '1', '2019-04-02', '2019-04-02', 2, '1', '7d7d3b3d67aecc6187a004d87a1ecf24', '2019-02-15 11:31:56', '', '0000-00-00 00:00:00'),
(4422, '3', 1, '16:00:00', '19:00:00', '2', '2019-04-02', '2019-04-02', 2, '1', '7d7d3b3d67aecc6187a004d87a1ecf24', '2019-02-15 11:31:56', '', '0000-00-00 00:00:00'),
(4423, '3', 2, '09:00:00', '13:00:00', '1', '2019-04-02', '2019-04-02', 2, '1', '7d7d3b3d67aecc6187a004d87a1ecf24', '2019-02-15 11:31:56', '', '0000-00-00 00:00:00'),
(4424, '3', 2, '16:00:00', '19:00:00', '2', '2019-04-02', '2019-04-02', 2, '1', '7d7d3b3d67aecc6187a004d87a1ecf24', '2019-02-15 11:31:56', '', '0000-00-00 00:00:00'),
(4425, '3', 3, '09:00:00', '13:00:00', '1', '2019-04-02', '2019-04-02', 2, '1', '7d7d3b3d67aecc6187a004d87a1ecf24', '2019-02-15 11:31:56', '', '0000-00-00 00:00:00'),
(4426, '3', 3, '16:00:00', '19:00:00', '2', '2019-04-02', '2019-04-02', 2, '1', '7d7d3b3d67aecc6187a004d87a1ecf24', '2019-02-15 11:31:56', '', '0000-00-00 00:00:00'),
(4427, '3', 4, '09:00:00', '13:00:00', '1', '2019-04-02', '2019-04-02', 2, '1', '7d7d3b3d67aecc6187a004d87a1ecf24', '2019-02-15 11:31:56', '', '0000-00-00 00:00:00'),
(4428, '3', 4, '16:00:00', '19:00:00', '2', '2019-04-02', '2019-04-02', 2, '1', '7d7d3b3d67aecc6187a004d87a1ecf24', '2019-02-15 11:31:56', '', '0000-00-00 00:00:00'),
(4429, '3', 5, '00:00:00', '00:00:00', '1', '2019-04-02', '2019-04-02', 2, '1', '7d7d3b3d67aecc6187a004d87a1ecf24', '2019-02-15 11:31:56', '', '0000-00-00 00:00:00'),
(4430, '3', 5, '00:00:00', '00:00:00', '2', '2019-04-02', '2019-04-02', 2, '1', '7d7d3b3d67aecc6187a004d87a1ecf24', '2019-02-15 11:31:56', '', '0000-00-00 00:00:00'),
(4431, '3', 6, '09:00:00', '13:00:00', '1', '2019-04-02', '2019-04-02', 2, '1', '7d7d3b3d67aecc6187a004d87a1ecf24', '2019-02-15 11:31:56', '', '0000-00-00 00:00:00'),
(4432, '3', 6, '16:00:00', '19:00:00', '2', '2019-04-02', '2019-04-02', 2, '1', '7d7d3b3d67aecc6187a004d87a1ecf24', '2019-02-15 11:31:56', '', '0000-00-00 00:00:00'),
(4433, '3', 7, '09:00:00', '13:00:00', '1', '2019-04-02', '2019-04-02', 2, '1', '7d7d3b3d67aecc6187a004d87a1ecf24', '2019-02-15 11:31:56', '', '0000-00-00 00:00:00'),
(4434, '3', 7, '16:00:00', '19:00:00', '2', '2019-04-02', '2019-04-02', 2, '1', '7d7d3b3d67aecc6187a004d87a1ecf24', '2019-02-15 11:31:56', '', '0000-00-00 00:00:00'),
(4535, 'undefined', 1, '09:00:00', '13:00:00', '1', '2019-06-07', '2019-06-22', 1, '1', '273cda4feaf55ce61512990835ff3644', '2019-04-01 03:58:02', '', '0000-00-00 00:00:00'),
(4536, 'undefined', 1, '16:00:00', '19:00:00', '2', '2019-06-07', '2019-06-22', 1, '1', '273cda4feaf55ce61512990835ff3644', '2019-04-01 03:58:02', '', '0000-00-00 00:00:00'),
(4537, 'undefined', 2, '09:00:00', '13:00:00', '1', '2019-06-07', '2019-06-22', 1, '1', '273cda4feaf55ce61512990835ff3644', '2019-04-01 03:58:02', '', '0000-00-00 00:00:00'),
(4538, 'undefined', 2, '16:00:00', '19:00:00', '2', '2019-06-07', '2019-06-22', 1, '1', '273cda4feaf55ce61512990835ff3644', '2019-04-01 03:58:02', '', '0000-00-00 00:00:00'),
(4539, 'undefined', 3, '09:00:00', '13:00:00', '1', '2019-06-07', '2019-06-22', 1, '1', '273cda4feaf55ce61512990835ff3644', '2019-04-01 03:58:02', '', '0000-00-00 00:00:00'),
(4540, 'undefined', 3, '16:00:00', '19:00:00', '2', '2019-06-07', '2019-06-22', 1, '1', '273cda4feaf55ce61512990835ff3644', '2019-04-01 03:58:02', '', '0000-00-00 00:00:00'),
(4541, 'undefined', 4, '09:00:00', '13:00:00', '1', '2019-06-07', '2019-06-22', 1, '1', '273cda4feaf55ce61512990835ff3644', '2019-04-01 03:58:02', '', '0000-00-00 00:00:00'),
(4542, 'undefined', 4, '16:00:00', '19:00:00', '2', '2019-06-07', '2019-06-22', 1, '1', '273cda4feaf55ce61512990835ff3644', '2019-04-01 03:58:02', '', '0000-00-00 00:00:00'),
(4543, 'undefined', 5, '00:00:00', '00:00:00', '1', '2019-06-07', '2019-06-22', 1, '1', '273cda4feaf55ce61512990835ff3644', '2019-04-01 03:58:02', '', '0000-00-00 00:00:00'),
(4544, 'undefined', 5, '00:00:00', '00:00:00', '2', '2019-06-07', '2019-06-22', 1, '1', '273cda4feaf55ce61512990835ff3644', '2019-04-01 03:58:02', '', '0000-00-00 00:00:00'),
(4545, 'undefined', 6, '09:00:00', '13:00:00', '1', '2019-06-07', '2019-06-22', 1, '1', '273cda4feaf55ce61512990835ff3644', '2019-04-01 03:58:02', '', '0000-00-00 00:00:00'),
(4546, 'undefined', 6, '16:00:00', '19:00:00', '2', '2019-06-07', '2019-06-22', 1, '1', '273cda4feaf55ce61512990835ff3644', '2019-04-01 03:58:02', '', '0000-00-00 00:00:00'),
(4547, 'undefined', 7, '09:00:00', '13:00:00', '1', '2019-06-07', '2019-06-22', 1, '1', '273cda4feaf55ce61512990835ff3644', '2019-04-01 03:58:02', '', '0000-00-00 00:00:00'),
(4548, 'undefined', 7, '16:00:00', '19:00:00', '2', '2019-06-07', '2019-06-22', 1, '1', '273cda4feaf55ce61512990835ff3644', '2019-04-01 03:58:02', '', '0000-00-00 00:00:00'),
(4549, 'undefined', 1, '09:00:00', '13:00:00', '1', '2019-06-07', '2019-06-22', 2, '1', '273cda4feaf55ce61512990835ff3644', '2019-04-01 03:58:02', '', '0000-00-00 00:00:00'),
(4550, 'undefined', 1, '16:00:00', '19:00:00', '2', '2019-06-07', '2019-06-22', 2, '1', '273cda4feaf55ce61512990835ff3644', '2019-04-01 03:58:02', '', '0000-00-00 00:00:00'),
(4551, 'undefined', 2, '09:00:00', '13:00:00', '1', '2019-06-07', '2019-06-22', 2, '1', '273cda4feaf55ce61512990835ff3644', '2019-04-01 03:58:02', '', '0000-00-00 00:00:00'),
(4552, 'undefined', 2, '16:00:00', '19:00:00', '2', '2019-06-07', '2019-06-22', 2, '1', '273cda4feaf55ce61512990835ff3644', '2019-04-01 03:58:02', '', '0000-00-00 00:00:00'),
(4553, 'undefined', 3, '09:00:00', '13:00:00', '1', '2019-06-07', '2019-06-22', 2, '1', '273cda4feaf55ce61512990835ff3644', '2019-04-01 03:58:02', '', '0000-00-00 00:00:00'),
(4554, 'undefined', 3, '16:00:00', '19:00:00', '2', '2019-06-07', '2019-06-22', 2, '1', '273cda4feaf55ce61512990835ff3644', '2019-04-01 03:58:02', '', '0000-00-00 00:00:00'),
(4555, 'undefined', 4, '09:00:00', '13:00:00', '1', '2019-06-07', '2019-06-22', 2, '1', '273cda4feaf55ce61512990835ff3644', '2019-04-01 03:58:02', '', '0000-00-00 00:00:00'),
(4556, 'undefined', 4, '16:00:00', '19:00:00', '2', '2019-06-07', '2019-06-22', 2, '1', '273cda4feaf55ce61512990835ff3644', '2019-04-01 03:58:02', '', '0000-00-00 00:00:00'),
(4557, 'undefined', 5, '00:00:00', '00:00:00', '1', '2019-06-07', '2019-06-22', 2, '1', '273cda4feaf55ce61512990835ff3644', '2019-04-01 03:58:02', '', '0000-00-00 00:00:00'),
(4558, 'undefined', 5, '00:00:00', '00:00:00', '2', '2019-06-07', '2019-06-22', 2, '1', '273cda4feaf55ce61512990835ff3644', '2019-04-01 03:58:02', '', '0000-00-00 00:00:00'),
(4559, 'undefined', 6, '09:00:00', '13:00:00', '1', '2019-06-07', '2019-06-22', 2, '1', '273cda4feaf55ce61512990835ff3644', '2019-04-01 03:58:02', '', '0000-00-00 00:00:00'),
(4560, 'undefined', 6, '16:00:00', '19:00:00', '2', '2019-06-07', '2019-06-22', 2, '1', '273cda4feaf55ce61512990835ff3644', '2019-04-01 03:58:02', '', '0000-00-00 00:00:00'),
(4561, 'undefined', 7, '09:00:00', '13:00:00', '1', '2019-06-07', '2019-06-22', 2, '1', '273cda4feaf55ce61512990835ff3644', '2019-04-01 03:58:02', '', '0000-00-00 00:00:00'),
(4562, 'undefined', 7, '16:00:00', '19:00:00', '2', '2019-06-07', '2019-06-22', 2, '1', '273cda4feaf55ce61512990835ff3644', '2019-04-01 03:58:02', '', '0000-00-00 00:00:00'),
(4563, 'undefined', 1, '09:00:00', '13:00:00', '1', '2019-06-07', '2019-06-22', 3, '1', '273cda4feaf55ce61512990835ff3644', '2019-04-01 03:58:02', '', '0000-00-00 00:00:00'),
(4564, 'undefined', 1, '16:00:00', '19:00:00', '2', '2019-06-07', '2019-06-22', 3, '1', '273cda4feaf55ce61512990835ff3644', '2019-04-01 03:58:02', '', '0000-00-00 00:00:00'),
(4565, 'undefined', 2, '09:00:00', '13:00:00', '1', '2019-06-07', '2019-06-22', 3, '1', '273cda4feaf55ce61512990835ff3644', '2019-04-01 03:58:03', '', '0000-00-00 00:00:00'),
(4566, 'undefined', 2, '16:00:00', '19:00:00', '2', '2019-06-07', '2019-06-22', 3, '1', '273cda4feaf55ce61512990835ff3644', '2019-04-01 03:58:03', '', '0000-00-00 00:00:00'),
(4567, 'undefined', 3, '09:00:00', '13:00:00', '1', '2019-06-07', '2019-06-22', 3, '1', '273cda4feaf55ce61512990835ff3644', '2019-04-01 03:58:03', '', '0000-00-00 00:00:00'),
(4568, 'undefined', 3, '16:00:00', '19:00:00', '2', '2019-06-07', '2019-06-22', 3, '1', '273cda4feaf55ce61512990835ff3644', '2019-04-01 03:58:03', '', '0000-00-00 00:00:00'),
(4569, 'undefined', 4, '09:00:00', '13:00:00', '1', '2019-06-07', '2019-06-22', 3, '1', '273cda4feaf55ce61512990835ff3644', '2019-04-01 03:58:03', '', '0000-00-00 00:00:00'),
(4570, 'undefined', 4, '16:00:00', '19:00:00', '2', '2019-06-07', '2019-06-22', 3, '1', '273cda4feaf55ce61512990835ff3644', '2019-04-01 03:58:03', '', '0000-00-00 00:00:00'),
(4571, 'undefined', 5, '00:00:00', '00:00:00', '1', '2019-06-07', '2019-06-22', 3, '1', '273cda4feaf55ce61512990835ff3644', '2019-04-01 03:58:03', '', '0000-00-00 00:00:00'),
(4572, 'undefined', 5, '00:00:00', '00:00:00', '2', '2019-06-07', '2019-06-22', 3, '1', '273cda4feaf55ce61512990835ff3644', '2019-04-01 03:58:03', '', '0000-00-00 00:00:00'),
(4573, 'undefined', 6, '09:00:00', '13:00:00', '1', '2019-06-07', '2019-06-22', 3, '1', '273cda4feaf55ce61512990835ff3644', '2019-04-01 03:58:03', '', '0000-00-00 00:00:00'),
(4574, 'undefined', 6, '16:00:00', '19:00:00', '2', '2019-06-07', '2019-06-22', 3, '1', '273cda4feaf55ce61512990835ff3644', '2019-04-01 03:58:03', '', '0000-00-00 00:00:00'),
(4575, 'undefined', 7, '09:00:00', '13:00:00', '1', '2019-06-07', '2019-06-22', 3, '1', '273cda4feaf55ce61512990835ff3644', '2019-04-01 03:58:03', '', '0000-00-00 00:00:00'),
(4576, 'undefined', 7, '16:00:00', '19:00:00', '2', '2019-06-07', '2019-06-22', 3, '1', '273cda4feaf55ce61512990835ff3644', '2019-04-01 03:58:03', '', '0000-00-00 00:00:00'),
(4577, 'undefined', 1, '09:28:01', '09:28:01', '1', '2019-06-07', '2019-06-22', 3, '1', '273cda4feaf55ce61512990835ff3644', '2019-04-01 03:58:03', '', '0000-00-00 00:00:00'),
(4578, 'undefined', 1, '09:28:01', '09:28:01', '2', '2019-06-07', '2019-06-22', 3, '1', '273cda4feaf55ce61512990835ff3644', '2019-04-01 03:58:03', '', '0000-00-00 00:00:00'),
(4795, '3', 1, '09:00:00', '13:00:00', '1', '2019-04-10', '2019-04-10', 1, '1', '22d30e9a7ad89573137635a89045a849', '2019-04-05 05:45:31', '', '0000-00-00 00:00:00'),
(4796, '3', 1, '16:00:00', '19:00:00', '2', '2019-04-10', '2019-04-10', 1, '1', '22d30e9a7ad89573137635a89045a849', '2019-04-05 05:45:31', '', '0000-00-00 00:00:00'),
(4797, '3', 2, '09:00:00', '13:00:00', '1', '2019-04-10', '2019-04-10', 1, '1', '22d30e9a7ad89573137635a89045a849', '2019-04-05 05:45:31', '', '0000-00-00 00:00:00'),
(4798, '3', 2, '16:00:00', '19:00:00', '2', '2019-04-10', '2019-04-10', 1, '1', '22d30e9a7ad89573137635a89045a849', '2019-04-05 05:45:31', '', '0000-00-00 00:00:00'),
(4799, '3', 3, '00:00:00', '00:00:00', '1', '2019-04-10', '2019-04-10', 1, '1', '22d30e9a7ad89573137635a89045a849', '2019-04-05 05:45:31', '', '0000-00-00 00:00:00'),
(4800, '3', 3, '00:00:00', '00:00:00', '2', '2019-04-10', '2019-04-10', 1, '1', '22d30e9a7ad89573137635a89045a849', '2019-04-05 05:45:31', '', '0000-00-00 00:00:00'),
(4801, '3', 4, '00:00:00', '00:00:00', '1', '2019-04-10', '2019-04-10', 1, '1', '22d30e9a7ad89573137635a89045a849', '2019-04-05 05:45:31', '', '0000-00-00 00:00:00'),
(4802, '3', 4, '00:00:00', '00:00:00', '2', '2019-04-10', '2019-04-10', 1, '1', '22d30e9a7ad89573137635a89045a849', '2019-04-05 05:45:31', '', '0000-00-00 00:00:00'),
(4803, '3', 5, '00:00:00', '00:00:00', '1', '2019-04-10', '2019-04-10', 1, '1', '22d30e9a7ad89573137635a89045a849', '2019-04-05 05:45:31', '', '0000-00-00 00:00:00'),
(4804, '3', 5, '00:00:00', '00:00:00', '2', '2019-04-10', '2019-04-10', 1, '1', '22d30e9a7ad89573137635a89045a849', '2019-04-05 05:45:31', '', '0000-00-00 00:00:00'),
(4805, '3', 6, '09:00:00', '13:00:00', '1', '2019-04-10', '2019-04-10', 1, '1', '22d30e9a7ad89573137635a89045a849', '2019-04-05 05:45:31', '', '0000-00-00 00:00:00'),
(4806, '3', 6, '16:00:00', '19:00:00', '2', '2019-04-10', '2019-04-10', 1, '1', '22d30e9a7ad89573137635a89045a849', '2019-04-05 05:45:31', '', '0000-00-00 00:00:00'),
(4807, '3', 7, '09:00:00', '13:00:00', '1', '2019-04-10', '2019-04-10', 1, '1', '22d30e9a7ad89573137635a89045a849', '2019-04-05 05:45:31', '', '0000-00-00 00:00:00'),
(4808, '3', 7, '16:00:00', '19:00:00', '2', '2019-04-10', '2019-04-10', 1, '1', '22d30e9a7ad89573137635a89045a849', '2019-04-05 05:45:31', '', '0000-00-00 00:00:00'),
(4809, '3', 1, '09:00:00', '13:00:00', '1', '2019-04-10', '2019-04-10', 2, '1', '22d30e9a7ad89573137635a89045a849', '2019-04-05 05:45:31', '', '0000-00-00 00:00:00'),
(4810, '3', 1, '16:00:00', '19:00:00', '2', '2019-04-10', '2019-04-10', 2, '1', '22d30e9a7ad89573137635a89045a849', '2019-04-05 05:45:31', '', '0000-00-00 00:00:00'),
(4811, '3', 2, '09:00:00', '13:00:00', '1', '2019-04-10', '2019-04-10', 2, '1', '22d30e9a7ad89573137635a89045a849', '2019-04-05 05:45:31', '', '0000-00-00 00:00:00'),
(4812, '3', 2, '16:00:00', '19:00:00', '2', '2019-04-10', '2019-04-10', 2, '1', '22d30e9a7ad89573137635a89045a849', '2019-04-05 05:45:31', '', '0000-00-00 00:00:00'),
(4813, '3', 3, '00:00:00', '00:00:00', '1', '2019-04-10', '2019-04-10', 2, '1', '22d30e9a7ad89573137635a89045a849', '2019-04-05 05:45:31', '', '0000-00-00 00:00:00'),
(4814, '3', 3, '00:00:00', '00:00:00', '2', '2019-04-10', '2019-04-10', 2, '1', '22d30e9a7ad89573137635a89045a849', '2019-04-05 05:45:31', '', '0000-00-00 00:00:00'),
(4815, '3', 4, '09:00:00', '13:00:00', '1', '2019-04-10', '2019-04-10', 2, '1', '22d30e9a7ad89573137635a89045a849', '2019-04-05 05:45:31', '', '0000-00-00 00:00:00'),
(4816, '3', 4, '16:00:00', '19:00:00', '2', '2019-04-10', '2019-04-10', 2, '1', '22d30e9a7ad89573137635a89045a849', '2019-04-05 05:45:31', '', '0000-00-00 00:00:00'),
(4817, '3', 5, '00:00:00', '00:00:00', '1', '2019-04-10', '2019-04-10', 2, '1', '22d30e9a7ad89573137635a89045a849', '2019-04-05 05:45:31', '', '0000-00-00 00:00:00'),
(4818, '3', 5, '00:00:00', '00:00:00', '2', '2019-04-10', '2019-04-10', 2, '1', '22d30e9a7ad89573137635a89045a849', '2019-04-05 05:45:31', '', '0000-00-00 00:00:00'),
(4819, '3', 6, '09:00:00', '13:00:00', '1', '2019-04-10', '2019-04-10', 2, '1', '22d30e9a7ad89573137635a89045a849', '2019-04-05 05:45:31', '', '0000-00-00 00:00:00'),
(4820, '3', 6, '16:00:00', '19:00:00', '2', '2019-04-10', '2019-04-10', 2, '1', '22d30e9a7ad89573137635a89045a849', '2019-04-05 05:45:31', '', '0000-00-00 00:00:00'),
(4821, '3', 7, '09:00:00', '13:00:00', '1', '2019-04-10', '2019-04-10', 2, '1', '22d30e9a7ad89573137635a89045a849', '2019-04-05 05:45:31', '', '0000-00-00 00:00:00'),
(4822, '3', 7, '16:00:00', '19:00:00', '2', '2019-04-10', '2019-04-10', 2, '1', '22d30e9a7ad89573137635a89045a849', '2019-04-05 05:45:31', '', '0000-00-00 00:00:00'),
(4839, '3', 1, '09:00:00', '13:00:00', '1', '2019-05-07', '2019-05-07', 1, '1', '5da5b22ae57b47e9bf2bb920c322dd77', '2019-04-08 11:01:59', '', '0000-00-00 00:00:00'),
(4840, '3', 1, '16:00:00', '19:00:00', '2', '2019-05-07', '2019-05-07', 1, '1', '5da5b22ae57b47e9bf2bb920c322dd77', '2019-04-08 11:01:59', '', '0000-00-00 00:00:00'),
(4841, '3', 2, '09:00:00', '13:00:00', '1', '2019-05-07', '2019-05-07', 1, '1', '5da5b22ae57b47e9bf2bb920c322dd77', '2019-04-08 11:01:59', '', '0000-00-00 00:00:00'),
(4842, '3', 2, '16:00:00', '19:00:00', '2', '2019-05-07', '2019-05-07', 1, '1', '5da5b22ae57b47e9bf2bb920c322dd77', '2019-04-08 11:01:59', '', '0000-00-00 00:00:00'),
(4843, '3', 3, '00:00:00', '00:00:00', '1', '2019-05-07', '2019-05-07', 1, '1', '5da5b22ae57b47e9bf2bb920c322dd77', '2019-04-08 11:01:59', '', '0000-00-00 00:00:00'),
(4844, '3', 3, '00:00:00', '00:00:00', '2', '2019-05-07', '2019-05-07', 1, '1', '5da5b22ae57b47e9bf2bb920c322dd77', '2019-04-08 11:01:59', '', '0000-00-00 00:00:00'),
(4845, '3', 4, '09:00:00', '13:00:00', '1', '2019-05-07', '2019-05-07', 1, '1', '5da5b22ae57b47e9bf2bb920c322dd77', '2019-04-08 11:01:59', '', '0000-00-00 00:00:00'),
(4846, '3', 4, '16:00:00', '19:00:00', '2', '2019-05-07', '2019-05-07', 1, '1', '5da5b22ae57b47e9bf2bb920c322dd77', '2019-04-08 11:01:59', '', '0000-00-00 00:00:00'),
(4847, '3', 5, '00:00:00', '00:00:00', '1', '2019-05-07', '2019-05-07', 1, '1', '5da5b22ae57b47e9bf2bb920c322dd77', '2019-04-08 11:01:59', '', '0000-00-00 00:00:00'),
(4848, '3', 5, '00:00:00', '00:00:00', '2', '2019-05-07', '2019-05-07', 1, '1', '5da5b22ae57b47e9bf2bb920c322dd77', '2019-04-08 11:01:59', '', '0000-00-00 00:00:00'),
(4849, '3', 6, '09:00:00', '13:00:00', '1', '2019-05-07', '2019-05-07', 1, '1', '5da5b22ae57b47e9bf2bb920c322dd77', '2019-04-08 11:01:59', '', '0000-00-00 00:00:00'),
(4850, '3', 6, '16:00:00', '19:00:00', '2', '2019-05-07', '2019-05-07', 1, '1', '5da5b22ae57b47e9bf2bb920c322dd77', '2019-04-08 11:01:59', '', '0000-00-00 00:00:00'),
(4851, '3', 7, '09:00:00', '13:00:00', '1', '2019-05-07', '2019-05-07', 1, '1', '5da5b22ae57b47e9bf2bb920c322dd77', '2019-04-08 11:01:59', '', '0000-00-00 00:00:00'),
(4852, '3', 7, '16:00:00', '19:00:00', '2', '2019-05-07', '2019-05-07', 1, '1', '5da5b22ae57b47e9bf2bb920c322dd77', '2019-04-08 11:01:59', '', '0000-00-00 00:00:00'),
(4853, '3', 1, '09:00:00', '13:00:00', '1', '2019-05-07', '2019-05-07', 2, '1', '5da5b22ae57b47e9bf2bb920c322dd77', '2019-04-08 11:01:59', '', '0000-00-00 00:00:00'),
(4854, '3', 1, '16:00:00', '19:00:00', '2', '2019-05-07', '2019-05-07', 2, '1', '5da5b22ae57b47e9bf2bb920c322dd77', '2019-04-08 11:01:59', '', '0000-00-00 00:00:00'),
(4855, '3', 2, '09:00:00', '13:00:00', '1', '2019-05-07', '2019-05-07', 2, '1', '5da5b22ae57b47e9bf2bb920c322dd77', '2019-04-08 11:01:59', '', '0000-00-00 00:00:00'),
(4856, '3', 2, '16:00:00', '19:00:00', '2', '2019-05-07', '2019-05-07', 2, '1', '5da5b22ae57b47e9bf2bb920c322dd77', '2019-04-08 11:01:59', '', '0000-00-00 00:00:00'),
(4857, '3', 3, '09:00:00', '13:00:00', '1', '2019-05-07', '2019-05-07', 2, '1', '5da5b22ae57b47e9bf2bb920c322dd77', '2019-04-08 11:01:59', '', '0000-00-00 00:00:00'),
(4858, '3', 3, '16:00:00', '19:00:00', '2', '2019-05-07', '2019-05-07', 2, '1', '5da5b22ae57b47e9bf2bb920c322dd77', '2019-04-08 11:01:59', '', '0000-00-00 00:00:00'),
(4859, '3', 4, '09:00:00', '13:00:00', '1', '2019-05-07', '2019-05-07', 2, '1', '5da5b22ae57b47e9bf2bb920c322dd77', '2019-04-08 11:01:59', '', '0000-00-00 00:00:00'),
(4860, '3', 4, '16:00:00', '19:00:00', '2', '2019-05-07', '2019-05-07', 2, '1', '5da5b22ae57b47e9bf2bb920c322dd77', '2019-04-08 11:01:59', '', '0000-00-00 00:00:00'),
(4861, '3', 5, '00:00:00', '00:00:00', '1', '2019-05-07', '2019-05-07', 2, '1', '5da5b22ae57b47e9bf2bb920c322dd77', '2019-04-08 11:01:59', '', '0000-00-00 00:00:00'),
(4862, '3', 5, '00:00:00', '00:00:00', '2', '2019-05-07', '2019-05-07', 2, '1', '5da5b22ae57b47e9bf2bb920c322dd77', '2019-04-08 11:01:59', '', '0000-00-00 00:00:00'),
(4863, '3', 6, '09:00:00', '13:00:00', '1', '2019-05-07', '2019-05-07', 2, '1', '5da5b22ae57b47e9bf2bb920c322dd77', '2019-04-08 11:01:59', '', '0000-00-00 00:00:00'),
(4864, '3', 6, '16:00:00', '19:00:00', '2', '2019-05-07', '2019-05-07', 2, '1', '5da5b22ae57b47e9bf2bb920c322dd77', '2019-04-08 11:01:59', '', '0000-00-00 00:00:00'),
(4865, '3', 7, '09:00:00', '13:00:00', '1', '2019-05-07', '2019-05-07', 2, '1', '5da5b22ae57b47e9bf2bb920c322dd77', '2019-04-08 11:01:59', '', '0000-00-00 00:00:00'),
(4866, '3', 7, '16:00:00', '19:00:00', '2', '2019-05-07', '2019-05-07', 2, '1', '5da5b22ae57b47e9bf2bb920c322dd77', '2019-04-08 11:01:59', '', '0000-00-00 00:00:00'),
(4883, '3', 1, '00:00:00', '00:00:00', '1', '2019-04-21', '2019-04-21', 1, '1', '19e6721707aa95b32d94996d3acd8635', '2019-04-17 12:51:32', '', '0000-00-00 00:00:00'),
(4884, '3', 1, '00:00:00', '00:00:00', '2', '2019-04-21', '2019-04-21', 1, '1', '19e6721707aa95b32d94996d3acd8635', '2019-04-17 12:51:32', '', '0000-00-00 00:00:00'),
(4885, '3', 2, '09:00:00', '13:00:00', '1', '2019-04-21', '2019-04-21', 1, '1', '19e6721707aa95b32d94996d3acd8635', '2019-04-17 12:51:32', '', '0000-00-00 00:00:00'),
(4886, '3', 2, '16:00:00', '19:00:00', '2', '2019-04-21', '2019-04-21', 1, '1', '19e6721707aa95b32d94996d3acd8635', '2019-04-17 12:51:32', '', '0000-00-00 00:00:00'),
(4887, '3', 3, '00:00:00', '00:00:00', '1', '2019-04-21', '2019-04-21', 1, '1', '19e6721707aa95b32d94996d3acd8635', '2019-04-17 12:51:32', '', '0000-00-00 00:00:00'),
(4888, '3', 3, '00:00:00', '00:00:00', '2', '2019-04-21', '2019-04-21', 1, '1', '19e6721707aa95b32d94996d3acd8635', '2019-04-17 12:51:32', '', '0000-00-00 00:00:00'),
(4889, '3', 4, '09:00:00', '13:00:00', '1', '2019-04-21', '2019-04-21', 1, '1', '19e6721707aa95b32d94996d3acd8635', '2019-04-17 12:51:32', '', '0000-00-00 00:00:00'),
(4890, '3', 4, '16:00:00', '19:00:00', '2', '2019-04-21', '2019-04-21', 1, '1', '19e6721707aa95b32d94996d3acd8635', '2019-04-17 12:51:32', '', '0000-00-00 00:00:00'),
(4891, '3', 5, '00:00:00', '00:00:00', '1', '2019-04-21', '2019-04-21', 1, '1', '19e6721707aa95b32d94996d3acd8635', '2019-04-17 12:51:32', '', '0000-00-00 00:00:00'),
(4892, '3', 5, '00:00:00', '00:00:00', '2', '2019-04-21', '2019-04-21', 1, '1', '19e6721707aa95b32d94996d3acd8635', '2019-04-17 12:51:32', '', '0000-00-00 00:00:00'),
(4893, '3', 6, '09:00:00', '13:00:00', '1', '2019-04-21', '2019-04-21', 1, '1', '19e6721707aa95b32d94996d3acd8635', '2019-04-17 12:51:32', '', '0000-00-00 00:00:00'),
(4894, '3', 6, '16:00:00', '19:00:00', '2', '2019-04-21', '2019-04-21', 1, '1', '19e6721707aa95b32d94996d3acd8635', '2019-04-17 12:51:32', '', '0000-00-00 00:00:00'),
(4895, '3', 7, '09:00:00', '13:00:00', '1', '2019-04-21', '2019-04-21', 1, '1', '19e6721707aa95b32d94996d3acd8635', '2019-04-17 12:51:32', '', '0000-00-00 00:00:00'),
(4896, '3', 7, '16:00:00', '19:00:00', '2', '2019-04-21', '2019-04-21', 1, '1', '19e6721707aa95b32d94996d3acd8635', '2019-04-17 12:51:32', '', '0000-00-00 00:00:00'),
(4897, '3', 1, '09:00:00', '13:00:00', '1', '2019-04-21', '2019-04-21', 2, '1', '19e6721707aa95b32d94996d3acd8635', '2019-04-17 12:51:32', '', '0000-00-00 00:00:00'),
(4898, '3', 1, '16:00:00', '19:00:00', '2', '2019-04-21', '2019-04-21', 2, '1', '19e6721707aa95b32d94996d3acd8635', '2019-04-17 12:51:32', '', '0000-00-00 00:00:00'),
(4899, '3', 2, '09:00:00', '13:00:00', '1', '2019-04-21', '2019-04-21', 2, '1', '19e6721707aa95b32d94996d3acd8635', '2019-04-17 12:51:32', '', '0000-00-00 00:00:00'),
(4900, '3', 2, '16:00:00', '19:00:00', '2', '2019-04-21', '2019-04-21', 2, '1', '19e6721707aa95b32d94996d3acd8635', '2019-04-17 12:51:32', '', '0000-00-00 00:00:00'),
(4901, '3', 3, '09:00:00', '13:00:00', '1', '2019-04-21', '2019-04-21', 2, '1', '19e6721707aa95b32d94996d3acd8635', '2019-04-17 12:51:32', '', '0000-00-00 00:00:00'),
(4902, '3', 3, '16:00:00', '19:00:00', '2', '2019-04-21', '2019-04-21', 2, '1', '19e6721707aa95b32d94996d3acd8635', '2019-04-17 12:51:32', '', '0000-00-00 00:00:00'),
(4903, '3', 4, '09:00:00', '13:00:00', '1', '2019-04-21', '2019-04-21', 2, '1', '19e6721707aa95b32d94996d3acd8635', '2019-04-17 12:51:32', '', '0000-00-00 00:00:00'),
(4904, '3', 4, '16:00:00', '19:00:00', '2', '2019-04-21', '2019-04-21', 2, '1', '19e6721707aa95b32d94996d3acd8635', '2019-04-17 12:51:32', '', '0000-00-00 00:00:00'),
(4905, '3', 5, '00:00:00', '00:00:00', '1', '2019-04-21', '2019-04-21', 2, '1', '19e6721707aa95b32d94996d3acd8635', '2019-04-17 12:51:32', '', '0000-00-00 00:00:00'),
(4906, '3', 5, '00:00:00', '00:00:00', '2', '2019-04-21', '2019-04-21', 2, '1', '19e6721707aa95b32d94996d3acd8635', '2019-04-17 12:51:32', '', '0000-00-00 00:00:00'),
(4907, '3', 6, '09:00:00', '13:00:00', '1', '2019-04-21', '2019-04-21', 2, '1', '19e6721707aa95b32d94996d3acd8635', '2019-04-17 12:51:32', '', '0000-00-00 00:00:00'),
(4908, '3', 6, '16:00:00', '19:00:00', '2', '2019-04-21', '2019-04-21', 2, '1', '19e6721707aa95b32d94996d3acd8635', '2019-04-17 12:51:32', '', '0000-00-00 00:00:00'),
(4909, '3', 7, '09:00:00', '13:00:00', '1', '2019-04-21', '2019-04-21', 2, '1', '19e6721707aa95b32d94996d3acd8635', '2019-04-17 12:51:32', '', '0000-00-00 00:00:00'),
(4910, '3', 7, '16:00:00', '19:00:00', '2', '2019-04-21', '2019-04-21', 2, '1', '19e6721707aa95b32d94996d3acd8635', '2019-04-17 12:51:32', '', '0000-00-00 00:00:00'),
(5059, '2', 1, '00:00:00', '00:00:00', '1', '2019-06-07', '2019-06-22', 3, '1', 'd7e08ee0e9759ec5d2e35f016cb9d561', '2019-05-10 07:01:37', '', '0000-00-00 00:00:00'),
(5060, '2', 1, '00:00:00', '00:00:00', '2', '2019-06-07', '2019-06-22', 3, '1', 'd7e08ee0e9759ec5d2e35f016cb9d561', '2019-05-10 07:01:37', '', '0000-00-00 00:00:00'),
(5061, '2', 2, '00:00:00', '00:00:00', '1', '2019-06-07', '2019-06-22', 3, '1', 'd7e08ee0e9759ec5d2e35f016cb9d561', '2019-05-10 07:01:37', '', '0000-00-00 00:00:00'),
(5062, '2', 2, '00:00:00', '00:00:00', '2', '2019-06-07', '2019-06-22', 3, '1', 'd7e08ee0e9759ec5d2e35f016cb9d561', '2019-05-10 07:01:37', '', '0000-00-00 00:00:00'),
(5063, '2', 3, '00:00:00', '00:00:00', '1', '2019-06-07', '2019-06-22', 3, '1', 'd7e08ee0e9759ec5d2e35f016cb9d561', '2019-05-10 07:01:37', '', '0000-00-00 00:00:00'),
(5064, '2', 3, '00:00:00', '00:00:00', '2', '2019-06-07', '2019-06-22', 3, '1', 'd7e08ee0e9759ec5d2e35f016cb9d561', '2019-05-10 07:01:37', '', '0000-00-00 00:00:00'),
(5065, '2', 4, '00:00:00', '00:00:00', '1', '2019-06-07', '2019-06-22', 3, '1', 'd7e08ee0e9759ec5d2e35f016cb9d561', '2019-05-10 07:01:37', '', '0000-00-00 00:00:00'),
(5066, '2', 4, '00:00:00', '00:00:00', '2', '2019-06-07', '2019-06-22', 3, '1', 'd7e08ee0e9759ec5d2e35f016cb9d561', '2019-05-10 07:01:37', '', '0000-00-00 00:00:00'),
(5067, '2', 5, '00:00:00', '00:00:00', '1', '2019-06-07', '2019-06-22', 3, '1', 'd7e08ee0e9759ec5d2e35f016cb9d561', '2019-05-10 07:01:37', '', '0000-00-00 00:00:00'),
(5068, '2', 5, '00:00:00', '00:00:00', '2', '2019-06-07', '2019-06-22', 3, '1', 'd7e08ee0e9759ec5d2e35f016cb9d561', '2019-05-10 07:01:37', '', '0000-00-00 00:00:00'),
(5069, '2', 6, '00:00:00', '00:00:00', '1', '2019-06-07', '2019-06-22', 3, '1', 'd7e08ee0e9759ec5d2e35f016cb9d561', '2019-05-10 07:01:37', '', '0000-00-00 00:00:00'),
(5070, '2', 6, '00:00:00', '00:00:00', '2', '2019-06-07', '2019-06-22', 3, '1', 'd7e08ee0e9759ec5d2e35f016cb9d561', '2019-05-10 07:01:37', '', '0000-00-00 00:00:00'),
(5071, '2', 7, '00:00:00', '00:00:00', '1', '2019-06-07', '2019-06-22', 3, '1', 'd7e08ee0e9759ec5d2e35f016cb9d561', '2019-05-10 07:01:37', '', '0000-00-00 00:00:00'),
(5072, '2', 7, '00:00:00', '00:00:00', '2', '2019-06-07', '2019-06-22', 3, '1', 'd7e08ee0e9759ec5d2e35f016cb9d561', '2019-05-10 07:01:37', '', '0000-00-00 00:00:00'),
(5073, '3', 1, '00:00:00', '00:00:00', '1', '2019-06-07', '2019-06-22', 1, '1', '380c1aae00d365307b56da00736b4181', '2019-05-10 07:59:46', '', '0000-00-00 00:00:00');
INSERT INTO `cl_doctor_schedule_adjustment` (`id`, `doctor_id`, `DayOfWeek`, `StartTime`, `EndTime`, `shift_id`, `dateFrom`, `dateTo`, `branch_id`, `status`, `created_by`, `creation_date`, `modified_by`, `modification_date`) VALUES
(5074, '3', 1, '00:00:00', '00:00:00', '2', '2019-06-07', '2019-06-22', 1, '1', '380c1aae00d365307b56da00736b4181', '2019-05-10 07:59:46', '', '0000-00-00 00:00:00'),
(5075, '3', 2, '00:00:00', '00:00:00', '1', '2019-06-07', '2019-06-22', 1, '1', '380c1aae00d365307b56da00736b4181', '2019-05-10 07:59:46', '', '0000-00-00 00:00:00'),
(5076, '3', 2, '00:00:00', '00:00:00', '2', '2019-06-07', '2019-06-22', 1, '1', '380c1aae00d365307b56da00736b4181', '2019-05-10 07:59:46', '', '0000-00-00 00:00:00'),
(5077, '3', 3, '00:00:00', '00:00:00', '1', '2019-06-07', '2019-06-22', 1, '1', '380c1aae00d365307b56da00736b4181', '2019-05-10 07:59:46', '', '0000-00-00 00:00:00'),
(5078, '3', 3, '00:00:00', '00:00:00', '2', '2019-06-07', '2019-06-22', 1, '1', '380c1aae00d365307b56da00736b4181', '2019-05-10 07:59:46', '', '0000-00-00 00:00:00'),
(5079, '3', 4, '00:00:00', '00:00:00', '1', '2019-06-07', '2019-06-22', 1, '1', '380c1aae00d365307b56da00736b4181', '2019-05-10 07:59:46', '', '0000-00-00 00:00:00'),
(5080, '3', 4, '00:00:00', '00:00:00', '2', '2019-06-07', '2019-06-22', 1, '1', '380c1aae00d365307b56da00736b4181', '2019-05-10 07:59:46', '', '0000-00-00 00:00:00'),
(5081, '3', 5, '00:00:00', '00:00:00', '1', '2019-06-07', '2019-06-22', 1, '1', '380c1aae00d365307b56da00736b4181', '2019-05-10 07:59:46', '', '0000-00-00 00:00:00'),
(5082, '3', 5, '00:00:00', '00:00:00', '2', '2019-06-07', '2019-06-22', 1, '1', '380c1aae00d365307b56da00736b4181', '2019-05-10 07:59:46', '', '0000-00-00 00:00:00'),
(5083, '3', 6, '00:00:00', '00:00:00', '1', '2019-06-07', '2019-06-22', 1, '1', '380c1aae00d365307b56da00736b4181', '2019-05-10 07:59:46', '', '0000-00-00 00:00:00'),
(5084, '3', 6, '00:00:00', '00:00:00', '2', '2019-06-07', '2019-06-22', 1, '1', '380c1aae00d365307b56da00736b4181', '2019-05-10 07:59:46', '', '0000-00-00 00:00:00'),
(5085, '3', 7, '00:00:00', '00:00:00', '1', '2019-06-07', '2019-06-22', 1, '1', '380c1aae00d365307b56da00736b4181', '2019-05-10 07:59:46', '', '0000-00-00 00:00:00'),
(5086, '3', 7, '00:00:00', '00:00:00', '2', '2019-06-07', '2019-06-22', 1, '1', '380c1aae00d365307b56da00736b4181', '2019-05-10 07:59:46', '', '0000-00-00 00:00:00'),
(5087, '4', 1, '09:00:00', '13:00:00', '1', '2019-05-13', '2019-05-15', 1, '1', '31d9cbb39c54058f67c679f22c60be25', '2019-05-12 07:42:05', '', '0000-00-00 00:00:00'),
(5088, '4', 1, '16:00:00', '19:00:00', '2', '2019-05-13', '2019-05-15', 1, '1', '31d9cbb39c54058f67c679f22c60be25', '2019-05-12 07:42:05', '', '0000-00-00 00:00:00'),
(5089, '4', 2, '09:00:00', '13:00:00', '1', '2019-05-13', '2019-05-15', 1, '1', '31d9cbb39c54058f67c679f22c60be25', '2019-05-12 07:42:05', '', '0000-00-00 00:00:00'),
(5090, '4', 2, '16:00:00', '19:00:00', '2', '2019-05-13', '2019-05-15', 1, '1', '31d9cbb39c54058f67c679f22c60be25', '2019-05-12 07:42:05', '', '0000-00-00 00:00:00'),
(5091, '4', 3, '00:00:00', '00:00:00', '1', '2019-05-13', '2019-05-15', 1, '1', '31d9cbb39c54058f67c679f22c60be25', '2019-05-12 07:42:05', '', '0000-00-00 00:00:00'),
(5092, '4', 3, '00:00:00', '00:00:00', '2', '2019-05-13', '2019-05-15', 1, '1', '31d9cbb39c54058f67c679f22c60be25', '2019-05-12 07:42:05', '', '0000-00-00 00:00:00'),
(5093, '4', 4, '09:00:00', '13:00:00', '1', '2019-05-13', '2019-05-15', 1, '1', '31d9cbb39c54058f67c679f22c60be25', '2019-05-12 07:42:05', '', '0000-00-00 00:00:00'),
(5094, '4', 4, '16:00:00', '19:00:00', '2', '2019-05-13', '2019-05-15', 1, '1', '31d9cbb39c54058f67c679f22c60be25', '2019-05-12 07:42:05', '', '0000-00-00 00:00:00'),
(5095, '4', 5, '00:00:00', '00:00:00', '1', '2019-05-13', '2019-05-15', 1, '1', '31d9cbb39c54058f67c679f22c60be25', '2019-05-12 07:42:05', '', '0000-00-00 00:00:00'),
(5096, '4', 5, '00:00:00', '00:00:00', '2', '2019-05-13', '2019-05-15', 1, '1', '31d9cbb39c54058f67c679f22c60be25', '2019-05-12 07:42:05', '', '0000-00-00 00:00:00'),
(5097, '4', 6, '09:00:00', '13:00:00', '1', '2019-05-13', '2019-05-15', 1, '1', '31d9cbb39c54058f67c679f22c60be25', '2019-05-12 07:42:05', '', '0000-00-00 00:00:00'),
(5098, '4', 6, '16:00:00', '19:00:00', '2', '2019-05-13', '2019-05-15', 1, '1', '31d9cbb39c54058f67c679f22c60be25', '2019-05-12 07:42:05', '', '0000-00-00 00:00:00'),
(5099, '4', 7, '09:00:00', '13:00:00', '1', '2019-05-13', '2019-05-15', 1, '1', '31d9cbb39c54058f67c679f22c60be25', '2019-05-12 07:42:05', '', '0000-00-00 00:00:00'),
(5100, '4', 7, '16:00:00', '19:00:00', '2', '2019-05-13', '2019-05-15', 1, '1', '31d9cbb39c54058f67c679f22c60be25', '2019-05-12 07:42:05', '', '0000-00-00 00:00:00'),
(5101, '4', 1, '09:00:00', '13:00:00', '1', '2019-05-13', '2019-05-15', 2, '1', '31d9cbb39c54058f67c679f22c60be25', '2019-05-12 07:42:05', '', '0000-00-00 00:00:00'),
(5102, '4', 1, '16:00:00', '19:00:00', '2', '2019-05-13', '2019-05-15', 2, '1', '31d9cbb39c54058f67c679f22c60be25', '2019-05-12 07:42:05', '', '0000-00-00 00:00:00'),
(5103, '4', 2, '09:00:00', '13:00:00', '1', '2019-05-13', '2019-05-15', 2, '1', '31d9cbb39c54058f67c679f22c60be25', '2019-05-12 07:42:05', '', '0000-00-00 00:00:00'),
(5104, '4', 2, '16:00:00', '19:00:00', '2', '2019-05-13', '2019-05-15', 2, '1', '31d9cbb39c54058f67c679f22c60be25', '2019-05-12 07:42:05', '', '0000-00-00 00:00:00'),
(5105, '4', 3, '09:00:00', '13:00:00', '1', '2019-05-13', '2019-05-15', 2, '1', '31d9cbb39c54058f67c679f22c60be25', '2019-05-12 07:42:05', '', '0000-00-00 00:00:00'),
(5106, '4', 3, '16:00:00', '19:00:00', '2', '2019-05-13', '2019-05-15', 2, '1', '31d9cbb39c54058f67c679f22c60be25', '2019-05-12 07:42:05', '', '0000-00-00 00:00:00'),
(5107, '4', 4, '09:00:00', '13:00:00', '1', '2019-05-13', '2019-05-15', 2, '1', '31d9cbb39c54058f67c679f22c60be25', '2019-05-12 07:42:05', '', '0000-00-00 00:00:00'),
(5108, '4', 4, '16:00:00', '19:00:00', '2', '2019-05-13', '2019-05-15', 2, '1', '31d9cbb39c54058f67c679f22c60be25', '2019-05-12 07:42:05', '', '0000-00-00 00:00:00'),
(5109, '4', 5, '00:00:00', '00:00:00', '1', '2019-05-13', '2019-05-15', 2, '1', '31d9cbb39c54058f67c679f22c60be25', '2019-05-12 07:42:05', '', '0000-00-00 00:00:00'),
(5110, '4', 5, '00:00:00', '00:00:00', '2', '2019-05-13', '2019-05-15', 2, '1', '31d9cbb39c54058f67c679f22c60be25', '2019-05-12 07:42:05', '', '0000-00-00 00:00:00'),
(5111, '4', 6, '09:00:00', '13:00:00', '1', '2019-05-13', '2019-05-15', 2, '1', '31d9cbb39c54058f67c679f22c60be25', '2019-05-12 07:42:05', '', '0000-00-00 00:00:00'),
(5112, '4', 6, '16:00:00', '19:00:00', '2', '2019-05-13', '2019-05-15', 2, '1', '31d9cbb39c54058f67c679f22c60be25', '2019-05-12 07:42:05', '', '0000-00-00 00:00:00'),
(5113, '4', 7, '09:00:00', '13:00:00', '1', '2019-05-13', '2019-05-15', 2, '1', '31d9cbb39c54058f67c679f22c60be25', '2019-05-12 07:42:05', '', '0000-00-00 00:00:00'),
(5114, '4', 7, '16:00:00', '19:00:00', '2', '2019-05-13', '2019-05-15', 2, '1', '31d9cbb39c54058f67c679f22c60be25', '2019-05-12 07:42:05', '', '0000-00-00 00:00:00'),
(5131, '3', 1, '09:00:00', '13:00:00', '1', '0000-00-00', '0000-00-00', 2, '1', '019c54c9e2b82262393f68fcfb816b07', '2019-05-14 13:24:42', '', '0000-00-00 00:00:00'),
(5132, '3', 1, '16:00:00', '19:00:00', '2', '0000-00-00', '0000-00-00', 2, '1', '019c54c9e2b82262393f68fcfb816b07', '2019-05-14 13:24:42', '', '0000-00-00 00:00:00'),
(5133, '3', 2, '09:00:00', '13:00:00', '1', '0000-00-00', '0000-00-00', 2, '1', '019c54c9e2b82262393f68fcfb816b07', '2019-05-14 13:24:42', '', '0000-00-00 00:00:00'),
(5134, '3', 2, '16:00:00', '19:00:00', '2', '0000-00-00', '0000-00-00', 2, '1', '019c54c9e2b82262393f68fcfb816b07', '2019-05-14 13:24:42', '', '0000-00-00 00:00:00'),
(5135, '3', 3, '09:00:00', '13:00:00', '1', '0000-00-00', '0000-00-00', 2, '1', '019c54c9e2b82262393f68fcfb816b07', '2019-05-14 13:24:42', '', '0000-00-00 00:00:00'),
(5136, '3', 3, '16:00:00', '19:00:00', '2', '0000-00-00', '0000-00-00', 2, '1', '019c54c9e2b82262393f68fcfb816b07', '2019-05-14 13:24:42', '', '0000-00-00 00:00:00'),
(5137, '3', 4, '09:00:00', '13:00:00', '1', '0000-00-00', '0000-00-00', 2, '1', '019c54c9e2b82262393f68fcfb816b07', '2019-05-14 13:24:42', '', '0000-00-00 00:00:00'),
(5138, '3', 4, '16:00:00', '19:00:00', '2', '0000-00-00', '0000-00-00', 2, '1', '019c54c9e2b82262393f68fcfb816b07', '2019-05-14 13:24:42', '', '0000-00-00 00:00:00'),
(5139, '3', 5, '00:00:00', '00:00:00', '1', '0000-00-00', '0000-00-00', 2, '1', '019c54c9e2b82262393f68fcfb816b07', '2019-05-14 13:24:42', '', '0000-00-00 00:00:00'),
(5140, '3', 5, '00:00:00', '00:00:00', '2', '0000-00-00', '0000-00-00', 2, '1', '019c54c9e2b82262393f68fcfb816b07', '2019-05-14 13:24:42', '', '0000-00-00 00:00:00'),
(5141, '3', 6, '09:00:00', '13:00:00', '1', '0000-00-00', '0000-00-00', 2, '1', '019c54c9e2b82262393f68fcfb816b07', '2019-05-14 13:24:42', '', '0000-00-00 00:00:00'),
(5142, '3', 6, '16:00:00', '19:00:00', '2', '0000-00-00', '0000-00-00', 2, '1', '019c54c9e2b82262393f68fcfb816b07', '2019-05-14 13:24:42', '', '0000-00-00 00:00:00'),
(5143, '3', 7, '09:00:00', '13:00:00', '1', '0000-00-00', '0000-00-00', 2, '1', '019c54c9e2b82262393f68fcfb816b07', '2019-05-14 13:24:42', '', '0000-00-00 00:00:00'),
(5144, '3', 7, '16:00:00', '19:00:00', '2', '0000-00-00', '0000-00-00', 2, '1', '019c54c9e2b82262393f68fcfb816b07', '2019-05-14 13:24:42', '', '0000-00-00 00:00:00'),
(5145, '3', 1, '09:00:00', '13:00:00', '1', '2019-06-04', '2019-06-04', 2, '1', '019c54c9e2b82262393f68fcfb816b07', '2019-05-14 13:26:13', '', '0000-00-00 00:00:00'),
(5146, '3', 1, '16:00:00', '19:00:00', '2', '2019-06-04', '2019-06-04', 2, '1', '019c54c9e2b82262393f68fcfb816b07', '2019-05-14 13:26:13', '', '0000-00-00 00:00:00'),
(5147, '3', 2, '09:00:00', '13:00:00', '1', '2019-06-04', '2019-06-04', 2, '1', '019c54c9e2b82262393f68fcfb816b07', '2019-05-14 13:26:13', '', '0000-00-00 00:00:00'),
(5148, '3', 2, '16:00:00', '19:00:00', '2', '2019-06-04', '2019-06-04', 2, '1', '019c54c9e2b82262393f68fcfb816b07', '2019-05-14 13:26:13', '', '0000-00-00 00:00:00'),
(5149, '3', 3, '09:00:00', '13:00:00', '1', '2019-06-04', '2019-06-04', 2, '1', '019c54c9e2b82262393f68fcfb816b07', '2019-05-14 13:26:13', '', '0000-00-00 00:00:00'),
(5150, '3', 3, '16:00:00', '19:00:00', '2', '2019-06-04', '2019-06-04', 2, '1', '019c54c9e2b82262393f68fcfb816b07', '2019-05-14 13:26:13', '', '0000-00-00 00:00:00'),
(5151, '3', 4, '09:00:00', '13:00:00', '1', '2019-06-04', '2019-06-04', 2, '1', '019c54c9e2b82262393f68fcfb816b07', '2019-05-14 13:26:13', '', '0000-00-00 00:00:00'),
(5152, '3', 4, '16:00:00', '19:00:00', '2', '2019-06-04', '2019-06-04', 2, '1', '019c54c9e2b82262393f68fcfb816b07', '2019-05-14 13:26:13', '', '0000-00-00 00:00:00'),
(5153, '3', 5, '00:00:00', '00:00:00', '1', '2019-06-04', '2019-06-04', 2, '1', '019c54c9e2b82262393f68fcfb816b07', '2019-05-14 13:26:13', '', '0000-00-00 00:00:00'),
(5154, '3', 5, '00:00:00', '00:00:00', '2', '2019-06-04', '2019-06-04', 2, '1', '019c54c9e2b82262393f68fcfb816b07', '2019-05-14 13:26:13', '', '0000-00-00 00:00:00'),
(5155, '3', 6, '09:00:00', '13:00:00', '1', '2019-06-04', '2019-06-04', 2, '1', '019c54c9e2b82262393f68fcfb816b07', '2019-05-14 13:26:13', '', '0000-00-00 00:00:00'),
(5156, '3', 6, '16:00:00', '19:00:00', '2', '2019-06-04', '2019-06-04', 2, '1', '019c54c9e2b82262393f68fcfb816b07', '2019-05-14 13:26:13', '', '0000-00-00 00:00:00'),
(5157, '3', 7, '09:00:00', '13:00:00', '1', '2019-06-04', '2019-06-04', 2, '1', '019c54c9e2b82262393f68fcfb816b07', '2019-05-14 13:26:13', '', '0000-00-00 00:00:00'),
(5158, '3', 7, '16:00:00', '19:00:00', '2', '2019-06-04', '2019-06-04', 2, '1', '019c54c9e2b82262393f68fcfb816b07', '2019-05-14 13:26:13', '', '0000-00-00 00:00:00'),
(5159, '5', 1, '00:00:00', '00:00:00', '1', '2019-06-10', '2019-06-15', 3, '1', '65a4d55efe2a0c9e4ba9e942c97d00e2', '2019-05-29 11:33:29', '', '0000-00-00 00:00:00'),
(5160, '5', 1, '00:00:00', '00:00:00', '2', '2019-06-10', '2019-06-15', 3, '1', '65a4d55efe2a0c9e4ba9e942c97d00e2', '2019-05-29 11:33:29', '', '0000-00-00 00:00:00'),
(5161, '5', 2, '00:00:00', '00:00:00', '1', '2019-06-10', '2019-06-15', 3, '1', '65a4d55efe2a0c9e4ba9e942c97d00e2', '2019-05-29 11:33:29', '', '0000-00-00 00:00:00'),
(5162, '5', 2, '00:00:00', '00:00:00', '2', '2019-06-10', '2019-06-15', 3, '1', '65a4d55efe2a0c9e4ba9e942c97d00e2', '2019-05-29 11:33:29', '', '0000-00-00 00:00:00'),
(5163, '5', 3, '00:00:00', '00:00:00', '1', '2019-06-10', '2019-06-15', 3, '1', '65a4d55efe2a0c9e4ba9e942c97d00e2', '2019-05-29 11:33:29', '', '0000-00-00 00:00:00'),
(5164, '5', 3, '00:00:00', '00:00:00', '2', '2019-06-10', '2019-06-15', 3, '1', '65a4d55efe2a0c9e4ba9e942c97d00e2', '2019-05-29 11:33:29', '', '0000-00-00 00:00:00'),
(5165, '5', 4, '00:00:00', '00:00:00', '1', '2019-06-10', '2019-06-15', 3, '1', '65a4d55efe2a0c9e4ba9e942c97d00e2', '2019-05-29 11:33:29', '', '0000-00-00 00:00:00'),
(5166, '5', 4, '00:00:00', '00:00:00', '2', '2019-06-10', '2019-06-15', 3, '1', '65a4d55efe2a0c9e4ba9e942c97d00e2', '2019-05-29 11:33:29', '', '0000-00-00 00:00:00'),
(5167, '5', 5, '00:00:00', '00:00:00', '1', '2019-06-10', '2019-06-15', 3, '1', '65a4d55efe2a0c9e4ba9e942c97d00e2', '2019-05-29 11:33:29', '', '0000-00-00 00:00:00'),
(5168, '5', 5, '00:00:00', '00:00:00', '2', '2019-06-10', '2019-06-15', 3, '1', '65a4d55efe2a0c9e4ba9e942c97d00e2', '2019-05-29 11:33:29', '', '0000-00-00 00:00:00'),
(5169, '5', 6, '00:00:00', '00:00:00', '1', '2019-06-10', '2019-06-15', 3, '1', '65a4d55efe2a0c9e4ba9e942c97d00e2', '2019-05-29 11:33:29', '', '0000-00-00 00:00:00'),
(5170, '5', 6, '00:00:00', '00:00:00', '2', '2019-06-10', '2019-06-15', 3, '1', '65a4d55efe2a0c9e4ba9e942c97d00e2', '2019-05-29 11:33:29', '', '0000-00-00 00:00:00'),
(5171, '5', 7, '00:00:00', '00:00:00', '1', '2019-06-10', '2019-06-15', 3, '1', '65a4d55efe2a0c9e4ba9e942c97d00e2', '2019-05-29 11:33:29', '', '0000-00-00 00:00:00'),
(5172, '5', 7, '00:00:00', '00:00:00', '2', '2019-06-10', '2019-06-15', 3, '1', '65a4d55efe2a0c9e4ba9e942c97d00e2', '2019-05-29 11:33:29', '', '0000-00-00 00:00:00'),
(5173, '3', 1, '09:00:00', '13:00:00', '1', '2019-07-02', '2019-07-02', 2, '1', 'b74aee81e9e8812bfcc2fb0d52edc74e', '2019-06-12 09:58:14', '', '0000-00-00 00:00:00'),
(5174, '3', 1, '16:00:00', '19:00:00', '2', '2019-07-02', '2019-07-02', 2, '1', 'b74aee81e9e8812bfcc2fb0d52edc74e', '2019-06-12 09:58:14', '', '0000-00-00 00:00:00'),
(5175, '3', 2, '09:00:00', '13:00:00', '1', '2019-07-02', '2019-07-02', 2, '1', 'b74aee81e9e8812bfcc2fb0d52edc74e', '2019-06-12 09:58:14', '', '0000-00-00 00:00:00'),
(5176, '3', 2, '16:00:00', '19:00:00', '2', '2019-07-02', '2019-07-02', 2, '1', 'b74aee81e9e8812bfcc2fb0d52edc74e', '2019-06-12 09:58:14', '', '0000-00-00 00:00:00'),
(5177, '3', 3, '09:00:00', '13:00:00', '1', '2019-07-02', '2019-07-02', 2, '1', 'b74aee81e9e8812bfcc2fb0d52edc74e', '2019-06-12 09:58:14', '', '0000-00-00 00:00:00'),
(5178, '3', 3, '16:00:00', '19:00:00', '2', '2019-07-02', '2019-07-02', 2, '1', 'b74aee81e9e8812bfcc2fb0d52edc74e', '2019-06-12 09:58:14', '', '0000-00-00 00:00:00'),
(5179, '3', 4, '09:00:00', '13:00:00', '1', '2019-07-02', '2019-07-02', 2, '1', 'b74aee81e9e8812bfcc2fb0d52edc74e', '2019-06-12 09:58:14', '', '0000-00-00 00:00:00'),
(5180, '3', 4, '16:00:00', '19:00:00', '2', '2019-07-02', '2019-07-02', 2, '1', 'b74aee81e9e8812bfcc2fb0d52edc74e', '2019-06-12 09:58:14', '', '0000-00-00 00:00:00'),
(5181, '3', 5, '00:00:00', '00:00:00', '1', '2019-07-02', '2019-07-02', 2, '1', 'b74aee81e9e8812bfcc2fb0d52edc74e', '2019-06-12 09:58:14', '', '0000-00-00 00:00:00'),
(5182, '3', 5, '00:00:00', '00:00:00', '2', '2019-07-02', '2019-07-02', 2, '1', 'b74aee81e9e8812bfcc2fb0d52edc74e', '2019-06-12 09:58:14', '', '0000-00-00 00:00:00'),
(5183, '3', 6, '09:00:00', '13:00:00', '1', '2019-07-02', '2019-07-02', 2, '1', 'b74aee81e9e8812bfcc2fb0d52edc74e', '2019-06-12 09:58:14', '', '0000-00-00 00:00:00'),
(5184, '3', 6, '16:00:00', '19:00:00', '2', '2019-07-02', '2019-07-02', 2, '1', 'b74aee81e9e8812bfcc2fb0d52edc74e', '2019-06-12 09:58:14', '', '0000-00-00 00:00:00'),
(5185, '3', 7, '09:00:00', '13:00:00', '1', '2019-07-02', '2019-07-02', 2, '1', 'b74aee81e9e8812bfcc2fb0d52edc74e', '2019-06-12 09:58:14', '', '0000-00-00 00:00:00'),
(5186, '3', 7, '16:00:00', '19:00:00', '2', '2019-07-02', '2019-07-02', 2, '1', 'b74aee81e9e8812bfcc2fb0d52edc74e', '2019-06-12 09:58:14', '', '0000-00-00 00:00:00'),
(5187, '3', 1, '09:00:00', '13:00:00', '1', '2019-08-06', '2019-08-06', 2, '1', '32148d6901a3f91c8adcf3b175532990', '2019-07-02 12:19:58', '', '0000-00-00 00:00:00'),
(5188, '3', 1, '16:00:00', '19:00:00', '2', '2019-08-06', '2019-08-06', 2, '1', '32148d6901a3f91c8adcf3b175532990', '2019-07-02 12:19:58', '', '0000-00-00 00:00:00'),
(5189, '3', 2, '09:00:00', '13:00:00', '1', '2019-08-06', '2019-08-06', 2, '1', '32148d6901a3f91c8adcf3b175532990', '2019-07-02 12:19:58', '', '0000-00-00 00:00:00'),
(5190, '3', 2, '16:00:00', '19:00:00', '2', '2019-08-06', '2019-08-06', 2, '1', '32148d6901a3f91c8adcf3b175532990', '2019-07-02 12:19:58', '', '0000-00-00 00:00:00'),
(5191, '3', 3, '09:00:00', '13:00:00', '1', '2019-08-06', '2019-08-06', 2, '1', '32148d6901a3f91c8adcf3b175532990', '2019-07-02 12:19:58', '', '0000-00-00 00:00:00'),
(5192, '3', 3, '16:00:00', '19:00:00', '2', '2019-08-06', '2019-08-06', 2, '1', '32148d6901a3f91c8adcf3b175532990', '2019-07-02 12:19:58', '', '0000-00-00 00:00:00'),
(5193, '3', 4, '09:00:00', '13:00:00', '1', '2019-08-06', '2019-08-06', 2, '1', '32148d6901a3f91c8adcf3b175532990', '2019-07-02 12:19:58', '', '0000-00-00 00:00:00'),
(5194, '3', 4, '16:00:00', '19:00:00', '2', '2019-08-06', '2019-08-06', 2, '1', '32148d6901a3f91c8adcf3b175532990', '2019-07-02 12:19:58', '', '0000-00-00 00:00:00'),
(5195, '3', 5, '00:00:00', '00:00:00', '1', '2019-08-06', '2019-08-06', 2, '1', '32148d6901a3f91c8adcf3b175532990', '2019-07-02 12:19:58', '', '0000-00-00 00:00:00'),
(5196, '3', 5, '00:00:00', '00:00:00', '2', '2019-08-06', '2019-08-06', 2, '1', '32148d6901a3f91c8adcf3b175532990', '2019-07-02 12:19:58', '', '0000-00-00 00:00:00'),
(5197, '3', 6, '09:00:00', '13:00:00', '1', '2019-08-06', '2019-08-06', 2, '1', '32148d6901a3f91c8adcf3b175532990', '2019-07-02 12:19:58', '', '0000-00-00 00:00:00'),
(5198, '3', 6, '16:00:00', '19:00:00', '2', '2019-08-06', '2019-08-06', 2, '1', '32148d6901a3f91c8adcf3b175532990', '2019-07-02 12:19:58', '', '0000-00-00 00:00:00'),
(5199, '3', 7, '09:00:00', '13:00:00', '1', '2019-08-06', '2019-08-06', 2, '1', '32148d6901a3f91c8adcf3b175532990', '2019-07-02 12:19:58', '', '0000-00-00 00:00:00'),
(5200, '3', 7, '16:00:00', '19:00:00', '2', '2019-08-06', '2019-08-06', 2, '1', '32148d6901a3f91c8adcf3b175532990', '2019-07-02 12:19:58', '', '0000-00-00 00:00:00'),
(5201, '3', 1, '00:00:00', '00:00:00', '1', '2019-10-03', '2019-10-10', 1, '1', 'bff59bd6b27b3eb3e987cc75f9a585b9', '2019-07-30 07:24:14', '', '0000-00-00 00:00:00'),
(5202, '3', 1, '00:00:00', '00:00:00', '2', '2019-10-03', '2019-10-10', 1, '1', 'bff59bd6b27b3eb3e987cc75f9a585b9', '2019-07-30 07:24:14', '', '0000-00-00 00:00:00'),
(5203, '3', 2, '00:00:00', '00:00:00', '1', '2019-10-03', '2019-10-10', 1, '1', 'bff59bd6b27b3eb3e987cc75f9a585b9', '2019-07-30 07:24:14', '', '0000-00-00 00:00:00'),
(5204, '3', 2, '00:00:00', '00:00:00', '2', '2019-10-03', '2019-10-10', 1, '1', 'bff59bd6b27b3eb3e987cc75f9a585b9', '2019-07-30 07:24:14', '', '0000-00-00 00:00:00'),
(5205, '3', 3, '00:00:00', '00:00:00', '1', '2019-10-03', '2019-10-10', 1, '1', 'bff59bd6b27b3eb3e987cc75f9a585b9', '2019-07-30 07:24:14', '', '0000-00-00 00:00:00'),
(5206, '3', 3, '00:00:00', '00:00:00', '2', '2019-10-03', '2019-10-10', 1, '1', 'bff59bd6b27b3eb3e987cc75f9a585b9', '2019-07-30 07:24:14', '', '0000-00-00 00:00:00'),
(5207, '3', 4, '00:00:00', '00:00:00', '1', '2019-10-03', '2019-10-10', 1, '1', 'bff59bd6b27b3eb3e987cc75f9a585b9', '2019-07-30 07:24:14', '', '0000-00-00 00:00:00'),
(5208, '3', 4, '00:00:00', '00:00:00', '2', '2019-10-03', '2019-10-10', 1, '1', 'bff59bd6b27b3eb3e987cc75f9a585b9', '2019-07-30 07:24:14', '', '0000-00-00 00:00:00'),
(5209, '3', 5, '00:00:00', '00:00:00', '1', '2019-10-03', '2019-10-10', 1, '1', 'bff59bd6b27b3eb3e987cc75f9a585b9', '2019-07-30 07:24:14', '', '0000-00-00 00:00:00'),
(5210, '3', 5, '00:00:00', '00:00:00', '2', '2019-10-03', '2019-10-10', 1, '1', 'bff59bd6b27b3eb3e987cc75f9a585b9', '2019-07-30 07:24:14', '', '0000-00-00 00:00:00'),
(5211, '3', 6, '00:00:00', '00:00:00', '1', '2019-10-03', '2019-10-10', 1, '1', 'bff59bd6b27b3eb3e987cc75f9a585b9', '2019-07-30 07:24:14', '', '0000-00-00 00:00:00'),
(5212, '3', 6, '00:00:00', '00:00:00', '2', '2019-10-03', '2019-10-10', 1, '1', 'bff59bd6b27b3eb3e987cc75f9a585b9', '2019-07-30 07:24:14', '', '0000-00-00 00:00:00'),
(5213, '3', 7, '00:00:00', '00:00:00', '1', '2019-10-03', '2019-10-10', 1, '1', 'bff59bd6b27b3eb3e987cc75f9a585b9', '2019-07-30 07:24:14', '', '0000-00-00 00:00:00'),
(5214, '3', 7, '00:00:00', '00:00:00', '2', '2019-10-03', '2019-10-10', 1, '1', 'bff59bd6b27b3eb3e987cc75f9a585b9', '2019-07-30 07:24:14', '', '0000-00-00 00:00:00'),
(5293, '3', 1, '09:00:00', '13:00:00', '1', '2019-09-03', '2019-09-03', 2, '1', '39db54dda42c54d0be7c461479bfb781', '2019-08-12 10:54:01', '', '0000-00-00 00:00:00'),
(5294, '3', 1, '16:00:00', '19:00:00', '2', '2019-09-03', '2019-09-03', 2, '1', '39db54dda42c54d0be7c461479bfb781', '2019-08-12 10:54:01', '', '0000-00-00 00:00:00'),
(5295, '3', 2, '09:00:00', '13:00:00', '1', '2019-09-03', '2019-09-03', 2, '1', '39db54dda42c54d0be7c461479bfb781', '2019-08-12 10:54:01', '', '0000-00-00 00:00:00'),
(5296, '3', 2, '16:00:00', '19:00:00', '2', '2019-09-03', '2019-09-03', 2, '1', '39db54dda42c54d0be7c461479bfb781', '2019-08-12 10:54:01', '', '0000-00-00 00:00:00'),
(5297, '3', 3, '09:00:00', '13:00:00', '1', '2019-09-03', '2019-09-03', 2, '1', '39db54dda42c54d0be7c461479bfb781', '2019-08-12 10:54:02', '', '0000-00-00 00:00:00'),
(5298, '3', 3, '16:00:00', '19:00:00', '2', '2019-09-03', '2019-09-03', 2, '1', '39db54dda42c54d0be7c461479bfb781', '2019-08-12 10:54:02', '', '0000-00-00 00:00:00'),
(5299, '3', 4, '09:00:00', '13:00:00', '1', '2019-09-03', '2019-09-03', 2, '1', '39db54dda42c54d0be7c461479bfb781', '2019-08-12 10:54:02', '', '0000-00-00 00:00:00'),
(5300, '3', 4, '16:00:00', '19:00:00', '2', '2019-09-03', '2019-09-03', 2, '1', '39db54dda42c54d0be7c461479bfb781', '2019-08-12 10:54:02', '', '0000-00-00 00:00:00'),
(5301, '3', 5, '00:00:00', '00:00:00', '1', '2019-09-03', '2019-09-03', 2, '1', '39db54dda42c54d0be7c461479bfb781', '2019-08-12 10:54:02', '', '0000-00-00 00:00:00'),
(5302, '3', 5, '00:00:00', '00:00:00', '2', '2019-09-03', '2019-09-03', 2, '1', '39db54dda42c54d0be7c461479bfb781', '2019-08-12 10:54:02', '', '0000-00-00 00:00:00'),
(5303, '3', 6, '09:00:00', '13:00:00', '1', '2019-09-03', '2019-09-03', 2, '1', '39db54dda42c54d0be7c461479bfb781', '2019-08-12 10:54:02', '', '0000-00-00 00:00:00'),
(5304, '3', 6, '16:00:00', '19:00:00', '2', '2019-09-03', '2019-09-03', 2, '1', '39db54dda42c54d0be7c461479bfb781', '2019-08-12 10:54:02', '', '0000-00-00 00:00:00'),
(5305, '3', 7, '09:00:00', '13:00:00', '1', '2019-09-03', '2019-09-03', 2, '1', '39db54dda42c54d0be7c461479bfb781', '2019-08-12 10:54:02', '', '0000-00-00 00:00:00'),
(5306, '3', 7, '16:00:00', '19:00:00', '2', '2019-09-03', '2019-09-03', 2, '1', '39db54dda42c54d0be7c461479bfb781', '2019-08-12 10:54:02', '', '0000-00-00 00:00:00'),
(5321, '3', 1, '00:00:00', '00:00:00', '1', '2019-12-21', '2020-01-08', 1, '1', 'MnozcElDSzJidkoyU0FYYXg3SlFUb1o3THdR', '2019-11-25 12:41:56', '', '0000-00-00 00:00:00'),
(5322, '3', 1, '00:00:00', '00:00:00', '2', '2019-12-21', '2020-01-08', 1, '1', 'MnozcElDSzJidkoyU0FYYXg3SlFUb1o3THdR', '2019-11-25 12:41:56', '', '0000-00-00 00:00:00'),
(5323, '3', 2, '00:00:00', '00:00:00', '1', '2019-12-21', '2020-01-08', 1, '1', 'MnozcElDSzJidkoyU0FYYXg3SlFUb1o3THdR', '2019-11-25 12:41:56', '', '0000-00-00 00:00:00'),
(5324, '3', 2, '00:00:00', '00:00:00', '2', '2019-12-21', '2020-01-08', 1, '1', 'MnozcElDSzJidkoyU0FYYXg3SlFUb1o3THdR', '2019-11-25 12:41:56', '', '0000-00-00 00:00:00'),
(5325, '3', 3, '00:00:00', '00:00:00', '1', '2019-12-21', '2020-01-08', 1, '1', 'MnozcElDSzJidkoyU0FYYXg3SlFUb1o3THdR', '2019-11-25 12:41:56', '', '0000-00-00 00:00:00'),
(5326, '3', 3, '00:00:00', '00:00:00', '2', '2019-12-21', '2020-01-08', 1, '1', 'MnozcElDSzJidkoyU0FYYXg3SlFUb1o3THdR', '2019-11-25 12:41:56', '', '0000-00-00 00:00:00'),
(5327, '3', 4, '00:00:00', '00:00:00', '1', '2019-12-21', '2020-01-08', 1, '1', 'MnozcElDSzJidkoyU0FYYXg3SlFUb1o3THdR', '2019-11-25 12:41:56', '', '0000-00-00 00:00:00'),
(5328, '3', 4, '00:00:00', '00:00:00', '2', '2019-12-21', '2020-01-08', 1, '1', 'MnozcElDSzJidkoyU0FYYXg3SlFUb1o3THdR', '2019-11-25 12:41:56', '', '0000-00-00 00:00:00'),
(5329, '3', 5, '00:00:00', '00:00:00', '1', '2019-12-21', '2020-01-08', 1, '1', 'MnozcElDSzJidkoyU0FYYXg3SlFUb1o3THdR', '2019-11-25 12:41:56', '', '0000-00-00 00:00:00'),
(5330, '3', 5, '00:00:00', '00:00:00', '2', '2019-12-21', '2020-01-08', 1, '1', 'MnozcElDSzJidkoyU0FYYXg3SlFUb1o3THdR', '2019-11-25 12:41:56', '', '0000-00-00 00:00:00'),
(5331, '3', 6, '00:00:00', '00:00:00', '1', '2019-12-21', '2020-01-08', 1, '1', 'MnozcElDSzJidkoyU0FYYXg3SlFUb1o3THdR', '2019-11-25 12:41:56', '', '0000-00-00 00:00:00'),
(5332, '3', 6, '00:00:00', '00:00:00', '2', '2019-12-21', '2020-01-08', 1, '1', 'MnozcElDSzJidkoyU0FYYXg3SlFUb1o3THdR', '2019-11-25 12:41:56', '', '0000-00-00 00:00:00'),
(5333, '3', 7, '00:00:00', '00:00:00', '1', '2019-12-21', '2020-01-08', 1, '1', 'MnozcElDSzJidkoyU0FYYXg3SlFUb1o3THdR', '2019-11-25 12:41:56', '', '0000-00-00 00:00:00'),
(5334, '3', 7, '00:00:00', '00:00:00', '2', '2019-12-21', '2020-01-08', 1, '1', 'MnozcElDSzJidkoyU0FYYXg3SlFUb1o3THdR', '2019-11-25 12:41:56', '', '0000-00-00 00:00:00'),
(5365, '2', 1, '00:00:00', '00:00:00', '1', '2020-03-10', '2020-03-10', 1, '1', 'dk1KQldlWk9pZW5sRmUxWU9nemQ5M3JhWnVi', '2020-01-06 13:29:59', '', '0000-00-00 00:00:00'),
(5366, '2', 1, '00:00:00', '00:00:00', '2', '2020-03-10', '2020-03-10', 1, '1', 'dk1KQldlWk9pZW5sRmUxWU9nemQ5M3JhWnVi', '2020-01-06 13:29:59', '', '0000-00-00 00:00:00'),
(5367, '2', 2, '00:00:00', '00:00:00', '1', '2020-03-10', '2020-03-10', 1, '1', 'dk1KQldlWk9pZW5sRmUxWU9nemQ5M3JhWnVi', '2020-01-06 13:29:59', '', '0000-00-00 00:00:00'),
(5368, '2', 2, '00:00:00', '00:00:00', '2', '2020-03-10', '2020-03-10', 1, '1', 'dk1KQldlWk9pZW5sRmUxWU9nemQ5M3JhWnVi', '2020-01-06 13:29:59', '', '0000-00-00 00:00:00'),
(5369, '2', 3, '00:00:00', '00:00:00', '1', '2020-03-10', '2020-03-10', 1, '1', 'dk1KQldlWk9pZW5sRmUxWU9nemQ5M3JhWnVi', '2020-01-06 13:29:59', '', '0000-00-00 00:00:00'),
(5370, '2', 3, '00:00:00', '00:00:00', '2', '2020-03-10', '2020-03-10', 1, '1', 'dk1KQldlWk9pZW5sRmUxWU9nemQ5M3JhWnVi', '2020-01-06 13:29:59', '', '0000-00-00 00:00:00'),
(5371, '2', 4, '00:00:00', '00:00:00', '1', '2020-03-10', '2020-03-10', 1, '1', 'dk1KQldlWk9pZW5sRmUxWU9nemQ5M3JhWnVi', '2020-01-06 13:29:59', '', '0000-00-00 00:00:00'),
(5372, '2', 4, '00:00:00', '00:00:00', '2', '2020-03-10', '2020-03-10', 1, '1', 'dk1KQldlWk9pZW5sRmUxWU9nemQ5M3JhWnVi', '2020-01-06 13:29:59', '', '0000-00-00 00:00:00'),
(5373, '2', 5, '00:00:00', '00:00:00', '1', '2020-03-10', '2020-03-10', 1, '1', 'dk1KQldlWk9pZW5sRmUxWU9nemQ5M3JhWnVi', '2020-01-06 13:29:59', '', '0000-00-00 00:00:00'),
(5374, '2', 5, '00:00:00', '00:00:00', '2', '2020-03-10', '2020-03-10', 1, '1', 'dk1KQldlWk9pZW5sRmUxWU9nemQ5M3JhWnVi', '2020-01-06 13:29:59', '', '0000-00-00 00:00:00'),
(5375, '2', 6, '00:00:00', '00:00:00', '1', '2020-03-10', '2020-03-10', 1, '1', 'dk1KQldlWk9pZW5sRmUxWU9nemQ5M3JhWnVi', '2020-01-06 13:29:59', '', '0000-00-00 00:00:00'),
(5376, '2', 6, '00:00:00', '00:00:00', '2', '2020-03-10', '2020-03-10', 1, '1', 'dk1KQldlWk9pZW5sRmUxWU9nemQ5M3JhWnVi', '2020-01-06 13:29:59', '', '0000-00-00 00:00:00'),
(5377, '2', 7, '00:00:00', '00:00:00', '1', '2020-03-10', '2020-03-10', 1, '1', 'dk1KQldlWk9pZW5sRmUxWU9nemQ5M3JhWnVi', '2020-01-06 13:29:59', '', '0000-00-00 00:00:00'),
(5378, '2', 7, '00:00:00', '00:00:00', '2', '2020-03-10', '2020-03-10', 1, '1', 'dk1KQldlWk9pZW5sRmUxWU9nemQ5M3JhWnVi', '2020-01-06 13:29:59', '', '0000-00-00 00:00:00'),
(5379, '2', 1, '00:00:00', '00:00:00', '1', '2020-03-10', '2020-03-10', 2, '1', 'dk1KQldlWk9pZW5sRmUxWU9nemQ5M3JhWnVi', '2020-01-06 13:29:59', '', '0000-00-00 00:00:00'),
(5380, '2', 1, '00:00:00', '00:00:00', '2', '2020-03-10', '2020-03-10', 2, '1', 'dk1KQldlWk9pZW5sRmUxWU9nemQ5M3JhWnVi', '2020-01-06 13:29:59', '', '0000-00-00 00:00:00'),
(5381, '2', 2, '00:00:00', '00:00:00', '1', '2020-03-10', '2020-03-10', 2, '1', 'dk1KQldlWk9pZW5sRmUxWU9nemQ5M3JhWnVi', '2020-01-06 13:29:59', '', '0000-00-00 00:00:00'),
(5382, '2', 2, '00:00:00', '00:00:00', '2', '2020-03-10', '2020-03-10', 2, '1', 'dk1KQldlWk9pZW5sRmUxWU9nemQ5M3JhWnVi', '2020-01-06 13:29:59', '', '0000-00-00 00:00:00'),
(5383, '2', 3, '00:00:00', '00:00:00', '1', '2020-03-10', '2020-03-10', 2, '1', 'dk1KQldlWk9pZW5sRmUxWU9nemQ5M3JhWnVi', '2020-01-06 13:29:59', '', '0000-00-00 00:00:00'),
(5384, '2', 3, '00:00:00', '00:00:00', '2', '2020-03-10', '2020-03-10', 2, '1', 'dk1KQldlWk9pZW5sRmUxWU9nemQ5M3JhWnVi', '2020-01-06 13:29:59', '', '0000-00-00 00:00:00'),
(5385, '2', 4, '00:00:00', '00:00:00', '1', '2020-03-10', '2020-03-10', 2, '1', 'dk1KQldlWk9pZW5sRmUxWU9nemQ5M3JhWnVi', '2020-01-06 13:29:59', '', '0000-00-00 00:00:00'),
(5386, '2', 4, '00:00:00', '00:00:00', '2', '2020-03-10', '2020-03-10', 2, '1', 'dk1KQldlWk9pZW5sRmUxWU9nemQ5M3JhWnVi', '2020-01-06 13:29:59', '', '0000-00-00 00:00:00'),
(5387, '2', 5, '00:00:00', '00:00:00', '1', '2020-03-10', '2020-03-10', 2, '1', 'dk1KQldlWk9pZW5sRmUxWU9nemQ5M3JhWnVi', '2020-01-06 13:29:59', '', '0000-00-00 00:00:00'),
(5388, '2', 5, '00:00:00', '00:00:00', '2', '2020-03-10', '2020-03-10', 2, '1', 'dk1KQldlWk9pZW5sRmUxWU9nemQ5M3JhWnVi', '2020-01-06 13:29:59', '', '0000-00-00 00:00:00'),
(5389, '2', 6, '00:00:00', '00:00:00', '1', '2020-03-10', '2020-03-10', 2, '1', 'dk1KQldlWk9pZW5sRmUxWU9nemQ5M3JhWnVi', '2020-01-06 13:29:59', '', '0000-00-00 00:00:00'),
(5390, '2', 6, '00:00:00', '00:00:00', '2', '2020-03-10', '2020-03-10', 2, '1', 'dk1KQldlWk9pZW5sRmUxWU9nemQ5M3JhWnVi', '2020-01-06 13:29:59', '', '0000-00-00 00:00:00'),
(5391, '2', 7, '00:00:00', '00:00:00', '1', '2020-03-10', '2020-03-10', 2, '1', 'dk1KQldlWk9pZW5sRmUxWU9nemQ5M3JhWnVi', '2020-01-06 13:29:59', '', '0000-00-00 00:00:00'),
(5392, '2', 7, '00:00:00', '00:00:00', '2', '2020-03-10', '2020-03-10', 2, '1', 'dk1KQldlWk9pZW5sRmUxWU9nemQ5M3JhWnVi', '2020-01-06 13:29:59', '', '0000-00-00 00:00:00'),
(5423, '3', 1, '00:00:00', '00:00:00', '1', '2020-05-21', '2020-06-10', 2, '1', 'MWI3TUhGWkk0QXIyb1p2bXRFamluWFZhZDRH', '2020-02-25 08:21:59', '', '0000-00-00 00:00:00'),
(5424, '3', 1, '00:00:00', '00:00:00', '2', '2020-05-21', '2020-06-10', 2, '1', 'MWI3TUhGWkk0QXIyb1p2bXRFamluWFZhZDRH', '2020-02-25 08:21:59', '', '0000-00-00 00:00:00'),
(5425, '3', 2, '00:00:00', '00:00:00', '1', '2020-05-21', '2020-06-10', 2, '1', 'MWI3TUhGWkk0QXIyb1p2bXRFamluWFZhZDRH', '2020-02-25 08:21:59', '', '0000-00-00 00:00:00'),
(5426, '3', 2, '00:00:00', '00:00:00', '2', '2020-05-21', '2020-06-10', 2, '1', 'MWI3TUhGWkk0QXIyb1p2bXRFamluWFZhZDRH', '2020-02-25 08:21:59', '', '0000-00-00 00:00:00'),
(5427, '3', 3, '09:00:00', '13:00:00', '1', '2020-05-21', '2020-06-10', 2, '1', 'MWI3TUhGWkk0QXIyb1p2bXRFamluWFZhZDRH', '2020-02-25 08:21:59', '', '0000-00-00 00:00:00'),
(5428, '3', 3, '16:00:00', '19:00:00', '2', '2020-05-21', '2020-06-10', 2, '1', 'MWI3TUhGWkk0QXIyb1p2bXRFamluWFZhZDRH', '2020-02-25 08:21:59', '', '0000-00-00 00:00:00'),
(5429, '3', 4, '00:00:00', '00:00:00', '1', '2020-05-21', '2020-06-10', 2, '1', 'MWI3TUhGWkk0QXIyb1p2bXRFamluWFZhZDRH', '2020-02-25 08:21:59', '', '0000-00-00 00:00:00'),
(5430, '3', 4, '00:00:00', '00:00:00', '2', '2020-05-21', '2020-06-10', 2, '1', 'MWI3TUhGWkk0QXIyb1p2bXRFamluWFZhZDRH', '2020-02-25 08:21:59', '', '0000-00-00 00:00:00'),
(5431, '3', 5, '00:00:00', '00:00:00', '1', '2020-05-21', '2020-06-10', 2, '1', 'MWI3TUhGWkk0QXIyb1p2bXRFamluWFZhZDRH', '2020-02-25 08:21:59', '', '0000-00-00 00:00:00'),
(5432, '3', 5, '00:00:00', '00:00:00', '2', '2020-05-21', '2020-06-10', 2, '1', 'MWI3TUhGWkk0QXIyb1p2bXRFamluWFZhZDRH', '2020-02-25 08:21:59', '', '0000-00-00 00:00:00'),
(5433, '3', 6, '00:00:00', '00:00:00', '1', '2020-05-21', '2020-06-10', 2, '1', 'MWI3TUhGWkk0QXIyb1p2bXRFamluWFZhZDRH', '2020-02-25 08:21:59', '', '0000-00-00 00:00:00'),
(5434, '3', 6, '00:00:00', '00:00:00', '2', '2020-05-21', '2020-06-10', 2, '1', 'MWI3TUhGWkk0QXIyb1p2bXRFamluWFZhZDRH', '2020-02-25 08:21:59', '', '0000-00-00 00:00:00'),
(5435, '3', 7, '00:00:00', '00:00:00', '1', '2020-05-21', '2020-06-10', 2, '1', 'MWI3TUhGWkk0QXIyb1p2bXRFamluWFZhZDRH', '2020-02-25 08:21:59', '', '0000-00-00 00:00:00'),
(5436, '3', 7, '00:00:00', '00:00:00', '2', '2020-05-21', '2020-06-10', 2, '1', 'MWI3TUhGWkk0QXIyb1p2bXRFamluWFZhZDRH', '2020-02-25 08:21:59', '', '0000-00-00 00:00:00'),
(5469, '2', 1, '00:00:00', '00:00:00', '1', '2020-05-21', '2020-06-11', 2, '1', 'ZnZoZUZaMHpvN2J1NWduSGVSVzhsQVZoQXUw', '2020-02-25 10:37:46', '', '0000-00-00 00:00:00'),
(5470, '2', 1, '00:00:00', '00:00:00', '2', '2020-05-21', '2020-06-11', 2, '1', 'ZnZoZUZaMHpvN2J1NWduSGVSVzhsQVZoQXUw', '2020-02-25 10:37:46', '', '0000-00-00 00:00:00'),
(5471, '2', 2, '00:00:00', '00:00:00', '1', '2020-05-21', '2020-06-11', 2, '1', 'ZnZoZUZaMHpvN2J1NWduSGVSVzhsQVZoQXUw', '2020-02-25 10:37:46', '', '0000-00-00 00:00:00'),
(5472, '2', 2, '00:00:00', '00:00:00', '2', '2020-05-21', '2020-06-11', 2, '1', 'ZnZoZUZaMHpvN2J1NWduSGVSVzhsQVZoQXUw', '2020-02-25 10:37:46', '', '0000-00-00 00:00:00'),
(5473, '2', 3, '00:00:00', '00:00:00', '1', '2020-05-21', '2020-06-11', 2, '1', 'ZnZoZUZaMHpvN2J1NWduSGVSVzhsQVZoQXUw', '2020-02-25 10:37:46', '', '0000-00-00 00:00:00'),
(5474, '2', 3, '00:00:00', '00:00:00', '2', '2020-05-21', '2020-06-11', 2, '1', 'ZnZoZUZaMHpvN2J1NWduSGVSVzhsQVZoQXUw', '2020-02-25 10:37:46', '', '0000-00-00 00:00:00'),
(5475, '2', 4, '00:00:00', '00:00:00', '1', '2020-05-21', '2020-06-11', 2, '1', 'ZnZoZUZaMHpvN2J1NWduSGVSVzhsQVZoQXUw', '2020-02-25 10:37:46', '', '0000-00-00 00:00:00'),
(5476, '2', 4, '00:00:00', '00:00:00', '2', '2020-05-21', '2020-06-11', 2, '1', 'ZnZoZUZaMHpvN2J1NWduSGVSVzhsQVZoQXUw', '2020-02-25 10:37:46', '', '0000-00-00 00:00:00'),
(5477, '2', 5, '00:00:00', '00:00:00', '1', '2020-05-21', '2020-06-11', 2, '1', 'ZnZoZUZaMHpvN2J1NWduSGVSVzhsQVZoQXUw', '2020-02-25 10:37:46', '', '0000-00-00 00:00:00'),
(5478, '2', 5, '00:00:00', '00:00:00', '2', '2020-05-21', '2020-06-11', 2, '1', 'ZnZoZUZaMHpvN2J1NWduSGVSVzhsQVZoQXUw', '2020-02-25 10:37:46', '', '0000-00-00 00:00:00'),
(5479, '2', 6, '00:00:00', '00:00:00', '1', '2020-05-21', '2020-06-11', 2, '1', 'ZnZoZUZaMHpvN2J1NWduSGVSVzhsQVZoQXUw', '2020-02-25 10:37:46', '', '0000-00-00 00:00:00'),
(5480, '2', 6, '00:00:00', '00:00:00', '2', '2020-05-21', '2020-06-11', 2, '1', 'ZnZoZUZaMHpvN2J1NWduSGVSVzhsQVZoQXUw', '2020-02-25 10:37:46', '', '0000-00-00 00:00:00'),
(5481, '2', 7, '00:00:00', '00:00:00', '1', '2020-05-21', '2020-06-11', 2, '1', 'ZnZoZUZaMHpvN2J1NWduSGVSVzhsQVZoQXUw', '2020-02-25 10:37:46', '', '0000-00-00 00:00:00'),
(5482, '2', 7, '00:00:00', '00:00:00', '2', '2020-05-21', '2020-06-11', 2, '1', 'ZnZoZUZaMHpvN2J1NWduSGVSVzhsQVZoQXUw', '2020-02-25 10:37:46', '', '0000-00-00 00:00:00'),
(5567, '2', 1, '00:00:00', '00:00:00', '1', '2020-10-22', '2020-10-26', 1, '1', '65', '2020-10-16 11:55:44', '', '0000-00-00 00:00:00'),
(5568, '2', 1, '00:00:00', '00:00:00', '2', '2020-10-22', '2020-10-26', 1, '1', '65', '2020-10-16 11:55:44', '', '0000-00-00 00:00:00'),
(5569, '2', 2, '00:00:00', '00:00:00', '1', '2020-10-22', '2020-10-26', 1, '1', '65', '2020-10-16 11:55:44', '', '0000-00-00 00:00:00'),
(5570, '2', 2, '00:00:00', '00:00:00', '2', '2020-10-22', '2020-10-26', 1, '1', '65', '2020-10-16 11:55:44', '', '0000-00-00 00:00:00'),
(5571, '2', 3, '00:00:00', '00:00:00', '1', '2020-10-22', '2020-10-26', 1, '1', '65', '2020-10-16 11:55:44', '', '0000-00-00 00:00:00'),
(5572, '2', 3, '00:00:00', '00:00:00', '2', '2020-10-22', '2020-10-26', 1, '1', '65', '2020-10-16 11:55:44', '', '0000-00-00 00:00:00'),
(5573, '2', 4, '00:00:00', '00:00:00', '1', '2020-10-22', '2020-10-26', 1, '1', '65', '2020-10-16 11:55:44', '', '0000-00-00 00:00:00'),
(5574, '2', 4, '00:00:00', '00:00:00', '2', '2020-10-22', '2020-10-26', 1, '1', '65', '2020-10-16 11:55:44', '', '0000-00-00 00:00:00'),
(5575, '2', 5, '00:00:00', '00:00:00', '1', '2020-10-22', '2020-10-26', 1, '1', '65', '2020-10-16 11:55:44', '', '0000-00-00 00:00:00'),
(5576, '2', 5, '00:00:00', '00:00:00', '2', '2020-10-22', '2020-10-26', 1, '1', '65', '2020-10-16 11:55:44', '', '0000-00-00 00:00:00'),
(5577, '2', 6, '00:00:00', '00:00:00', '1', '2020-10-22', '2020-10-26', 1, '1', '65', '2020-10-16 11:55:44', '', '0000-00-00 00:00:00'),
(5578, '2', 6, '00:00:00', '00:00:00', '2', '2020-10-22', '2020-10-26', 1, '1', '65', '2020-10-16 11:55:44', '', '0000-00-00 00:00:00'),
(5579, '2', 7, '00:00:00', '00:00:00', '1', '2020-10-22', '2020-10-26', 1, '1', '65', '2020-10-16 11:55:44', '', '0000-00-00 00:00:00'),
(5580, '2', 7, '00:00:00', '00:00:00', '2', '2020-10-22', '2020-10-26', 1, '1', '65', '2020-10-16 11:55:44', '', '0000-00-00 00:00:00'),
(5581, '2', 1, '00:00:00', '00:00:00', '1', '2020-10-22', '2020-10-26', 3, '1', '65', '2020-10-16 11:55:44', '', '0000-00-00 00:00:00'),
(5582, '2', 1, '00:00:00', '00:00:00', '2', '2020-10-22', '2020-10-26', 3, '1', '65', '2020-10-16 11:55:44', '', '0000-00-00 00:00:00'),
(5583, '2', 2, '00:00:00', '00:00:00', '1', '2020-10-22', '2020-10-26', 3, '1', '65', '2020-10-16 11:55:44', '', '0000-00-00 00:00:00'),
(5584, '2', 2, '00:00:00', '00:00:00', '2', '2020-10-22', '2020-10-26', 3, '1', '65', '2020-10-16 11:55:44', '', '0000-00-00 00:00:00'),
(5585, '2', 3, '00:00:00', '00:00:00', '1', '2020-10-22', '2020-10-26', 3, '1', '65', '2020-10-16 11:55:44', '', '0000-00-00 00:00:00'),
(5586, '2', 3, '00:00:00', '00:00:00', '2', '2020-10-22', '2020-10-26', 3, '1', '65', '2020-10-16 11:55:44', '', '0000-00-00 00:00:00'),
(5587, '2', 4, '00:00:00', '00:00:00', '1', '2020-10-22', '2020-10-26', 3, '1', '65', '2020-10-16 11:55:44', '', '0000-00-00 00:00:00'),
(5588, '2', 4, '00:00:00', '00:00:00', '2', '2020-10-22', '2020-10-26', 3, '1', '65', '2020-10-16 11:55:44', '', '0000-00-00 00:00:00'),
(5589, '2', 5, '00:00:00', '00:00:00', '1', '2020-10-22', '2020-10-26', 3, '1', '65', '2020-10-16 11:55:44', '', '0000-00-00 00:00:00'),
(5590, '2', 5, '00:00:00', '00:00:00', '2', '2020-10-22', '2020-10-26', 3, '1', '65', '2020-10-16 11:55:44', '', '0000-00-00 00:00:00'),
(5591, '2', 6, '00:00:00', '00:00:00', '1', '2020-10-22', '2020-10-26', 3, '1', '65', '2020-10-16 11:55:44', '', '0000-00-00 00:00:00'),
(5592, '2', 6, '00:00:00', '00:00:00', '2', '2020-10-22', '2020-10-26', 3, '1', '65', '2020-10-16 11:55:44', '', '0000-00-00 00:00:00'),
(5593, '2', 7, '00:00:00', '00:00:00', '1', '2020-10-22', '2020-10-26', 3, '1', '65', '2020-10-16 11:55:44', '', '0000-00-00 00:00:00'),
(5594, '2', 7, '00:00:00', '00:00:00', '2', '2020-10-22', '2020-10-26', 3, '1', '65', '2020-10-16 11:55:44', '', '0000-00-00 00:00:00'),
(5595, '2', 1, '00:00:00', '00:00:00', '1', '2020-10-22', '2020-10-26', 2, '1', '65', '2020-10-16 11:55:44', '', '0000-00-00 00:00:00'),
(5596, '2', 1, '00:00:00', '00:00:00', '2', '2020-10-22', '2020-10-26', 2, '1', '65', '2020-10-16 11:55:44', '', '0000-00-00 00:00:00'),
(5597, '2', 2, '00:00:00', '00:00:00', '1', '2020-10-22', '2020-10-26', 2, '1', '65', '2020-10-16 11:55:44', '', '0000-00-00 00:00:00'),
(5598, '2', 2, '00:00:00', '00:00:00', '2', '2020-10-22', '2020-10-26', 2, '1', '65', '2020-10-16 11:55:44', '', '0000-00-00 00:00:00'),
(5599, '2', 3, '00:00:00', '00:00:00', '1', '2020-10-22', '2020-10-26', 2, '1', '65', '2020-10-16 11:55:44', '', '0000-00-00 00:00:00'),
(5600, '2', 3, '00:00:00', '00:00:00', '2', '2020-10-22', '2020-10-26', 2, '1', '65', '2020-10-16 11:55:44', '', '0000-00-00 00:00:00'),
(5601, '2', 4, '00:00:00', '00:00:00', '1', '2020-10-22', '2020-10-26', 2, '1', '65', '2020-10-16 11:55:44', '', '0000-00-00 00:00:00'),
(5602, '2', 4, '00:00:00', '00:00:00', '2', '2020-10-22', '2020-10-26', 2, '1', '65', '2020-10-16 11:55:44', '', '0000-00-00 00:00:00'),
(5603, '2', 5, '00:00:00', '00:00:00', '1', '2020-10-22', '2020-10-26', 2, '1', '65', '2020-10-16 11:55:44', '', '0000-00-00 00:00:00'),
(5604, '2', 5, '00:00:00', '00:00:00', '2', '2020-10-22', '2020-10-26', 2, '1', '65', '2020-10-16 11:55:44', '', '0000-00-00 00:00:00'),
(5605, '2', 6, '00:00:00', '00:00:00', '1', '2020-10-22', '2020-10-26', 2, '1', '65', '2020-10-16 11:55:44', '', '0000-00-00 00:00:00'),
(5606, '2', 6, '00:00:00', '00:00:00', '2', '2020-10-22', '2020-10-26', 2, '1', '65', '2020-10-16 11:55:44', '', '0000-00-00 00:00:00'),
(5607, '2', 7, '00:00:00', '00:00:00', '1', '2020-10-22', '2020-10-26', 2, '1', '65', '2020-10-16 11:55:44', '', '0000-00-00 00:00:00'),
(5608, '2', 7, '00:00:00', '00:00:00', '2', '2020-10-22', '2020-10-26', 2, '1', '65', '2020-10-16 11:55:44', '', '0000-00-00 00:00:00'),
(5609, '3', 1, '00:00:00', '00:00:00', '1', '2020-10-21', '2020-10-26', 1, '1', '65', '2020-10-16 12:38:07', '', '0000-00-00 00:00:00'),
(5610, '3', 1, '00:00:00', '00:00:00', '2', '2020-10-21', '2020-10-26', 1, '1', '65', '2020-10-16 12:38:07', '', '0000-00-00 00:00:00'),
(5611, '3', 2, '00:00:00', '00:00:00', '1', '2020-10-21', '2020-10-26', 1, '1', '65', '2020-10-16 12:38:07', '', '0000-00-00 00:00:00'),
(5612, '3', 2, '00:00:00', '00:00:00', '2', '2020-10-21', '2020-10-26', 1, '1', '65', '2020-10-16 12:38:07', '', '0000-00-00 00:00:00'),
(5613, '3', 3, '00:00:00', '00:00:00', '1', '2020-10-21', '2020-10-26', 1, '1', '65', '2020-10-16 12:38:07', '', '0000-00-00 00:00:00'),
(5614, '3', 3, '00:00:00', '00:00:00', '2', '2020-10-21', '2020-10-26', 1, '1', '65', '2020-10-16 12:38:07', '', '0000-00-00 00:00:00'),
(5615, '3', 4, '00:00:00', '00:00:00', '1', '2020-10-21', '2020-10-26', 1, '1', '65', '2020-10-16 12:38:07', '', '0000-00-00 00:00:00'),
(5616, '3', 4, '00:00:00', '00:00:00', '2', '2020-10-21', '2020-10-26', 1, '1', '65', '2020-10-16 12:38:07', '', '0000-00-00 00:00:00'),
(5617, '3', 5, '00:00:00', '00:00:00', '1', '2020-10-21', '2020-10-26', 1, '1', '65', '2020-10-16 12:38:07', '', '0000-00-00 00:00:00'),
(5618, '3', 5, '00:00:00', '00:00:00', '2', '2020-10-21', '2020-10-26', 1, '1', '65', '2020-10-16 12:38:07', '', '0000-00-00 00:00:00'),
(5619, '3', 6, '00:00:00', '00:00:00', '1', '2020-10-21', '2020-10-26', 1, '1', '65', '2020-10-16 12:38:07', '', '0000-00-00 00:00:00'),
(5620, '3', 6, '00:00:00', '00:00:00', '2', '2020-10-21', '2020-10-26', 1, '1', '65', '2020-10-16 12:38:07', '', '0000-00-00 00:00:00'),
(5621, '3', 7, '00:00:00', '00:00:00', '1', '2020-10-21', '2020-10-26', 1, '1', '65', '2020-10-16 12:38:07', '', '0000-00-00 00:00:00'),
(5622, '3', 7, '00:00:00', '00:00:00', '2', '2020-10-21', '2020-10-26', 1, '1', '65', '2020-10-16 12:38:07', '', '0000-00-00 00:00:00'),
(5623, '3', 1, '00:00:00', '00:00:00', '1', '2020-10-21', '2020-10-26', 3, '1', '65', '2020-10-16 12:38:07', '', '0000-00-00 00:00:00'),
(5624, '3', 1, '00:00:00', '00:00:00', '2', '2020-10-21', '2020-10-26', 3, '1', '65', '2020-10-16 12:38:07', '', '0000-00-00 00:00:00'),
(5625, '3', 2, '00:00:00', '00:00:00', '1', '2020-10-21', '2020-10-26', 3, '1', '65', '2020-10-16 12:38:07', '', '0000-00-00 00:00:00'),
(5626, '3', 2, '00:00:00', '00:00:00', '2', '2020-10-21', '2020-10-26', 3, '1', '65', '2020-10-16 12:38:07', '', '0000-00-00 00:00:00'),
(5627, '3', 3, '00:00:00', '00:00:00', '1', '2020-10-21', '2020-10-26', 3, '1', '65', '2020-10-16 12:38:07', '', '0000-00-00 00:00:00'),
(5628, '3', 3, '00:00:00', '00:00:00', '2', '2020-10-21', '2020-10-26', 3, '1', '65', '2020-10-16 12:38:07', '', '0000-00-00 00:00:00'),
(5629, '3', 4, '00:00:00', '00:00:00', '1', '2020-10-21', '2020-10-26', 3, '1', '65', '2020-10-16 12:38:07', '', '0000-00-00 00:00:00'),
(5630, '3', 4, '00:00:00', '00:00:00', '2', '2020-10-21', '2020-10-26', 3, '1', '65', '2020-10-16 12:38:07', '', '0000-00-00 00:00:00'),
(5631, '3', 5, '00:00:00', '00:00:00', '1', '2020-10-21', '2020-10-26', 3, '1', '65', '2020-10-16 12:38:07', '', '0000-00-00 00:00:00'),
(5632, '3', 5, '00:00:00', '00:00:00', '2', '2020-10-21', '2020-10-26', 3, '1', '65', '2020-10-16 12:38:07', '', '0000-00-00 00:00:00'),
(5633, '3', 6, '00:00:00', '00:00:00', '1', '2020-10-21', '2020-10-26', 3, '1', '65', '2020-10-16 12:38:07', '', '0000-00-00 00:00:00'),
(5634, '3', 6, '00:00:00', '00:00:00', '2', '2020-10-21', '2020-10-26', 3, '1', '65', '2020-10-16 12:38:07', '', '0000-00-00 00:00:00'),
(5635, '3', 7, '00:00:00', '00:00:00', '1', '2020-10-21', '2020-10-26', 3, '1', '65', '2020-10-16 12:38:07', '', '0000-00-00 00:00:00'),
(5636, '3', 7, '00:00:00', '00:00:00', '2', '2020-10-21', '2020-10-26', 3, '1', '65', '2020-10-16 12:38:07', '', '0000-00-00 00:00:00'),
(5637, '3', 1, '00:00:00', '00:00:00', '1', '2020-10-21', '2020-10-26', 2, '1', '65', '2020-10-16 12:38:07', '', '0000-00-00 00:00:00'),
(5638, '3', 1, '00:00:00', '00:00:00', '2', '2020-10-21', '2020-10-26', 2, '1', '65', '2020-10-16 12:38:07', '', '0000-00-00 00:00:00'),
(5639, '3', 2, '00:00:00', '00:00:00', '1', '2020-10-21', '2020-10-26', 2, '1', '65', '2020-10-16 12:38:07', '', '0000-00-00 00:00:00'),
(5640, '3', 2, '00:00:00', '00:00:00', '2', '2020-10-21', '2020-10-26', 2, '1', '65', '2020-10-16 12:38:07', '', '0000-00-00 00:00:00'),
(5641, '3', 3, '09:00:00', '13:00:00', '1', '2020-10-21', '2020-10-26', 2, '1', '65', '2020-10-16 12:38:07', '', '0000-00-00 00:00:00'),
(5642, '3', 3, '16:00:00', '19:00:00', '2', '2020-10-21', '2020-10-26', 2, '1', '65', '2020-10-16 12:38:07', '', '0000-00-00 00:00:00'),
(5643, '3', 4, '00:00:00', '00:00:00', '1', '2020-10-21', '2020-10-26', 2, '1', '65', '2020-10-16 12:38:07', '', '0000-00-00 00:00:00'),
(5644, '3', 4, '00:00:00', '00:00:00', '2', '2020-10-21', '2020-10-26', 2, '1', '65', '2020-10-16 12:38:07', '', '0000-00-00 00:00:00'),
(5645, '3', 5, '00:00:00', '00:00:00', '1', '2020-10-21', '2020-10-26', 2, '1', '65', '2020-10-16 12:38:07', '', '0000-00-00 00:00:00'),
(5646, '3', 5, '00:00:00', '00:00:00', '2', '2020-10-21', '2020-10-26', 2, '1', '65', '2020-10-16 12:38:07', '', '0000-00-00 00:00:00'),
(5647, '3', 6, '00:00:00', '00:00:00', '1', '2020-10-21', '2020-10-26', 2, '1', '65', '2020-10-16 12:38:07', '', '0000-00-00 00:00:00'),
(5648, '3', 6, '00:00:00', '00:00:00', '2', '2020-10-21', '2020-10-26', 2, '1', '65', '2020-10-16 12:38:07', '', '0000-00-00 00:00:00'),
(5649, '3', 7, '00:00:00', '00:00:00', '1', '2020-10-21', '2020-10-26', 2, '1', '65', '2020-10-16 12:38:07', '', '0000-00-00 00:00:00'),
(5650, '3', 7, '00:00:00', '00:00:00', '2', '2020-10-21', '2020-10-26', 2, '1', '65', '2020-10-16 12:38:07', '', '0000-00-00 00:00:00'),
(5651, '3', 1, '09:00:00', '13:00:00', '1', '2020-12-25', '2020-12-25', 1, '1', '65', '2020-12-22 11:20:48', '', '0000-00-00 00:00:00'),
(5652, '3', 1, '16:00:00', '19:00:00', '2', '2020-12-25', '2020-12-25', 1, '1', '65', '2020-12-22 11:20:48', '', '0000-00-00 00:00:00'),
(5653, '3', 2, '09:00:00', '13:00:00', '1', '2020-12-25', '2020-12-25', 1, '1', '65', '2020-12-22 11:20:48', '', '0000-00-00 00:00:00'),
(5654, '3', 2, '16:00:00', '19:00:00', '2', '2020-12-25', '2020-12-25', 1, '1', '65', '2020-12-22 11:20:48', '', '0000-00-00 00:00:00'),
(5655, '3', 3, '00:00:00', '00:00:00', '1', '2020-12-25', '2020-12-25', 1, '1', '65', '2020-12-22 11:20:49', '', '0000-00-00 00:00:00'),
(5656, '3', 3, '00:00:00', '00:00:00', '2', '2020-12-25', '2020-12-25', 1, '1', '65', '2020-12-22 11:20:49', '', '0000-00-00 00:00:00'),
(5657, '3', 4, '09:00:00', '13:00:00', '1', '2020-12-25', '2020-12-25', 1, '1', '65', '2020-12-22 11:20:49', '', '0000-00-00 00:00:00'),
(5658, '3', 4, '16:00:00', '19:00:00', '2', '2020-12-25', '2020-12-25', 1, '1', '65', '2020-12-22 11:20:49', '', '0000-00-00 00:00:00'),
(5659, '3', 5, '00:00:00', '00:00:00', '1', '2020-12-25', '2020-12-25', 1, '1', '65', '2020-12-22 11:20:49', '', '0000-00-00 00:00:00'),
(5660, '3', 5, '00:00:00', '00:00:00', '2', '2020-12-25', '2020-12-25', 1, '1', '65', '2020-12-22 11:20:49', '', '0000-00-00 00:00:00'),
(5661, '3', 6, '00:00:00', '00:00:00', '1', '2020-12-25', '2020-12-25', 1, '1', '65', '2020-12-22 11:20:49', '', '0000-00-00 00:00:00'),
(5662, '3', 6, '00:00:00', '00:00:00', '2', '2020-12-25', '2020-12-25', 1, '1', '65', '2020-12-22 11:20:49', '', '0000-00-00 00:00:00'),
(5663, '3', 7, '09:00:00', '13:00:00', '1', '2020-12-25', '2020-12-25', 1, '1', '65', '2020-12-22 11:20:49', '', '0000-00-00 00:00:00'),
(5664, '3', 7, '16:00:00', '19:00:00', '2', '2020-12-25', '2020-12-25', 1, '1', '65', '2020-12-22 11:20:49', '', '0000-00-00 00:00:00'),
(5665, '3', 1, '00:00:00', '00:00:00', '1', '2020-12-25', '2020-12-25', 3, '1', '65', '2020-12-22 11:20:49', '', '0000-00-00 00:00:00'),
(5666, '3', 1, '00:00:00', '00:00:00', '2', '2020-12-25', '2020-12-25', 3, '1', '65', '2020-12-22 11:20:49', '', '0000-00-00 00:00:00'),
(5667, '3', 2, '00:00:00', '00:00:00', '1', '2020-12-25', '2020-12-25', 3, '1', '65', '2020-12-22 11:20:49', '', '0000-00-00 00:00:00'),
(5668, '3', 2, '00:00:00', '00:00:00', '2', '2020-12-25', '2020-12-25', 3, '1', '65', '2020-12-22 11:20:49', '', '0000-00-00 00:00:00'),
(5669, '3', 3, '00:00:00', '00:00:00', '1', '2020-12-25', '2020-12-25', 3, '1', '65', '2020-12-22 11:20:49', '', '0000-00-00 00:00:00'),
(5670, '3', 3, '00:00:00', '00:00:00', '2', '2020-12-25', '2020-12-25', 3, '1', '65', '2020-12-22 11:20:49', '', '0000-00-00 00:00:00'),
(5671, '3', 4, '00:00:00', '00:00:00', '1', '2020-12-25', '2020-12-25', 3, '1', '65', '2020-12-22 11:20:49', '', '0000-00-00 00:00:00'),
(5672, '3', 4, '00:00:00', '00:00:00', '2', '2020-12-25', '2020-12-25', 3, '1', '65', '2020-12-22 11:20:49', '', '0000-00-00 00:00:00'),
(5673, '3', 5, '00:00:00', '00:00:00', '1', '2020-12-25', '2020-12-25', 3, '1', '65', '2020-12-22 11:20:49', '', '0000-00-00 00:00:00'),
(5674, '3', 5, '00:00:00', '00:00:00', '2', '2020-12-25', '2020-12-25', 3, '1', '65', '2020-12-22 11:20:49', '', '0000-00-00 00:00:00'),
(5675, '3', 6, '00:00:00', '00:00:00', '1', '2020-12-25', '2020-12-25', 3, '1', '65', '2020-12-22 11:20:49', '', '0000-00-00 00:00:00'),
(5676, '3', 6, '00:00:00', '00:00:00', '2', '2020-12-25', '2020-12-25', 3, '1', '65', '2020-12-22 11:20:49', '', '0000-00-00 00:00:00'),
(5677, '3', 7, '00:00:00', '00:00:00', '1', '2020-12-25', '2020-12-25', 3, '1', '65', '2020-12-22 11:20:49', '', '0000-00-00 00:00:00');
INSERT INTO `cl_doctor_schedule_adjustment` (`id`, `doctor_id`, `DayOfWeek`, `StartTime`, `EndTime`, `shift_id`, `dateFrom`, `dateTo`, `branch_id`, `status`, `created_by`, `creation_date`, `modified_by`, `modification_date`) VALUES
(5678, '3', 7, '00:00:00', '00:00:00', '2', '2020-12-25', '2020-12-25', 3, '1', '65', '2020-12-22 11:20:49', '', '0000-00-00 00:00:00'),
(5679, '3', 1, '00:00:00', '00:00:00', '1', '2020-12-25', '2020-12-25', 2, '1', '65', '2020-12-22 11:20:49', '', '0000-00-00 00:00:00'),
(5680, '3', 1, '00:00:00', '00:00:00', '2', '2020-12-25', '2020-12-25', 2, '1', '65', '2020-12-22 11:20:49', '', '0000-00-00 00:00:00'),
(5681, '3', 2, '00:00:00', '00:00:00', '1', '2020-12-25', '2020-12-25', 2, '1', '65', '2020-12-22 11:20:49', '', '0000-00-00 00:00:00'),
(5682, '3', 2, '00:00:00', '00:00:00', '2', '2020-12-25', '2020-12-25', 2, '1', '65', '2020-12-22 11:20:49', '', '0000-00-00 00:00:00'),
(5683, '3', 3, '09:00:00', '13:00:00', '1', '2020-12-25', '2020-12-25', 2, '1', '65', '2020-12-22 11:20:49', '', '0000-00-00 00:00:00'),
(5684, '3', 3, '16:00:00', '19:00:00', '2', '2020-12-25', '2020-12-25', 2, '1', '65', '2020-12-22 11:20:49', '', '0000-00-00 00:00:00'),
(5685, '3', 4, '00:00:00', '00:00:00', '1', '2020-12-25', '2020-12-25', 2, '1', '65', '2020-12-22 11:20:49', '', '0000-00-00 00:00:00'),
(5686, '3', 4, '00:00:00', '00:00:00', '2', '2020-12-25', '2020-12-25', 2, '1', '65', '2020-12-22 11:20:49', '', '0000-00-00 00:00:00'),
(5687, '3', 5, '00:00:00', '00:00:00', '1', '2020-12-25', '2020-12-25', 2, '1', '65', '2020-12-22 11:20:49', '', '0000-00-00 00:00:00'),
(5688, '3', 5, '00:00:00', '00:00:00', '2', '2020-12-25', '2020-12-25', 2, '1', '65', '2020-12-22 11:20:49', '', '0000-00-00 00:00:00'),
(5689, '3', 6, '00:00:00', '00:00:00', '1', '2020-12-25', '2020-12-25', 2, '1', '65', '2020-12-22 11:20:49', '', '0000-00-00 00:00:00'),
(5690, '3', 6, '00:00:00', '00:00:00', '2', '2020-12-25', '2020-12-25', 2, '1', '65', '2020-12-22 11:20:49', '', '0000-00-00 00:00:00'),
(5691, '3', 7, '00:00:00', '00:00:00', '1', '2020-12-25', '2020-12-25', 2, '1', '65', '2020-12-22 11:20:49', '', '0000-00-00 00:00:00'),
(5692, '3', 7, '00:00:00', '00:00:00', '2', '2020-12-25', '2020-12-25', 2, '1', '65', '2020-12-22 11:20:49', '', '0000-00-00 00:00:00'),
(5693, '3', 1, '00:00:00', '00:00:00', '1', '2021-02-10', '2021-02-10', 5, '1', '65', '2021-02-09 10:31:32', '', '0000-00-00 00:00:00'),
(5694, '3', 1, '00:00:00', '00:00:00', '2', '2021-02-10', '2021-02-10', 5, '1', '65', '2021-02-09 10:31:32', '', '0000-00-00 00:00:00'),
(5695, '3', 2, '00:00:00', '00:00:00', '1', '2021-02-10', '2021-02-10', 5, '1', '65', '2021-02-09 10:31:32', '', '0000-00-00 00:00:00'),
(5696, '3', 2, '00:00:00', '00:00:00', '2', '2021-02-10', '2021-02-10', 5, '1', '65', '2021-02-09 10:31:32', '', '0000-00-00 00:00:00'),
(5697, '3', 3, '00:00:00', '00:00:00', '1', '2021-02-10', '2021-02-10', 5, '1', '65', '2021-02-09 10:31:32', '', '0000-00-00 00:00:00'),
(5698, '3', 3, '00:00:00', '00:00:00', '2', '2021-02-10', '2021-02-10', 5, '1', '65', '2021-02-09 10:31:32', '', '0000-00-00 00:00:00'),
(5699, '3', 4, '09:00:00', '13:00:00', '1', '2021-02-10', '2021-02-10', 5, '1', '65', '2021-02-09 10:31:32', '', '0000-00-00 00:00:00'),
(5700, '3', 4, '16:00:00', '19:00:00', '2', '2021-02-10', '2021-02-10', 5, '1', '65', '2021-02-09 10:31:32', '', '0000-00-00 00:00:00'),
(5701, '3', 5, '00:00:00', '00:00:00', '1', '2021-02-10', '2021-02-10', 5, '1', '65', '2021-02-09 10:31:32', '', '0000-00-00 00:00:00'),
(5702, '3', 5, '00:00:00', '00:00:00', '2', '2021-02-10', '2021-02-10', 5, '1', '65', '2021-02-09 10:31:32', '', '0000-00-00 00:00:00'),
(5703, '3', 6, '00:00:00', '00:00:00', '1', '2021-02-10', '2021-02-10', 5, '1', '65', '2021-02-09 10:31:32', '', '0000-00-00 00:00:00'),
(5704, '3', 6, '00:00:00', '00:00:00', '2', '2021-02-10', '2021-02-10', 5, '1', '65', '2021-02-09 10:31:32', '', '0000-00-00 00:00:00'),
(5705, '3', 7, '00:00:00', '00:00:00', '1', '2021-02-10', '2021-02-10', 5, '1', '65', '2021-02-09 10:31:32', '', '0000-00-00 00:00:00'),
(5706, '3', 7, '00:00:00', '00:00:00', '2', '2021-02-10', '2021-02-10', 5, '1', '65', '2021-02-09 10:31:32', '', '0000-00-00 00:00:00');

-- --------------------------------------------------------

--
