-- https://www.phpmyadmin.net/
--

START TRANSACTION;



--
-- Database: `banerjee_ph2`
--

-- --------------------------------------------------------

--
-- Table structure for table `cl_advised_reports`
--

CREATE TABLE IF NOT EXISTS `cl_advised_reports` (
  `id` int UNSIGNED NOT NULL AUTO_INCREMENT,
  `appointment_id` bigint UNSIGNED NOT NULL,
  `patient_id` char(36) CHARACTER SET utf8 COLLATE utf8_unicode_ci NOT NULL,
  `report_name` varchar(256) CHARACTER SET utf8 COLLATE utf8_unicode_ci NOT NULL,
  `diagnostic_report_id` bigint UNSIGNED DEFAULT NULL,
  `advised_date` date NOT NULL,
  `upload_status` enum('0','1') CHARACTER SET utf8 COLLATE utf8_unicode_ci NOT NULL DEFAULT '0',
  `created_by` int NOT NULL,
  `modified_by` int NOT NULL,
  `created_at` timestamp NOT NULL DEFAULT CURRENT_TIMESTAMP ON UPDATE CURRENT_TIMESTAMP,
  `updated_at` timestamp NOT NULL DEFAULT '0000-00-00 00:00:00',
  PRIMARY KEY (`id`),
  KEY `advised_reports_appointment_id_index` (`appointment_id`),
  KEY `advised_reports_patient_id_index` (`patient_id`)
) ENGINE=InnoDB AUTO_INCREMENT=21 DEFAULT CHARSET=utf8mb3 COLLATE=utf8_unicode_ci;

--
-- Dumping data for table `cl_advised_reports`
--

INSERT INTO `cl_advised_reports` (`id`, `appointment_id`, `patient_id`, `report_name`, `diagnostic_report_id`, `advised_date`, `upload_status`, `created_by`, `modified_by`, `updated_at`) VALUES
(1, 1, 'e6a9f27c-19fb-11ec-9d84-025f708e58f2', 'Blood Report', 11, '2021-11-06', '0', 2, 0, '2021-11-06 06:28:47'),
(2, 1, 'e6a9f27c-19fb-11ec-9d84-025f708e58f2', 'MRI report', 12, '2021-11-06', '0', 2, 0, '2021-11-06 06:28:55'),
(3, 3, 'e6a9f27c-19fb-11ec-9d84-025f708e58f2', 'Blood Report', 11, '2021-11-08', '0', 2, 0, '2021-11-08 05:51:35'),
(4, 3, 'e6a9f27c-19fb-11ec-9d84-025f708e58f2', 'Xray Chest', 10, '2021-11-08', '0', 2, 0, '2021-11-08 05:51:46'),
(5, 4, 'a5b029d0-179a-11ec-9d84-025f708e58f2', 'MRI report', 12, '2021-11-08', '0', 2, 0, '2021-11-08 07:04:34'),
(6, 4, 'a5b029d0-179a-11ec-9d84-025f708e58f2', 'Blood Report', 11, '2021-11-08', '0', 2, 0, '2021-11-08 07:04:46'),
(7, 5, 'ebe80a85-118c-11ec-bab6-025f708e58f2', 'Xray Chest', 10, '2021-11-08', '0', 2, 0, '2021-11-08 10:57:54'),
(8, 6, '949af7d3-0f28-11ec-bab6-025f708e58f2', 'Xray Chest', 10, '2021-11-08', '0', 2, 0, '2021-11-08 12:25:21'),
(9, 9, '3902554f-afd5-11eb-aa1b-06d48d72463a', 'Ultra-sound', 14, '2021-11-08', '0', 2, 0, '2021-11-08 13:26:28'),
(10, 7, 'c95845b8-0955-11ec-bab6-025f708e58f2', 'Xray Chest', 10, '2021-11-08', '0', 2, 0, '2021-11-08 14:35:41'),
(11, 17, '7de9e155-93af-11eb-aa1b-06d48d72463a', 'Blood Report', 11, '2021-11-09', '0', 2, 0, '2021-11-09 08:04:22'),
(12, 16, '255c96af-93b0-11eb-aa1b-06d48d72463a', 'tRest', 0, '2021-11-09', '0', 2, 0, '2021-11-09 08:40:13'),
(13, 41, 'e6a9f27c-19fb-11ec-9d84-025f708e58f2', 'Xray Chest', 10, '2021-11-12', '0', 2, 0, '2021-11-12 04:55:27'),
(14, 53, 'a3f8d8a9-93b1-11eb-aa1b-06d48d72463a', 'Blood Report', 11, '2021-11-13', '0', 2, 0, '2021-11-13 04:16:08'),
(15, 64, 'cae8eda7-9369-11eb-aa1b-06d48d72463a', 'Blood Report', 11, '2021-11-15', '0', 2, 0, '2021-11-15 11:08:27'),
(16, 65, '7c3e63b9-9367-11eb-aa1b-06d48d72463a', 'Blood Report', 11, '2021-11-15', '0', 2, 0, '2021-11-15 12:08:16'),
(17, 66, 'db45854a-920d-11eb-aa1b-06d48d72463a', 'Reports 3', 3, '2021-11-15', '0', 2, 0, '2021-11-15 12:21:41'),
(18, 67, 'aa323d1e-920e-11eb-aa1b-06d48d72463a', 'Xray Chest', 10, '2021-11-15', '0', 2, 0, '2021-11-15 12:29:31'),
(19, 10, 'b65d5ae3-afd5-11eb-aa1b-06d48d72463a', 'Blood Report', 11, '2021-11-17', '0', 2, 0, '2021-11-17 18:27:17'),
(20, 113, 'a3f8d8a9-93b1-11eb-aa1b-06d48d72463a', 'tRestd', 0, '2021-11-19', '0', 3, 0, '2021-11-19 06:33:01');

-- --------------------------------------------------------

--
-- Table structure for table `cl_appointments`
--

CREATE TABLE IF NOT EXISTS `cl_appointments` (
  `id` int NOT NULL AUTO_INCREMENT,
  `patient_id` char(36) NOT NULL,
  `appointment_type` char(10) NOT NULL,
  `ocp_visit_address` text NOT NULL,
  `is_registered` enum('0','1') NOT NULL DEFAULT '0',
  `doctor_id` char(36) NOT NULL,
  `branch_id` int NOT NULL,
  `dateTime` datetime NOT NULL,
  `is_rescheduled` int NOT NULL,
  `notes` text NOT NULL,
  `onspot` int NOT NULL DEFAULT '0',
  `queue_number` int DEFAULT NULL,
  `shift_id` int NOT NULL DEFAULT '1',
  `medicine_queue_number` int DEFAULT NULL,
  `appointment_queue_number` int DEFAULT NULL,
  `big_screen` int NOT NULL,
  `created_at` timestamp NOT NULL DEFAULT CURRENT_TIMESTAMP ON UPDATE CURRENT_TIMESTAMP,
  `big_screen_doctor` char(36) NOT NULL,
  `medicine_complete` int NOT NULL DEFAULT '0',
  `checkin_time` datetime DEFAULT NULL,
  `absent` int NOT NULL DEFAULT '0',
  `cancel_status` enum('0','1') NOT NULL DEFAULT '0',
  `current_appointment_date` date DEFAULT NULL,
  `urgent_status` int NOT NULL,
  `ocp_slot` varchar(12) NOT NULL,
  `advance_required` int NOT NULL,
  `advance_urgency` int NOT NULL,
  `advance_payment_received` int NOT NULL,
  `cancelled_flag` enum('0','1') NOT NULL DEFAULT '0',
  `copyid` varchar(256) NOT NULL,
  PRIMARY KEY (`id`),
  UNIQUE KEY `unique_index` (`patient_id`,`branch_id`,`shift_id`,`copyid`),
  KEY `doctor_id` (`doctor_id`),
  KEY `branch_id` (`branch_id`),
  KEY `patient_id` (`patient_id`,`doctor_id`,`branch_id`) USING BTREE,
  KEY `branch_id_2` (`branch_id`,`dateTime`,`shift_id`),
  KEY `cancelled_flag` (`cancelled_flag`)
) ENGINE=InnoDB AUTO_INCREMENT=117 DEFAULT CHARSET=latin1;

--
-- Dumping data for table `cl_appointments`
--

INSERT INTO `cl_appointments` (`id`, `patient_id`, `appointment_type`, `ocp_visit_address`, `is_registered`, `doctor_id`, `branch_id`, `dateTime`, `is_rescheduled`, `notes`, `onspot`, `queue_number`, `shift_id`, `medicine_queue_number`, `appointment_queue_number`, `big_screen`, `big_screen_doctor`, `medicine_complete`, `checkin_time`, `absent`, `cancel_status`, `current_appointment_date`, `urgent_status`, `ocp_slot`, `advance_required`, `advance_urgency`, `advance_payment_received`, `cancelled_flag`, `copyid`) VALUES
(1, 'e6a9f27c-19fb-11ec-9d84-025f708e58f2', 'icp', '', '1', '2', 4, '2021-11-06 11:55:07', 0, '', 1, 1, 1, NULL, NULL, 0, '2', 0, NULL, 1, '0', '2021-11-06', 1, '', 0, 0, 0, '0', '20211106'),
(2, 'a5b029d0-179a-11ec-9d84-025f708e58f2', 'icp', '', '1', '2', 4, '2021-11-06 11:55:16', 0, '', 1, 2, 1, NULL, NULL, 0, '', 0, NULL, 1, '0', '2021-11-06', 0, '', 0, 0, 0, '0', '20211106'),
(3, 'e6a9f27c-19fb-11ec-9d84-025f708e58f2', 'icp', '', '1', '2', 1, '2021-11-08 11:14:41', 0, '', 1, 1, 1, NULL, NULL, 0, '2', 0, NULL, 1, '0', '2021-11-08', 0, '', 0, 0, 0, '0', '20211108'),
(4, 'a5b029d0-179a-11ec-9d84-025f708e58f2', 'icp', '', '1', '2', 1, '2021-11-08 11:16:11', 0, '', 1, 2, 1, NULL, NULL, 0, '', 0, NULL, 1, '0', '2021-11-08', 1, '', 0, 0, 0, '0', '20211108'),
(5, 'ebe80a85-118c-11ec-bab6-025f708e58f2', 'phone', '', '1', '2', 1, '2021-11-08 11:16:24', 0, '', 1, NULL, 1, NULL, NULL, 0, '', 0, NULL, 1, '0', '2021-11-08', 1, '', 0, 0, 0, '0', '20211108'),
(6, '949af7d3-0f28-11ec-bab6-025f708e58f2', 'phone', '', '1', '2', 1, '2021-11-08 11:16:36', 0, '', 1, NULL, 1, NULL, NULL, 0, '', 0, NULL, 1, '0', '2021-11-08', 1, '', 0, 0, 0, '0', '20211108'),
(7, 'c95845b8-0955-11ec-bab6-025f708e58f2', 'email', '', '1', '2', 1, '2021-11-08 11:16:51', 0, '', 1, NULL, 1, NULL, NULL, 1, '2', 0, NULL, 1, '0', '2021-11-08', 1, '', 0, 0, 0, '0', '20211108'),
(8, 'c085da51-db19-11eb-a2d6-025f708e58f2', 'email', '', '1', '2', 1, '2021-11-08 11:17:06', 0, '', 1, NULL, 1, NULL, NULL, 0, '', 0, NULL, 1, '0', '2021-11-08', 0, '', 0, 0, 0, '1', '20211108'),
(9, '3902554f-afd5-11eb-aa1b-06d48d72463a', 'phone', '', '1', '2', 1, '2021-11-08 11:17:32', 0, '', 1, NULL, 1, NULL, NULL, 0, '', 0, NULL, 1, '0', '2021-11-08', 1, '', 0, 0, 0, '0', '20211108'),
(10, 'b65d5ae3-afd5-11eb-aa1b-06d48d72463a', 'ocp', 'M-115', '1', '2', 1, '2021-11-08 11:17:50', 0, '', 1, NULL, 1, NULL, NULL, 0, '', 0, NULL, 1, '0', '0000-00-00', 1, '', 0, 0, 0, '0', ''),
(11, 'a14b9513-ce6f-11eb-a2d6-025f708e58f2', 'ocp', 'M-24', '1', '2', 1, '2021-11-08 11:18:10', 0, '', 1, NULL, 1, NULL, NULL, 0, '', 0, NULL, 1, '0', '0000-00-00', 0, '', 0, 0, 0, '1', ''),
(12, '5f96a1c2-93b2-11eb-aa1b-06d48d72463a', 'icp', '', '1', '2', 1, '2021-11-08 19:25:13', 0, '', 1, 3, 1, NULL, NULL, 0, '', 0, NULL, 1, '0', '2021-11-08', 0, '', 0, 0, 0, '0', '20211108'),
(13, 'a3f8d8a9-93b1-11eb-aa1b-06d48d72463a', 'icp', '', '1', '2', 1, '2021-11-08 19:25:33', 0, '', 1, 4, 1, NULL, NULL, 0, '', 0, NULL, 1, '0', '2021-11-08', 0, '', 0, 0, 0, '0', '20211108'),
(14, 'd1e3b701-93b0-11eb-aa1b-06d48d72463a', 'icp', '', '1', '2', 1, '2021-11-08 19:25:50', 0, '', 1, 5, 1, NULL, NULL, 0, '', 0, NULL, 1, '0', '2021-11-08', 0, '', 0, 0, 0, '0', '20211108'),
(15, '26b033f1-93b0-11eb-aa1b-06d48d72463a', 'icp', '', '1', '2', 1, '2021-11-08 19:26:05', 0, '', 1, 6, 1, NULL, NULL, 0, '', 0, NULL, 1, '0', '2021-11-08', 0, '', 0, 0, 0, '0', '20211108'),
(16, '255c96af-93b0-11eb-aa1b-06d48d72463a', 'phone', '', '1', '2', 1, '2021-11-08 19:26:20', 0, '', 1, NULL, 1, NULL, NULL, 0, '', 0, NULL, 1, '0', '2021-11-08', 0, '', 0, 0, 0, '0', '20211108'),
(17, '7de9e155-93af-11eb-aa1b-06d48d72463a', 'email', '', '1', '2', 1, '2021-11-08 19:26:36', 0, '', 1, NULL, 1, NULL, NULL, 0, '', 0, NULL, 1, '0', '2021-11-08', 1, '', 0, 0, 0, '0', '20211108'),
(18, 'c95845b8-0955-11ec-bab6-025f708e58f2', 'icp', '', '1', '2', 1, '2021-11-09 14:05:39', 0, '', 1, 1, 1, NULL, NULL, 1, '2', 0, NULL, 1, '0', '2021-11-09', 0, '', 0, 0, 0, '0', '20211109'),
(19, 'e6a9f27c-19fb-11ec-9d84-025f708e58f2', 'icp', '', '1', '2', 4, '2021-11-10 11:02:30', 0, '', 1, 1, 1, NULL, NULL, 0, '', 0, NULL, 1, '0', '2021-11-10', 0, '', 0, 0, 0, '0', '20211110'),
(20, 'e6a9f27c-19fb-11ec-9d84-025f708e58f2', 'icp', '', '1', '2', 1, '2021-11-11 09:41:12', 0, '', 1, 1, 1, NULL, NULL, 0, '', 0, NULL, 1, '0', '2021-11-11', 0, '', 0, 0, 0, '0', '20211111'),
(21, 'a5b029d0-179a-11ec-9d84-025f708e58f2', 'icp', '', '1', '2', 1, '2021-11-11 09:41:22', 0, '', 1, 2, 1, NULL, NULL, 0, '', 0, NULL, 1, '0', '2021-11-11', 0, '', 0, 0, 0, '0', '20211111'),
(22, 'ebe80a85-118c-11ec-bab6-025f708e58f2', 'icp', '', '1', '2', 1, '2021-11-11 09:41:31', 0, '', 1, 3, 1, NULL, NULL, 0, '', 0, NULL, 1, '0', '2021-11-11', 0, '', 0, 0, 0, '0', '20211111'),
(23, '887a8778-946b-11eb-aa1b-06d48d72463a', 'icp', '', '1', '2', 4, '2021-11-11 10:20:31', 0, '', 1, 1, 1, NULL, NULL, 0, '', 0, NULL, 1, '0', '2021-11-11', 0, '', 0, 0, 0, '0', '20211111'),
(24, '4669bf31-946b-11eb-aa1b-06d48d72463a', 'icp', '', '1', '2', 4, '2021-11-11 10:20:40', 0, '', 1, 2, 1, NULL, NULL, 0, '', 0, NULL, 1, '0', '2021-11-11', 0, '', 0, 0, 0, '0', '20211111'),
(25, 'f30ebbfe-9469-11eb-aa1b-06d48d72463a', 'icp', '', '1', '2', 4, '2021-11-11 10:20:53', 0, '', 1, 3, 1, NULL, NULL, 0, '', 0, NULL, 1, '0', '2021-11-11', 0, '', 0, 0, 0, '0', '20211111'),
(26, '6fe28371-9469-11eb-aa1b-06d48d72463a', 'icp', '', '1', '2', 4, '2021-11-11 10:21:05', 0, '', 1, 4, 1, NULL, NULL, 0, '', 0, NULL, 1, '0', '2021-11-11', 0, '', 0, 0, 0, '0', '20211111'),
(27, '1f8e91bf-9469-11eb-aa1b-06d48d72463a', 'icp', '', '1', '2', 4, '2021-11-11 10:21:15', 0, '', 1, 5, 1, NULL, NULL, 0, '', 0, NULL, 1, '0', '2021-11-11', 0, '', 0, 0, 0, '0', '20211111'),
(28, 'e0c924b8-9468-11eb-aa1b-06d48d72463a', 'icp', '', '1', '2', 4, '2021-11-11 10:21:27', 0, '', 1, 6, 1, NULL, NULL, 0, '', 0, NULL, 1, '0', '2021-11-11', 0, '', 0, 0, 0, '0', '20211111'),
(29, '5ad7cca1-945e-11eb-aa1b-06d48d72463a', 'icp', '', '1', '2', 4, '2021-11-11 10:21:42', 0, '', 1, 7, 1, NULL, NULL, 0, '', 0, NULL, 1, '0', '2021-11-11', 0, '', 0, 0, 0, '0', '20211111'),
(30, 'a0bacf29-9455-11eb-aa1b-06d48d72463a', 'icp', '', '1', '2', 4, '2021-11-11 10:21:55', 0, '', 1, 8, 1, NULL, NULL, 0, '', 0, NULL, 1, '0', '2021-11-11', 0, '', 0, 0, 0, '0', '20211111'),
(31, 'ba03649b-9454-11eb-aa1b-06d48d72463a', 'icp', '', '1', '2', 4, '2021-11-11 10:22:06', 0, '', 1, 9, 1, NULL, NULL, 0, '', 0, NULL, 1, '0', '2021-11-11', 0, '', 0, 0, 0, '0', '20211111'),
(32, '35abfb90-9455-11eb-aa1b-06d48d72463a', 'icp', '', '1', '2', 4, '2021-11-11 10:22:17', 0, '', 1, 10, 1, NULL, NULL, 0, '', 0, NULL, 1, '0', '2021-11-11', 0, '', 0, 0, 0, '0', '20211111'),
(33, '4ab2ff04-9454-11eb-aa1b-06d48d72463a', 'icp', '', '1', '2', 4, '2021-11-12 09:24:26', 0, '', 1, 1, 1, NULL, NULL, 0, '', 0, NULL, 1, '0', '2021-11-12', 0, '', 0, 0, 0, '0', '20211112'),
(34, '40560469-9452-11eb-aa1b-06d48d72463a', 'icp', '', '1', '2', 4, '2021-11-12 09:24:36', 0, '', 1, 2, 1, NULL, NULL, 0, '', 0, NULL, 1, '0', '2021-11-12', 0, '', 0, 0, 0, '0', '20211112'),
(35, '50752b02-944d-11eb-aa1b-06d48d72463a', 'icp', '', '1', '2', 4, '2021-11-12 09:24:48', 0, '', 1, 3, 1, NULL, NULL, 0, '', 0, NULL, 1, '0', '2021-11-12', 0, '', 0, 0, 0, '0', '20211112'),
(36, '10550f30-9445-11eb-aa1b-06d48d72463a', 'icp', '', '1', '2', 4, '2021-11-12 09:25:01', 0, '', 1, 4, 1, NULL, NULL, 0, '', 0, NULL, 1, '0', '2021-11-12', 0, '', 0, 0, 0, '0', '20211112'),
(37, '57a7da5d-9444-11eb-aa1b-06d48d72463a', 'icp', '', '1', '2', 4, '2021-11-12 09:25:12', 0, '', 1, 5, 1, NULL, NULL, 0, '', 0, NULL, 1, '0', '2021-11-12', 0, '', 0, 0, 0, '0', '20211112'),
(38, '0db1c522-9444-11eb-aa1b-06d48d72463a', 'icp', '', '1', '2', 4, '2021-11-12 09:25:39', 0, '', 1, 6, 1, NULL, NULL, 0, '', 0, NULL, 1, '0', '2021-11-12', 0, '', 0, 0, 0, '0', '20211112'),
(39, '90c9bac0-943b-11eb-aa1b-06d48d72463a', 'icp', '', '1', '2', 4, '2021-11-12 09:25:50', 0, '', 1, 7, 1, NULL, NULL, 0, '', 0, NULL, 1, '0', '2021-11-12', 0, '', 0, 0, 0, '0', '20211112'),
(40, '24b31650-943b-11eb-aa1b-06d48d72463a', 'icp', '', '1', '2', 4, '2021-11-12 09:26:05', 0, '', 1, 8, 1, NULL, NULL, 0, '', 0, NULL, 1, '0', '2021-11-12', 0, '', 0, 0, 0, '0', '20211112'),
(41, 'e6a9f27c-19fb-11ec-9d84-025f708e58f2', 'icp', '', '1', '2', 1, '2021-11-12 10:24:35', 0, '', 1, 1, 1, NULL, NULL, 0, '', 0, NULL, 1, '0', '2021-11-12', 0, '', 0, 0, 0, '0', '20211112'),
(42, 'a5b029d0-179a-11ec-9d84-025f708e58f2', 'icp', '', '1', '2', 1, '2021-11-12 10:53:33', 0, '', 1, 2, 1, NULL, NULL, 0, '', 0, NULL, 1, '0', '2021-11-12', 0, '', 0, 0, 0, '0', '20211112'),
(43, '949af7d3-0f28-11ec-bab6-025f708e58f2', 'icp', '', '1', '2', 1, '2021-11-12 10:53:44', 0, '', 1, 3, 1, NULL, NULL, 0, '', 0, NULL, 1, '0', '2021-11-12', 0, '', 0, 0, 0, '0', '20211112'),
(44, '3902554f-afd5-11eb-aa1b-06d48d72463a', '', '', '0', '', 4, '2021-11-12 08:33:03', 0, '', 1, NULL, 1, 1, NULL, 0, '', 0, NULL, 1, '0', '2021-11-12', 0, '', 0, 0, 0, '0', '20211112'),
(45, 'b65d5ae3-afd5-11eb-aa1b-06d48d72463a', 'phone', '', '1', '2', 4, '2021-11-12 14:03:41', 0, '', 1, NULL, 1, NULL, NULL, 0, '2', 0, NULL, 1, '0', '2021-11-12', 0, '', 0, 0, 0, '0', '20211112'),
(46, '9e9e78e7-947d-11eb-aa1b-06d48d72463a', '', '', '0', '', 4, '2021-11-13 03:39:16', 0, '', 1, NULL, 1, 1, NULL, 0, '', 0, NULL, 1, '0', '2021-11-13', 0, '', 0, 0, 0, '0', '20211113'),
(47, '9e745cf3-947d-11eb-aa1b-06d48d72463a', '', '', '0', '', 4, '2021-11-13 03:39:30', 0, '', 1, NULL, 1, 2, NULL, 0, '', 0, NULL, 1, '0', '2021-11-13', 0, '', 0, 0, 0, '0', '20211113'),
(48, '8210e8e7-947d-11eb-aa1b-06d48d72463a', '', '', '0', '', 4, '2021-11-13 03:39:44', 0, '', 1, NULL, 1, 3, NULL, 0, '', 0, NULL, 1, '0', '2021-11-13', 0, '', 0, 0, 0, '0', '20211113'),
(49, 'f665b154-9479-11eb-aa1b-06d48d72463a', '', '', '0', '', 4, '2021-11-13 03:39:56', 0, '', 1, NULL, 1, 4, NULL, 0, '', 0, NULL, 1, '0', '2021-11-13', 0, '', 0, 0, 0, '0', '20211113'),
(50, '779f3b8a-9472-11eb-aa1b-06d48d72463a', '', '', '0', '', 4, '2021-11-13 03:40:08', 0, '', 1, NULL, 1, 5, NULL, 0, '', 0, NULL, 1, '0', '2021-11-13', 0, '', 0, 0, 0, '0', '20211113'),
(51, '01a66eca-9475-11eb-aa1b-06d48d72463a', '', '', '0', '', 4, '2021-11-13 03:40:21', 0, '', 1, NULL, 1, 6, NULL, 0, '', 0, NULL, 1, '0', '2021-11-13', 0, '', 0, 0, 0, '0', '20211113'),
(52, '5f96a1c2-93b2-11eb-aa1b-06d48d72463a', 'icp', '', '1', '2', 1, '2021-11-13 09:36:34', 0, '', 1, 1, 1, NULL, NULL, 0, '', 0, NULL, 1, '0', '2021-11-13', 0, '', 0, 0, 0, '0', '20211113'),
(53, 'a3f8d8a9-93b1-11eb-aa1b-06d48d72463a', 'icp', '', '1', '2', 1, '2021-11-13 09:36:51', 0, '', 1, 2, 1, NULL, NULL, 0, '', 0, NULL, 1, '0', '2021-11-13', 1, '', 0, 0, 0, '0', '20211113'),
(54, 'd1e3b701-93b0-11eb-aa1b-06d48d72463a', 'icp', '', '1', '2', 1, '2021-11-13 09:37:03', 0, '', 1, 3, 1, NULL, NULL, 0, '', 0, NULL, 1, '0', '2021-11-13', 0, '', 0, 0, 0, '0', '20211113'),
(55, '7de9e155-93af-11eb-aa1b-06d48d72463a', 'icp', '', '1', '2', 1, '2021-11-13 09:37:14', 0, '', 1, 4, 1, NULL, NULL, 0, '', 0, NULL, 1, '0', '2021-11-13', 0, '', 0, 0, 0, '0', '20211113'),
(56, '01f9176b-93ac-11eb-aa1b-06d48d72463a', 'icp', '', '1', '2', 1, '2021-11-13 09:37:30', 0, '', 1, 5, 1, NULL, NULL, 0, '', 0, NULL, 1, '0', '2021-11-13', 0, '', 0, 0, 0, '0', '20211113'),
(57, 'cd6334f5-93ac-11eb-aa1b-06d48d72463a', 'phone', '', '1', '2', 1, '2021-11-13 09:38:00', 0, '', 1, NULL, 1, NULL, NULL, 0, '', 0, NULL, 1, '0', '2021-11-13', 0, '', 0, 0, 0, '1', '20211113'),
(58, '26b033f1-93b0-11eb-aa1b-06d48d72463a', 'phone', '', '1', '2', 1, '2021-11-13 09:38:26', 0, '', 1, NULL, 1, NULL, NULL, 0, '', 0, NULL, 1, '0', '2021-11-13', 0, '', 0, 0, 0, '1', '20211113'),
(59, '255c96af-93b0-11eb-aa1b-06d48d72463a', 'email', '', '1', '2', 1, '2021-11-13 09:38:55', 0, '', 1, NULL, 1, NULL, NULL, 0, '', 0, NULL, 1, '0', '2021-11-13', 0, '', 0, 0, 0, '1', '20211113'),
(60, '1444b977-93af-11eb-aa1b-06d48d72463a', 'email', '', '1', '2', 1, '2021-11-13 09:39:16', 0, '', 1, NULL, 1, NULL, NULL, 0, '', 0, NULL, 1, '0', '2021-11-13', 0, '', 0, 0, 0, '1', '20211113'),
(61, '0db1c522-9444-11eb-aa1b-06d48d72463a', 'icp', '', '1', '2', 4, '2021-11-15 09:17:04', 0, '', 1, 1, 1, NULL, NULL, 0, '', 0, NULL, 1, '0', '2021-11-15', 0, '', 1, 1, 1, '0', '20211115'),
(62, '0eddf666-943b-11eb-aa1b-06d48d72463a', 'icp', '', '1', '2', 4, '2021-11-15 09:18:34', 0, '', 1, 2, 1, NULL, NULL, 0, '', 0, NULL, 1, '0', '2021-11-15', 0, '', 1, 1, 1, '0', '20211115'),
(63, 'b307fd1a-942f-11eb-aa1b-06d48d72463a', '', '', '0', '', 4, '2021-11-15 04:56:10', 0, '', 1, NULL, 1, 1, NULL, 0, '', 0, NULL, 1, '0', '2021-11-15', 0, '', 0, 0, 0, '0', '20211115'),
(64, 'cae8eda7-9369-11eb-aa1b-06d48d72463a', 'icp', '', '1', '2', 1, '2021-11-15 10:35:11', 0, '', 1, 1, 1, NULL, NULL, 0, '', 0, NULL, 1, '0', '2021-11-15', 0, '', 0, 0, 0, '0', '20211115'),
(65, '7c3e63b9-9367-11eb-aa1b-06d48d72463a', 'icp', '', '1', '2', 1, '2021-11-15 10:35:29', 0, '', 1, 2, 1, NULL, NULL, 0, '', 0, NULL, 1, '0', '2021-11-15', 0, '', 0, 0, 0, '0', '20211115'),
(66, 'db45854a-920d-11eb-aa1b-06d48d72463a', 'icp', '', '1', '2', 1, '2021-11-15 17:43:01', 0, '', 1, 3, 1, NULL, NULL, 0, '', 0, NULL, 1, '0', '2021-11-15', 0, '', 0, 0, 0, '0', '20211115'),
(67, 'aa323d1e-920e-11eb-aa1b-06d48d72463a', 'icp', '', '1', '2', 1, '2021-11-15 17:43:10', 0, '', 1, 4, 1, NULL, NULL, 0, '', 0, NULL, 1, '0', '2021-11-15', 0, '', 0, 0, 0, '0', '20211115'),
(68, 'a5b029d0-179a-11ec-9d84-025f708e58f2', 'icp', '', '1', '2', 1, '2021-11-16 01:17:40', 0, '', 1, 1, 1, NULL, NULL, 0, '', 0, NULL, 1, '0', '2021-11-16', 0, '', 0, 0, 0, '0', '20211116'),
(69, 'e6a9f27c-19fb-11ec-9d84-025f708e58f2', 'icp', '', '1', '2', 4, '2021-11-16 09:23:34', 0, '', 1, 1, 1, NULL, NULL, 0, '', 0, NULL, 1, '0', '2021-11-16', 0, '', 0, 0, 0, '0', '20211116'),
(70, '99ed9b5f-1191-11ec-bab6-025f708e58f2', 'icp', '', '1', '2', 4, '2021-11-16 09:27:30', 0, '', 1, 2, 1, NULL, NULL, 0, '', 0, NULL, 1, '0', '2021-11-16', 0, '', 1, 1, 1, '0', '20211116'),
(71, 'ebe80a85-118c-11ec-bab6-025f708e58f2', 'icp', '', '1', '2', 4, '2021-11-16 09:27:57', 0, '', 1, 3, 1, NULL, NULL, 0, '', 0, NULL, 1, '0', '2021-11-16', 0, '', 1, 1, 1, '0', '20211116'),
(72, '949af7d3-0f28-11ec-bab6-025f708e58f2', 'icp', '', '1', '2', 4, '2021-11-16 09:28:34', 0, '', 1, 4, 1, NULL, NULL, 0, '', 0, NULL, 1, '0', '2021-11-16', 0, '', 1, 0, 0, '0', '20211116'),
(73, '4ab2ff04-9454-11eb-aa1b-06d48d72463a', 'icp', '', '1', '2', 4, '2021-11-16 11:55:23', 0, '', 1, 5, 1, NULL, NULL, 0, '', 0, NULL, 1, '0', '2021-11-16', 0, '', 0, 0, 0, '0', '20211116'),
(74, '69d63034-942d-11eb-aa1b-06d48d72463a', 'icp', '', '1', '2', 4, '2021-11-16 13:19:20', 0, '', 1, 6, 1, NULL, NULL, 0, '', 0, NULL, 1, '0', '2021-11-16', 0, '', 0, 0, 0, '0', '20211116'),
(75, '09b73b84-942d-11eb-aa1b-06d48d72463a', 'icp', '', '1', '2', 4, '2021-11-16 13:19:30', 0, '', 1, 7, 1, NULL, NULL, 0, '', 0, NULL, 1, '0', '2021-11-16', 0, '', 0, 0, 0, '0', '20211116'),
(76, '425bb595-93c8-11eb-aa1b-06d48d72463a', 'icp', '', '1', '2', 4, '2021-11-16 13:19:41', 0, '', 1, 8, 1, NULL, NULL, 0, '', 0, NULL, 1, '0', '2021-11-16', 0, '', 0, 0, 0, '0', '20211116'),
(77, 'a8109908-93c2-11eb-aa1b-06d48d72463a', 'icp', '', '1', '2', 4, '2021-11-16 13:19:50', 0, '', 1, 9, 1, NULL, NULL, 0, '', 0, NULL, 1, '0', '2021-11-16', 0, '', 0, 0, 0, '0', '20211116'),
(78, '53a19803-93c2-11eb-aa1b-06d48d72463a', 'icp', '', '1', '2', 4, '2021-11-16 13:20:03', 0, '', 1, 10, 1, NULL, NULL, 0, '', 0, NULL, 1, '0', '2021-11-16', 0, '', 0, 0, 0, '0', '20211116'),
(79, '636c5ab6-93c0-11eb-aa1b-06d48d72463a', 'icp', '', '1', '2', 4, '2021-11-16 13:20:16', 0, '', 1, 11, 1, NULL, NULL, 0, '', 0, NULL, 1, '0', '2021-11-16', 0, '', 0, 0, 0, '0', '20211116'),
(80, '79123c1e-93b6-11eb-aa1b-06d48d72463a', 'icp', '', '1', '2', 4, '2021-11-16 13:20:33', 0, '', 1, 12, 1, NULL, NULL, 0, '', 0, NULL, 1, '0', '2021-11-16', 0, '', 0, 0, 0, '0', '20211116'),
(81, 'f1497cc7-93b5-11eb-aa1b-06d48d72463a', 'icp', '', '1', '2', 4, '2021-11-16 13:20:43', 0, '', 1, 13, 1, NULL, NULL, 0, '', 0, NULL, 1, '0', '2021-11-16', 0, '', 0, 0, 0, '0', '20211116'),
(82, 'c22bd556-93b4-11eb-aa1b-06d48d72463a', 'icp', '', '1', '2', 4, '2021-11-16 13:20:53', 0, '', 1, 14, 1, NULL, NULL, 0, '', 0, NULL, 1, '0', '2021-11-16', 0, '', 0, 0, 0, '0', '20211116'),
(83, '074203a1-947e-11eb-aa1b-06d48d72463a', 'icp', '', '1', '2', 1, '2021-11-16 13:22:05', 0, '', 1, 2, 1, NULL, NULL, 1, '', 0, NULL, 1, '0', '2021-11-16', 0, '', 0, 0, 0, '0', '20211116'),
(85, '5f96a1c2-93b2-11eb-aa1b-06d48d72463a', 'icp', '', '1', '2', 2, '2021-11-17 09:12:25', 0, '', 1, 1, 1, NULL, NULL, 0, '', 0, NULL, 1, '0', '2021-11-17', 0, '', 0, 0, 0, '0', '20211117'),
(86, 'a3f8d8a9-93b1-11eb-aa1b-06d48d72463a', 'icp', '', '1', '2', 2, '2021-11-17 09:12:37', 0, '', 1, 2, 1, NULL, NULL, 0, '', 0, NULL, 1, '0', '2021-11-17', 0, '', 0, 0, 0, '0', '20211117'),
(87, 'd1e3b701-93b0-11eb-aa1b-06d48d72463a', 'icp', '', '1', '2', 2, '2021-11-17 09:12:48', 0, '', 1, 3, 1, NULL, NULL, 0, '', 0, NULL, 1, '0', '2021-11-17', 0, '', 0, 0, 0, '0', '20211117'),
(88, '26b033f1-93b0-11eb-aa1b-06d48d72463a', 'icp', '', '1', '2', 2, '2021-11-17 09:12:59', 0, '', 1, 4, 1, NULL, NULL, 0, '', 0, NULL, 1, '0', '2021-11-17', 0, '', 0, 0, 0, '0', '20211117'),
(89, '7de9e155-93af-11eb-aa1b-06d48d72463a', 'icp', '', '1', '2', 2, '2021-11-17 09:16:12', 0, '', 1, 5, 1, NULL, NULL, 0, '', 0, NULL, 1, '0', '2021-11-17', 0, '', 0, 0, 0, '0', '20211117'),
(90, 'a3f8d8a9-93b1-11eb-aa1b-06d48d72463a', 'icp', '', '1', '2', 2, '2021-11-18 08:46:26', 0, '', 1, 1, 1, NULL, NULL, 0, '', 0, NULL, 1, '0', '2021-11-18', 0, '', 0, 0, 0, '0', '20211118'),
(91, 'a5b029d0-179a-11ec-9d84-025f708e58f2', 'icp', '', '1', '2', 2, '2021-11-18 09:16:51', 0, '', 1, 2, 1, NULL, NULL, 0, '', 0, NULL, 1, '0', '2021-11-18', 0, '', 0, 0, 0, '0', '20211118'),
(92, '949af7d3-0f28-11ec-bab6-025f708e58f2', 'icp', '', '1', '2', 2, '2021-11-18 09:17:05', 0, '', 1, 3, 1, NULL, NULL, 0, '', 0, NULL, 1, '0', '2021-11-18', 0, '', 0, 0, 0, '0', '20211118'),
(93, '1da0c865-0f28-11ec-bab6-025f708e58f2', 'icp', '', '1', '2', 2, '2021-11-18 09:17:15', 0, '', 1, 4, 1, NULL, NULL, 1, '2', 0, NULL, 1, '0', '2021-11-18', 0, '', 0, 0, 0, '0', '20211118'),
(94, 'c95845b8-0955-11ec-bab6-025f708e58f2', 'icp', '', '1', '2', 2, '2021-11-18 09:28:52', 0, '', 1, 5, 1, NULL, NULL, 1, '2', 0, NULL, 1, '0', '2021-11-18', 0, '', 0, 0, 0, '0', '20211118'),
(95, 'c085da51-db19-11eb-a2d6-025f708e58f2', 'icp', '', '1', '2', 2, '2021-11-18 09:29:04', 0, '', 1, 6, 1, NULL, NULL, 0, '', 0, NULL, 1, '0', '2021-11-18', 0, '', 0, 0, 0, '0', '20211118'),
(96, 'b6486511-afd2-11eb-aa1b-06d48d72463a', 'icp', '', '1', '2', 2, '2021-11-18 09:30:47', 0, '', 1, 7, 1, NULL, NULL, 0, '', 0, NULL, 1, '0', '2021-11-18', 0, '', 0, 0, 0, '0', '20211118'),
(97, '1cd25332-9488-11eb-aa1b-06d48d72463a', 'icp', '', '1', '2', 2, '2021-11-18 10:18:41', 0, '', 1, 8, 1, NULL, NULL, 0, '', 0, NULL, 1, '0', '2021-11-18', 0, '', 0, 0, 0, '0', '20211118'),
(98, 'a14b9513-ce6f-11eb-a2d6-025f708e58f2', 'icp', '', '1', '3', 2, '2021-11-18 11:04:08', 0, '', 1, 9, 1, NULL, NULL, 0, '', 0, NULL, 1, '0', '2021-11-18', 0, '', 0, 0, 0, '0', '20211118'),
(99, 'ed62b19f-9386-11eb-aa1b-06d48d72463a', 'icp', '', '1', '2', 2, '2021-11-18 20:22:28', 0, '', 1, 10, 1, NULL, NULL, 0, '', 0, NULL, 1, '0', '2021-11-18', 0, '', 0, 0, 0, '0', '20211118'),
(100, '789b71c1-9386-11eb-aa1b-06d48d72463a', 'icp', '', '1', '2', 2, '2021-11-18 20:22:41', 0, '', 1, 11, 1, NULL, NULL, 0, '', 0, NULL, 1, '0', '2021-11-18', 0, '', 0, 0, 0, '0', '20211118'),
(101, '4d04a34d-9386-11eb-aa1b-06d48d72463a', 'icp', '', '1', '2', 2, '2021-11-18 20:22:56', 0, '', 1, 12, 1, NULL, NULL, 0, '', 0, NULL, 1, '0', '2021-11-18', 0, '', 0, 0, 0, '0', '20211118'),
(102, 'b79f60e2-9385-11eb-aa1b-06d48d72463a', 'icp', '', '1', '2', 2, '2021-11-18 20:23:10', 0, '', 1, 13, 1, NULL, NULL, 0, '', 0, NULL, 1, '0', '2021-11-18', 0, '', 0, 0, 0, '0', '20211118'),
(103, '50b6c673-9385-11eb-aa1b-06d48d72463a', 'icp', '', '1', '2', 2, '2021-11-18 20:23:40', 0, '', 1, 14, 1, NULL, NULL, 0, '', 0, NULL, 1, '0', '2021-11-18', 0, '', 0, 0, 0, '0', '20211118'),
(104, '74ac520e-9383-11eb-aa1b-06d48d72463a', 'icp', '', '1', '2', 2, '2021-11-18 20:23:57', 0, '', 1, 15, 1, NULL, NULL, 0, '', 0, NULL, 1, '0', '2021-11-18', 0, '', 0, 0, 0, '0', '20211118'),
(105, '542c00c0-9383-11eb-aa1b-06d48d72463a', 'icp', '', '1', '2', 2, '2021-11-18 20:24:08', 0, '', 1, 16, 1, NULL, NULL, 0, '', 0, NULL, 1, '0', '2021-11-18', 0, '', 0, 0, 0, '0', '20211118'),
(106, '074203a1-947e-11eb-aa1b-06d48d72463a', '', '', '0', '', 2, '2021-11-18 18:07:24', 0, '', 1, NULL, 1, 1, NULL, 1, '', 0, NULL, 1, '0', '2021-11-18', 0, '', 0, 0, 0, '0', '20211118'),
(107, 'f4f63f85-947e-11eb-aa1b-06d48d72463a', 'phone', '', '1', '2', 2, '2021-11-18 23:37:33', 0, '', 1, NULL, 1, NULL, NULL, 1, '2', 0, NULL, 1, '0', '2021-11-18', 0, '', 0, 0, 0, '0', '20211118'),
(108, 'b3b8dca4-9481-11eb-aa1b-06d48d72463a', 'vc', '', '1', '2', 2, '2021-11-18 23:37:50', 0, '', 1, NULL, 1, NULL, NULL, 0, '', 0, NULL, 1, '0', '2021-11-18', 0, '', 0, 0, 0, '0', '20211118'),
(109, '9e9e78e7-947d-11eb-aa1b-06d48d72463a', 'icp', '', '1', '2', 2, '2021-11-18 23:41:17', 0, '', 1, 17, 1, NULL, NULL, 0, '', 0, NULL, 1, '0', '2021-11-18', 0, '', 0, 0, 0, '0', '20211118'),
(110, '9e745cf3-947d-11eb-aa1b-06d48d72463a', 'icp', '', '1', '2', 2, '2021-11-18 23:41:28', 0, '', 1, 18, 1, NULL, NULL, 0, '', 0, NULL, 1, '0', '2021-11-18', 0, '', 0, 0, 0, '0', '20211118'),
(111, '59754702-9480-11eb-aa1b-06d48d72463a', 'icp', '', '1', '4', 2, '2021-11-18 10:00:00', 0, '', 0, NULL, 1, NULL, 1, 0, '', 0, '2021-11-18 18:20:16', 1, '0', '2021-11-18', 0, '', 0, 0, 0, '0', '20211118'),
(112, '5f96a1c2-93b2-11eb-aa1b-06d48d72463a', 'icp', '', '1', '3', 1, '2021-11-19 09:00:00', 0, '', 0, NULL, 1, NULL, NULL, 0, '', 0, NULL, 0, '0', '2021-11-19', 0, '', 1, 1, 1, '0', '20211119'),
(113, 'a3f8d8a9-93b1-11eb-aa1b-06d48d72463a', 'phone', '', '1', '3', 1, '2021-11-19 09:10:00', 0, '', 0, NULL, 1, NULL, NULL, 0, '', 0, NULL, 0, '0', '2021-11-19', 1, '', 1, 1, 1, '0', '20211119'),
(114, 'd1e3b701-93b0-11eb-aa1b-06d48d72463a', 'email', '', '1', '3', 1, '2021-11-19 09:20:00', 0, '', 0, NULL, 1, NULL, NULL, 0, '', 0, NULL, 0, '0', '2021-11-19', 0, '', 1, 0, 0, '0', '20211119'),
(115, '26b033f1-93b0-11eb-aa1b-06d48d72463a', 'ocp', '482538', '1', '3', 1, '2021-11-19 00:00:00', 0, '', 0, NULL, 1, NULL, NULL, 0, '', 0, NULL, 0, '0', '2021-11-19', 0, 'bm', 0, 0, 0, '0', '20211119'),
(116, '255c96af-93b0-11eb-aa1b-06d48d72463a', 'vc', '', '1', '3', 1, '2021-11-19 09:30:00', 0, '', 0, NULL, 1, NULL, NULL, 0, '', 0, NULL, 0, '0', '2021-11-19', 0, '', 1, 1, 1, '0', '20211119');

-- --------------------------------------------------------

--
-- Table structure for table `cl_appointment_case_taken`
--

CREATE TABLE IF NOT EXISTS `cl_appointment_case_taken` (
  `id` int UNSIGNED NOT NULL AUTO_INCREMENT,
  `patient_id` char(36) COLLATE utf8_unicode_ci NOT NULL,
  `appointment_id` int UNSIGNED NOT NULL,
  `ICD_disease_name` varchar(255) COLLATE utf8_unicode_ci DEFAULT NULL,
  `ICD_code` varchar(10) COLLATE utf8_unicode_ci DEFAULT NULL,
  `DKBC_disease_id` int DEFAULT NULL,
  `DKBC_disease_others` varchar(255) COLLATE utf8_unicode_ci DEFAULT NULL,
  `DKBC_system_id` int DEFAULT NULL,
  `DKBC_system_others` varchar(255) COLLATE utf8_unicode_ci DEFAULT NULL,
  `DKBC_organ_id` int DEFAULT NULL,
  `DKBC_organ_others` varchar(255) COLLATE utf8_unicode_ci DEFAULT NULL,
  `details_notes` text COLLATE utf8_unicode_ci,
  `major_condition` int DEFAULT NULL,
  `symptom_event_date` varchar(255) COLLATE utf8_unicode_ci DEFAULT NULL,
  `patient_status` varchar(50) CHARACTER SET utf8 COLLATE utf8_unicode_ci DEFAULT NULL,
  `created_by` int NOT NULL,
  `created_at` timestamp NOT NULL,
  `modified_at` timestamp NOT NULL,
  `modified_by` int NOT NULL,
  `status` enum('1','2') COLLATE utf8_unicode_ci NOT NULL DEFAULT '1',
  PRIMARY KEY (`id`)
) ENGINE=InnoDB AUTO_INCREMENT=44 DEFAULT CHARSET=utf8mb3 COLLATE=utf8_unicode_ci;

--
-- Dumping data for table `cl_appointment_case_taken`
--

INSERT INTO `cl_appointment_case_taken` (`id`, `patient_id`, `appointment_id`, `ICD_disease_name`, `ICD_code`, `DKBC_disease_id`, `DKBC_disease_others`, `DKBC_system_id`, `DKBC_system_others`, `DKBC_organ_id`, `DKBC_organ_others`, `details_notes`, `major_condition`, `symptom_event_date`, `patient_status`, `created_by`, `created_at`, `modified_at`, `modified_by`, `status`) VALUES
(2, 'e6a9f27c-19fb-11ec-9d84-025f708e58f2', 1, '', '', 43, NULL, 34, NULL, 35, NULL, 'Nunc congue dapibus semper. Phasellus risus quam, commodo et facilisis ac', NULL, '2 Years, 8 months', 'Not Better', 2, '2021-11-06 12:26:56', '0000-00-00 00:00:00', 0, '1'),
(4, 'e6a9f27c-19fb-11ec-9d84-025f708e58f2', 1, '2B5Z Malignant neoplasm of muscle, fat, fibrous tissue, bone, cartilage, and blood vessels', '2B5Z', 0, NULL, 0, NULL, 0, NULL, 'On the other hand, we denounce with righteous indignation and dislike men', NULL, '1 Years, 10 months', 'First Reported', 2, '2021-11-06 12:27:37', '0000-00-00 00:00:00', 0, '1'),
(5, 'e6a9f27c-19fb-11ec-9d84-025f708e58f2', 3, '', '', 43, NULL, 34, NULL, 35, NULL, 'Nunc congue dapibus semper. Phasellus risus quam, commodo et facilisis ac', NULL, '2 Years, 8 months', 'Not Better', 2, '2021-11-08 05:49:45', '0000-00-00 00:00:00', 0, '1'),
(6, 'e6a9f27c-19fb-11ec-9d84-025f708e58f2', 3, '2B5Z Malignant neoplasm of muscle, fat, fibrous tissue, bone, cartilage, and blood vessels', '2B5Z', 0, NULL, 0, NULL, 0, NULL, 'On the other hand, we denounce with righteous indignation and dislike men', NULL, '1 Years, 10 months', 'First Reported', 2, '2021-11-08 05:49:45', '0000-00-00 00:00:00', 0, '1'),
(7, 'a5b029d0-179a-11ec-9d84-025f708e58f2', 4, '', '', 51, NULL, 24, NULL, 18, NULL, 'From 1 January 2019 onwards, some of the services already available on Online Banking.', NULL, '10 months, 1 weeks', 'First Reported', 2, '2021-11-08 07:03:52', '0000-00-00 00:00:00', 0, '1'),
(8, 'ebe80a85-118c-11ec-bab6-025f708e58f2', 5, '1A33.0 Infection due to Isopora belli', '1A33.0', 0, NULL, 0, NULL, 0, NULL, 'StanChart UPI is a simple and secured feature to instantly pay using UPI. No need to carry your cards or remember details like bank account numbers or IFSC codes', NULL, '7 months, 4 weeks, 1 days', 'First Reported', 2, '2021-11-08 10:57:20', '0000-00-00 00:00:00', 0, '1'),
(9, '949af7d3-0f28-11ec-bab6-025f708e58f2', 6, '', '', 43, NULL, 34, NULL, 35, NULL, 'Thank you for registering with Organiseme, the productivity and project management application for individuals and teams.', 2, '8 months, 1 weeks', 'First Reported', 2, '2021-11-08 12:24:42', '0000-00-00 00:00:00', 0, '1'),
(10, '3902554f-afd5-11eb-aa1b-06d48d72463a', 9, '', '', 31, NULL, 30, NULL, 27, NULL, 'Thank you for registering with Organiseme, the productivity and project management application for individuals and teams. With Organiseme', NULL, '4 months, 3 days', 'First Reported', 2, '2021-11-08 13:25:58', '0000-00-00 00:00:00', 0, '1'),
(12, 'c95845b8-0955-11ec-bab6-025f708e58f2', 7, '1F03.0 Koplik spots', '1F03.0', 0, NULL, 0, NULL, 0, NULL, 'You can\'t update changes because this patient already exist in front desk OR doctor dashboard queue. ', NULL, '6 months, 5 days', 'First Reported', 2, '2021-11-08 14:27:44', '0000-00-00 00:00:00', 0, '1'),
(13, '7de9e155-93af-11eb-aa1b-06d48d72463a', 17, '8A0Y Painful or painless legs and moving toes or fingers', '8A0Y', 0, NULL, 0, NULL, 0, NULL, 'orem ipsum dolor sit amet, consectetur adipiscing elit. Nulla ac iaculis sapien. Vivamus ut pretium urna, in pharetra lorem.', NULL, '7 months, 4 days', 'First Reported', 2, '2021-11-09 08:03:54', '0000-00-00 00:00:00', 0, '1'),
(14, 'c95845b8-0955-11ec-bab6-025f708e58f2', 18, '1F03.0 Koplik spots', '1F03.0', 0, NULL, 0, NULL, 0, NULL, 'You can\'t update changes because this patient already exist in front desk OR doctor dashboard queue. ', NULL, '6 months, 5 days', 'First Reported', 2, '2021-11-09 08:36:16', '0000-00-00 00:00:00', 0, '1'),
(15, '255c96af-93b0-11eb-aa1b-06d48d72463a', 16, '', '', 27, NULL, 25, NULL, 20, NULL, 'orem ipsum dolor sit amet, consectetur adipiscing elit. Nulla ac iaculis sapien. Vivamus ut pretium urna, in pharetra lorem. Sed quis ullamcorper ex. Fusce gravida est aliquam ipsum luctus viverra', NULL, '9 months, 1 days', 'First Reported', 2, '2021-11-09 08:39:49', '0000-00-00 00:00:00', 0, '1'),
(16, 'e6a9f27c-19fb-11ec-9d84-025f708e58f2', 19, '', '', 43, NULL, 34, NULL, 35, NULL, 'Nunc congue dapibus semper. Phasellus risus quam, commodo et facilisis ac', NULL, '2 Years, 8 months', 'Not Better', 2, '2021-11-10 05:34:05', '0000-00-00 00:00:00', 0, '1'),
(17, 'e6a9f27c-19fb-11ec-9d84-025f708e58f2', 19, '2B5Z Malignant neoplasm of muscle, fat, fibrous tissue, bone, cartilage, and blood vessels', '2B5Z', 0, NULL, 0, NULL, 0, NULL, 'On the other hand, we denounce with righteous indignation and dislike men', NULL, '1 Years, 10 months', 'First Reported', 2, '2021-11-10 05:34:05', '0000-00-00 00:00:00', 0, '1'),
(18, 'e6a9f27c-19fb-11ec-9d84-025f708e58f2', 20, '', '', 43, NULL, 34, NULL, 35, NULL, 'Nunc congue dapibus semper. Phasellus risus quam, commodo et facilisis ac', NULL, '2 Years, 8 months', 'Not Better', 2, '2021-11-11 16:06:02', '0000-00-00 00:00:00', 0, '1'),
(19, 'e6a9f27c-19fb-11ec-9d84-025f708e58f2', 20, '2B5Z Malignant neoplasm of muscle, fat, fibrous tissue, bone, cartilage, and blood vessels', '2B5Z', 0, NULL, 0, NULL, 0, NULL, 'On the other hand, we denounce with righteous indignation and dislike men', NULL, '1 Years, 10 months', 'First Reported', 2, '2021-11-11 16:06:03', '0000-00-00 00:00:00', 0, '1'),
(20, 'a5b029d0-179a-11ec-9d84-025f708e58f2', 21, '', '', 51, NULL, 24, NULL, 18, NULL, 'From 1 January 2019 onwards, some of the services already available on Online Banking.', NULL, '10 months, 1 weeks', 'First Reported', 2, '2021-11-11 16:19:22', '0000-00-00 00:00:00', 0, '1'),
(21, 'ebe80a85-118c-11ec-bab6-025f708e58f2', 22, '1A33.0 Infection due to Isopora belli', '1A33.0', 0, NULL, 0, NULL, 0, NULL, 'StanChart UPI is a simple and secured feature to instantly pay using UPI. No need to carry your cards or remember details like bank account numbers or IFSC codes', NULL, '7 months, 4 weeks, 1 days', 'First Reported', 2, '2021-11-11 11:35:45', '0000-00-00 00:00:00', 0, '1'),
(22, 'e6a9f27c-19fb-11ec-9d84-025f708e58f2', 41, '', '', 43, NULL, 34, NULL, 35, NULL, 'Nunc congue dapibus semper. Phasellus risus quam, commodo et facilisis ac', NULL, '2 Years, 8 months', 'Not Better', 2, '2021-11-12 04:55:11', '0000-00-00 00:00:00', 0, '1'),
(23, 'e6a9f27c-19fb-11ec-9d84-025f708e58f2', 41, '2B5Z Malignant neoplasm of muscle, fat, fibrous tissue, bone, cartilage, and blood vessels', '2B5Z', 0, NULL, 0, NULL, 0, NULL, 'On the other hand, we denounce with righteous indignation and dislike men', NULL, '1 Years, 10 months', 'First Reported', 2, '2021-11-12 04:55:12', '0000-00-00 00:00:00', 0, '1'),
(24, '949af7d3-0f28-11ec-bab6-025f708e58f2', 43, '', '', 43, NULL, 34, NULL, 35, NULL, 'Thank you for registering with Organiseme, the productivity and project management application for individuals and teams.', 2, '8 months, 1 weeks', 'First Reported', 2, '2021-11-12 05:24:26', '0000-00-00 00:00:00', 0, '1'),
(25, 'a5b029d0-179a-11ec-9d84-025f708e58f2', 42, '', '', 51, NULL, 24, NULL, 18, NULL, 'From 1 January 2019 onwards, some of the services already available on Online Banking.', NULL, '10 months, 1 weeks', 'First Reported', 2, '2021-11-12 05:24:31', '0000-00-00 00:00:00', 0, '1'),
(26, 'a3f8d8a9-93b1-11eb-aa1b-06d48d72463a', 53, 'FB56.4 pain in leg', 'FB56.4', 0, NULL, 0, NULL, 0, NULL, 'Lorem ipsum dolor sit amet, consectetur adipiscing elit.', NULL, '6 months, 1 weeks, 3 days', 'First Reported', 2, '2021-11-13 04:14:45', '0000-00-00 00:00:00', 0, '1'),
(27, 'cae8eda7-9369-11eb-aa1b-06d48d72463a', 64, 'BA00.Z high blood pressure', 'BA00.Z', 0, NULL, 0, NULL, 0, NULL, 'It is a long established fact that a reader will be distracted by the readable content of a page when looking at its layout', NULL, '1 Years, 5 months, 4 weeks', 'Not Better', 2, '2021-11-15 11:07:54', '0000-00-00 00:00:00', 0, '1'),
(28, '7c3e63b9-9367-11eb-aa1b-06d48d72463a', 65, 'NC70.2 Abrasion of thigh', 'NC70.2', 0, NULL, 0, NULL, 0, NULL, 'markComplete', NULL, '4 months, 3 weeks, 3 days', 'First Reported', 2, '2021-11-15 12:07:53', '0000-00-00 00:00:00', 0, '1'),
(29, 'db45854a-920d-11eb-aa1b-06d48d72463a', 66, '8A0Y Painful or painless legs and moving toes or fingers', '8A0Y', 0, NULL, 0, NULL, 0, NULL, 'is simply dummy text of the printing and typesetting industry. Lorem Ipsum has been the industry\'s standard dummy', NULL, '9 months, 6 days', 'First Reported', 2, '2021-11-15 12:21:19', '0000-00-00 00:00:00', 0, '1'),
(30, 'aa323d1e-920e-11eb-aa1b-06d48d72463a', 67, 'ME82 Pain in joint, lower leg', 'ME82', 0, NULL, 0, NULL, 0, NULL, 'is simply dummy text of the printing and typesetting industry. Lorem Ipsum has been the industry\'s standard dummy', NULL, '7 months, 4 weeks, 2 days', 'First Reported', 2, '2021-11-15 12:29:05', '0000-00-00 00:00:00', 0, '1'),
(31, '949af7d3-0f28-11ec-bab6-025f708e58f2', 72, '', '', 43, NULL, 34, NULL, 35, NULL, 'Thank you for registering with Organiseme, the productivity and project management application for individuals and teams.', 2, '8 months, 1 weeks', 'First Reported', 2, '2021-11-16 03:59:29', '0000-00-00 00:00:00', 0, '1'),
(32, 'ebe80a85-118c-11ec-bab6-025f708e58f2', 71, '1A33.0 Infection due to Isopora belli', '1A33.0', 0, NULL, 0, NULL, 0, NULL, 'StanChart UPI is a simple and secured feature to instantly pay using UPI. No need to carry your cards or remember details like bank account numbers or IFSC codes', NULL, '7 months, 4 weeks, 1 days', 'First Reported', 2, '2021-11-16 04:42:15', '0000-00-00 00:00:00', 0, '1'),
(33, 'a5b029d0-179a-11ec-9d84-025f708e58f2', 68, '', '', 51, NULL, 24, NULL, 18, NULL, 'From 1 January 2019 onwards, some of the services already available on Online Banking.', NULL, '10 months, 1 weeks', 'First Reported', 2, '2021-11-16 07:52:32', '0000-00-00 00:00:00', 0, '1'),
(34, 'e6a9f27c-19fb-11ec-9d84-025f708e58f2', 69, '', '', 43, NULL, 34, NULL, 35, NULL, 'Nunc congue dapibus semper. Phasellus risus quam, commodo et facilisis ac', NULL, '2 Years, 8 months', 'Not Better', 2, '2021-11-16 09:50:44', '0000-00-00 00:00:00', 0, '1'),
(35, 'e6a9f27c-19fb-11ec-9d84-025f708e58f2', 69, '2B5Z Malignant neoplasm of muscle, fat, fibrous tissue, bone, cartilage, and blood vessels', '2B5Z', 0, NULL, 0, NULL, 0, NULL, 'On the other hand, we denounce with righteous indignation and dislike men', NULL, '1 Years, 10 months', 'First Reported', 2, '2021-11-16 09:50:45', '0000-00-00 00:00:00', 0, '1'),
(36, 'a3f8d8a9-93b1-11eb-aa1b-06d48d72463a', 86, 'FB56.4 pain in leg', 'FB56.4', 0, NULL, 0, NULL, 0, NULL, 'Lorem ipsum dolor sit amet, consectetur adipiscing elit.', NULL, '6 months, 1 weeks, 3 days', 'First Reported', 2, '2021-11-17 10:55:45', '0000-00-00 00:00:00', 0, '1'),
(37, 'b65d5ae3-afd5-11eb-aa1b-06d48d72463a', 10, '8A84.Y Headache or facial pain associated with disorder of the face or neck', '8A84.Y', 0, NULL, 0, NULL, 0, NULL, 'appointment_id', NULL, '11 months, 1 days', 'First Reported', 2, '2021-11-17 18:22:15', '0000-00-00 00:00:00', 0, '1'),
(38, 'a3f8d8a9-93b1-11eb-aa1b-06d48d72463a', 90, 'FB56.4 pain in leg', 'FB56.4', 0, NULL, 0, NULL, 0, NULL, 'Lorem ipsum dolor sit amet, consectetur adipiscing elit.', NULL, '6 months, 1 weeks, 3 days', 'First Reported', 2, '2021-11-18 03:17:06', '0000-00-00 00:00:00', 0, '1'),
(39, 'a5b029d0-179a-11ec-9d84-025f708e58f2', 91, '', '', 51, NULL, 24, NULL, 18, NULL, 'From 1 January 2019 onwards, some of the services already available on Online Banking.', NULL, '10 months, 1 weeks', 'First Reported', 2, '2021-11-18 03:47:40', '0000-00-00 00:00:00', 0, '1'),
(40, 'c95845b8-0955-11ec-bab6-025f708e58f2', 94, '1F03.0 Koplik spots', '1F03.0', 0, NULL, 0, NULL, 0, NULL, 'You can\'t update changes because this patient already exist in front desk OR doctor dashboard queue. ', NULL, '6 months, 5 days', 'First Reported', 2, '2021-11-18 03:59:26', '0000-00-00 00:00:00', 0, '1'),
(41, '949af7d3-0f28-11ec-bab6-025f708e58f2', 92, '', '', 43, NULL, 34, NULL, 35, NULL, 'Thank you for registering with Organiseme, the productivity and project management application for individuals and teams.', 2, '8 months, 1 weeks', 'First Reported', 2, '2021-11-18 14:33:08', '0000-00-00 00:00:00', 0, '1'),
(42, '255c96af-93b0-11eb-aa1b-06d48d72463a', 116, '', '', 27, NULL, 25, NULL, 20, NULL, 'orem ipsum dolor sit amet, consectetur adipiscing elit. Nulla ac iaculis sapien. Vivamus ut pretium urna, in pharetra lorem. Sed quis ullamcorper ex. Fusce gravida est aliquam ipsum luctus viverra', NULL, '9 months, 1 days', 'First Reported', 2, '2021-11-19 04:53:38', '0000-00-00 00:00:00', 0, '1'),
(43, 'a3f8d8a9-93b1-11eb-aa1b-06d48d72463a', 113, 'FB56.4 pain in leg', 'FB56.4', 0, NULL, 0, NULL, 0, NULL, 'Lorem ipsum dolor sit amet, consectetur adipiscing elit.', NULL, '6 months, 1 weeks, 3 days', 'First Reported', 2, '2021-11-19 06:22:28', '0000-00-00 00:00:00', 0, '1');

-- --------------------------------------------------------

--
-- Table structure for table `cl_appointment_drugs_being_taken`
--

CREATE TABLE IF NOT EXISTS `cl_appointment_drugs_being_taken` (
  `id` int UNSIGNED NOT NULL AUTO_INCREMENT,
  `case_taken_id` int UNSIGNED NOT NULL,
  `drug_name` varchar(255) COLLATE utf8_unicode_ci DEFAULT NULL,
  `drug_qty` int DEFAULT NULL,
  `drug_type` int DEFAULT NULL,
  `drug_intruction` varchar(255) COLLATE utf8_unicode_ci DEFAULT NULL,
  `medication_duration` varchar(255) COLLATE utf8_unicode_ci DEFAULT NULL,
  `created_by` int NOT NULL,
  `created_at` timestamp NOT NULL,
  `modified_at` timestamp NOT NULL,
  `modified_by` int NOT NULL,
  PRIMARY KEY (`id`),
  KEY `appointment_drugs_being_taken_case_taken_id_foreign` (`case_taken_id`)
) ENGINE=InnoDB AUTO_INCREMENT=145 DEFAULT CHARSET=utf8mb3 COLLATE=utf8_unicode_ci;

--
-- Dumping data for table `cl_appointment_drugs_being_taken`
--

INSERT INTO `cl_appointment_drugs_being_taken` (`id`, `case_taken_id`, `drug_name`, `drug_qty`, `drug_type`, `drug_intruction`, `medication_duration`, `created_by`, `created_at`, `modified_at`, `modified_by`) VALUES
(5, 2, 'Cannabis', 1, 1, 'After meals', '9 months, 4 weeks, 2 days', 2, '2021-11-06 12:26:56', '0000-00-00 00:00:00', 0),
(6, 2, 'Mescaline', 2, 1, 'Morning and Evening', '9 months, 3 weeks, 4 days', 2, '2021-11-06 12:26:56', '0000-00-00 00:00:00', 0),
(7, 2, 'Methamphetamine', 3, 2, 'Evening', '8 months, 4 weeks', 2, '2021-11-06 12:26:56', '0000-00-00 00:00:00', 0),
(8, 2, 'Dextromethorphan', 4, 2, 'Alternately every 15 minutes during severe trouble', '7 months, 4 weeks', 2, '2021-11-06 12:26:56', '0000-00-00 00:00:00', 0),
(13, 4, 'Alcohal-A', 1, 1, '1, 2, 3 and 4 alternately every 2 hours', '2 months, 2 weeks, 6 days', 2, '2021-11-06 12:27:37', '0000-00-00 00:00:00', 0),
(14, 4, 'Alcohal_B', 2, 1, 'Before meals', '3 months, 3 weeks, 4 days', 2, '2021-11-06 12:27:37', '0000-00-00 00:00:00', 0),
(15, 4, 'Arnica-3C', 1, 2, 'On request', '3 months, 3 weeks, 4 days', 2, '2021-11-06 12:27:37', '0000-00-00 00:00:00', 0),
(16, 4, 'Arnica-3D', 2, 2, 'Afternoon and Night', '3 months, 3 weeks, 4 days', 2, '2021-11-06 12:27:37', '0000-00-00 00:00:00', 0),
(17, 5, 'Cannabis', 1, 1, 'After meals', '9 months, 4 weeks, 2 days', 2, '2021-11-08 05:49:45', '0000-00-00 00:00:00', 0),
(18, 5, 'Mescaline', 2, 1, 'Morning and Evening', '9 months, 3 weeks, 4 days', 2, '2021-11-08 05:49:45', '0000-00-00 00:00:00', 0),
(19, 5, 'Methamphetamine', 3, 2, 'Evening', '8 months, 4 weeks', 2, '2021-11-08 05:49:45', '0000-00-00 00:00:00', 0),
(20, 5, 'Dextromethorphan', 4, 2, 'Alternately every 15 minutes during severe trouble', '7 months, 4 weeks', 2, '2021-11-08 05:49:45', '0000-00-00 00:00:00', 0),
(21, 6, 'Alcohal-A', 1, 1, '1, 2, 3 and 4 alternately every 2 hours', '2 months, 2 weeks, 6 days', 2, '2021-11-08 05:49:45', '0000-00-00 00:00:00', 0),
(22, 6, 'Alcohal_B', 2, 1, 'Before meals', '3 months, 3 weeks, 4 days', 2, '2021-11-08 05:49:45', '0000-00-00 00:00:00', 0),
(23, 6, 'Arnica-3C', 1, 2, 'On request', '3 months, 3 weeks, 4 days', 2, '2021-11-08 05:49:45', '0000-00-00 00:00:00', 0),
(24, 6, 'Arnica-3D', 2, 2, 'Afternoon and Night', '3 months, 3 weeks, 4 days', 2, '2021-11-08 05:49:45', '0000-00-00 00:00:00', 0),
(25, 7, 'Arnica-30C', 1, 1, '1, 2, 3 & 4 alternately every 1.5 hours', '2 months, 3 weeks, 2 days', 2, '2021-11-08 07:03:52', '0000-00-00 00:00:00', 0),
(26, 7, 'Arnica-200D', 2, 1, 'On request', '2 months, 1 weeks, 6 days', 2, '2021-11-08 07:03:52', '0000-00-00 00:00:00', 0),
(27, 7, 'Cupbell-300F', 3, 2, 'On request', '4 months, 3 weeks, 3 days', 2, '2021-11-08 07:03:52', '0000-00-00 00:00:00', 0),
(28, 7, 'Belldona-3X', 5, 2, 'Afternoon and Night', '9 months, 2 weeks, 5 days', 2, '2021-11-08 07:03:52', '0000-00-00 00:00:00', 0),
(29, 8, 'Alcphol-a', 1, 1, '1, 2, 3 & 4 alternately every 1.5 hours', '7 months, 4 days', 2, '2021-11-08 10:57:20', '0000-00-00 00:00:00', 0),
(30, 8, 'Alcohol-B', 2, 2, 'Afternoon and Night', '5 months, 4 weeks', 2, '2021-11-08 10:57:20', '0000-00-00 00:00:00', 0),
(31, 9, 'Alcohol-S', 1, 1, '1, 2, 3 & 4 alternately every 1.5 hours', '11 months, 1 days', 2, '2021-11-08 12:24:42', '0000-00-00 00:00:00', 0),
(32, 9, 'Alcohol-O', 2, 1, 'Alternately every 3 hours', '8 months, 4 weeks, 2 days', 2, '2021-11-08 12:24:42', '0000-00-00 00:00:00', 0),
(33, 9, 'Arnica-3C', 2, 2, 'Alternately every 2 hours', '6 months, 4 days', 2, '2021-11-08 12:24:42', '0000-00-00 00:00:00', 0),
(34, 9, 'Arnica-200G', 3, 2, '', '2 months, 3 weeks', 2, '2021-11-08 12:24:42', '0000-00-00 00:00:00', 0),
(35, 10, 'A', 1, 1, 'Night', '6 days', 2, '2021-11-08 13:25:58', '0000-00-00 00:00:00', 0),
(36, 10, 'B', 2, 1, 'On request', '1 months, 3 weeks, 5 days', 2, '2021-11-08 13:25:58', '0000-00-00 00:00:00', 0),
(37, 10, 'C', 3, 2, 'Bedtime', '1 months, 2 weeks, 4 days', 2, '2021-11-08 13:25:58', '0000-00-00 00:00:00', 0),
(38, 10, 'D', 4, 2, 'Bedtime', '2 months, 2 weeks, 1 days', 2, '2021-11-08 13:25:58', '0000-00-00 00:00:00', 0),
(39, 12, 'Alcohal-A', 1, 1, '1, 2, 3 & 4 alternately every 1.5 hours', '6 months, 1 weeks', 2, '2021-11-08 14:27:44', '0000-00-00 00:00:00', 0),
(40, 12, 'Alcohol-B', 2, 1, 'During headache every 30 mins.', '6 months, 3 weeks, 5 days', 2, '2021-11-08 14:27:44', '0000-00-00 00:00:00', 0),
(41, 12, 'Arnica30C', 4, 2, 'After every motion', '1 weeks', 2, '2021-11-08 14:27:44', '0000-00-00 00:00:00', 0),
(42, 12, 'Belldona', 5, 2, '2, 3, 4 alternately every 2 hours', '5 days', 2, '2021-11-08 14:27:44', '0000-00-00 00:00:00', 0),
(43, 13, 'Alcohol-A', 1, 1, '1, 2, 3 & 4 alternately every 1.5 hours', '1 months, 6 days', 2, '2021-11-09 08:03:54', '0000-00-00 00:00:00', 0),
(44, 13, 'Alcohol-B', 2, 1, 'Night', '8 months, 1 weeks, 1 days', 2, '2021-11-09 08:03:54', '0000-00-00 00:00:00', 0),
(45, 13, 'Arnica-30D', 4, 2, 'During headache every 30 mins.', '1 weeks, 1 days', 2, '2021-11-09 08:03:54', '0000-00-00 00:00:00', 0),
(46, 13, 'Arnica78', 5, 2, 'Afternoon and Night', '7 months, 3 weeks, 4 days', 2, '2021-11-09 08:03:54', '0000-00-00 00:00:00', 0),
(47, 14, 'Alcohal-A', 1, 1, '1, 2, 3 & 4 alternately every 1.5 hours', '6 months, 1 weeks', 2, '2021-11-09 08:36:16', '0000-00-00 00:00:00', 0),
(48, 14, 'Alcohol-B', 2, 1, 'During headache every 30 mins.', '6 months, 3 weeks, 5 days', 2, '2021-11-09 08:36:16', '0000-00-00 00:00:00', 0),
(49, 14, 'Arnica30C', 4, 2, 'After every motion', '1 weeks', 2, '2021-11-09 08:36:16', '0000-00-00 00:00:00', 0),
(50, 14, 'Belldona', 5, 2, '2, 3, 4 alternately every 2 hours', '5 days', 2, '2021-11-09 08:36:16', '0000-00-00 00:00:00', 0),
(51, 15, 'Drink-A', 1, 1, '1, 2, 3 & 4 alternately every 1.5 hours', '4 months, 2 weeks, 4 days', 2, '2021-11-09 08:39:49', '0000-00-00 00:00:00', 0),
(52, 15, 'Drink-B', 2, 1, '1 & 2 alternately every 3 hours', '5 months, 3 weeks, 1 days', 2, '2021-11-09 08:39:49', '0000-00-00 00:00:00', 0),
(53, 15, 'Bell-30C', 3, 2, 'Alternately every 3 hours', '2 months, 1 weeks, 3 days', 2, '2021-11-09 08:39:49', '0000-00-00 00:00:00', 0),
(54, 15, 'Bell-200C', 3, 2, '1, 2, 3 and 4 alternately every 2 hours', '3 months, 3 weeks', 2, '2021-11-09 08:39:49', '0000-00-00 00:00:00', 0),
(55, 16, 'Cannabis', 1, 1, 'After meals', '9 months, 4 weeks, 2 days', 2, '2021-11-10 05:34:05', '0000-00-00 00:00:00', 0),
(56, 16, 'Mescaline', 2, 1, 'Morning and Evening', '9 months, 3 weeks, 4 days', 2, '2021-11-10 05:34:05', '0000-00-00 00:00:00', 0),
(57, 16, 'Methamphetamine', 3, 2, 'Evening', '8 months, 4 weeks', 2, '2021-11-10 05:34:05', '0000-00-00 00:00:00', 0),
(58, 16, 'Dextromethorphan', 4, 2, 'Alternately every 15 minutes during severe trouble', '7 months, 4 weeks', 2, '2021-11-10 05:34:05', '0000-00-00 00:00:00', 0),
(59, 17, 'Alcohal-A', 1, 1, '1, 2, 3 and 4 alternately every 2 hours', '2 months, 2 weeks, 6 days', 2, '2021-11-10 05:34:05', '0000-00-00 00:00:00', 0),
(60, 17, 'Alcohal_B', 2, 1, 'Before meals', '3 months, 3 weeks, 4 days', 2, '2021-11-10 05:34:05', '0000-00-00 00:00:00', 0),
(61, 17, 'Arnica-3C', 1, 2, 'On request', '3 months, 3 weeks, 4 days', 2, '2021-11-10 05:34:05', '0000-00-00 00:00:00', 0),
(62, 17, 'Arnica-3D', 2, 2, 'Afternoon and Night', '3 months, 3 weeks, 4 days', 2, '2021-11-10 05:34:05', '0000-00-00 00:00:00', 0),
(63, 18, 'Cannabis', 1, 1, 'After meals', '9 months, 4 weeks, 2 days', 2, '2021-11-11 16:06:02', '0000-00-00 00:00:00', 0),
(64, 18, 'Mescaline', 2, 1, 'Morning and Evening', '9 months, 3 weeks, 4 days', 2, '2021-11-11 16:06:02', '0000-00-00 00:00:00', 0),
(65, 18, 'Methamphetamine', 3, 2, 'Evening', '8 months, 4 weeks', 2, '2021-11-11 16:06:02', '0000-00-00 00:00:00', 0),
(66, 18, 'Dextromethorphan', 4, 2, 'Alternately every 15 minutes during severe trouble', '7 months, 4 weeks', 2, '2021-11-11 16:06:02', '0000-00-00 00:00:00', 0),
(67, 19, 'Alcohal-A', 1, 1, '1, 2, 3 and 4 alternately every 2 hours', '2 months, 2 weeks, 6 days', 2, '2021-11-11 16:06:03', '0000-00-00 00:00:00', 0),
(68, 19, 'Alcohal_B', 2, 1, 'Before meals', '3 months, 3 weeks, 4 days', 2, '2021-11-11 16:06:03', '0000-00-00 00:00:00', 0),
(69, 19, 'Arnica-3C', 1, 2, 'On request', '3 months, 3 weeks, 4 days', 2, '2021-11-11 16:06:03', '0000-00-00 00:00:00', 0),
(70, 19, 'Arnica-3D', 2, 2, 'Afternoon and Night', '3 months, 3 weeks, 4 days', 2, '2021-11-11 16:06:03', '0000-00-00 00:00:00', 0),
(71, 20, 'Arnica-30C', 1, 1, '1, 2, 3 & 4 alternately every 1.5 hours', '2 months, 3 weeks, 2 days', 2, '2021-11-11 16:19:22', '0000-00-00 00:00:00', 0),
(72, 20, 'Arnica-200D', 2, 1, 'On request', '2 months, 1 weeks, 6 days', 2, '2021-11-11 16:19:22', '0000-00-00 00:00:00', 0),
(73, 20, 'Cupbell-300F', 3, 2, 'On request', '4 months, 3 weeks, 3 days', 2, '2021-11-11 16:19:22', '0000-00-00 00:00:00', 0),
(74, 20, 'Belldona-3X', 5, 2, 'Afternoon and Night', '9 months, 2 weeks, 5 days', 2, '2021-11-11 16:19:22', '0000-00-00 00:00:00', 0),
(75, 21, 'Alcphol-a', 1, 1, '1, 2, 3 & 4 alternately every 1.5 hours', '7 months, 4 days', 2, '2021-11-11 11:35:45', '0000-00-00 00:00:00', 0),
(76, 21, 'Alcohol-B', 2, 2, 'Afternoon and Night', '5 months, 4 weeks', 2, '2021-11-11 11:35:45', '0000-00-00 00:00:00', 0),
(77, 22, 'Cannabis', 1, 1, 'After meals', '9 months, 4 weeks, 2 days', 2, '2021-11-12 04:55:11', '0000-00-00 00:00:00', 0),
(78, 22, 'Mescaline', 2, 1, 'Morning and Evening', '9 months, 3 weeks, 4 days', 2, '2021-11-12 04:55:11', '0000-00-00 00:00:00', 0),
(79, 22, 'Methamphetamine', 3, 2, 'Evening', '8 months, 4 weeks', 2, '2021-11-12 04:55:11', '0000-00-00 00:00:00', 0),
(80, 22, 'Dextromethorphan', 4, 2, 'Alternately every 15 minutes during severe trouble', '7 months, 4 weeks', 2, '2021-11-12 04:55:11', '0000-00-00 00:00:00', 0),
(81, 23, 'Alcohal-A', 1, 1, '1, 2, 3 and 4 alternately every 2 hours', '2 months, 2 weeks, 6 days', 2, '2021-11-12 04:55:12', '0000-00-00 00:00:00', 0),
(82, 23, 'Alcohal_B', 2, 1, 'Before meals', '3 months, 3 weeks, 4 days', 2, '2021-11-12 04:55:12', '0000-00-00 00:00:00', 0),
(83, 23, 'Arnica-3C', 1, 2, 'On request', '3 months, 3 weeks, 4 days', 2, '2021-11-12 04:55:12', '0000-00-00 00:00:00', 0),
(84, 23, 'Arnica-3D', 2, 2, 'Afternoon and Night', '3 months, 3 weeks, 4 days', 2, '2021-11-12 04:55:12', '0000-00-00 00:00:00', 0),
(85, 24, 'Alcohol-S', 1, 1, '1, 2, 3 & 4 alternately every 1.5 hours', '11 months, 1 days', 2, '2021-11-12 05:24:26', '0000-00-00 00:00:00', 0),
(86, 24, 'Alcohol-O', 2, 1, 'Alternately every 3 hours', '8 months, 4 weeks, 2 days', 2, '2021-11-12 05:24:26', '0000-00-00 00:00:00', 0),
(87, 24, 'Arnica-3C', 2, 2, 'Alternately every 2 hours', '6 months, 4 days', 2, '2021-11-12 05:24:26', '0000-00-00 00:00:00', 0),
(88, 24, 'Arnica-200G', 3, 2, '', '2 months, 3 weeks', 2, '2021-11-12 05:24:26', '0000-00-00 00:00:00', 0),
(89, 25, 'Arnica-30C', 1, 1, '1, 2, 3 & 4 alternately every 1.5 hours', '2 months, 3 weeks, 2 days', 2, '2021-11-12 05:24:31', '0000-00-00 00:00:00', 0),
(90, 25, 'Arnica-200D', 2, 1, 'On request', '2 months, 1 weeks, 6 days', 2, '2021-11-12 05:24:31', '0000-00-00 00:00:00', 0),
(91, 25, 'Cupbell-300F', 3, 2, 'On request', '4 months, 3 weeks, 3 days', 2, '2021-11-12 05:24:31', '0000-00-00 00:00:00', 0),
(92, 25, 'Belldona-3X', 5, 2, 'Afternoon and Night', '9 months, 2 weeks, 5 days', 2, '2021-11-12 05:24:31', '0000-00-00 00:00:00', 0),
(93, 26, 'Alcohol-A', 1, 1, '1, 2, 3 & 4 alternately every 1.5 hours', '3 months, 3 weeks, 3 days', 2, '2021-11-13 04:14:45', '0000-00-00 00:00:00', 0),
(94, 26, 'Arnica-3C', 2, 2, 'During headache every 30 mins.', '4 months, 1 days', 2, '2021-11-13 04:14:45', '0000-00-00 00:00:00', 0),
(95, 27, 'Alcohol_a', 1, 1, '1 & 2 alternately every 3 hours', '4 months, 1 weeks, 3 days', 2, '2021-11-15 11:07:54', '0000-00-00 00:00:00', 0),
(96, 27, 'Arnica-30C', 2, 2, 'Alternately every 3 hours', '6 months, 5 days', 2, '2021-11-15 11:07:54', '0000-00-00 00:00:00', 0),
(97, 28, 'ALocal', 1, 1, 'During headache every 30 mins.', '2 months, 4 weeks, 2 days', 2, '2021-11-15 12:07:53', '0000-00-00 00:00:00', 0),
(98, 28, 'HLocalo', 2, 2, 'Bedtime', '2 months, 4 weeks, 2 days', 2, '2021-11-15 12:07:53', '0000-00-00 00:00:00', 0),
(99, 29, 'Bell 200D', 1, 1, '1, 2, 3 & 4 alternately every 1.5 hours', '6 months, 4 days', 2, '2021-11-15 12:21:19', '0000-00-00 00:00:00', 0),
(100, 29, 'Arnica 30C', 2, 2, 'Alternately every 3 hours', '2 months, 4 weeks, 1 days', 2, '2021-11-15 12:21:19', '0000-00-00 00:00:00', 0),
(101, 30, 'Nellkamal-400B', 2, 1, '1 & 2 alternately every 3 hours', '4 months, 1 weeks, 3 days', 2, '2021-11-15 12:29:05', '0000-00-00 00:00:00', 0),
(102, 30, 'Helious-TY45', 6, 2, 'On request', '6 months, 5 days', 2, '2021-11-15 12:29:05', '0000-00-00 00:00:00', 0),
(103, 31, 'Alcohol-S', 1, 1, '1, 2, 3 & 4 alternately every 1.5 hours', '11 months, 1 days', 2, '2021-11-16 03:59:29', '0000-00-00 00:00:00', 0),
(104, 31, 'Alcohol-O', 2, 1, 'Alternately every 3 hours', '8 months, 4 weeks, 2 days', 2, '2021-11-16 03:59:29', '0000-00-00 00:00:00', 0),
(105, 31, 'Arnica-3C', 2, 2, 'Alternately every 2 hours', '6 months, 4 days', 2, '2021-11-16 03:59:29', '0000-00-00 00:00:00', 0),
(106, 31, 'Arnica-200G', 3, 2, '', '2 months, 3 weeks', 2, '2021-11-16 03:59:29', '0000-00-00 00:00:00', 0),
(107, 32, 'Alcphol-a', 1, 1, '1, 2, 3 & 4 alternately every 1.5 hours', '7 months, 4 days', 2, '2021-11-16 04:42:15', '0000-00-00 00:00:00', 0),
(108, 32, 'Alcohol-B', 2, 2, 'Afternoon and Night', '5 months, 4 weeks', 2, '2021-11-16 04:42:15', '0000-00-00 00:00:00', 0),
(109, 33, 'Arnica-30C', 1, 1, '1, 2, 3 & 4 alternately every 1.5 hours', '2 months, 3 weeks, 2 days', 2, '2021-11-16 07:52:32', '0000-00-00 00:00:00', 0),
(110, 33, 'Arnica-200D', 2, 1, 'On request', '2 months, 1 weeks, 6 days', 2, '2021-11-16 07:52:32', '0000-00-00 00:00:00', 0),
(111, 33, 'Cupbell-300F', 3, 2, 'On request', '4 months, 3 weeks, 3 days', 2, '2021-11-16 07:52:32', '0000-00-00 00:00:00', 0),
(112, 33, 'Belldona-3X', 5, 2, 'Afternoon and Night', '9 months, 2 weeks, 5 days', 2, '2021-11-16 07:52:32', '0000-00-00 00:00:00', 0),
(113, 34, 'Cannabis', 1, 1, 'After meals', '9 months, 4 weeks, 2 days', 2, '2021-11-16 09:50:44', '0000-00-00 00:00:00', 0),
(114, 34, 'Mescaline', 2, 1, 'Morning and Evening', '9 months, 3 weeks, 4 days', 2, '2021-11-16 09:50:44', '0000-00-00 00:00:00', 0),
(115, 34, 'Methamphetamine', 3, 2, 'Evening', '8 months, 4 weeks', 2, '2021-11-16 09:50:44', '0000-00-00 00:00:00', 0),
(116, 34, 'Dextromethorphan', 4, 2, 'Alternately every 15 minutes during severe trouble', '7 months, 4 weeks', 2, '2021-11-16 09:50:44', '0000-00-00 00:00:00', 0),
(117, 35, 'Alcohal-A', 1, 1, '1, 2, 3 and 4 alternately every 2 hours', '2 months, 2 weeks, 6 days', 2, '2021-11-16 09:50:45', '0000-00-00 00:00:00', 0),
(118, 35, 'Alcohal_B', 2, 1, 'Before meals', '3 months, 3 weeks, 4 days', 2, '2021-11-16 09:50:45', '0000-00-00 00:00:00', 0),
(119, 35, 'Arnica-3C', 1, 2, 'On request', '3 months, 3 weeks, 4 days', 2, '2021-11-16 09:50:45', '0000-00-00 00:00:00', 0),
(120, 35, 'Arnica-3D', 2, 2, 'Afternoon and Night', '3 months, 3 weeks, 4 days', 2, '2021-11-16 09:50:45', '0000-00-00 00:00:00', 0),
(121, 36, 'Alcohol-A', 1, 1, '1, 2, 3 & 4 alternately every 1.5 hours', '3 months, 3 weeks, 3 days', 2, '2021-11-17 10:55:45', '0000-00-00 00:00:00', 0),
(122, 36, 'Arnica-3C', 2, 2, 'During headache every 30 mins.', '4 months, 1 days', 2, '2021-11-17 10:55:45', '0000-00-00 00:00:00', 0),
(123, 37, 'Arnica-30A', 2, 1, 'Night', '9 months, 1 days', 2, '2021-11-17 18:22:15', '0000-00-00 00:00:00', 0),
(124, 37, 'Alcohol 200C', 3, 2, 'On request', '9 months, 1 days', 2, '2021-11-17 18:22:15', '0000-00-00 00:00:00', 0),
(125, 38, 'Alcohol-A', 1, 1, '1, 2, 3 & 4 alternately every 1.5 hours', '3 months, 3 weeks, 3 days', 2, '2021-11-18 03:17:06', '0000-00-00 00:00:00', 0),
(126, 38, 'Arnica-3C', 2, 2, 'During headache every 30 mins.', '4 months, 1 days', 2, '2021-11-18 03:17:06', '0000-00-00 00:00:00', 0),
(127, 39, 'Arnica-30C', 1, 1, '1, 2, 3 & 4 alternately every 1.5 hours', '2 months, 3 weeks, 2 days', 2, '2021-11-18 03:47:40', '0000-00-00 00:00:00', 0),
(128, 39, 'Arnica-200D', 2, 1, 'On request', '2 months, 1 weeks, 6 days', 2, '2021-11-18 03:47:40', '0000-00-00 00:00:00', 0),
(129, 39, 'Cupbell-300F', 3, 2, 'On request', '4 months, 3 weeks, 3 days', 2, '2021-11-18 03:47:40', '0000-00-00 00:00:00', 0),
(130, 39, 'Belldona-3X', 5, 2, 'Afternoon and Night', '9 months, 2 weeks, 5 days', 2, '2021-11-18 03:47:40', '0000-00-00 00:00:00', 0),
(131, 40, 'Alcohal-A', 1, 1, '1, 2, 3 & 4 alternately every 1.5 hours', '6 months, 1 weeks', 2, '2021-11-18 03:59:26', '0000-00-00 00:00:00', 0),
(132, 40, 'Alcohol-B', 2, 1, 'During headache every 30 mins.', '6 months, 3 weeks, 5 days', 2, '2021-11-18 03:59:26', '0000-00-00 00:00:00', 0),
(133, 40, 'Arnica30C', 4, 2, 'After every motion', '1 weeks', 2, '2021-11-18 03:59:26', '0000-00-00 00:00:00', 0),
(134, 40, 'Belldona', 5, 2, '2, 3, 4 alternately every 2 hours', '5 days', 2, '2021-11-18 03:59:26', '0000-00-00 00:00:00', 0),
(135, 41, 'Alcohol-S', 1, 1, '1, 2, 3 & 4 alternately every 1.5 hours', '11 months, 1 days', 2, '2021-11-18 14:33:08', '0000-00-00 00:00:00', 0),
(136, 41, 'Alcohol-O', 2, 1, 'Alternately every 3 hours', '8 months, 4 weeks, 2 days', 2, '2021-11-18 14:33:08', '0000-00-00 00:00:00', 0),
(137, 41, 'Arnica-3C', 2, 2, 'Alternately every 2 hours', '6 months, 4 days', 2, '2021-11-18 14:33:08', '0000-00-00 00:00:00', 0),
(138, 41, 'Arnica-200G', 3, 2, '', '2 months, 3 weeks', 2, '2021-11-18 14:33:08', '0000-00-00 00:00:00', 0),
(139, 42, 'Drink-A', 1, 1, '1, 2, 3 & 4 alternately every 1.5 hours', '4 months, 2 weeks, 4 days', 2, '2021-11-19 04:53:38', '0000-00-00 00:00:00', 0),
(140, 42, 'Drink-B', 2, 1, '1 & 2 alternately every 3 hours', '5 months, 3 weeks, 1 days', 2, '2021-11-19 04:53:38', '0000-00-00 00:00:00', 0),
(141, 42, 'Bell-30C', 3, 2, 'Alternately every 3 hours', '2 months, 1 weeks, 3 days', 2, '2021-11-19 04:53:38', '0000-00-00 00:00:00', 0),
(142, 42, 'Bell-200C', 3, 2, '1, 2, 3 and 4 alternately every 2 hours', '3 months, 3 weeks', 2, '2021-11-19 04:53:38', '0000-00-00 00:00:00', 0),
(143, 43, 'Alcohol-A', 1, 1, '1, 2, 3 & 4 alternately every 1.5 hours', '3 months, 3 weeks, 3 days', 2, '2021-11-19 06:22:28', '0000-00-00 00:00:00', 0),
(144, 43, 'Arnica-3C', 2, 2, 'During headache every 30 mins.', '4 months, 1 days', 2, '2021-11-19 06:22:28', '0000-00-00 00:00:00', 0);

-- --------------------------------------------------------

--
-- Table structure for table `cl_appointment_message_log`
--

CREATE TABLE IF NOT EXISTS `cl_appointment_message_log` (
  `id` int UNSIGNED NOT NULL AUTO_INCREMENT,
  `patient_id` char(36) COLLATE utf8_unicode_ci NOT NULL,
  `appointment_id` int UNSIGNED NOT NULL,
  `assign_to` int UNSIGNED NOT NULL,
  `log_notes` text COLLATE utf8_unicode_ci,
  `created_by` int NOT NULL,
  `created_at` timestamp NOT NULL,
  `modified_at` timestamp NOT NULL,
  `modified_by` int NOT NULL,
  `read_message_log` enum('1','2') COLLATE utf8_unicode_ci NOT NULL DEFAULT '1',
  `status` enum('0','1','2') COLLATE utf8_unicode_ci NOT NULL DEFAULT '1',
  PRIMARY KEY (`id`)
) ENGINE=InnoDB AUTO_INCREMENT=16 DEFAULT CHARSET=utf8mb3 COLLATE=utf8_unicode_ci;

--
-- Dumping data for table `cl_appointment_message_log`
--

INSERT INTO `cl_appointment_message_log` (`id`, `patient_id`, `appointment_id`, `assign_to`, `log_notes`, `created_by`, `created_at`, `modified_at`, `modified_by`, `read_message_log`, `status`) VALUES
(1, 'e6a9f27c-19fb-11ec-9d84-025f708e58f2', 1, 2, 'On the other hand, we denounce with righteous indignation and dislike men who are so beguiled and demoralized by the charms of pleasure of the moment, so blinded by desire, that they cannot foresee the pain and trouble that are bound to ensue', 2, '2021-11-06 06:28:26', '2021-11-06 10:34:14', 0, '2', '1'),
(2, 'e6a9f27c-19fb-11ec-9d84-025f708e58f2', 3, 2, 'On the other hand, we denounce with righteous indignation', 2, '2021-11-08 05:51:18', '2021-11-08 06:49:43', 0, '2', '1'),
(3, 'a5b029d0-179a-11ec-9d84-025f708e58f2', 4, 2, 'From 1 January 2019 onwards, some of the services already available on Online Banking.', 2, '2021-11-08 07:04:15', '2021-11-08 07:04:21', 0, '2', '1'),
(4, 'ebe80a85-118c-11ec-bab6-025f708e58f2', 5, 2, 'StanChart UPI is a simple and secured feature to instantly pay using UPI.', 2, '2021-11-08 10:57:34', '2021-11-08 10:57:41', 0, '2', '1'),
(5, '949af7d3-0f28-11ec-bab6-025f708e58f2', 6, 2, 'Thank you for registering with Organiseme, the productivity and project management application for individuals and teams. With Organiseme', 2, '2021-11-08 12:24:53', '2021-11-08 12:25:10', 0, '2', '1'),
(6, '3902554f-afd5-11eb-aa1b-06d48d72463a', 9, 2, 'Thank you for registering with Organiseme, the productivity and project management application for individuals and teams. With Organiseme', 2, '2021-11-08 13:26:06', '2021-11-08 13:27:46', 0, '2', '1'),
(7, 'c95845b8-0955-11ec-bab6-025f708e58f2', 7, 2, 'You can\'t update changes because this patient already exist in frontdesk OR doctor dashboard queue. ', 2, '2021-11-08 14:35:10', '2021-11-08 14:35:16', 0, '2', '1'),
(8, '7de9e155-93af-11eb-aa1b-06d48d72463a', 17, 2, 'orem ipsum dolor sit amet, consectetur adipiscing elit. Nulla ac iaculis sapien. Vivamus ut pretium urna, in pharetra lorem. Sed quis ullamcorper ex. Fusce gravida est aliquam ipsum luctus viverra', 2, '2021-11-09 08:04:03', '2021-11-09 08:04:10', 0, '2', '1'),
(9, '255c96af-93b0-11eb-aa1b-06d48d72463a', 16, 2, 'orem ipsum dolor sit amet, consectetur adipiscing elit. Nulla ac iaculis sapien. Vivamus ut pretium urna, in pharetra lorem. Sed quis ullamcorper ex. Fusce gravida est aliquam ipsum luctus viverra', 2, '2021-11-09 08:39:57', '2021-11-09 08:40:02', 0, '2', '1'),
(10, 'a3f8d8a9-93b1-11eb-aa1b-06d48d72463a', 53, 2, 'Lorem ipsum dolor sit amet, consectetur adipiscing elit. Nullam eleifend rutrum magna, non suscipit ante iaculis ac. Pellentesque habitant morbi tristique senectus et netus et malesuada fames ac turpis egestas.', 2, '2021-11-13 04:14:55', '2021-11-13 04:15:23', 0, '2', '1'),
(11, 'cae8eda7-9369-11eb-aa1b-06d48d72463a', 64, 2, 'It is a long established fact that a reader will be distracted by the readable content of a page.', 2, '2021-11-15 11:08:08', '2021-11-15 11:08:14', 0, '2', '1'),
(12, '7c3e63b9-9367-11eb-aa1b-06d48d72463a', 65, 2, 'markComplete', 2, '2021-11-15 12:08:00', '2021-11-15 12:08:04', 0, '2', '1'),
(13, 'db45854a-920d-11eb-aa1b-06d48d72463a', 66, 2, 'is simply dummy text of the printing and typesetting industry. Lorem Ipsum has been the industry\'s standard dummy', 2, '2021-11-15 12:21:26', '0000-00-00 00:00:00', 0, '1', '1'),
(14, 'aa323d1e-920e-11eb-aa1b-06d48d72463a', 67, 2, 'is simply dummy text of the printing and typesetting industry. Lorem Ipsum has been the industry\'s standard dummy', 2, '2021-11-15 12:29:13', '2021-11-15 12:29:18', 0, '2', '1'),
(15, 'b65d5ae3-afd5-11eb-aa1b-06d48d72463a', 10, 2, 'It is a long established fact that a reader will be', 2, '2021-11-17 18:22:23', '2021-11-18 04:46:35', 0, '2', '1');

-- --------------------------------------------------------

--
-- Table structure for table `cl_appointment_shipping`
--

CREATE TABLE IF NOT EXISTS `cl_appointment_shipping` (
  `id` int UNSIGNED NOT NULL AUTO_INCREMENT,
  `appointment_id` int UNSIGNED NOT NULL,
  `patient_id` char(36) COLLATE utf8_unicode_ci NOT NULL,
  `dispatch_or_pickup` enum('D','P') COLLATE utf8_unicode_ci NOT NULL,
  `shipping_address_one` varbinary(600) NOT NULL,
  `shipping_address_two` varbinary(600) NOT NULL,
  `shipping_country` int NOT NULL,
  `shipping_state` int NOT NULL,
  `shipping_city` int NOT NULL,
  `shipping_pin_code` varchar(10) COLLATE utf8_unicode_ci NOT NULL,
  `shipping_mobile_no` varbinary(50) NOT NULL,
  `courier_company` varchar(225) COLLATE utf8_unicode_ci NOT NULL,
  `courier_tracking_id` int NOT NULL,
  `created_by` int NOT NULL,
  `modified_by` int NOT NULL,
  `created_at` timestamp NOT NULL DEFAULT CURRENT_TIMESTAMP,
  `modified_at` timestamp NOT NULL,
  PRIMARY KEY (`id`),
  KEY `appointment_shipping_appointment_id_index` (`appointment_id`)
) ENGINE=InnoDB AUTO_INCREMENT=43 DEFAULT CHARSET=utf8mb3 COLLATE=utf8_unicode_ci;

--
-- Dumping data for table `cl_appointment_shipping`
--

INSERT INTO `cl_appointment_shipping` (`id`, `appointment_id`, `patient_id`, `dispatch_or_pickup`, `shipping_address_one`, `shipping_address_two`, `shipping_country`, `shipping_state`, `shipping_city`, `shipping_pin_code`, `shipping_mobile_no`, `courier_company`, `courier_tracking_id`, `created_by`, `modified_by`, `created_at`, `modified_at`) VALUES
(1, 1, 'e6a9f27c-19fb-11ec-9d84-025f708e58f2', 'P', 0xae4bdb9af7089c3606a8ea8557f4f1e306a91e7a3144e32f9da957928e9d2712, 0x80069958063c14ffa6058ec4c42183b5, 102, 49, 68, '110059', 0x01d47dd2056e93f4136885bfeded4a0e, '', 0, 2, 0, '2021-11-06 12:22:38', '0000-00-00 00:00:00'),
(2, 3, 'e6a9f27c-19fb-11ec-9d84-025f708e58f2', 'P', 0xae4bdb9af7089c3606a8ea8557f4f1e306a91e7a3144e32f9da957928e9d2712, 0x80069958063c14ffa6058ec4c42183b5, 102, 49, 68, '110059', 0x01d47dd2056e93f4136885bfeded4a0e, '', 0, 2, 0, '2021-11-08 06:58:10', '0000-00-00 00:00:00'),
(3, 4, 'a5b029d0-179a-11ec-9d84-025f708e58f2', 'P', 0xae4bdb9af7089c3606a8ea8557f4f1e306a91e7a3144e32f9da957928e9d2712, 0x80069958063c14ffa6058ec4c42183b5, 102, 49, 20, '123456', 0x262390fe5c9fd1ef1df02718af83399a, '', 0, 2, 0, '2021-11-08 07:09:24', '0000-00-00 00:00:00'),
(4, 5, 'ebe80a85-118c-11ec-bab6-025f708e58f2', 'P', 0x91d1f4a0bffb7728c702144a3e4dd125d0bc64b12a3b09f545d313cbeea4a031, 0xf67d83fd4f28728468ef7d4fc81114be, 102, 49, 68, '110059', 0x91f96689359860ce34b828a705e3f021, '', 0, 2, 0, '2021-11-08 11:02:39', '0000-00-00 00:00:00'),
(5, 6, '949af7d3-0f28-11ec-bab6-025f708e58f2', 'P', 0xae4bdb9af7089c3606a8ea8557f4f1e306a91e7a3144e32f9da957928e9d2712, 0x80069958063c14ffa6058ec4c42183b5, 102, 49, 68, '110059', 0x01d47dd2056e93f4136885bfeded4a0e, '', 0, 2, 0, '2021-11-08 12:27:05', '0000-00-00 00:00:00'),
(6, 7, 'c95845b8-0955-11ec-bab6-025f708e58f2', 'P', 0xae4bdb9af7089c3606a8ea8557f4f1e306a91e7a3144e32f9da957928e9d2712, 0x80069958063c14ffa6058ec4c42183b5, 102, 49, 68, '110059', 0x01d47dd2056e93f4136885bfeded4a0e, '', 0, 2, 0, '2021-11-08 14:47:44', '0000-00-00 00:00:00'),
(7, 17, '7de9e155-93af-11eb-aa1b-06d48d72463a', 'P', 0xaedf0e4906f0f8027c6d19b9adebbf73, 0xf67d83fd4f28728468ef7d4fc81114be, 102, 49, 68, '1', 0x3d8ca8a0327687c99833ede620979cc5, '', 0, 2, 0, '2021-11-09 08:06:13', '0000-00-00 00:00:00'),
(8, 16, '255c96af-93b0-11eb-aa1b-06d48d72463a', 'P', 0x5f1ddf198ac72ca26cf8787e44401903499aa90bde8d73b658840a351cb807c2, 0xf67d83fd4f28728468ef7d4fc81114be, 102, 49, 68, '110019', 0xaa8a7a04b7eb230470758626caef2f64, '', 0, 2, 0, '2021-11-09 08:51:14', '0000-00-00 00:00:00'),
(9, 33, '4ab2ff04-9454-11eb-aa1b-06d48d72463a', 'P', 0xe3f4097bbd9119480cd5c0c043db207589f41269644173aa89800aeca7d202e9, 0xf67d83fd4f28728468ef7d4fc81114be, 102, 215, 31, '1', 0xbdd86e0b5fe637e127f3d861fbe33d2a, '', 0, 2, 0, '2021-11-12 04:49:47', '0000-00-00 00:00:00'),
(10, 34, '40560469-9452-11eb-aa1b-06d48d72463a', 'P', 0xfd42c6b363602d27cfec324e3034b8ac6b5c324b401c1444a30e6a3e840d35b31a491749cbfcb3fa8b29605c4bf5da03, 0xf67d83fd4f28728468ef7d4fc81114be, 102, 49, 68, '110025', 0x6427e5a3bc730c5fad140ee4349eb9c9, '', 0, 2, 0, '2021-11-12 08:31:34', '0000-00-00 00:00:00'),
(11, 45, 'b65d5ae3-afd5-11eb-aa1b-06d48d72463a', 'P', 0xae4bdb9af7089c3606a8ea8557f4f1e306a91e7a3144e32f9da957928e9d2712, 0x80069958063c14ffa6058ec4c42183b5, 102, 215, 70, '1', 0x262390fe5c9fd1ef1df02718af83399a, '', 0, 2, 0, '2021-11-12 08:37:58', '0000-00-00 00:00:00'),
(12, 61, '0db1c522-9444-11eb-aa1b-06d48d72463a', 'P', 0x318828139b95c3e8013369c517779390fdffc3cff46f10d76d076c7916c53531, 0xf67d83fd4f28728468ef7d4fc81114be, 102, 49, 68, '110020', 0x9dcc3bd353d19780b73bcbd2a9435e01, '', 0, 2, 0, '2021-11-15 04:30:52', '0000-00-00 00:00:00'),
(13, 64, 'cae8eda7-9369-11eb-aa1b-06d48d72463a', 'D', 0xbddc7120c701abcf41957f0ca32a79e3b998bea338c8f663ef32541e15596745, 0xf67d83fd4f28728468ef7d4fc81114be, 102, 49, 68, '110047', 0xc0c9d73046b4b28bafbc0182737d15f3, '', 0, 2, 0, '2021-11-15 11:46:42', '0000-00-00 00:00:00'),
(14, 65, '7c3e63b9-9367-11eb-aa1b-06d48d72463a', 'D', 0x3e81b450f5b8d5e76a80e1463e3febadcbf54d031cf2d3abf02528c085ef9851, 0xf67d83fd4f28728468ef7d4fc81114be, 102, 49, 68, '110045', 0x914b04844fc4f6a86205c658e68ae361, '', 0, 2, 0, '2021-11-15 12:11:49', '0000-00-00 00:00:00'),
(15, 66, 'db45854a-920d-11eb-aa1b-06d48d72463a', 'D', 0xae4bdb9af7089c3606a8ea8557f4f1e306a91e7a3144e32f9da957928e9d2712, 0x80069958063c14ffa6058ec4c42183b5, 102, 49, 68, '110059', 0x01d47dd2056e93f4136885bfeded4a0e, '', 0, 2, 0, '2021-11-15 12:24:15', '0000-00-00 00:00:00'),
(16, 67, 'aa323d1e-920e-11eb-aa1b-06d48d72463a', 'P', 0xd91a43d208638b7f17752b6e08a1c98df67d83fd4f28728468ef7d4fc81114be, 0xf67d83fd4f28728468ef7d4fc81114be, 102, 49, 68, '110059', 0x01d47dd2056e93f4136885bfeded4a0e, '', 0, 2, 0, '2021-11-15 12:30:43', '0000-00-00 00:00:00'),
(17, 9, '3902554f-afd5-11eb-aa1b-06d48d72463a', 'D', 0xae4bdb9af7089c3606a8ea8557f4f1e306a91e7a3144e32f9da957928e9d2712, 0x80069958063c14ffa6058ec4c42183b5, 102, 49, 68, '110059', 0x01d47dd2056e93f4136885bfeded4a0e, '', 0, 2, 0, '2021-11-15 15:31:56', '0000-00-00 00:00:00'),
(18, 72, '949af7d3-0f28-11ec-bab6-025f708e58f2', 'P', 0xae4bdb9af7089c3606a8ea8557f4f1e306a91e7a3144e32f9da957928e9d2712, 0x80069958063c14ffa6058ec4c42183b5, 102, 49, 68, '110059', 0x01d47dd2056e93f4136885bfeded4a0e, '', 0, 2, 0, '2021-11-16 04:26:42', '0000-00-00 00:00:00'),
(19, 70, '99ed9b5f-1191-11ec-bab6-025f708e58f2', 'P', 0x475a58c9f39180a8e8ea924f2487393e78d7cc3ece4d409bfcbfe1b0a7a03688, 0xf67d83fd4f28728468ef7d4fc81114be, 102, 49, 20, '123456', 0xb7afd905564c682d8bfef78f06bafc09, '', 0, 2, 0, '2021-11-16 04:37:52', '0000-00-00 00:00:00'),
(20, 71, 'ebe80a85-118c-11ec-bab6-025f708e58f2', 'P', 0x91d1f4a0bffb7728c702144a3e4dd125d0bc64b12a3b09f545d313cbeea4a031, 0xf67d83fd4f28728468ef7d4fc81114be, 102, 49, 68, '110059', 0x91f96689359860ce34b828a705e3f021, '', 0, 2, 0, '2021-11-16 04:50:13', '0000-00-00 00:00:00'),
(21, 73, '4ab2ff04-9454-11eb-aa1b-06d48d72463a', 'P', 0xe3f4097bbd9119480cd5c0c043db207589f41269644173aa89800aeca7d202e9, 0xf67d83fd4f28728468ef7d4fc81114be, 102, 215, 31, '1', 0xbdd86e0b5fe637e127f3d861fbe33d2a, '', 0, 2, 0, '2021-11-16 06:32:57', '0000-00-00 00:00:00'),
(22, 75, '09b73b84-942d-11eb-aa1b-06d48d72463a', 'P', 0x16052ce8c869ca521432e3e2f41f4fbda63044c0c8594acc11bb9aa4a6ba604b, 0xf67d83fd4f28728468ef7d4fc81114be, 102, 49, 68, '110024', 0x2bbefeede4ffd283939e184165318ee8, '', 0, 2, 0, '2021-11-16 09:49:10', '0000-00-00 00:00:00'),
(23, 76, '425bb595-93c8-11eb-aa1b-06d48d72463a', 'P', 0x3ae7a53a69a68506c538c012255b27c2063078d8b5d309a710ff6092323e74e3, 0xf67d83fd4f28728468ef7d4fc81114be, 102, 49, 68, '110052', 0x3e9e37de5e81344516c670f4a981c1df, '', 0, 2, 0, '2021-11-16 09:56:23', '0000-00-00 00:00:00'),
(24, 69, 'e6a9f27c-19fb-11ec-9d84-025f708e58f2', 'P', 0xae4bdb9af7089c3606a8ea8557f4f1e306a91e7a3144e32f9da957928e9d2712, 0x80069958063c14ffa6058ec4c42183b5, 102, 49, 68, '110059', 0x01d47dd2056e93f4136885bfeded4a0e, '', 0, 2, 0, '2021-11-16 10:35:40', '0000-00-00 00:00:00'),
(25, 85, '5f96a1c2-93b2-11eb-aa1b-06d48d72463a', 'P', 0xb8406c9cb0a350049069a4136a06d8de, 0xf67d83fd4f28728468ef7d4fc81114be, 102, 49, 68, '110019', 0x5863425c510412890953c4d7839a24e7, '', 0, 2, 0, '2021-11-17 10:53:30', '0000-00-00 00:00:00'),
(26, 86, 'a3f8d8a9-93b1-11eb-aa1b-06d48d72463a', 'P', 0x3734081f52f2898e10a7a9835e1b175a5f9f7ddbcd46e506ae9a9d685e4084c0, 0xf67d83fd4f28728468ef7d4fc81114be, 102, 49, 68, '110062', 0x5efcd366b519aa5f1ea795463876f5d5, '', 0, 2, 0, '2021-11-17 10:57:12', '0000-00-00 00:00:00'),
(27, 90, 'a3f8d8a9-93b1-11eb-aa1b-06d48d72463a', 'P', 0x3734081f52f2898e10a7a9835e1b175a5f9f7ddbcd46e506ae9a9d685e4084c0, 0xf67d83fd4f28728468ef7d4fc81114be, 102, 49, 68, '110062', 0x5efcd366b519aa5f1ea795463876f5d5, '', 0, 2, 0, '2021-11-18 03:27:26', '0000-00-00 00:00:00'),
(28, 91, 'a5b029d0-179a-11ec-9d84-025f708e58f2', 'P', 0xae4bdb9af7089c3606a8ea8557f4f1e306a91e7a3144e32f9da957928e9d2712, 0x80069958063c14ffa6058ec4c42183b5, 102, 49, 20, '123456', 0x262390fe5c9fd1ef1df02718af83399a, '', 0, 2, 0, '2021-11-18 03:51:34', '0000-00-00 00:00:00'),
(29, 96, 'b6486511-afd2-11eb-aa1b-06d48d72463a', 'P', 0xe65b44b4bd20500300e8ed499eef0dec34de3bfd2577f05b34b9546ad27da31c, 0xf67d83fd4f28728468ef7d4fc81114be, 102, 70, 88, '1', 0x91f96689359860ce34b828a705e3f021, '', 0, 2, 0, '2021-11-18 04:02:38', '0000-00-00 00:00:00'),
(30, 95, 'c085da51-db19-11eb-a2d6-025f708e58f2', 'P', 0x0757cd621af754212e9be87391365aed, 0xf67d83fd4f28728468ef7d4fc81114be, 102, 70, 1587, '123465', 0x85f59c5bed89319b1cc50b42368ed510, '', 0, 2, 0, '2021-11-18 04:28:56', '0000-00-00 00:00:00'),
(31, 97, '1cd25332-9488-11eb-aa1b-06d48d72463a', 'P', 0xded0b47d54c3ee647d9f2ee539d14b06, 0xf67d83fd4f28728468ef7d4fc81114be, 102, 49, 68, '1', 0xdcc6e94d070237508824cdfaac940ce8, '', 0, 2, 0, '2021-11-18 04:52:29', '0000-00-00 00:00:00'),
(32, 98, 'a14b9513-ce6f-11eb-a2d6-025f708e58f2', 'P', 0xded0b47d54c3ee647d9f2ee539d14b06, 0xf67d83fd4f28728468ef7d4fc81114be, 102, 82, 1801, '132456', 0x85f59c5bed89319b1cc50b42368ed510, '', 0, 3, 0, '2021-11-18 06:10:50', '0000-00-00 00:00:00'),
(33, 10, 'b65d5ae3-afd5-11eb-aa1b-06d48d72463a', 'D', 0xae4bdb9af7089c3606a8ea8557f4f1e306a91e7a3144e32f9da957928e9d2712, 0x80069958063c14ffa6058ec4c42183b5, 102, 215, 70, '1', 0x262390fe5c9fd1ef1df02718af83399a, '', 0, 2, 0, '2021-11-18 13:11:41', '0000-00-00 00:00:00'),
(34, 92, '949af7d3-0f28-11ec-bab6-025f708e58f2', 'P', 0xae4bdb9af7089c3606a8ea8557f4f1e306a91e7a3144e32f9da957928e9d2712, 0x80069958063c14ffa6058ec4c42183b5, 102, 49, 68, '110059', 0x01d47dd2056e93f4136885bfeded4a0e, '', 0, 2, 0, '2021-11-18 14:36:04', '0000-00-00 00:00:00'),
(35, 105, '542c00c0-9383-11eb-aa1b-06d48d72463a', 'P', 0xc534c1b13fc9a607a93cc684289772d1, 0xf67d83fd4f28728468ef7d4fc81114be, 102, 49, 1808, '132465', 0x77b3a3d761c1f217bfdd5c867d3fffdb, '', 0, 2, 0, '2021-11-18 14:58:25', '0000-00-00 00:00:00'),
(36, 104, '74ac520e-9383-11eb-aa1b-06d48d72463a', 'P', 0x175521cc7f0d66c3fa233cf192b7328e496f16d584b950cbccd48624f51201271e9c32e338c77faad778cf3cffb02284f8bd6a9cde847078a65591aa9d4f7d347b5e818ff5ad5026e17e244edd56431709a4975bf317e2b9dd294121faccb689, 0xf67d83fd4f28728468ef7d4fc81114be, 102, 23, 1759, '851218', 0x14d784a87c6e3156231a154a5949be7b, '', 0, 2, 0, '2021-11-18 16:51:04', '0000-00-00 00:00:00'),
(37, 103, '50b6c673-9385-11eb-aa1b-06d48d72463a', 'P', 0xded0b47d54c3ee647d9f2ee539d14b06, 0xf67d83fd4f28728468ef7d4fc81114be, 102, 70, 1556, '132465', 0xb7afd905564c682d8bfef78f06bafc09, '', 0, 2, 0, '2021-11-18 17:09:49', '0000-00-00 00:00:00'),
(38, 102, 'b79f60e2-9385-11eb-aa1b-06d48d72463a', 'P', 0x209f0f0bcefb6e5a0bc7a45106fad6dc, 0xf67d83fd4f28728468ef7d4fc81114be, 102, 49, 68, '1', 0xb101c25163e49c650a49b1c9199c1f15, '', 0, 2, 0, '2021-11-18 17:20:48', '0000-00-00 00:00:00'),
(39, 101, '4d04a34d-9386-11eb-aa1b-06d48d72463a', 'P', 0x5fa190d03f318507ba9cb99764d5e7248d7895c91c3fb264da78fcd30922b210, 0xf67d83fd4f28728468ef7d4fc81114be, 102, 49, 68, '110018', 0xd22d94fbc1ea501a0ef12f5875590aca, '', 0, 2, 0, '2021-11-18 17:30:10', '0000-00-00 00:00:00'),
(40, 100, '789b71c1-9386-11eb-aa1b-06d48d72463a', 'P', 0x478fc968469d64f21706d42c93a93eaae452ab31a5e7156e66f0423547097bca, 0xf67d83fd4f28728468ef7d4fc81114be, 102, 49, 68, '110034', 0xffdddb1cb0b3a692e2de248f935538fa, '', 0, 2, 0, '2021-11-18 17:35:16', '0000-00-00 00:00:00'),
(41, 99, 'ed62b19f-9386-11eb-aa1b-06d48d72463a', 'P', 0x542ceef08f5fa8f0ed3083606b5f892473ab86940ed9dac696a0de77ff5d09a2, 0xf67d83fd4f28728468ef7d4fc81114be, 102, 49, 20, '110008', 0xa42ee9281d8a6a7811797b675f7d255c, '', 0, 2, 0, '2021-11-18 17:41:57', '0000-00-00 00:00:00'),
(42, 107, 'f4f63f85-947e-11eb-aa1b-06d48d72463a', 'P', 0xa6997f74e1917957812173fde2c4ac92fba42e3f67fc7ed8fa7a86a4a0f0cbd6e256a7136e9e5d188a85f83bd182a2514730958e248a96bb3012ed7308ed81e0918ae63991df9ed5e316f979ca831d28, 0xf67d83fd4f28728468ef7d4fc81114be, 102, 23, 76, '824127', 0xea8248be1b47502845aa50f28e5467e0, '', 0, 2, 0, '2021-11-18 18:26:30', '0000-00-00 00:00:00');

-- --------------------------------------------------------

--
-- Table structure for table `cl_appointment_urgent_notes`
--

CREATE TABLE IF NOT EXISTS `cl_appointment_urgent_notes` (
  `id` int UNSIGNED NOT NULL AUTO_INCREMENT,
  `appointment_id` int NOT NULL,
  `note` text CHARACTER SET utf8 COLLATE utf8_unicode_ci NOT NULL,
  `created_by` char(36) CHARACTER SET utf8 COLLATE utf8_unicode_ci NOT NULL,
  `creation_date` timestamp NOT NULL DEFAULT CURRENT_TIMESTAMP,
  `modified_by` int NOT NULL,
  `modification_date` timestamp NOT NULL DEFAULT CURRENT_TIMESTAMP ON UPDATE CURRENT_TIMESTAMP,
  `status` enum('0','1','2') CHARACTER SET utf8 COLLATE utf8_unicode_ci NOT NULL DEFAULT '1',
  PRIMARY KEY (`id`)
) ENGINE=InnoDB AUTO_INCREMENT=20 DEFAULT CHARSET=utf8mb3 COLLATE=utf8_unicode_ci;

--
-- Dumping data for table `cl_appointment_urgent_notes`
--

INSERT INTO `cl_appointment_urgent_notes` (`id`, `appointment_id`, `note`, `created_by`, `creation_date`, `modified_by`, `status`) VALUES
(1, 1, 'On the other hand, we denounce with righteous indignation and dislike men who are so beguiled and demoralized by the charms of pleasure of the moment, so blinded by desire, that they cannot foresee the pain and trouble that are bound to ensue', '', '2021-11-06 06:25:44', 0, '1'),
(2, 4, 'From 1 January 2019 onwards', '', '2021-11-08 07:00:30', 0, '1'),
(3, 5, 'StanChart UPI is a simple and secured feature to instantly pay using UPI. No need to carry your cards or remember details like bank account numbers or IFSC codes', '', '2021-11-08 10:55:42', 0, '1'),
(4, 6, 'Thank you for registering with Organiseme, the productivity and project management application for individuals and teams. With Organiseme', '', '2021-11-08 12:21:56', 0, '1'),
(5, 9, 'Thank you for registering with Organiseme, the productivity and project management application for individuals and teams. With Organiseme', '', '2021-11-08 13:24:36', 0, '1'),
(6, 7, 'You can\'t update changes because this patient already exist in front desk OR doctor dashboard queue. ', '', '2021-11-08 14:24:05', 0, '1'),
(7, 17, 'orem ipsum dolor sit amet, consectetur adipiscing elit. Nulla ac iaculis sapien. Vivamus ut pretium urna, in pharetra lorem. Sed quis ullamcorper ex. Fusce gravida est aliquam ipsum luctus viverra', '', '2021-11-09 08:01:22', 0, '1'),
(8, 44, '', '', '2021-11-12 08:33:03', 0, '1'),
(9, 46, '', '', '2021-11-13 03:39:16', 0, '1'),
(10, 47, '', '', '2021-11-13 03:39:30', 0, '1'),
(11, 48, '', '', '2021-11-13 03:39:44', 0, '1'),
(12, 49, '', '', '2021-11-13 03:39:56', 0, '1'),
(13, 50, '', '', '2021-11-13 03:40:08', 0, '1'),
(14, 51, '', '', '2021-11-13 03:40:21', 0, '1'),
(15, 53, 'Lorem ipsum dolor sit amet, consectetur adipiscing elit. Nullam eleifend rutrum magna, non suscipit ante iaculis ac. Pellentesque habitant morbi tristique senectus et netus et malesuada fames ac turpis egestas.', '', '2021-11-13 04:12:53', 0, '1'),
(16, 63, '', '', '2021-11-15 04:56:11', 0, '1'),
(17, 10, 'It is a long established fact that a reader will be distracted by the readable content of a page when looking at its layout. The point of using Lorem Ipsum is that it has a more-or-less normal distribution', '', '2021-11-18 04:43:21', 0, '1'),
(18, 106, '', '', '2021-11-18 18:07:24', 0, '1'),
(19, 113, 'Lorem ipsum dolor sit amet, consectetur adipiscing elit. Nullam eleifend rutrum magna, non suscipit ante iaculis ac. Pellentesque habitant morbi tristique senectus et netus et malesuada fames ac turpis egestas.', '', '2021-11-19 06:22:49', 0, '1');

-- --------------------------------------------------------

--
-- Table structure for table `cl_appointment_vital_statistics`
--

CREATE TABLE IF NOT EXISTS `cl_appointment_vital_statistics` (
  `id` int UNSIGNED NOT NULL AUTO_INCREMENT,
  `patient_id` char(36) CHARACTER SET utf8 COLLATE utf8_unicode_ci NOT NULL,
  `appointment_id` int UNSIGNED NOT NULL,
  `height_unit` varchar(4) CHARACTER SET utf8 COLLATE utf8_unicode_ci DEFAULT NULL,
  `height_inches` double(8,2) DEFAULT NULL,
  `body_temp_unit` varchar(3) CHARACTER SET utf8 COLLATE utf8_unicode_ci DEFAULT NULL,
  `body_temp_celsius` double(8,2) DEFAULT NULL,
  `pulse_bpm` int DEFAULT NULL,
  `blood_type` varchar(3) CHARACTER SET utf8 COLLATE utf8_unicode_ci DEFAULT NULL,
  `weight_unit` varchar(5) CHARACTER SET utf8 COLLATE utf8_unicode_ci DEFAULT NULL,
  `weight_kgs` double(8,2) DEFAULT NULL,
  `bmi` double(8,2) DEFAULT NULL,
  `blood_pressure_systolic` int DEFAULT NULL,
  `blood_pressure_diastolic` int DEFAULT NULL,
  `height_filter_unit` varchar(4) COLLATE utf8_unicode_ci DEFAULT NULL,
  `weight_filter_unit` varchar(5) COLLATE utf8_unicode_ci DEFAULT NULL,
  `body_temp_filter_unit` varchar(3) COLLATE utf8_unicode_ci DEFAULT NULL,
  `bmi_warning` int DEFAULT NULL,
  `body_temp_warning` int DEFAULT NULL,
  `pluse_warning` int DEFAULT NULL,
  `blood_pressure_systolic_warning` int DEFAULT NULL,
  `created_by` int NOT NULL,
  `created_at` timestamp NOT NULL,
  `modified_at` timestamp NOT NULL,
  `modified_by` int NOT NULL,
  `blood_pressure_diastolic_warning` int DEFAULT NULL,
  PRIMARY KEY (`id`)
) ENGINE=InnoDB AUTO_INCREMENT=16 DEFAULT CHARSET=utf8mb3 COLLATE=utf8_unicode_ci;

--
-- Dumping data for table `cl_appointment_vital_statistics`
--

INSERT INTO `cl_appointment_vital_statistics` (`id`, `patient_id`, `appointment_id`, `height_unit`, `height_inches`, `body_temp_unit`, `body_temp_celsius`, `pulse_bpm`, `blood_type`, `weight_unit`, `weight_kgs`, `bmi`, `blood_pressure_systolic`, `blood_pressure_diastolic`, `height_filter_unit`, `weight_filter_unit`, `body_temp_filter_unit`, `bmi_warning`, `body_temp_warning`, `pluse_warning`, `blood_pressure_systolic_warning`, `created_by`, `created_at`, `modified_at`, `modified_by`, `blood_pressure_diastolic_warning`) VALUES
(1, 'e6a9f27c-19fb-11ec-9d84-025f708e58f2', 1, 'feet', 67.20, '°F', 36.67, 60, 'O+', 'kg', 56.00, 19.84, 120, 85, 'feet', 'kg', '°F', 0, 0, 0, 0, 2, '2021-11-06 06:26:29', '2021-11-06 12:28:01', 0, 0),
(2, 'e6a9f27c-19fb-11ec-9d84-025f708e58f2', 3, 'feet', 67.20, '°F', 7.22, 100, 'O+', 'kg', 58.00, 20.55, 120, 85, 'feet', 'kg', '°F', 0, 1, 0, 0, 2, '2021-11-08 06:46:37', '2021-11-08 06:54:46', 0, 0),
(3, 'a5b029d0-179a-11ec-9d84-025f708e58f2', 4, 'cm', 42.52, '°F', 40.00, 100, 'O+', 'pound', 26.30, 22.55, 70, 87, 'cm', 'pound', '°F', 0, 1, 0, 1, 2, '2021-11-08 07:01:36', '2021-11-08 07:05:56', 0, 1),
(4, 'ebe80a85-118c-11ec-bab6-025f708e58f2', 5, 'feet', 67.20, '°F', 7.22, 100, 'AB+', 'kg', 65.00, 23.03, 70, 85, 'feet', 'kg', '°F', 0, 1, 0, 1, 2, '2021-11-08 10:56:14', '2021-11-08 10:58:21', 0, 0),
(5, '949af7d3-0f28-11ec-bab6-025f708e58f2', 6, 'feet', 67.20, '°F', 13.33, 45, 'O+', 'kg', 65.00, 23.03, 70, 95, 'feet', 'kg', '°F', 0, 1, 1, 1, 2, '2021-11-08 12:22:41', '2021-11-08 12:26:00', 0, 1),
(6, '3902554f-afd5-11eb-aa1b-06d48d72463a', 9, 'feet', 67.20, '°F', 25.56, 100, 'O+', 'kg', 59.00, 20.90, 70, 85, 'feet', 'kg', '°F', 0, 1, 0, 1, 2, '2021-11-08 13:25:03', '2021-11-15 15:30:44', 0, 0),
(7, 'c95845b8-0955-11ec-bab6-025f708e58f2', 7, 'feet', 67.20, '°F', 7.22, 60, 'O+', 'kg', 60.00, 21.26, 120, 85, 'feet', 'kg', '°F', 0, 1, 0, 0, 2, '2021-11-08 14:24:59', '2021-11-08 14:48:41', 0, 0),
(8, '7de9e155-93af-11eb-aa1b-06d48d72463a', 17, 'feet', 67.20, '°F', 8.89, 60, 'O+', 'kg', 58.00, 20.55, 110, 85, 'feet', 'kg', '°F', 0, 1, 0, 0, 2, '2021-11-09 08:01:54', '2021-11-09 08:04:49', 0, 0),
(9, '255c96af-93b0-11eb-aa1b-06d48d72463a', 16, 'cm', 42.52, '°F', 36.11, 100, 'O+', 'pound', 29.48, 25.27, 110, 85, 'cm', 'pound', '°F', 0, 0, 0, 0, 2, '2021-11-09 08:38:02', '2021-11-09 08:40:39', 0, 0),
(10, 'a3f8d8a9-93b1-11eb-aa1b-06d48d72463a', 53, 'feet', 67.20, '°F', 19.45, 100, 'O+', 'kg', 68.00, 24.09, 70, 85, 'feet', 'kg', '°F', 0, 1, 0, 1, 2, '2021-11-13 04:13:26', '2021-11-13 04:16:38', 0, 0),
(11, 'cae8eda7-9369-11eb-aa1b-06d48d72463a', 64, 'feet', 67.20, '°F', 7.22, 100, 'O+', 'kg', 56.00, 19.84, 110, 85, 'feet', 'kg', '°F', 0, 1, 0, 0, 2, '2021-11-15 11:06:39', '2021-11-15 11:09:04', 0, 0),
(12, '7c3e63b9-9367-11eb-aa1b-06d48d72463a', 65, 'cm', 42.52, '°F', 36.67, 60, 'O+', 'pound', 25.40, 21.77, 100, 85, 'cm', 'pound', '°F', 0, 0, 0, 1, 2, '2021-11-15 12:07:05', '2021-11-15 12:08:38', 0, 0),
(13, 'db45854a-920d-11eb-aa1b-06d48d72463a', 66, 'cm', 37.80, '°F', 36.67, 60, 'O+', 'pound', 29.48, 31.99, 110, 85, 'cm', 'pound', '°F', 1, 0, 0, 0, 2, '2021-11-15 12:20:10', '2021-11-15 12:22:19', 0, 0),
(14, 'aa323d1e-920e-11eb-aa1b-06d48d72463a', 67, 'm', 78.74, '°F', 35.56, 100, 'O+', 'kg', 65.00, 16.25, 120, 85, 'm', 'kg', '°F', 1, 1, 0, 0, 2, '2021-11-15 12:27:54', '2021-11-15 12:29:49', 0, 0),
(15, 'b65d5ae3-afd5-11eb-aa1b-06d48d72463a', 10, 'feet', 67.20, '°F', 40.00, 100, 'B+', 'kg', 56.00, 19.84, 70, 120, 'feet', 'kg', '°F', 0, 1, 0, 1, 2, '2021-11-17 18:21:09', '2021-11-18 12:38:40', 0, 1);

-- --------------------------------------------------------

--
-- Table structure for table `cl_billing`
--

CREATE TABLE IF NOT EXISTS `cl_billing` (
  `id` int UNSIGNED NOT NULL AUTO_INCREMENT,
  `patient_id` char(36) CHARACTER SET utf8 COLLATE utf8_unicode_ci NOT NULL,
  `appointment_id` int UNSIGNED NOT NULL,
  `print_id` int NOT NULL,
  `doctor_id` int NOT NULL,
  `consultancy_fees` int NOT NULL,
  `waive_consultancy_fees` double(8,2) NOT NULL,
  `waive_type` enum('Waived','Discount Category','Not Set') CHARACTER SET utf8 COLLATE utf8_unicode_ci NOT NULL DEFAULT 'Not Set',
  `consultancy_print_code` varchar(3) COLLATE utf8_unicode_ci DEFAULT NULL,
  `waive_percentage` double(8,2) NOT NULL,
  `consultancy_waived_reason` varchar(255) CHARACTER SET utf8 COLLATE utf8_unicode_ci DEFAULT NULL,
  `consultancy_waived_by` int DEFAULT NULL,
  `pharmacy_instruction` varchar(225) CHARACTER SET utf8 COLLATE utf8_unicode_ci NOT NULL,
  `payment_gateway_charge` double(8,2) NOT NULL,
  `remove_pg_amount` double(8,2) NOT NULL,
  `payment_gateway_amount` double(8,2) NOT NULL,
  `importvisitid` int NOT NULL,
  `edit_reason` varchar(255) CHARACTER SET utf8 COLLATE utf8_unicode_ci NOT NULL,
  `created_by` int NOT NULL,
  `creation_date` timestamp NOT NULL DEFAULT CURRENT_TIMESTAMP ON UPDATE CURRENT_TIMESTAMP,
  `modified_by` int NOT NULL,
  `modification_date` timestamp NOT NULL DEFAULT '0000-00-00 00:00:00',
  `charge_code` varchar(3) COLLATE utf8_unicode_ci DEFAULT NULL,
  `billing_location` int DEFAULT NULL,
  `pharmacy_location` int DEFAULT NULL,
  `status` enum('0','1','2') CHARACTER SET utf8 COLLATE utf8_unicode_ci NOT NULL DEFAULT '1',
  PRIMARY KEY (`id`),
  KEY `appointment_id` (`appointment_id`,`patient_id`,`doctor_id`)
) ENGINE=InnoDB AUTO_INCREMENT=71 DEFAULT CHARSET=utf8mb3 COLLATE=utf8_unicode_ci;

--
-- Dumping data for table `cl_billing`
--

INSERT INTO `cl_billing` (`id`, `patient_id`, `appointment_id`, `print_id`, `doctor_id`, `consultancy_fees`, `waive_consultancy_fees`, `waive_type`, `consultancy_print_code`, `waive_percentage`, `consultancy_waived_reason`, `consultancy_waived_by`, `pharmacy_instruction`, `payment_gateway_charge`, `remove_pg_amount`, `payment_gateway_amount`, `importvisitid`, `edit_reason`, `created_by`, `modified_by`, `modification_date`, `charge_code`, `billing_location`, `pharmacy_location`, `status`) VALUES
(10, '7de9e155-93af-11eb-aa1b-06d48d72463a', 17, 0, 2, 200, 200.00, 'Not Set', 'SDC', 0.00, '', 1, 'orem ipsum dolor sit amet, consectetur adipiscing elit. Nulla ac iaculis sapien.', 20.00, 0.00, 187.00, 0, '', 2, 0, '0000-00-00 00:00:00', NULL, 4, 1, '1'),
(11, '255c96af-93b0-11eb-aa1b-06d48d72463a', 16, 0, 2, 200, 200.00, 'Not Set', 'SDC', 0.00, '', 1, 'orem ipsum dolor sit amet, consectetur adipiscing elit', 10.00, 0.00, 81.75, 0, '', 2, 0, '0000-00-00 00:00:00', NULL, 4, 1, '1'),
(12, '255c96af-93b0-11eb-aa1b-06d48d72463a', 16, 0, 2, 0, 0.00, 'Not Set', NULL, 0.00, NULL, NULL, 'orem ipsum dolor sit amet, consectetur adipiscing elit', 0.00, 0.00, 0.00, 0, 'vc ccvcvcv', 1, 0, '0000-00-00 00:00:00', NULL, NULL, NULL, '1'),
(13, '887a8778-946b-11eb-aa1b-06d48d72463a', 23, 0, 2, 0, 0.00, 'Not Set', NULL, 0.00, NULL, NULL, '', 0.00, 0.00, 0.00, 0, '', 2, 0, '0000-00-00 00:00:00', NULL, NULL, NULL, '1'),
(14, '4ab2ff04-9454-11eb-aa1b-06d48d72463a', 33, 0, 2, 200, 200.00, 'Not Set', 'SDC', 0.00, '', 2, '', 0.00, 0.00, 0.00, 0, '', 2, 0, '0000-00-00 00:00:00', NULL, 4, 4, '1'),
(15, 'e6a9f27c-19fb-11ec-9d84-025f708e58f2', 41, 0, 2, 0, 0.00, 'Not Set', NULL, 0.00, NULL, NULL, 'Testing', 0.00, 0.00, 0.00, 0, 'gfgfgfg', 2, 0, '0000-00-00 00:00:00', NULL, NULL, NULL, '1'),
(16, '40560469-9452-11eb-aa1b-06d48d72463a', 34, 0, 2, 200, 200.00, 'Not Set', 'SDC', 0.00, '', 2, '', 0.00, 0.00, 0.00, 0, '', 2, 0, '0000-00-00 00:00:00', NULL, 4, 4, '1'),
(17, 'b65d5ae3-afd5-11eb-aa1b-06d48d72463a', 45, 0, 2, 200, 200.00, 'Not Set', 'SDC', 0.00, '', 2, '', 0.00, 0.00, 0.00, 0, '', 2, 0, '0000-00-00 00:00:00', NULL, 4, 4, '1'),
(18, '9e9e78e7-947d-11eb-aa1b-06d48d72463a', 46, 0, 0, 0, 0.00, 'Not Set', 'SDC', 0.00, NULL, 2, '', 0.00, 0.00, 0.00, 0, '', 2, 0, '0000-00-00 00:00:00', NULL, NULL, NULL, '1'),
(20, 'a3f8d8a9-93b1-11eb-aa1b-06d48d72463a', 53, 0, 2, 0, 0.00, 'Not Set', NULL, 0.00, NULL, NULL, 'Lorem ipsum dolor sit amet, consectetur adipiscing elit.', 0.00, 0.00, 0.00, 0, '', 2, 0, '0000-00-00 00:00:00', NULL, NULL, NULL, '1'),
(21, '8210e8e7-947d-11eb-aa1b-06d48d72463a', 48, 0, 0, 0, 0.00, 'Not Set', NULL, 0.00, NULL, NULL, '', 0.00, 0.00, 0.00, 0, '', 2, 0, '0000-00-00 00:00:00', NULL, NULL, NULL, '1'),
(22, 'f665b154-9479-11eb-aa1b-06d48d72463a', 49, 0, 0, 0, 0.00, 'Not Set', NULL, 0.00, NULL, NULL, '', 0.00, 0.00, 0.00, 0, '', 2, 0, '0000-00-00 00:00:00', NULL, NULL, NULL, '1'),
(23, '0db1c522-9444-11eb-aa1b-06d48d72463a', 61, 0, 2, 0, 0.00, '', NULL, 0.00, NULL, NULL, '', 0.00, 0.00, 0.00, 0, '', 2, 0, '0000-00-00 00:00:00', 'pvt', NULL, NULL, '1'),
(24, '0eddf666-943b-11eb-aa1b-06d48d72463a', 62, 0, 2, 0, 0.00, '', NULL, 0.00, NULL, NULL, '', 0.00, 0.00, 0.00, 0, '', 2, 0, '0000-00-00 00:00:00', 'pvt', NULL, NULL, '1'),
(25, '0db1c522-9444-11eb-aa1b-06d48d72463a', 61, 0, 2, 200, 200.00, 'Not Set', 'SDC', 0.00, '', 2, '', 0.00, 0.00, 0.00, 0, '', 2, 0, '0000-00-00 00:00:00', NULL, 4, 4, '1'),
(26, 'b307fd1a-942f-11eb-aa1b-06d48d72463a', 63, 0, 0, 0, 0.00, 'Not Set', NULL, 0.00, NULL, NULL, '', 0.00, 0.00, 0.00, 0, '', 2, 0, '0000-00-00 00:00:00', NULL, NULL, NULL, '1'),
(27, 'cae8eda7-9369-11eb-aa1b-06d48d72463a', 64, 0, 2, 200, 200.00, 'Waived', 'SDC', 0.00, 'Family Person', 2, 'Testing', 0.00, 0.00, 0.00, 0, '', 2, 0, '0000-00-00 00:00:00', NULL, 4, 1, '1'),
(28, '7c3e63b9-9367-11eb-aa1b-06d48d72463a', 65, 0, 2, 200, 200.00, 'Waived', 'SDC', 0.00, 'Dr kushal ne bola tah', 2, 'fdfd', 0.00, 0.00, 0.00, 0, '', 2, 0, '0000-00-00 00:00:00', NULL, 4, 1, '1'),
(29, 'db45854a-920d-11eb-aa1b-06d48d72463a', 66, 0, 2, 200, 200.00, 'Waived', 'SDC', 0.00, 'industry\'s standard dummy', 2, 'is simply dummy text of the printing and typesetting industry.', 0.00, 0.00, 0.00, 0, '', 2, 0, '0000-00-00 00:00:00', NULL, 1, 1, '1'),
(30, 'aa323d1e-920e-11eb-aa1b-06d48d72463a', 67, 0, 2, 200, 200.00, 'Not Set', 'SDC', 0.00, '', 2, 'is simply dummy text of the printing and typesetting industry. Lorem Ipsum has been the industry\'s standard dummy', 0.00, 0.00, 0.00, 0, '', 2, 0, '0000-00-00 00:00:00', NULL, 4, 1, '1'),
(31, '3902554f-afd5-11eb-aa1b-06d48d72463a', 9, 0, 2, 200, 200.00, 'Not Set', 'SDC', 0.00, '', 2, 'testing123', 0.00, 0.00, 0.00, 0, '', 2, 0, '0000-00-00 00:00:00', NULL, 4, 1, '1'),
(32, '99ed9b5f-1191-11ec-bab6-025f708e58f2', 70, 0, 2, 0, 0.00, '', NULL, 0.00, NULL, NULL, '', 0.00, 0.00, 0.00, 0, '', 2, 0, '0000-00-00 00:00:00', 'pvt', NULL, NULL, '1'),
(33, 'ebe80a85-118c-11ec-bab6-025f708e58f2', 71, 0, 2, 0, 0.00, '', NULL, 0.00, NULL, NULL, '', 0.00, 0.00, 0.00, 0, '', 2, 0, '0000-00-00 00:00:00', 'pvt', NULL, NULL, '1'),
(34, '949af7d3-0f28-11ec-bab6-025f708e58f2', 72, 0, 2, 0, 0.00, '', NULL, 0.00, NULL, NULL, '', 0.00, 0.00, 0.00, 0, '', 2, 0, '0000-00-00 00:00:00', 'pvt', NULL, NULL, '1'),
(35, '949af7d3-0f28-11ec-bab6-025f708e58f2', 72, 0, 2, 200, 200.00, 'Not Set', 'SDC', 0.00, '', 2, '', 0.00, 0.00, 0.00, 0, '', 2, 0, '0000-00-00 00:00:00', NULL, 4, 4, '1'),
(36, '99ed9b5f-1191-11ec-bab6-025f708e58f2', 70, 0, 2, 200, 200.00, 'Not Set', 'SDC', 0.00, '', 2, '', 0.00, 0.00, 0.00, 0, '', 2, 0, '0000-00-00 00:00:00', NULL, 4, 4, '1'),
(37, 'ebe80a85-118c-11ec-bab6-025f708e58f2', 71, 0, 2, 200, 200.00, 'Not Set', 'SDC', 0.00, '', 2, '', 0.00, 0.00, 0.00, 0, '', 2, 0, '0000-00-00 00:00:00', NULL, 4, 4, '1'),
(38, '4ab2ff04-9454-11eb-aa1b-06d48d72463a', 73, 0, 2, 200, 200.00, 'Not Set', 'SDC', 0.00, '', 2, '', 0.00, 0.00, 0.00, 0, '', 2, 0, '0000-00-00 00:00:00', NULL, 4, 4, '1'),
(39, '4ab2ff04-9454-11eb-aa1b-06d48d72463a', 73, 0, 2, 0, 0.00, 'Not Set', NULL, 0.00, NULL, NULL, '', 0.00, 0.00, 0.00, 0, 'added d medsss', 2, 0, '0000-00-00 00:00:00', NULL, NULL, NULL, '1'),
(40, '69d63034-942d-11eb-aa1b-06d48d72463a', 74, 0, 2, 0, 0.00, 'Not Set', NULL, 0.00, NULL, NULL, '', 0.00, 0.00, 0.00, 0, '', 2, 0, '0000-00-00 00:00:00', NULL, NULL, NULL, '1'),
(41, '09b73b84-942d-11eb-aa1b-06d48d72463a', 75, 0, 2, 200, 200.00, 'Not Set', 'SDC', 0.00, '', 2, '', 2.00, 0.00, 22.00, 0, '', 2, 0, '0000-00-00 00:00:00', NULL, 4, 4, '1'),
(42, '425bb595-93c8-11eb-aa1b-06d48d72463a', 76, 0, 2, 200, 200.00, 'Waived', 'SDC', 0.00, 'remove con', 1, '', 20.00, 0.00, 0.00, 0, '', 2, 0, '0000-00-00 00:00:00', NULL, 4, 4, '1'),
(43, 'e6a9f27c-19fb-11ec-9d84-025f708e58f2', 69, 0, 2, 200, 200.00, 'Waived', 'SDC', 0.00, 'by doctor at checkout', 2, '', 0.00, 0.00, 0.00, 0, '', 2, 0, '0000-00-00 00:00:00', NULL, 4, 4, '1'),
(44, '5f96a1c2-93b2-11eb-aa1b-06d48d72463a', 85, 0, 2, 200, 200.00, 'Not Set', 'SDC', 0.00, '', 2, '', 0.00, 0.00, 0.00, 0, 'random', 2, 0, '0000-00-00 00:00:00', NULL, 2, 2, '1'),
(45, 'a3f8d8a9-93b1-11eb-aa1b-06d48d72463a', 86, 0, 2, 200, 200.00, 'Discount Category', 'SDC', 100.00, '', 2, '', 0.00, 0.00, 0.00, 0, '', 2, 0, '0000-00-00 00:00:00', NULL, 2, 2, '1'),
(46, 'd1e3b701-93b0-11eb-aa1b-06d48d72463a', 87, 0, 2, 0, 0.00, 'Not Set', NULL, 0.00, NULL, NULL, '', 0.00, 0.00, 0.00, 0, '', 2, 0, '0000-00-00 00:00:00', NULL, NULL, NULL, '1'),
(47, 'b65d5ae3-afd5-11eb-aa1b-06d48d72463a', 10, 0, 2, 200, 200.00, 'Discount Category', 'SDC', 100.00, '', 1, 'It is a long established fact.', 20.00, 0.00, 140.00, 0, 'No Changes', 2, 0, '0000-00-00 00:00:00', NULL, 4, 1, '1'),
(48, 'a3f8d8a9-93b1-11eb-aa1b-06d48d72463a', 90, 0, 2, 200, 200.00, 'Discount Category', 'SDC', 100.00, '', 2, '', 0.00, 0.00, 0.00, 86, '', 2, 0, '0000-00-00 00:00:00', NULL, 2, 2, '1'),
(49, 'a5b029d0-179a-11ec-9d84-025f708e58f2', 91, 0, 2, 200, 200.00, 'Not Set', 'SDC', 0.00, '', 2, '', 0.00, 0.00, 0.00, 0, '', 2, 0, '0000-00-00 00:00:00', NULL, 2, 2, '1'),
(50, 'b6486511-afd2-11eb-aa1b-06d48d72463a', 96, 0, 2, 200, 200.00, 'Not Set', 'SDC', 0.00, '', 2, '', 0.00, 0.00, 0.00, 0, '', 2, 0, '0000-00-00 00:00:00', NULL, 2, 2, '1'),
(51, 'c085da51-db19-11eb-a2d6-025f708e58f2', 95, 0, 2, 200, 200.00, 'Discount Category', 'SDC', 100.00, '', 2, '', 0.00, 0.00, 0.00, 0, '', 2, 0, '0000-00-00 00:00:00', NULL, 2, 2, '1'),
(52, 'c95845b8-0955-11ec-bab6-025f708e58f2', 94, 0, 2, 0, 0.00, 'Not Set', NULL, 0.00, NULL, NULL, '', 0.00, 0.00, 0.00, 0, '', 2, 0, '0000-00-00 00:00:00', NULL, NULL, NULL, '1'),
(53, '1cd25332-9488-11eb-aa1b-06d48d72463a', 97, 0, 2, 200, 200.00, 'Not Set', 'SDC', 0.00, '', 2, '', 2.00, 0.00, 38.00, 0, '', 2, 0, '0000-00-00 00:00:00', NULL, 2, 2, '1'),
(54, 'a14b9513-ce6f-11eb-a2d6-025f708e58f2', 98, 0, 3, 100, 100.00, 'Not Set', 'SDC', 0.00, '', 3, '', 2.00, 0.00, 9.00, 0, '', 3, 0, '0000-00-00 00:00:00', NULL, 2, 2, '1'),
(55, '949af7d3-0f28-11ec-bab6-025f708e58f2', 92, 0, 2, 200, 200.00, 'Discount Category', 'SDC', 100.00, '', 2, '', 0.00, 0.00, 0.00, 0, '', 2, 0, '0000-00-00 00:00:00', NULL, 2, 2, '1'),
(56, '542c00c0-9383-11eb-aa1b-06d48d72463a', 105, 0, 2, 200, 200.00, 'Not Set', 'SDC', 0.00, '', 2, '', 0.00, 0.00, 0.00, 0, '', 2, 0, '0000-00-00 00:00:00', NULL, 2, 2, '1'),
(57, '74ac520e-9383-11eb-aa1b-06d48d72463a', 104, 0, 2, 200, 200.00, 'Not Set', 'SDC', 0.00, '', 2, '', 0.00, 0.00, 0.00, 0, '', 2, 0, '0000-00-00 00:00:00', NULL, 2, 2, '1'),
(58, '50b6c673-9385-11eb-aa1b-06d48d72463a', 103, 0, 2, 200, 200.00, 'Not Set', 'SDC', 0.00, '', 2, 'Keep medicine ready ', 2.00, 0.00, 7.00, 0, '', 2, 0, '0000-00-00 00:00:00', NULL, 2, 2, '1'),
(59, 'b79f60e2-9385-11eb-aa1b-06d48d72463a', 102, 0, 2, 200, 200.00, 'Not Set', 'SDC', 0.00, '', 2, '', 3.00, 0.00, 48.00, 0, '', 2, 0, '0000-00-00 00:00:00', NULL, 2, 2, '1'),
(60, '4d04a34d-9386-11eb-aa1b-06d48d72463a', 101, 0, 2, 200, 200.00, 'Not Set', 'SDC', 0.00, '', 2, 'test', 3.00, 0.00, 33.00, 0, '', 2, 0, '0000-00-00 00:00:00', NULL, 2, 2, '1'),
(61, '4d04a34d-9386-11eb-aa1b-06d48d72463a', 101, 0, 2, 0, 0.00, 'Not Set', NULL, 0.00, NULL, NULL, 'test at edit', 0.00, 0.00, 0.00, 0, 'asdasdasd', 2, 0, '0000-00-00 00:00:00', NULL, NULL, NULL, '1'),
(62, '789b71c1-9386-11eb-aa1b-06d48d72463a', 100, 0, 2, 200, 200.00, 'Not Set', 'SDC', 0.00, '', 2, '', 2.00, 0.00, 14.00, 0, '', 2, 0, '0000-00-00 00:00:00', NULL, 2, 2, '1'),
(63, '789b71c1-9386-11eb-aa1b-06d48d72463a', 100, 0, 2, 0, 0.00, 'Not Set', NULL, 0.00, NULL, NULL, '', 0.00, 0.00, 0.00, 0, '2 fac up', 2, 0, '0000-00-00 00:00:00', NULL, NULL, NULL, '1'),
(64, 'ed62b19f-9386-11eb-aa1b-06d48d72463a', 99, 0, 2, 200, 200.00, 'Not Set', 'SDC', 0.00, '', 2, '', 0.00, 0.00, 0.00, 0, '', 2, 0, '0000-00-00 00:00:00', NULL, 2, 2, '1'),
(65, 'ed62b19f-9386-11eb-aa1b-06d48d72463a', 99, 0, 2, 0, 0.00, 'Not Set', 'SDC', 0.00, NULL, 2, '', 0.00, 0.00, 0.00, 0, 'asdasdasd', 2, 0, '0000-00-00 00:00:00', NULL, NULL, NULL, '1'),
(66, 'f4f63f85-947e-11eb-aa1b-06d48d72463a', 107, 0, 2, 200, 200.00, 'Not Set', 'SDC', 0.00, '', 2, '', 0.00, 0.00, 0.00, 0, '', 2, 0, '0000-00-00 00:00:00', NULL, 2, 2, '1'),
(67, '5f96a1c2-93b2-11eb-aa1b-06d48d72463a', 112, 0, 3, 0, 0.00, '', NULL, 0.00, NULL, NULL, '', 0.00, 0.00, 0.00, 0, '', 2, 0, '0000-00-00 00:00:00', 'pvt', NULL, NULL, '1'),
(68, 'a3f8d8a9-93b1-11eb-aa1b-06d48d72463a', 113, 0, 3, 0, 0.00, '', NULL, 0.00, NULL, NULL, '', 0.00, 0.00, 0.00, 0, '', 2, 0, '0000-00-00 00:00:00', 'pvt', NULL, NULL, '1'),
(69, 'd1e3b701-93b0-11eb-aa1b-06d48d72463a', 114, 0, 3, 0, 0.00, '', NULL, 0.00, NULL, NULL, '', 0.00, 0.00, 0.00, 0, '', 2, 0, '0000-00-00 00:00:00', 'cns', NULL, NULL, '1'),
(70, '255c96af-93b0-11eb-aa1b-06d48d72463a', 116, 0, 3, 0, 0.00, '', NULL, 0.00, NULL, NULL, '', 0.00, 0.00, 0.00, 0, '', 2, 0, '0000-00-00 00:00:00', 'ecs', NULL, NULL, '1');

-- --------------------------------------------------------

--
-- Table structure for table `cl_billing_patient_charge`
--

CREATE TABLE IF NOT EXISTS `cl_billing_patient_charge` (
  `id` int UNSIGNED NOT NULL AUTO_INCREMENT,
  `patient_id` char(36) CHARACTER SET utf8 COLLATE utf8_unicode_ci NOT NULL,
  `appointment_id` int UNSIGNED NOT NULL,
  `billing_id` int UNSIGNED NOT NULL,
  `charge_amount` double(8,2) NOT NULL,
  `charge_name` varchar(200) CHARACTER SET utf8 COLLATE utf8_unicode_ci NOT NULL,
  `charge_code` varchar(10) CHARACTER SET utf8 COLLATE utf8_unicode_ci DEFAULT NULL,
  `created_by` int NOT NULL,
  `creation_date` timestamp NOT NULL DEFAULT CURRENT_TIMESTAMP ON UPDATE CURRENT_TIMESTAMP,
  `modified_by` int NOT NULL,
  `modification_date` timestamp NOT NULL DEFAULT '0000-00-00 00:00:00',
  `status` enum('0','1','2') CHARACTER SET utf8 COLLATE utf8_unicode_ci NOT NULL DEFAULT '1',
  PRIMARY KEY (`id`),
  KEY `billing_patient_charge_billing_id_foreign` (`billing_id`),
  KEY `billing_id` (`billing_id`,`appointment_id`,`patient_id`)
) ENGINE=InnoDB AUTO_INCREMENT=39 DEFAULT CHARSET=utf8mb3 COLLATE=utf8_unicode_ci;

--
-- Dumping data for table `cl_billing_patient_charge`
--

INSERT INTO `cl_billing_patient_charge` (`id`, `patient_id`, `appointment_id`, `billing_id`, `charge_amount`, `charge_name`, `charge_code`, `created_by`, `modified_by`, `modification_date`, `status`) VALUES
(5, '4ab2ff04-9454-11eb-aa1b-06d48d72463a', 33, 14, 1200.00, 'E-Consultation', 'ecs', 2, 0, '0000-00-00 00:00:00', '1'),
(6, '4ab2ff04-9454-11eb-aa1b-06d48d72463a', 33, 14, 2500.00, 'Patient Visit', 'pvt', 2, 0, '0000-00-00 00:00:00', '1'),
(7, '4ab2ff04-9454-11eb-aa1b-06d48d72463a', 33, 14, 10.00, 'Carry Bag', 'CAB', 2, 0, '0000-00-00 00:00:00', '1'),
(8, '4ab2ff04-9454-11eb-aa1b-06d48d72463a', 33, 14, 200.00, 'other', 'OTH', 2, 0, '0000-00-00 00:00:00', '1'),
(13, 'cae8eda7-9369-11eb-aa1b-06d48d72463a', 64, 27, 200.00, 'Courier NCR', 'BD', 2, 0, '0000-00-00 00:00:00', '1'),
(14, 'cae8eda7-9369-11eb-aa1b-06d48d72463a', 64, 27, 500.00, 'Courier - National', 'DBD', 2, 0, '0000-00-00 00:00:00', '1'),
(15, '7c3e63b9-9367-11eb-aa1b-06d48d72463a', 65, 28, 200.00, 'Courier NCR', 'BD', 2, 0, '0000-00-00 00:00:00', '1'),
(16, '7c3e63b9-9367-11eb-aa1b-06d48d72463a', 65, 28, 500.00, 'Courier - National', 'DBD', 2, 0, '0000-00-00 00:00:00', '1'),
(17, 'db45854a-920d-11eb-aa1b-06d48d72463a', 66, 29, 200.00, 'Courier NCR', 'BD', 2, 0, '0000-00-00 00:00:00', '1'),
(18, 'db45854a-920d-11eb-aa1b-06d48d72463a', 66, 29, 400.00, 'UK Shipping Charge', 'ukc', 2, 0, '0000-00-00 00:00:00', '1'),
(19, '3902554f-afd5-11eb-aa1b-06d48d72463a', 9, 31, 200.00, 'Courier NCR', 'BD', 2, 0, '0000-00-00 00:00:00', '1'),
(20, '3902554f-afd5-11eb-aa1b-06d48d72463a', 9, 31, 500.00, 'Courier - National', 'DBD', 2, 0, '0000-00-00 00:00:00', '1'),
(21, 'a3f8d8a9-93b1-11eb-aa1b-06d48d72463a', 86, 45, 200.00, 'Demo Charge', 'dcc', 2, 0, '0000-00-00 00:00:00', '1'),
(23, 'a3f8d8a9-93b1-11eb-aa1b-06d48d72463a', 90, 48, 1200.00, 'E-Consultation', 'ecs', 2, 0, '0000-00-00 00:00:00', '1'),
(26, '1cd25332-9488-11eb-aa1b-06d48d72463a', 97, 53, 1200.00, 'E-Consultation', 'ecs', 2, 0, '0000-00-00 00:00:00', '1'),
(27, '1cd25332-9488-11eb-aa1b-06d48d72463a', 97, 53, 250.00, 'Extras', 'EXT', 2, 0, '0000-00-00 00:00:00', '1'),
(30, 'b65d5ae3-afd5-11eb-aa1b-06d48d72463a', 10, 47, 200.00, 'Courier NCR', 'BD', 1, 0, '0000-00-00 00:00:00', '1'),
(31, 'b65d5ae3-afd5-11eb-aa1b-06d48d72463a', 10, 47, 500.00, 'Courier - National', 'DBD', 1, 0, '0000-00-00 00:00:00', '1'),
(34, '949af7d3-0f28-11ec-bab6-025f708e58f2', 92, 55, 1200.00, 'E-Consultation', 'ecs', 2, 0, '0000-00-00 00:00:00', '1'),
(35, '949af7d3-0f28-11ec-bab6-025f708e58f2', 92, 55, 250.00, 'Extras', 'EXT', 2, 0, '0000-00-00 00:00:00', '1'),
(36, 'b79f60e2-9385-11eb-aa1b-06d48d72463a', 102, 59, 500.00, 'Courier - National', 'DBD', 2, 0, '0000-00-00 00:00:00', '1'),
(37, '3902554f-afd5-11eb-aa1b-06d48d72463a', 17, 10, 200.00, 'Courier NCR', 'BD', 1, 0, '0000-00-00 00:00:00', '1'),
(38, '3902554f-afd5-11eb-aa1b-06d48d72463a', 17, 10, 500.00, 'Courier - National', 'DBD', 1, 0, '0000-00-00 00:00:00', '1');

-- --------------------------------------------------------

--
-- Table structure for table `cl_branches`
--

CREATE TABLE IF NOT EXISTS `cl_branches` (
  `id` int UNSIGNED NOT NULL AUTO_INCREMENT,
  `title` varchar(250) CHARACTER SET utf8 COLLATE utf8_unicode_ci NOT NULL,
  `branch_code` varchar(10) CHARACTER SET utf8 COLLATE utf8_unicode_ci NOT NULL,
  `city_id` int UNSIGNED DEFAULT NULL,
  `state_id` int UNSIGNED DEFAULT NULL,
  `country_id` int UNSIGNED DEFAULT NULL,
  `fullname` varchar(250) CHARACTER SET utf8 COLLATE utf8_unicode_ci NOT NULL,
  `ordering` int NOT NULL,
  `created_by` int NOT NULL,
  `creation_date_on` timestamp NOT NULL DEFAULT CURRENT_TIMESTAMP,
  `modified_by` int NOT NULL,
  `modification_date` timestamp NOT NULL DEFAULT '0000-00-00 00:00:00',
  `status` enum('0','1','2') CHARACTER SET utf8 COLLATE utf8_unicode_ci NOT NULL DEFAULT '1',
  PRIMARY KEY (`id`),
  KEY `branch_code` (`branch_code`),
  KEY `title` (`title`)
) ENGINE=InnoDB AUTO_INCREMENT=6 DEFAULT CHARSET=utf8mb3 COLLATE=utf8_unicode_ci;

--
-- Dumping data for table `cl_branches`
--

INSERT INTO `cl_branches` (`id`, `title`, `branch_code`, `city_id`, `state_id`, `country_id`, `fullname`, `ordering`, `created_by`, `creation_date_on`, `modified_by`, `modification_date`, `status`) VALUES
(1, 'CRP1', 'D', NULL, NULL, NULL, 'I - 1691, Chittaranjan Park, New Delhi', 0, 0, '2019-08-21 06:45:11', 0, '2021-10-29 08:51:21', '1'),
(2, 'GGN', 'G', NULL, NULL, NULL, 'Gurgaon Branch', 0, 0, '2019-08-21 06:45:11', 0, '2021-08-21 05:51:22', '1'),
(3, 'CRP2', 'D2', NULL, NULL, NULL, '', 0, 0, '2019-08-21 06:45:11', 0, '2021-08-21 05:52:04', '1'),
(4, 'Noida', 'N', NULL, NULL, NULL, '', 0, 0, '2019-08-21 06:45:11', 0, '2021-08-21 05:51:42', '1'),
(5, 'BLR1', 'BLR', NULL, NULL, NULL, 'Bangalore Clinic 1', 0, 0, '2021-02-05 17:27:50', 0, '2021-08-21 05:52:28', '1');

-- --------------------------------------------------------

--
-- Table structure for table `cl_branch_shifts`
--

CREATE TABLE IF NOT EXISTS `cl_branch_shifts` (
  `id` int NOT NULL AUTO_INCREMENT,
  `branch_id` int NOT NULL,
  `morning_shift_start` time DEFAULT NULL,
  `morning_shift_end` time DEFAULT NULL,
  `morning_charity_status` int NOT NULL,
  `evening_shift_start` time DEFAULT NULL,
  `evening_shift_end` time DEFAULT NULL,
  `evening_charity_status` int NOT NULL,
  `status` int NOT NULL,
  PRIMARY KEY (`id`)
) ENGINE=InnoDB AUTO_INCREMENT=10 DEFAULT CHARSET=latin1;

--
-- Dumping data for table `cl_branch_shifts`
--

INSERT INTO `cl_branch_shifts` (`id`, `branch_id`, `morning_shift_start`, `morning_shift_end`, `morning_charity_status`, `evening_shift_start`, `evening_shift_end`, `evening_charity_status`, `status`) VALUES
(1, 1, '09:00:00', '13:00:00', 0, '16:00:00', '19:00:00', 1, 1),
(2, 2, '10:00:00', '13:00:00', 0, '14:00:00', '19:00:00', 0, 1),
(4, 3, '09:00:00', '13:00:00', 0, '14:00:00', '19:00:00', 1, 1),
(5, 4, '09:00:00', '13:00:00', 0, '14:00:00', '19:00:00', 1, 1),
(9, 5, '10:00:00', '13:00:00', 0, '14:00:00', '19:00:00', 0, 1);

-- --------------------------------------------------------

--
-- Table structure for table `cl_cancelled_appointment`
--

CREATE TABLE IF NOT EXISTS `cl_cancelled_appointment` (
  `id` int NOT NULL AUTO_INCREMENT,
  `patient_registration_number` varchar(36) CHARACTER SET utf8 COLLATE utf8_unicode_ci NOT NULL,
  `appointment_id` int NOT NULL,
  `doctor_id` char(36) CHARACTER SET utf8 COLLATE utf8_unicode_ci NOT NULL,
  `branch_id` int NOT NULL,
  `notes` text CHARACTER SET utf8 COLLATE utf8_unicode_ci NOT NULL,
  `appointment_dateTime` datetime NOT NULL,
  `created_by` int NOT NULL,
  `creation_date` datetime NOT NULL,
  `modified_by` char(36) CHARACTER SET utf8 COLLATE utf8_unicode_ci NOT NULL,
  `modification_date` datetime NOT NULL,
  PRIMARY KEY (`id`),
  KEY `doctor_id` (`doctor_id`),
  KEY `patient_id_2` (`patient_registration_number`),
  KEY `patient_id` (`doctor_id`,`patient_registration_number`) USING BTREE,
  KEY `appointment_id` (`appointment_id`)
) ENGINE=InnoDB AUTO_INCREMENT=316 DEFAULT CHARSET=utf8mb3 COLLATE=utf8_unicode_ci;

--
-- Dumping data for table `cl_cancelled_appointment`
--

INSERT INTO `cl_cancelled_appointment` (`id`, `patient_registration_number`, `appointment_id`, `doctor_id`, `branch_id`, `notes`, `appointment_dateTime`, `created_by`, `creation_date`, `modified_by`, `modification_date`) VALUES
(1, 'a14b9513-ce6f-11eb-a2d6-025f708e58f2', 0, '4', 1, 'dsffd', '2021-07-03 17:29:00', 1, '2021-07-03 17:31:44', '', '0000-00-00 00:00:00'),
(2, 'cd876c9b-9480-11eb-aa1b-06d48d72463a', 78, '2', 5, 'qw', '2021-07-08 10:00:00', 0, '2021-07-08 12:07:18', '', '0000-00-00 00:00:00'),
(3, '1cd25332-9488-11eb-aa1b-06d48d72463a', 86, '2', 5, 'safsdf', '2021-07-08 10:22:00', 0, '2021-07-08 14:00:24', '', '0000-00-00 00:00:00'),
(4, '074203a1-947e-11eb-aa1b-06d48d72463a', 90, '2', 5, 'gvdfg', '2021-07-08 14:29:00', 0, '2021-07-08 17:09:48', '', '0000-00-00 00:00:00'),
(5, '4669bf31-946b-11eb-aa1b-06d48d72463a', 99, '2', 5, 'fdf', '2021-07-08 17:43:00', 0, '2021-07-08 18:17:58', '', '0000-00-00 00:00:00'),
(6, 'ffb5cd73-946a-11eb-aa1b-06d48d72463a', 100, '2', 5, 'sdfsdf', '2021-07-08 17:44:00', 0, '2021-07-08 18:18:05', '', '0000-00-00 00:00:00'),
(7, '13e21092-947f-11eb-aa1b-06d48d72463a', 88, '2', 5, 'sdfsdf', '2021-07-08 14:18:00', 0, '2021-07-08 18:18:24', '', '0000-00-00 00:00:00'),
(8, '887a8778-946b-11eb-aa1b-06d48d72463a', 96, '2', 5, 'aaaaa', '2021-07-08 16:56:00', 0, '2021-07-08 18:19:00', '', '0000-00-00 00:00:00'),
(9, '1cd25332-9488-11eb-aa1b-06d48d72463a', 0, '2', 5, 'wrwedfgdgdfg', '2021-07-08 10:22:00', 2, '2021-07-08 18:19:41', '', '0000-00-00 00:00:00'),
(10, '4669bf31-946b-11eb-aa1b-06d48d72463a', 0, '2', 5, 'sdfsdf', '2021-07-08 17:43:00', 2, '2021-07-08 18:19:53', '', '0000-00-00 00:00:00'),
(11, '074203a1-947e-11eb-aa1b-06d48d72463a', 0, '2', 5, 'dsfsdfsdf', '2021-07-08 14:29:00', 2, '2021-07-08 18:20:00', '', '0000-00-00 00:00:00'),
(12, '59754702-9480-11eb-aa1b-06d48d72463a', 0, '2', 5, 'asdfsdfsdfzsdf', '2021-07-08 11:25:00', 2, '2021-07-08 18:20:08', '', '0000-00-00 00:00:00'),
(13, '887a8778-946b-11eb-aa1b-06d48d72463a', 0, '2', 5, 'asdfsfsdf', '2021-07-08 16:56:00', 2, '2021-07-08 18:20:15', '', '0000-00-00 00:00:00'),
(14, '13e21092-947f-11eb-aa1b-06d48d72463a', 0, '2', 5, 'sdafsdfsdf', '2021-07-08 14:18:00', 2, '2021-07-08 18:20:23', '', '0000-00-00 00:00:00'),
(15, '94e390b8-9398-11eb-aa1b-06d48d72463a', 0, '2', 5, 'tfgjh', '2021-07-12 00:00:00', 2, '2021-07-12 17:54:27', '', '0000-00-00 00:00:00'),
(16, '8201b9c5-93a1-11eb-aa1b-06d48d72463a', 0, '2', 5, 'ghjfghfgh', '2021-07-12 00:00:00', 2, '2021-07-12 17:54:36', '', '0000-00-00 00:00:00'),
(17, '636c5ab6-93c0-11eb-aa1b-06d48d72463a', 139, '2', 5, 'tyjfgyjhfg', '2021-07-12 00:00:00', 2, '2021-07-12 17:59:24', '', '0000-00-00 00:00:00'),
(18, '40560469-9452-11eb-aa1b-06d48d72463a', 0, '2', 5, 'htfghthg', '2021-07-14 12:00:00', 2, '2021-07-13 16:09:52', '', '0000-00-00 00:00:00'),
(19, 'c085da51-db19-11eb-a2d6-025f708e58f2', 0, '2', 5, 'fghtfhtg', '2021-07-13 14:42:00', 2, '2021-07-13 16:12:15', '', '0000-00-00 00:00:00'),
(20, 'b65d5ae3-afd5-11eb-aa1b-06d48d72463a', 131, '2', 5, 'rgergerg', '2021-07-14 12:00:00', 0, '2021-07-13 19:08:01', '', '0000-00-00 00:00:00'),
(21, '6fe28371-9469-11eb-aa1b-06d48d72463a', 140, '2', 5, 'erfgregerfg', '2021-07-13 11:34:00', 0, '2021-07-13 19:08:40', '', '0000-00-00 00:00:00'),
(22, '6fe28371-9469-11eb-aa1b-06d48d72463a', 0, '2', 5, 'erfgergv', '2021-07-13 11:34:00', 2, '2021-07-13 19:09:03', '', '0000-00-00 00:00:00'),
(23, '10550f30-9445-11eb-aa1b-06d48d72463a', 0, '', 5, 'rfreferf', '2021-07-13 07:50:05', 2, '2021-07-13 19:09:12', '', '0000-00-00 00:00:00'),
(24, '2e4e9c83-9441-11eb-aa1b-06d48d72463a', 0, '', 5, 'erfgerferfwerf', '2021-07-13 07:54:30', 2, '2021-07-13 19:09:19', '', '0000-00-00 00:00:00'),
(25, '90c9bac0-943b-11eb-aa1b-06d48d72463a', 0, '', 5, 'wrfwrfwerf', '2021-07-13 07:55:31', 2, '2021-07-13 19:09:27', '', '0000-00-00 00:00:00'),
(26, '2b3706ee-93a2-11eb-aa1b-06d48d72463a', 179, '2', 1, 'dgf', '2021-07-15 09:00:00', 0, '2021-07-16 00:00:43', '', '0000-00-00 00:00:00'),
(27, '43d6c9ed-9486-11eb-aa1b-06d48d72463a', 199, '2', 5, 'fffdddd', '2021-07-16 13:22:00', 0, '2021-07-16 13:25:34', '', '0000-00-00 00:00:00'),
(28, '1e8031e5-9368-11eb-aa1b-06d48d72463a', 154, '2', 5, 'fdgdfgfdgfdg', '2021-07-14 10:40:00', 0, '2021-07-16 13:32:51', '', '0000-00-00 00:00:00'),
(29, 'd08f77dd-93b8-11eb-aa1b-06d48d72463a', 176, '2', 5, 'fcfdgfdhy', '2021-07-15 09:58:00', 0, '2021-07-16 13:37:32', '', '0000-00-00 00:00:00'),
(30, 'ec983631-9367-11eb-aa1b-06d48d72463a', 155, '2', 5, 'rtrtrtrtrtt', '2021-07-14 10:50:00', 2, '2021-07-16 13:41:36', '', '0000-00-00 00:00:00'),
(31, 'b65d5ae3-afd5-11eb-aa1b-06d48d72463a', 0, '2', 1, 'hfhgfhgf', '2021-07-16 11:00:00', 1, '2021-07-16 13:42:39', '', '0000-00-00 00:00:00'),
(32, 'cb745e9d-93bb-11eb-aa1b-06d48d72463a', 175, '2', 5, 'sumit chodhary', '2021-07-15 09:58:00', 2, '2021-07-16 13:44:09', '', '0000-00-00 00:00:00'),
(33, 'b6642d52-947e-11eb-aa1b-06d48d72463a', 0, '2', 5, 'dfesdgfdhgfdh', '2021-07-08 14:23:00', 2, '2021-07-16 17:54:07', '', '0000-00-00 00:00:00'),
(34, '636c5ab6-93c0-11eb-aa1b-06d48d72463a', 0, '2', 5, 'dfdxfszfs', '2021-07-12 00:00:00', 2, '2021-07-16 17:54:17', '', '0000-00-00 00:00:00'),
(35, 'cb745e9d-93bb-11eb-aa1b-06d48d72463a', 0, '2', 5, 'fdgdfgfdggf', '2021-07-15 09:58:00', 2, '2021-07-16 18:11:39', '', '0000-00-00 00:00:00'),
(36, '01f9176b-93ac-11eb-aa1b-06d48d72463a', 0, '2', 5, 'dgdsfsdfds', '2021-07-08 18:29:00', 2, '2021-07-16 18:11:58', '', '0000-00-00 00:00:00'),
(37, 'd08f77dd-93b8-11eb-aa1b-06d48d72463a', 0, '2', 5, 'sadsafsdfdsf', '2021-07-15 09:58:00', 2, '2021-07-16 18:12:15', '', '0000-00-00 00:00:00'),
(38, '7994d0f5-9367-11eb-aa1b-06d48d72463a', 0, '2', 5, 'dsfdsgdsfg', '2021-07-14 10:08:00', 2, '2021-07-16 18:12:23', '', '0000-00-00 00:00:00'),
(39, '396f46bd-93ac-11eb-aa1b-06d48d72463a', 0, '2', 5, 'xzcsfdsf', '2021-07-08 18:28:00', 2, '2021-07-16 18:12:33', '', '0000-00-00 00:00:00'),
(40, 'b65d5ae3-afd5-11eb-aa1b-06d48d72463a', 0, '2', 5, 'vdfdsfdszf', '2021-07-14 12:00:00', 2, '2021-07-16 18:12:44', '', '0000-00-00 00:00:00'),
(41, '1e8031e5-9368-11eb-aa1b-06d48d72463a', 0, '2', 5, 'dsfesfesfesfef', '2021-07-14 10:40:00', 2, '2021-07-16 18:12:52', '', '0000-00-00 00:00:00'),
(42, '1c407649-93bd-11eb-aa1b-06d48d72463a', 0, '2', 5, 'tetrdtrdtr', '2021-07-15 09:58:00', 2, '2021-07-16 18:13:02', '', '0000-00-00 00:00:00'),
(43, '4f9d4fdd-93a0-11eb-aa1b-06d48d72463a', 0, '2', 5, 'jytyudhtdstr', '2021-07-10 13:25:00', 2, '2021-07-16 18:13:11', '', '0000-00-00 00:00:00'),
(44, '16466e29-93a6-11eb-aa1b-06d48d72463a', 0, '2', 5, 'jtjyfhtdsrf', '2021-07-09 11:26:00', 2, '2021-07-16 18:13:19', '', '0000-00-00 00:00:00'),
(45, 'cd6334f5-93ac-11eb-aa1b-06d48d72463a', 0, '2', 5, 'kuyudgtfsfd', '2021-07-08 18:27:00', 2, '2021-07-16 18:13:29', '', '0000-00-00 00:00:00'),
(46, '1444b977-93af-11eb-aa1b-06d48d72463a', 0, '2', 5, 'lkikujfhtgsdf', '2021-07-08 18:27:00', 2, '2021-07-16 18:13:39', '', '0000-00-00 00:00:00'),
(47, 'ea14039d-93a8-11eb-aa1b-06d48d72463a', 133, '2', 5, 'ftutdgjgfj', '2021-07-12 11:30:00', 2, '2021-07-16 18:25:23', '', '0000-00-00 00:00:00'),
(48, '8201b9c5-93a1-11eb-aa1b-06d48d72463a', 0, '2', 5, 'hjfthfdhgf', '2021-07-09 13:20:00', 2, '2021-07-17 10:53:33', '', '0000-00-00 00:00:00'),
(49, 'f87113d6-93a1-11eb-aa1b-06d48d72463a', 0, '', 5, 'ytjghjh', '2021-07-16 11:29:10', 2, '2021-07-19 10:07:45', '', '0000-00-00 00:00:00'),
(50, 'aff58e05-9367-11eb-aa1b-06d48d72463a', 0, '2', 5, 'trfgjfjj', '2021-07-14 11:00:00', 2, '2021-07-19 10:07:52', '', '0000-00-00 00:00:00'),
(51, '8365f393-9367-11eb-aa1b-06d48d72463a', 0, '2', 5, 'yrjrtjtrhth', '2021-07-14 11:20:00', 2, '2021-07-19 10:08:03', '', '0000-00-00 00:00:00'),
(52, 'ea14039d-93a8-11eb-aa1b-06d48d72463a', 0, '2', 5, 'yrjrtjtrhth', '2021-07-12 11:30:00', 2, '2021-07-19 10:08:09', '', '0000-00-00 00:00:00'),
(53, '94e390b8-9398-11eb-aa1b-06d48d72463a', 0, '2', 5, 'yrjrtjtrhth', '2021-07-16 17:55:00', 2, '2021-07-19 10:08:14', '', '0000-00-00 00:00:00'),
(54, 'f85b06e1-93a6-11eb-aa1b-06d48d72463a', 0, '2', 5, 'yrjrtjtrhth', '2021-07-16 15:35:00', 2, '2021-07-19 10:08:19', '', '0000-00-00 00:00:00'),
(55, '4a10d3be-93a4-11eb-aa1b-06d48d72463a', 0, '2', 5, 'yrjrtjtrhth', '2021-07-16 15:36:00', 2, '2021-07-19 10:08:24', '', '0000-00-00 00:00:00'),
(56, 'ec983631-9367-11eb-aa1b-06d48d72463a', 0, '2', 5, 'yrjrtjtrhth', '2021-07-14 10:50:00', 2, '2021-07-19 10:08:29', '', '0000-00-00 00:00:00'),
(57, '16466e29-93a6-11eb-aa1b-06d48d72463a', 0, '2', 5, 'yrjrtjtrhth', '2021-07-16 15:35:00', 2, '2021-07-19 10:08:36', '', '0000-00-00 00:00:00'),
(58, 'a37b291d-9367-11eb-aa1b-06d48d72463a', 0, '2', 5, 'yrjrtjtrhth', '2021-07-14 00:00:00', 2, '2021-07-19 10:08:51', '', '0000-00-00 00:00:00'),
(59, 'f4f63f85-947e-11eb-aa1b-06d48d72463a', 0, '2', 5, 'yrjrtjtrhth', '2021-07-16 00:00:00', 2, '2021-07-19 10:08:58', '', '0000-00-00 00:00:00'),
(60, '7a0ca64e-93a4-11eb-aa1b-06d48d72463a', 0, '2', 5, 'yrjrtjtrhth', '2021-07-16 15:36:00', 2, '2021-07-19 10:09:03', '', '0000-00-00 00:00:00'),
(61, '221e9243-9219-11eb-aa1b-06d48d72463a', 0, '2', 5, 'gjhnghjnghj', '2021-07-23 13:00:00', 2, '2021-07-26 13:18:40', '', '0000-00-00 00:00:00'),
(62, 'e252173f-9218-11eb-aa1b-06d48d72463a', 0, '2', 5, 'fghngjnhgjn', '2021-07-23 12:40:00', 2, '2021-07-26 13:18:47', '', '0000-00-00 00:00:00'),
(63, '40b75ba7-9218-11eb-aa1b-06d48d72463a', 0, '2', 5, 'fbtgjhyjkuk', '2021-07-23 12:50:00', 2, '2021-07-26 13:18:57', '', '0000-00-00 00:00:00'),
(64, '1e578245-920e-11eb-aa1b-06d48d72463a', 0, '2', 5, 'tfgthfghtgh', '2021-07-26 13:00:00', 2, '2021-07-26 13:48:38', '', '0000-00-00 00:00:00'),
(65, '14208764-920e-11eb-aa1b-06d48d72463a', 0, '2', 5, 'sdgfdhrtfgh', '2021-07-26 13:25:00', 2, '2021-07-26 13:48:45', '', '0000-00-00 00:00:00'),
(66, 'f99b2d0d-920c-11eb-aa1b-06d48d72463a', 0, '2', 5, 'rtyrtgertg', '2021-07-26 13:49:00', 2, '2021-07-26 13:50:18', '', '0000-00-00 00:00:00'),
(67, '2dc640b1-91f5-11eb-aa1b-06d48d72463a', 0, '2', 5, 'tfghrtghtgh', '2021-07-26 14:07:00', 2, '2021-07-26 15:38:26', '', '0000-00-00 00:00:00'),
(68, 'c7d62ca2-920c-11eb-aa1b-06d48d72463a', 0, '2', 5, 'fgbhtguhtygjhj', '2021-07-26 13:50:00', 2, '2021-07-26 15:38:48', '', '0000-00-00 00:00:00'),
(69, 'c1269697-91f5-11eb-aa1b-06d48d72463a', 0, '2', 5, 'gfhtyhrtyh', '2021-07-26 14:08:00', 2, '2021-07-26 15:38:57', '', '0000-00-00 00:00:00'),
(70, 'cf50bcca-91f4-11eb-aa1b-06d48d72463a', 0, '2', 5, 'dfgfhguj', '2021-07-26 15:39:00', 2, '2021-07-26 15:46:58', '', '0000-00-00 00:00:00'),
(71, '99505766-9144-11eb-aa1b-06d48d72463a', 0, '2', 5, 'tfhthgdfh', '2021-07-25 14:10:00', 2, '2021-07-27 17:41:58', '', '0000-00-00 00:00:00'),
(72, '7d4d015d-9475-11eb-aa1b-06d48d72463a', 0, '', 1, 'gggggg', '2021-07-19 09:20:26', 1, '2021-07-28 16:49:32', '', '0000-00-00 00:00:00'),
(73, '7d4d015d-9475-11eb-aa1b-06d48d72463a', 0, '2', 1, 'nvnvnvbn', '2021-07-03 16:35:00', 1, '2021-07-28 16:53:32', '', '0000-00-00 00:00:00'),
(74, 'b850000d-8fc9-11eb-aa1b-06d48d72463a', 0, '2', 5, 'sdferfgfg', '2021-07-26 11:00:00', 2, '2021-07-29 09:53:45', '', '0000-00-00 00:00:00'),
(75, '43d6c9ed-9486-11eb-aa1b-06d48d72463a', 0, '', 5, 'dfgr5grfg', '2021-07-27 10:32:23', 2, '2021-07-29 09:53:52', '', '0000-00-00 00:00:00'),
(76, 'cd876c9b-9480-11eb-aa1b-06d48d72463a', 0, '', 5, 'sgrgdfg', '2021-07-27 10:31:27', 2, '2021-07-29 09:54:00', '', '0000-00-00 00:00:00'),
(77, 'ef68fe96-910e-11eb-aa1b-06d48d72463a', 0, '2', 5, 'nfthfgh', '2021-07-27 13:00:00', 2, '2021-07-29 09:54:09', '', '0000-00-00 00:00:00'),
(78, '6722cd21-9485-11eb-aa1b-06d48d72463a', 0, '2', 5, 'cfgbfg', '2021-07-27 16:02:00', 2, '2021-07-29 09:54:25', '', '0000-00-00 00:00:00'),
(79, '3902554f-afd5-11eb-aa1b-06d48d72463a', 298, '2', 5, 'demo reason', '2021-07-28 19:01:00', 2, '2021-07-29 10:00:43', '', '0000-00-00 00:00:00'),
(80, '2257178d-9116-11eb-aa1b-06d48d72463a', 0, '2', 5, 'dfgdfgdfg', '2021-07-27 14:00:00', 2, '2021-07-29 10:01:15', '', '0000-00-00 00:00:00'),
(81, 'b528f820-9470-11eb-aa1b-06d48d72463a', 0, '', 1, 'fsfsdfdsf', '2021-07-19 09:18:59', 2, '2021-07-30 17:48:55', '', '0000-00-00 00:00:00'),
(82, 'b65d5ae3-afd5-11eb-aa1b-06d48d72463a', 0, '', 5, 'fdhftghfghfgh', '2021-08-05 09:32:02', 2, '2021-08-05 15:32:05', '', '0000-00-00 00:00:00'),
(83, '43d6c9ed-9486-11eb-aa1b-06d48d72463a', 0, '', 5, 'dfgdfgdfgrf', '2021-08-05 09:46:11', 2, '2021-08-05 15:32:12', '', '0000-00-00 00:00:00'),
(84, 'cbfba0ae-9485-11eb-aa1b-06d48d72463a', 0, '', 5, 'dfgrftgyrtgt', '2021-08-05 09:50:19', 2, '2021-08-05 15:32:18', '', '0000-00-00 00:00:00'),
(85, 'ac932dbb-afd8-11eb-aa1b-06d48d72463a', 0, '', 5, 'dfgredrfeasfsdf', '2021-08-05 09:58:11', 2, '2021-08-05 15:32:27', '', '0000-00-00 00:00:00'),
(86, '6722cd21-9485-11eb-aa1b-06d48d72463a', 0, '', 5, 'dfgdfgdg', '2021-08-05 10:25:39', 2, '2021-08-05 16:09:28', '', '0000-00-00 00:00:00'),
(87, 'cd876c9b-9480-11eb-aa1b-06d48d72463a', 0, '', 5, 'dfgrfgrfg', '2021-08-05 10:26:28', 2, '2021-08-05 16:09:35', '', '0000-00-00 00:00:00'),
(88, '1cd25332-9488-11eb-aa1b-06d48d72463a', 0, '', 5, 'sdfvdsfd', '2021-08-05 10:36:55', 2, '2021-08-05 16:09:43', '', '0000-00-00 00:00:00'),
(89, 'c085da51-db19-11eb-a2d6-025f708e58f2', 0, '', 5, 'sdfgsdfedf', '2021-08-05 10:39:09', 2, '2021-08-05 16:09:49', '', '0000-00-00 00:00:00'),
(90, 'b3b8dca4-9481-11eb-aa1b-06d48d72463a', 0, '', 5, 'dgfvdfg', '2021-08-05 10:26:00', 2, '2021-08-05 16:09:56', '', '0000-00-00 00:00:00'),
(91, '8b3cb6e3-afdb-11eb-aa1b-06d48d72463a', 0, '', 5, 'sdfrgdg', '2021-08-06 12:54:29', 2, '2021-08-06 18:35:07', '', '0000-00-00 00:00:00'),
(92, 'b65d5ae3-afd5-11eb-aa1b-06d48d72463a', 0, '', 5, 'dfgrfgfdgd', '2021-08-06 12:55:28', 2, '2021-08-06 18:35:13', '', '0000-00-00 00:00:00'),
(93, 'ac932dbb-afd8-11eb-aa1b-06d48d72463a', 0, '', 5, 'dfggdfg', '2021-08-06 12:56:56', 2, '2021-08-06 18:35:19', '', '0000-00-00 00:00:00'),
(94, 'ac932dbb-afd8-11eb-aa1b-06d48d72463a', 0, '', 5, 'teergfrgr', '2021-08-07 04:00:26', 2, '2021-08-07 09:40:58', '', '0000-00-00 00:00:00'),
(95, '97845f51-afd6-11eb-aa1b-06d48d72463a', 0, '', 5, 'rfgregtrfg', '2021-08-07 04:04:25', 2, '2021-08-07 09:41:05', '', '0000-00-00 00:00:00'),
(96, '43d6c9ed-9486-11eb-aa1b-06d48d72463a', 0, '', 5, 'rtgrtgrg', '2021-08-07 04:04:48', 2, '2021-08-07 09:41:12', '', '0000-00-00 00:00:00'),
(97, 'c085da51-db19-11eb-a2d6-025f708e58f2', 0, '', 5, 'tfgjhfgbjhfgh', '2021-08-07 04:11:29', 2, '2021-08-07 09:55:28', '', '0000-00-00 00:00:00'),
(98, '8b3cb6e3-afdb-11eb-aa1b-06d48d72463a', 0, '', 5, 'bngfbhghfgh', '2021-08-07 04:24:32', 2, '2021-08-07 09:55:35', '', '0000-00-00 00:00:00'),
(99, 'c085da51-db19-11eb-a2d6-025f708e58f2', 0, '', 5, 'gvhnfghfgh', '2021-08-07 04:25:43', 2, '2021-08-07 09:58:06', '', '0000-00-00 00:00:00'),
(100, '8b3cb6e3-afdb-11eb-aa1b-06d48d72463a', 0, '', 5, 'hshfdcdr', '2021-08-07 04:37:11', 2, '2021-08-07 10:12:56', '', '0000-00-00 00:00:00'),
(101, '8210e8e7-947d-11eb-aa1b-06d48d72463a', 0, '2', 5, 'dfgff', '2021-08-07 10:14:00', 2, '2021-08-07 10:23:08', '', '0000-00-00 00:00:00'),
(102, '0e8a63a8-947d-11eb-aa1b-06d48d72463a', 0, '2', 5, 'fgvbdfg', '2021-08-07 10:14:00', 2, '2021-08-07 10:23:14', '', '0000-00-00 00:00:00'),
(103, '97845f51-afd6-11eb-aa1b-06d48d72463a', 0, '', 5, 'dfgdgdfg', '2021-08-07 04:43:32', 2, '2021-08-07 10:45:00', '', '0000-00-00 00:00:00'),
(104, '805e69cc-947a-11eb-aa1b-06d48d72463a', 0, '', 5, 'fgdgdfg', '2021-08-07 04:53:36', 2, '2021-08-07 10:45:07', '', '0000-00-00 00:00:00'),
(105, 'c085da51-db19-11eb-a2d6-025f708e58f2', 0, '', 5, 'fgrfgfg', '2021-08-07 04:43:08', 2, '2021-08-07 10:45:14', '', '0000-00-00 00:00:00'),
(106, '39c93fb0-9480-11eb-aa1b-06d48d72463a', 0, '2', 5, 'demo reason', '2021-08-07 10:57:00', 2, '2021-08-07 11:08:48', '', '0000-00-00 00:00:00'),
(107, '3902554f-afd5-11eb-aa1b-06d48d72463a', 0, '2', 5, 'fvbgfdgbdfgdfg', '2021-07-28 19:01:00', 2, '2021-08-07 15:14:21', '', '0000-00-00 00:00:00'),
(108, 'b2dfe951-8f91-11eb-aa1b-06d48d72463a', 313, '2', 5, 'dddddddd', '2021-07-29 17:40:00', 2, '2021-08-07 15:16:37', '', '0000-00-00 00:00:00'),
(110, 'e0c924b8-9468-11eb-aa1b-06d48d72463a', 395, '2', 5, 'vimlesh', '2021-08-07 15:30:00', 2, '2021-08-07 15:33:57', '', '0000-00-00 00:00:00'),
(111, 'e8b16e7c-9365-11eb-aa1b-06d48d72463a', 303, '2', 5, 'ytyfyfyfy', '2021-07-29 10:30:00', 2, '2021-08-07 15:46:59', '', '0000-00-00 00:00:00'),
(112, '5371e4b2-943b-11eb-aa1b-06d48d72463a', 399, '2', 5, 'ashutosh', '2021-08-07 17:28:00', 2, '2021-08-07 17:29:11', '', '0000-00-00 00:00:00'),
(113, '6722cd21-9485-11eb-aa1b-06d48d72463a', 389, '2', 5, 'drgtdfgh', '2021-08-07 11:10:00', 2, '2021-08-07 18:29:19', '', '0000-00-00 00:00:00'),
(114, '57a7da5d-9444-11eb-aa1b-06d48d72463a', 401, '2', 5, 'gggggg', '2021-08-07 18:29:00', 2, '2021-08-07 18:30:33', '', '0000-00-00 00:00:00'),
(115, '3902554f-afd5-11eb-aa1b-06d48d72463a', 383, '', 5, 'fghfgh', '2021-08-07 04:43:44', 2, '2021-08-07 18:42:51', '', '0000-00-00 00:00:00'),
(116, '6afcaae5-947a-11eb-aa1b-06d48d72463a', 387, '', 5, 'ghfghfgh', '2021-08-07 04:53:57', 2, '2021-08-07 18:42:59', '', '0000-00-00 00:00:00'),
(117, '8e36c9f3-9451-11eb-aa1b-06d48d72463a', 396, '2', 5, 'chdfyhrfgh', '2021-08-07 15:40:00', 2, '2021-08-07 18:43:06', '', '0000-00-00 00:00:00'),
(118, 'e8b16e7c-9365-11eb-aa1b-06d48d72463a', 303, '2', 5, 'hbtfgthfgh', '2021-07-29 10:30:00', 2, '2021-08-07 18:43:13', '', '0000-00-00 00:00:00'),
(119, '10550f30-9445-11eb-aa1b-06d48d72463a', 397, '2', 5, 'fdgyf', '2021-08-07 15:55:00', 2, '2021-08-07 18:43:20', '', '0000-00-00 00:00:00'),
(120, '8b3cb6e3-afdb-11eb-aa1b-06d48d72463a', 414, '2', 5, 'dfgfdfgrt', '2021-08-10 11:13:00', 2, '2021-08-10 11:42:39', '', '0000-00-00 00:00:00'),
(121, '08063a49-9217-11eb-aa1b-06d48d72463a', 417, '2', 5, 'Nazia Alam', '2021-08-10 11:45:00', 2, '2021-08-10 11:46:58', '', '0000-00-00 00:00:00'),
(122, 'c085da51-db19-11eb-a2d6-025f708e58f2', 420, '2', 4, '12345', '2021-08-11 09:23:00', 1, '2021-08-11 09:29:38', '', '0000-00-00 00:00:00'),
(123, '50752b02-944d-11eb-aa1b-06d48d72463a', 436, '2', 4, 'OK done', '2021-08-11 10:06:00', 1, '2021-08-11 10:08:01', '', '0000-00-00 00:00:00'),
(124, 'c2090b52-946f-11eb-aa1b-06d48d72463a', 429, '2', 4, 'test1', '2021-08-11 09:42:00', 1, '2021-08-11 10:19:14', '', '0000-00-00 00:00:00'),
(125, '37bcc06d-9366-11eb-aa1b-06d48d72463a', 300, '2', 5, 'dfbhgfg', '2021-07-29 10:10:00', 2, '2021-08-11 15:38:13', '', '0000-00-00 00:00:00'),
(126, '61f640d9-9366-11eb-aa1b-06d48d72463a', 444, '2', 5, 'dfghfhfgh', '2021-08-11 12:15:00', 2, '2021-08-11 15:38:56', '', '0000-00-00 00:00:00'),
(127, 'c9ee2800-9136-11eb-aa1b-06d48d72463a', 448, '2', 5, 'dfgdffgdfg', '2021-08-11 12:32:00', 2, '2021-08-11 15:39:25', '', '0000-00-00 00:00:00'),
(128, '2f030da2-8a1c-11eb-aa1b-06d48d72463a', 441, '2', 5, 'fghfhfgh', '2021-08-11 12:12:00', 2, '2021-08-11 15:42:35', '', '0000-00-00 00:00:00'),
(129, 'e8b16e7c-9365-11eb-aa1b-06d48d72463a', 446, '2', 5, 'fgdfgdfg', '2021-08-11 12:22:00', 2, '2021-08-11 15:45:00', '', '0000-00-00 00:00:00'),
(130, '29470b2c-9366-11eb-aa1b-06d48d72463a', 445, '2', 5, 'sdfgdgdfg', '2021-08-11 12:22:00', 2, '2021-08-11 15:45:51', '', '0000-00-00 00:00:00'),
(131, '43d6c9ed-9486-11eb-aa1b-06d48d72463a', 406, '2', 5, 'fgfdgdfgdfg', '2021-08-09 10:25:00', 2, '2021-08-11 15:48:25', '', '0000-00-00 00:00:00'),
(132, 'c085da51-db19-11eb-a2d6-025f708e58f2', 408, '2', 5, 'ghfghdgdfgdfg', '2021-08-09 17:39:00', 2, '2021-08-11 15:49:11', '', '0000-00-00 00:00:00'),
(133, '3902554f-afd5-11eb-aa1b-06d48d72463a', 409, '2', 5, 'gtftcfrtdrf', '2021-08-09 18:12:00', 2, '2021-08-11 15:51:22', '', '0000-00-00 00:00:00'),
(134, '615f5f18-9215-11eb-aa1b-06d48d72463a', 416, '2', 5, 'hgyhfgyh', '2021-08-10 11:23:00', 2, '2021-08-11 15:52:36', '', '0000-00-00 00:00:00'),
(135, '9f6775d3-921b-11eb-aa1b-06d48d72463a', 415, '2', 5, 'bghfghfgh', '2021-08-10 11:16:00', 2, '2021-08-11 15:54:44', '', '0000-00-00 00:00:00'),
(136, 'ffefda3f-8eac-11eb-aa1b-06d48d72463a', 451, '2', 5, 'hjbcfdbfdf', '2021-08-11 15:59:00', 2, '2021-08-11 15:59:56', '', '0000-00-00 00:00:00'),
(137, 'a18f1fa0-8ead-11eb-aa1b-06d48d72463a', 450, '2', 5, 'ghjghjghj', '2021-08-11 15:58:00', 2, '2021-08-11 16:05:48', '', '0000-00-00 00:00:00'),
(138, 'bc8615aa-8e37-11eb-aa1b-06d48d72463a', 454, '2', 5, 'hyftyrty', '2021-08-11 16:01:00', 2, '2021-08-11 16:08:01', '', '0000-00-00 00:00:00'),
(139, 'bf6202a4-8eac-11eb-aa1b-06d48d72463a', 452, '2', 5, 'gyhfgygftf', '2021-08-11 16:01:00', 2, '2021-08-11 16:10:42', '', '0000-00-00 00:00:00'),
(140, '7bbd09f2-8e39-11eb-aa1b-06d48d72463a', 453, '2', 5, 'gyhfgyhfy', '2021-08-11 16:01:00', 2, '2021-08-11 16:10:52', '', '0000-00-00 00:00:00'),
(141, '382bb448-8e37-11eb-aa1b-06d48d72463a', 455, '2', 5, 'fgdfgdfg', '2021-08-11 16:13:00', 2, '2021-08-11 16:17:05', '', '0000-00-00 00:00:00'),
(142, 'df633b03-8e33-11eb-aa1b-06d48d72463a', 458, '2', 5, 'fghfghfgh', '2021-08-11 16:14:00', 2, '2021-08-11 16:18:04', '', '0000-00-00 00:00:00'),
(143, '65853eb4-8e36-11eb-aa1b-06d48d72463a', 457, '2', 5, 'dfgdfgdfg', '2021-08-11 16:14:00', 2, '2021-08-11 16:18:20', '', '0000-00-00 00:00:00'),
(144, 'b4dcbd65-8e36-11eb-aa1b-06d48d72463a', 456, '2', 5, 'cgbhtfghfg', '2021-08-11 16:13:00', 2, '2021-08-11 16:18:30', '', '0000-00-00 00:00:00'),
(145, '2c4811a3-8a18-11eb-aa1b-06d48d72463a', 442, '2', 5, 'fdghfhfgh', '2021-08-11 12:12:00', 2, '2021-08-11 19:23:53', '', '0000-00-00 00:00:00'),
(146, 'f1497cc7-93b5-11eb-aa1b-06d48d72463a', 468, '2', 5, 'fdghfhfgh', '2021-08-11 17:56:00', 2, '2021-08-11 19:23:58', '', '0000-00-00 00:00:00'),
(147, 'd08f77dd-93b8-11eb-aa1b-06d48d72463a', 466, '2', 5, 'fdghfhfgh', '2021-08-11 17:56:00', 2, '2021-08-11 19:24:03', '', '0000-00-00 00:00:00'),
(148, 'd08f77dd-93b8-11eb-aa1b-06d48d72463a', 466, '2', 5, 'fdghfhfgh', '2021-08-11 17:56:00', 2, '2021-08-11 19:24:09', '', '0000-00-00 00:00:00'),
(149, '874100a0-93b5-11eb-aa1b-06d48d72463a', 469, '2', 5, 'fdghfhfgh', '2021-08-11 18:00:00', 2, '2021-08-11 19:24:16', '', '0000-00-00 00:00:00'),
(150, '1c407649-93bd-11eb-aa1b-06d48d72463a', 464, '2', 5, 'fdghfhfgh', '2021-08-11 17:56:00', 2, '2021-08-11 19:24:22', '', '0000-00-00 00:00:00'),
(151, '79123c1e-93b6-11eb-aa1b-06d48d72463a', 467, '2', 5, 'fdghfhfgh', '2021-08-11 17:56:00', 2, '2021-08-11 19:24:31', '', '0000-00-00 00:00:00'),
(152, 'cb745e9d-93bb-11eb-aa1b-06d48d72463a', 465, '2', 5, 'fdghfhfgh', '2021-08-11 17:56:00', 2, '2021-08-11 19:24:37', '', '0000-00-00 00:00:00'),
(153, '51745b1a-93b3-11eb-aa1b-06d48d72463a', 471, '2', 5, 'fdghfhfgh', '2021-08-11 18:06:00', 2, '2021-08-11 19:24:44', '', '0000-00-00 00:00:00'),
(154, 'd1e3b701-93b0-11eb-aa1b-06d48d72463a', 470, '2', 5, 'fdghfhfgh', '2021-08-11 18:04:00', 2, '2021-08-11 19:24:54', '', '0000-00-00 00:00:00'),
(155, 'b528f820-9470-11eb-aa1b-06d48d72463a', 492, '2', 1, 'sdssd', '2021-08-13 11:50:00', 2, '2021-08-13 14:53:08', '', '0000-00-00 00:00:00'),
(156, '1ed22f5e-9366-11eb-aa1b-06d48d72463a', 301, '2', 5, 'dvgbdfg', '2021-07-29 10:20:00', 2, '2021-08-13 20:48:57', '', '0000-00-00 00:00:00'),
(157, 'cae8eda7-9369-11eb-aa1b-06d48d72463a', 500, '2', 5, 'dvgbdfg', '2021-08-13 14:39:00', 2, '2021-08-13 20:49:02', '', '0000-00-00 00:00:00'),
(158, '7c3e63b9-9367-11eb-aa1b-06d48d72463a', 513, '2', 5, 'dvgbdfg', '2021-08-13 17:34:00', 2, '2021-08-13 20:49:08', '', '0000-00-00 00:00:00'),
(159, '8365f393-9367-11eb-aa1b-06d48d72463a', 512, '2', 5, 'dvgbdfg', '2021-08-13 17:34:00', 2, '2021-08-13 20:49:14', '', '0000-00-00 00:00:00'),
(160, '9b0e29a7-9367-11eb-aa1b-06d48d72463a', 511, '2', 5, 'dvgbdfg', '2021-08-13 17:28:00', 2, '2021-08-13 20:49:20', '', '0000-00-00 00:00:00'),
(161, 'a37b291d-9367-11eb-aa1b-06d48d72463a', 510, '2', 5, 'dvgbdfg', '2021-08-13 17:24:00', 2, '2021-08-13 20:49:27', '', '0000-00-00 00:00:00'),
(162, 'aff58e05-9367-11eb-aa1b-06d48d72463a', 509, '2', 5, 'dvgbdfg', '2021-08-13 17:22:00', 2, '2021-08-13 20:49:32', '', '0000-00-00 00:00:00'),
(163, 'ec983631-9367-11eb-aa1b-06d48d72463a', 508, '2', 5, 'dvgbdfg', '2021-08-13 17:16:00', 2, '2021-08-13 20:49:37', '', '0000-00-00 00:00:00'),
(164, '1e8031e5-9368-11eb-aa1b-06d48d72463a', 507, '2', 5, 'dvgbdfg', '2021-08-13 17:14:00', 2, '2021-08-13 20:49:44', '', '0000-00-00 00:00:00'),
(165, '4f303bb2-9368-11eb-aa1b-06d48d72463a', 506, '2', 5, 'dvgbdfg', '2021-08-13 17:08:00', 2, '2021-08-13 20:49:50', '', '0000-00-00 00:00:00'),
(166, '27f606a9-9369-11eb-aa1b-06d48d72463a', 505, '2', 5, 'dvgbdfg', '2021-08-13 16:09:00', 2, '2021-08-13 20:49:56', '', '0000-00-00 00:00:00'),
(167, 'ab9e7bae-9369-11eb-aa1b-06d48d72463a', 504, '2', 5, 'dvgbdfg', '2021-08-13 15:32:00', 2, '2021-08-13 20:50:01', '', '0000-00-00 00:00:00'),
(168, 'ca35bddb-9369-11eb-aa1b-06d48d72463a', 502, '2', 5, 'dvgbdfg', '2021-08-13 14:48:00', 2, '2021-08-13 20:50:07', '', '0000-00-00 00:00:00'),
(169, '275d49f9-936b-11eb-aa1b-06d48d72463a', 495, '2', 5, 'dvgbdfg', '2021-08-13 13:07:00', 2, '2021-08-13 20:50:14', '', '0000-00-00 00:00:00'),
(170, 'ab966e0a-936b-11eb-aa1b-06d48d72463a', 494, '', 5, 'dvgbdfg', '2021-08-13 07:34:16', 2, '2021-08-13 20:50:20', '', '0000-00-00 00:00:00'),
(171, '0a476284-936d-11eb-aa1b-06d48d72463a', 515, '2', 5, 'dgffdghfgh', '2021-08-13 21:40:00', 2, '2021-08-14 12:32:47', '', '0000-00-00 00:00:00'),
(172, 'dd89a931-8e23-11eb-aa1b-06d48d72463a', 479, '2', 5, 'dgffdghfgh', '2021-08-12 09:56:00', 2, '2021-08-14 12:32:52', '', '0000-00-00 00:00:00'),
(173, '1ff53928-8e24-11eb-aa1b-06d48d72463a', 478, '2', 5, 'dgffdghfgh', '2021-08-12 09:56:00', 2, '2021-08-14 12:32:57', '', '0000-00-00 00:00:00'),
(174, '93a050be-8e23-11eb-aa1b-06d48d72463a', 480, '2', 5, 'dgffdghfgh', '2021-08-12 09:57:00', 2, '2021-08-14 12:33:02', '', '0000-00-00 00:00:00'),
(175, '97845f51-afd6-11eb-aa1b-06d48d72463a', 486, '2', 5, 'dgffdghfgh', '2021-08-12 17:00:00', 2, '2021-08-14 12:33:07', '', '0000-00-00 00:00:00'),
(176, '044c6d3f-9373-11eb-aa1b-06d48d72463a', 489, '2', 5, 'dgffdghfgh', '2021-08-13 10:39:00', 2, '2021-08-14 12:33:13', '', '0000-00-00 00:00:00'),
(177, '3bf26d30-936c-11eb-aa1b-06d48d72463a', 493, '2', 5, 'dgffdghfgh', '2021-08-13 13:00:00', 2, '2021-08-14 12:33:19', '', '0000-00-00 00:00:00'),
(178, '86f8c61c-936d-11eb-aa1b-06d48d72463a', 514, '2', 5, 'dgffdghfgh', '2021-08-13 21:38:00', 2, '2021-08-14 12:33:23', '', '0000-00-00 00:00:00'),
(179, '0bd902e1-afd7-11eb-aa1b-06d48d72463a', 529, '2', 5, 'dsgffdgfdgfdfd', '2021-08-16 15:45:00', 2, '2021-08-16 15:50:39', '', '0000-00-00 00:00:00'),
(180, '8b3cb6e3-afdb-11eb-aa1b-06d48d72463a', 527, '2', 5, 'fgdgfdgfdgfdgf', '2021-08-16 09:49:00', 2, '2021-08-16 15:50:58', '', '0000-00-00 00:00:00'),
(181, 'ac932dbb-afd8-11eb-aa1b-06d48d72463a', 528, '2', 5, 'fdgdfhfghjgfj', '2021-08-16 11:14:00', 2, '2021-08-16 15:51:10', '', '0000-00-00 00:00:00'),
(182, '0b646fd2-9366-11eb-aa1b-06d48d72463a', 302, '2', 5, 'dfssdgfdgfdg', '2021-07-29 00:00:00', 2, '2021-08-16 15:51:33', '', '0000-00-00 00:00:00'),
(183, '0b646fd2-9366-11eb-aa1b-06d48d72463a', 302, '2', 5, 'fdgdfhjgfj', '2021-07-29 00:00:00', 2, '2021-08-16 15:51:50', '', '0000-00-00 00:00:00'),
(184, '0bd902e1-afd7-11eb-aa1b-06d48d72463a', 529, '2', 5, 'dsfdsfdsf', '2021-08-16 15:45:00', 2, '2021-08-16 15:51:58', '', '0000-00-00 00:00:00'),
(185, '8b3cb6e3-afdb-11eb-aa1b-06d48d72463a', 527, '2', 5, 'dsfdgfdhgfj', '2021-08-16 09:49:00', 2, '2021-08-16 15:52:17', '', '0000-00-00 00:00:00'),
(186, 'c085da51-db19-11eb-a2d6-025f708e58f2', 516, '2', 5, 'fgfdhjgkjhkj', '2021-08-14 12:33:00', 2, '2021-08-16 15:52:25', '', '0000-00-00 00:00:00'),
(187, '063c511b-9438-11eb-aa1b-06d48d72463a', 542, '2', 5, 'kiihihihiguf', '2021-08-16 17:33:00', 2, '2021-08-17 12:16:00', '', '0000-00-00 00:00:00'),
(188, 'a7a44aa1-9439-11eb-aa1b-06d48d72463a', 540, '2', 5, 'kiihihihiguf', '2021-08-16 17:32:00', 2, '2021-08-17 12:16:23', '', '0000-00-00 00:00:00'),
(189, '3e3d0049-9438-11eb-aa1b-06d48d72463a', 541, '2', 5, 'jgydtx', '2021-08-16 17:33:00', 2, '2021-08-17 12:16:38', '', '0000-00-00 00:00:00'),
(190, '7a479c0a-9437-11eb-aa1b-06d48d72463a', 543, '2', 5, 'lkjityhd', '2021-08-16 17:33:00', 2, '2021-08-17 12:16:48', '', '0000-00-00 00:00:00'),
(191, '36bf19fb-9437-11eb-aa1b-06d48d72463a', 544, '2', 5, ';l;klyhufd', '2021-08-16 17:33:00', 2, '2021-08-17 12:17:00', '', '0000-00-00 00:00:00'),
(192, '8dca8ed7-9435-11eb-aa1b-06d48d72463a', 545, '2', 5, 'lkjityhdsf', '2021-08-16 17:34:00', 2, '2021-08-17 12:17:10', '', '0000-00-00 00:00:00'),
(193, 'cd876c9b-9480-11eb-aa1b-06d48d72463a', 559, '2', 5, 'ksjfdisfiwehfiefr', '2021-08-17 09:59:00', 2, '2021-08-17 13:32:36', '', '0000-00-00 00:00:00'),
(194, 'cd876c9b-9480-11eb-aa1b-06d48d72463a', 559, '2', 5, 'kscjisjfiefe', '2021-08-17 09:59:00', 2, '2021-08-17 13:33:06', '', '0000-00-00 00:00:00'),
(195, 'c085da51-db19-11eb-a2d6-025f708e58f2', 560, '2', 5, 'lskosfof', '2021-08-17 10:03:00', 2, '2021-08-17 13:33:16', '', '0000-00-00 00:00:00'),
(196, 'f87113d6-93a1-11eb-aa1b-06d48d72463a', 597, '2', 5, 'esfdsfdsf', '2021-08-19 14:27:00', 2, '2021-08-19 14:30:20', '', '0000-00-00 00:00:00'),
(197, '7a0ca64e-93a4-11eb-aa1b-06d48d72463a', 591, '2', 5, 'sdfdsfdsf', '2021-08-19 13:18:00', 2, '2021-08-19 14:46:26', '', '0000-00-00 00:00:00'),
(198, '4a10d3be-93a4-11eb-aa1b-06d48d72463a', 592, '2', 5, 'dfrdhfgy', '2021-08-19 13:27:00', 2, '2021-08-19 14:46:34', '', '0000-00-00 00:00:00'),
(199, '46ac3073-93a4-11eb-aa1b-06d48d72463a', 593, '2', 5, 'dshdjhgfj', '2021-08-19 13:31:00', 2, '2021-08-19 14:46:42', '', '0000-00-00 00:00:00'),
(200, 'afbde132-93a3-11eb-aa1b-06d48d72463a', 594, '2', 5, 'dsgfdhgfj', '2021-08-19 13:33:00', 2, '2021-08-19 14:46:50', '', '0000-00-00 00:00:00'),
(201, '90b8cf41-93a2-11eb-aa1b-06d48d72463a', 595, '2', 5, 'xdfdtuk', '2021-08-19 14:18:00', 2, '2021-08-19 14:46:58', '', '0000-00-00 00:00:00'),
(202, '71459c05-93a2-11eb-aa1b-06d48d72463a', 596, '2', 5, 'sfddfhdgjfgj', '2021-08-19 14:19:00', 2, '2021-08-19 14:47:11', '', '0000-00-00 00:00:00'),
(203, '2b3706ee-93a2-11eb-aa1b-06d48d72463a', 598, '2', 5, 'dsfdhfgjhgk', '2021-08-19 14:31:00', 2, '2021-08-19 14:47:17', '', '0000-00-00 00:00:00'),
(204, 'd27862dd-93a2-11eb-aa1b-06d48d72463a', 599, '2', 5, 'xfhfdhgfj', '2021-08-19 14:39:00', 2, '2021-08-19 16:06:17', '', '0000-00-00 00:00:00'),
(205, 'b738e954-93a1-11eb-aa1b-06d48d72463a', 600, '2', 5, 'dfdhghjkhgk', '2021-08-19 14:40:00', 2, '2021-08-19 16:06:24', '', '0000-00-00 00:00:00'),
(206, '8201b9c5-93a1-11eb-aa1b-06d48d72463a', 601, '2', 5, 'dsgfdhhkjjk', '2021-08-19 14:47:00', 2, '2021-08-19 16:06:31', '', '0000-00-00 00:00:00'),
(207, '56d5a3cb-93a1-11eb-aa1b-06d48d72463a', 602, '2', 5, 'afdstruk', '2021-08-19 15:33:00', 2, '2021-08-19 16:06:37', '', '0000-00-00 00:00:00'),
(208, '32c9a0b3-93a1-11eb-aa1b-06d48d72463a', 603, '2', 5, 'dsfgfjghk', '2021-08-19 15:34:00', 2, '2021-08-19 16:06:43', '', '0000-00-00 00:00:00'),
(209, 'c62f3ff5-93a0-11eb-aa1b-06d48d72463a', 604, '2', 5, 'dsfgsdfdsf', '2021-08-19 15:35:00', 2, '2021-08-19 16:34:13', '', '0000-00-00 00:00:00'),
(210, 'b3c2cf84-93a0-11eb-aa1b-06d48d72463a', 605, '2', 5, 'dsfdsfdsf', '2021-08-19 15:37:00', 2, '2021-08-19 16:34:18', '', '0000-00-00 00:00:00'),
(211, '9300df22-93a0-11eb-aa1b-06d48d72463a', 606, '2', 5, 'sfddsgdfhg', '2021-08-19 15:38:00', 2, '2021-08-19 16:34:24', '', '0000-00-00 00:00:00'),
(212, 'b6fcee27-939f-11eb-aa1b-06d48d72463a', 607, '2', 5, 'dxfdxhgfdhj', '2021-08-19 15:41:00', 2, '2021-08-19 16:34:30', '', '0000-00-00 00:00:00'),
(213, '90c458a0-939b-11eb-aa1b-06d48d72463a', 608, '2', 5, 'dvfdhgfj', '2021-08-19 15:44:00', 2, '2021-08-19 16:34:36', '', '0000-00-00 00:00:00'),
(214, '94e390b8-9398-11eb-aa1b-06d48d72463a', 609, '2', 5, 'xzcdxgcj', '2021-08-19 16:07:00', 2, '2021-08-19 16:34:41', '', '0000-00-00 00:00:00'),
(215, 'b3b8dca4-9481-11eb-aa1b-06d48d72463a', 611, '2', 5, 'dfdhfgj', '2021-08-19 17:07:00', 2, '2021-08-19 17:07:58', '', '0000-00-00 00:00:00'),
(216, '59754702-9480-11eb-aa1b-06d48d72463a', 612, '2', 5, 'sdfreytjhgjyuj', '2021-08-19 17:10:00', 2, '2021-08-19 17:10:43', '', '0000-00-00 00:00:00'),
(217, 'b6486511-afd2-11eb-aa1b-06d48d72463a', 576, '2', 5, 'fxghfjgfj', '2021-08-18 14:03:00', 2, '2021-08-19 17:43:39', '', '0000-00-00 00:00:00'),
(218, 'b6642d52-947e-11eb-aa1b-06d48d72463a', 613, '3', 5, 'dxfdffgujgj', '2021-08-19 17:34:00', 2, '2021-08-19 18:58:49', '', '0000-00-00 00:00:00'),
(219, 'c085da51-db19-11eb-a2d6-025f708e58f2', 610, '2', 5, 'dsfgdhfdjgj', '2021-08-19 16:59:00', 3, '2021-08-19 19:06:48', '', '0000-00-00 00:00:00'),
(220, 'b6642d52-947e-11eb-aa1b-06d48d72463a', 613, '3', 5, 'xfgfgjghkj', '2021-08-19 17:34:00', 2, '2021-08-20 09:48:31', '', '0000-00-00 00:00:00'),
(221, 'c085da51-db19-11eb-a2d6-025f708e58f2', 610, '2', 5, 'xgfdhgfjhj', '2021-08-19 16:59:00', 2, '2021-08-20 09:48:38', '', '0000-00-00 00:00:00'),
(222, '94e390b8-9398-11eb-aa1b-06d48d72463a', 614, '3', 5, 'hjghjydhgdhtd', '2021-08-20 09:49:00', 2, '2021-08-20 11:17:42', '', '0000-00-00 00:00:00'),
(223, '16466e29-93a6-11eb-aa1b-06d48d72463a', 630, '2', 5, 'gfhfghfgh', '2021-08-23 09:39:00', 2, '2021-08-25 09:50:30', '', '0000-00-00 00:00:00'),
(224, '6f5efabf-9213-11eb-aa1b-06d48d72463a', 664, '2', 5, 'dfgbdfgdf', '2021-08-25 11:59:00', 2, '2021-09-03 09:42:56', '', '0000-00-00 00:00:00'),
(225, '66847625-9222-11eb-aa1b-06d48d72463a', 654, '2', 5, 'dfgdfgdfg', '2021-08-25 09:51:00', 2, '2021-09-03 09:43:01', '', '0000-00-00 00:00:00'),
(226, '4afc26cd-8dfe-11eb-aa1b-06d48d72463a', 564, '2', 5, 'fdgdfgdfg', '2021-08-17 15:56:00', 2, '2021-09-03 09:43:07', '', '0000-00-00 00:00:00'),
(227, 'e2b1e600-9388-11eb-aa1b-06d48d72463a', 624, '3', 5, 'dfgdfgdf', '2021-08-21 10:04:00', 2, '2021-09-03 09:43:12', '', '0000-00-00 00:00:00'),
(228, '39ad28ef-9226-11eb-aa1b-06d48d72463a', 652, '2', 5, 'dfgdfgdfg', '2021-08-25 09:51:00', 2, '2021-09-03 09:43:17', '', '0000-00-00 00:00:00'),
(229, '880a66b3-9222-11eb-aa1b-06d48d72463a', 653, '2', 5, 'dgdfgdfg', '2021-08-25 09:51:00', 2, '2021-09-03 09:43:23', '', '0000-00-00 00:00:00'),
(230, '12afea4f-9221-11eb-aa1b-06d48d72463a', 655, '2', 5, 'ghfghfgh', '2021-08-25 09:52:00', 2, '2021-09-03 09:43:44', '', '0000-00-00 00:00:00'),
(231, 'a745dcf8-9388-11eb-aa1b-06d48d72463a', 625, '3', 5, 'fghfhfgh', '2021-08-21 10:04:00', 2, '2021-09-03 09:43:51', '', '0000-00-00 00:00:00'),
(232, '89aeb795-9388-11eb-aa1b-06d48d72463a', 626, '3', 5, 'fghfghfgh', '2021-08-21 10:05:00', 2, '2021-09-03 09:43:56', '', '0000-00-00 00:00:00'),
(233, 'b6486511-afd2-11eb-aa1b-06d48d72463a', 569, '2', 5, 'fghrdgtdr', '2021-08-17 19:01:00', 2, '2021-09-03 09:44:17', '', '0000-00-00 00:00:00'),
(234, '8e62bccf-937a-11eb-aa1b-06d48d72463a', 566, '2', 5, 'dfghfgh', '2021-08-17 17:00:00', 2, '2021-09-03 09:44:36', '', '0000-00-00 00:00:00'),
(235, '1cd25332-9488-11eb-aa1b-06d48d72463a', 322, '2', 4, 'sadasdas', '2021-07-30 15:33:00', 1, '2021-09-08 07:46:30', '', '0000-00-00 00:00:00'),
(236, 'f4f63f85-947e-11eb-aa1b-06d48d72463a', 425, '2', 4, 'asdasdasd', '2021-08-11 09:25:00', 1, '2021-09-08 07:46:37', '', '0000-00-00 00:00:00'),
(237, 'f4f63f85-947e-11eb-aa1b-06d48d72463a', 323, '2', 4, 'asdasdasd', '2021-07-30 15:34:00', 1, '2021-09-08 07:46:44', '', '0000-00-00 00:00:00'),
(238, 'cd18f2d2-9480-11eb-aa1b-06d48d72463a', 424, '2', 4, 'asdasdsad', '2021-08-11 09:24:00', 1, '2021-09-08 07:46:52', '', '0000-00-00 00:00:00'),
(239, '8b3cb6e3-afdb-11eb-aa1b-06d48d72463a', 320, '2', 4, 'asdsadasd', '2021-07-30 15:33:00', 1, '2021-09-08 07:46:58', '', '0000-00-00 00:00:00'),
(240, '1cd25332-9488-11eb-aa1b-06d48d72463a', 423, '2', 4, 'asdasdasd', '2021-08-11 09:23:00', 1, '2021-09-08 07:47:05', '', '0000-00-00 00:00:00'),
(241, 'b65d5ae3-afd5-11eb-aa1b-06d48d72463a', 321, '2', 4, 'asdasdasdasd', '2021-07-30 15:33:00', 1, '2021-09-08 07:47:13', '', '0000-00-00 00:00:00'),
(242, '6f3d4517-9477-11eb-aa1b-06d48d72463a', 710, '3', 4, 'asdasdasd', '2021-09-03 08:40:00', 1, '2021-09-08 07:48:12', '', '0000-00-00 00:00:00'),
(243, 'b3b8dca4-9481-11eb-aa1b-06d48d72463a', 705, '3', 4, 'asdasdsad', '2021-09-03 08:20:00', 1, '2021-09-08 07:48:16', '', '0000-00-00 00:00:00'),
(244, 'cd876c9b-9480-11eb-aa1b-06d48d72463a', 743, '2', 4, 'asdasdasd', '2021-09-06 08:31:00', 1, '2021-09-08 07:48:38', '', '0000-00-00 00:00:00'),
(245, '1cd25332-9488-11eb-aa1b-06d48d72463a', 703, '2', 4, 'sasdasdasd', '2021-09-03 08:19:00', 1, '2021-09-08 07:49:02', '', '0000-00-00 00:00:00'),
(246, '26b033f1-93b0-11eb-aa1b-06d48d72463a', 829, '5', 1, 'fdfdfdf', '2021-09-14 23:27:00', 1, '2021-09-14 23:31:24', '', '0000-00-00 00:00:00'),
(247, '255c96af-93b0-11eb-aa1b-06d48d72463a', 830, '3', 1, 'hfghgfhf', '2021-09-14 23:29:00', 1, '2021-09-14 23:57:22', '', '0000-00-00 00:00:00'),
(248, '792ab5ea-93b0-11eb-aa1b-06d48d72463a', 828, '3', 1, 'hfhgfhhgf', '2021-09-14 23:27:00', 1, '2021-09-14 23:57:27', '', '0000-00-00 00:00:00'),
(249, 'b528f820-9470-11eb-aa1b-06d48d72463a', 809, '2', 1, 'fhfghfghfg', '2021-09-14 00:04:00', 2, '2021-09-15 00:01:49', '', '0000-00-00 00:00:00'),
(250, 'a3f8d8a9-93b1-11eb-aa1b-06d48d72463a', 826, '2', 1, 'ssssssssssssssss', '2021-09-14 23:25:00', 1, '2021-09-15 01:00:02', '', '0000-00-00 00:00:00'),
(251, '56238bba-9398-11eb-aa1b-06d48d72463a', 843, '2', 1, 'hfhgfhgfh', '2021-09-15 00:09:00', 1, '2021-09-15 16:38:52', '', '0000-00-00 00:00:00'),
(252, '987a66e6-9368-11eb-aa1b-06d48d72463a', 857, '2', 1, 'hfghfghgfhgfh hgf hfg', '2021-09-15 09:00:00', 2, '2021-09-15 18:43:20', '', '0000-00-00 00:00:00'),
(253, 'd1e3b701-93b0-11eb-aa1b-06d48d72463a', 827, '3', 1, 'fffffffffffffff', '2021-09-14 23:26:00', 2, '2021-09-15 18:43:52', '', '0000-00-00 00:00:00'),
(254, '1e8031e5-9368-11eb-aa1b-06d48d72463a', 859, '3', 1, 'gggggggggggggggggg', '2021-09-15 18:02:00', 2, '2021-09-15 18:44:33', '', '0000-00-00 00:00:00'),
(255, '90b8cf41-93a2-11eb-aa1b-06d48d72463a', 869, '2', 5, 'cfghfghfghfg', '2021-09-15 10:20:00', 2, '2021-09-15 19:30:53', '', '0000-00-00 00:00:00'),
(256, '29470b2c-9366-11eb-aa1b-06d48d72463a', 897, '2', 1, ' hfghgfghg gf hgf hgfhf fgh', '2021-09-17 16:50:00', 2, '2021-09-17 17:15:00', '', '0000-00-00 00:00:00'),
(257, '50b6c673-9385-11eb-aa1b-06d48d72463a', 898, '2', 1, 'by KUB', '2021-09-17 09:20:00', 3, '2021-09-17 19:01:33', '', '0000-00-00 00:00:00'),
(258, 'd1e3b701-93b0-11eb-aa1b-06d48d72463a', 827, '3', 1, 'ccccccccccccccccccccccccccccccc 482506', '2021-09-14 23:26:00', 1, '2021-09-20 17:25:03', '', '0000-00-00 00:00:00'),
(259, 'fa2f63ae-938f-11eb-aa1b-06d48d72463a', 912, '2', 1, 'fffffffffffff', '2021-09-20 15:09:00', 2, '2021-09-20 17:42:00', '', '0000-00-00 00:00:00'),
(260, '1539006a-91e9-11eb-aa1b-06d48d72463a', 557, '2', 1, 'sssssssssssssssssssss', '2021-08-16 23:49:00', 3, '2021-09-23 15:20:53', '', '0000-00-00 00:00:00'),
(261, 'aa323d1e-920e-11eb-aa1b-06d48d72463a', 963, '3', 1, 'sssssaaaaaaaa', '2021-09-23 09:00:00', 3, '2021-09-23 15:21:31', '', '0000-00-00 00:00:00'),
(262, 'aa323d1e-920e-11eb-aa1b-06d48d72463a', 963, '3', 1, 'qqqqqqqqqqqqqqq', '2021-09-23 09:00:00', 1, '2021-09-23 15:21:51', '', '0000-00-00 00:00:00'),
(263, 'db45854a-920d-11eb-aa1b-06d48d72463a', 973, '2', 1, 'ddddddddddd', '2021-09-23 00:00:00', 3, '2021-09-23 16:29:12', '', '0000-00-00 00:00:00'),
(264, 'fa2f63ae-938f-11eb-aa1b-06d48d72463a', 977, '2', 1, 'dfgfdgdg', '2021-09-23 17:48:00', 1, '2021-09-23 17:48:32', '', '0000-00-00 00:00:00'),
(265, '61991662-8ef7-11eb-aa1b-06d48d72463a', 913, '2', 5, 'vdscdsc', '2021-09-20 15:10:00', 2, '2021-09-24 11:52:15', '', '0000-00-00 00:00:00'),
(266, 'e6a9f27c-19fb-11ec-9d84-025f708e58f2', 917, '2', 5, 'zxcdscs', '2021-09-20 00:00:00', 2, '2021-09-24 11:52:21', '', '0000-00-00 00:00:00'),
(267, 'b413810f-8e20-11eb-aa1b-06d48d72463a', 958, '2', 5, 'asddd', '2021-09-22 13:10:00', 2, '2021-09-24 11:52:36', '', '0000-00-00 00:00:00'),
(268, '3902554f-afd5-11eb-aa1b-06d48d72463a', 918, '2', 5, 'scdwd', '2021-09-20 16:03:00', 2, '2021-09-24 11:52:52', '', '0000-00-00 00:00:00'),
(269, '3902554f-afd5-11eb-aa1b-06d48d72463a', 864, '2', 5, 'sadsdwqd', '2021-09-15 18:26:00', 2, '2021-09-24 11:52:59', '', '0000-00-00 00:00:00'),
(270, '23e126eb-8ef7-11eb-aa1b-06d48d72463a', 915, '2', 5, 'asdxsdwqd', '2021-09-20 10:50:00', 2, '2021-09-24 11:53:05', '', '0000-00-00 00:00:00'),
(271, '21834d9f-8ef3-11eb-aa1b-06d48d72463a', 921, '2', 5, 'sadsadwsd', '2021-09-20 18:12:00', 2, '2021-09-24 11:53:11', '', '0000-00-00 00:00:00'),
(272, 'c8a0d6d3-8e21-11eb-aa1b-06d48d72463a', 956, '2', 5, 'sddewdwd', '2021-09-22 13:10:00', 2, '2021-09-24 11:53:17', '', '0000-00-00 00:00:00'),
(273, '65853eb4-8e36-11eb-aa1b-06d48d72463a', 1015, '2', 5, 'dfgdgfdhg', '2021-09-28 20:51:47', 2, '2021-09-28 20:52:32', '', '0000-00-00 00:00:00'),
(274, 'aba570fc-8c90-11eb-aa1b-06d48d72463a', 1013, '2', 5, 'sefesfdesfewf', '2021-09-28 17:07:22', 2, '2021-09-29 11:31:43', '', '0000-00-00 00:00:00'),
(275, 'b61df649-9365-11eb-aa1b-06d48d72463a', 932, '2', 1, 'gggggggggggggg', '2021-09-22 09:00:00', 2, '2021-09-29 12:52:37', '', '0000-00-00 00:00:00'),
(276, 'fa2f63ae-938f-11eb-aa1b-06d48d72463a', 1020, '2', 1, 'sdsdssd', '2021-09-29 00:23:00', 2, '2021-09-30 16:32:19', '', '0000-00-00 00:00:00'),
(277, 'fa2f63ae-938f-11eb-aa1b-06d48d72463a', 1020, '2', 1, 'vbnvbnvbnvbnbv', '2021-09-29 00:23:00', 1, '2021-09-30 16:32:36', '', '0000-00-00 00:00:00'),
(278, 'a5b029d0-179a-11ec-9d84-025f708e58f2', 1098, '3', 1, 'cancel', '2021-10-21 00:00:00', 2, '2021-10-28 09:26:52', '', '0000-00-00 00:00:00'),
(279, '622fe2f7-9364-11eb-aa1b-06d48d72463a', 974, '2', 1, 'cancel', '2021-09-23 00:00:00', 2, '2021-10-28 09:27:04', '', '0000-00-00 00:00:00'),
(280, '14208764-920e-11eb-aa1b-06d48d72463a', 972, '3', 1, 'cancel', '2021-09-23 09:40:00', 2, '2021-10-28 09:27:12', '', '0000-00-00 00:00:00'),
(281, 'e1d54301-9364-11eb-aa1b-06d48d72463a', 934, '2', 1, 'cancel', '2021-09-22 09:20:00', 2, '2021-10-28 09:27:21', '', '0000-00-00 00:00:00'),
(282, '71459c05-93a2-11eb-aa1b-06d48d72463a', 814, '3', 1, 'cancel', '2021-09-14 00:11:00', 2, '2021-10-28 09:27:26', '', '0000-00-00 00:00:00'),
(283, '42cd089c-939d-11eb-aa1b-06d48d72463a', 838, '4', 1, 'cancel', '2021-09-14 23:48:00', 2, '2021-10-28 09:28:00', '', '0000-00-00 00:00:00'),
(284, '4f9d4fdd-93a0-11eb-aa1b-06d48d72463a', 938, '3', 1, 'cancel', '2021-09-22 00:00:00', 2, '2021-10-28 09:28:23', '', '0000-00-00 00:00:00'),
(285, '5600e7c2-921f-11eb-aa1b-06d48d72463a', 937, '2', 1, 'cancel', '2021-09-21 17:28:00', 2, '2021-10-28 09:28:29', '', '0000-00-00 00:00:00'),
(286, '90c458a0-939b-11eb-aa1b-06d48d72463a', 939, '2', 1, 'cancel', '2021-09-21 00:00:00', 2, '2021-10-28 09:28:37', '', '0000-00-00 00:00:00'),
(287, '7b70a3f8-939a-11eb-aa1b-06d48d72463a', 841, '4', 1, 'cancel', '2021-09-15 00:00:00', 2, '2021-10-28 09:28:43', '', '0000-00-00 00:00:00'),
(288, '0153c85a-93ac-11eb-aa1b-06d48d72463a', 833, '2', 1, 'cancel', '2021-09-14 23:35:00', 2, '2021-10-28 09:28:50', '', '0000-00-00 00:00:00'),
(289, '6fad58ae-93af-11eb-aa1b-06d48d72463a', 832, '5', 1, 'cancel', '2021-09-14 23:31:00', 2, '2021-10-28 09:28:57', '', '0000-00-00 00:00:00'),
(290, '7de9e155-93af-11eb-aa1b-06d48d72463a', 831, '4', 1, 'cancel', '2021-09-14 23:30:00', 2, '2021-10-28 09:29:04', '', '0000-00-00 00:00:00'),
(291, 'db45854a-920d-11eb-aa1b-06d48d72463a', 973, '2', 1, 'cancel', '2021-09-23 00:00:00', 2, '2021-10-28 09:29:10', '', '0000-00-00 00:00:00'),
(292, '7da69f87-939a-11eb-aa1b-06d48d72463a', 840, '6', 1, 'cancel', '2021-09-14 23:50:00', 2, '2021-10-28 09:29:15', '', '0000-00-00 00:00:00'),
(293, '45dfbf54-9384-11eb-aa1b-06d48d72463a', 1038, '3', 1, 'cancel', '2021-09-30 00:49:39', 2, '2021-10-28 09:29:22', '', '0000-00-00 00:00:00'),
(294, 'db45854a-920d-11eb-aa1b-06d48d72463a', 551, '2', 1, 'cancel', '2021-08-16 09:20:00', 2, '2021-10-28 09:29:33', '', '0000-00-00 00:00:00'),
(295, '14208764-920e-11eb-aa1b-06d48d72463a', 549, '3', 1, 'cancel', '2021-08-16 23:38:00', 2, '2021-10-28 09:29:46', '', '0000-00-00 00:00:00'),
(296, '02f32e0d-920e-11eb-aa1b-06d48d72463a', 550, '3', 1, 'cancel', '2021-08-16 23:38:00', 2, '2021-10-28 09:29:54', '', '0000-00-00 00:00:00'),
(297, '8b3cb6e3-afdb-11eb-aa1b-06d48d72463a', 1086, '2', 1, 'cancel', '2021-10-11 09:00:00', 2, '2021-10-28 09:30:23', '', '0000-00-00 00:00:00'),
(298, '949af7d3-0f28-11ec-bab6-025f708e58f2', 1080, '2', 1, 'cancel', '2021-10-10 09:10:00', 2, '2021-10-28 09:30:28', '', '0000-00-00 00:00:00'),
(299, 'f15ace09-8f98-11eb-aa1b-06d48d72463a', 980, '2', 1, 'cancel', '2021-09-23 17:53:00', 2, '2021-10-28 09:30:33', '', '0000-00-00 00:00:00'),
(300, '77e9ce63-920e-11eb-aa1b-06d48d72463a', 966, '3', 1, 'cancel', '2021-09-23 15:41:00', 2, '2021-10-28 09:30:41', '', '0000-00-00 00:00:00'),
(301, '90c458a0-939b-11eb-aa1b-06d48d72463a', 971, '2', 1, 'cancel', '2021-09-23 09:40:00', 2, '2021-10-28 09:30:47', '', '0000-00-00 00:00:00'),
(302, '19c4cbfa-9365-11eb-aa1b-06d48d72463a', 933, '2', 1, 'cancel', '2021-09-22 09:10:00', 2, '2021-10-28 09:31:08', '', '0000-00-00 00:00:00'),
(303, '90b8cf41-93a2-11eb-aa1b-06d48d72463a', 866, '2', 1, 'cancel', '2021-09-17 09:10:00', 2, '2021-10-28 09:31:14', '', '0000-00-00 00:00:00'),
(304, '8e62bccf-937a-11eb-aa1b-06d48d72463a', 498, '2', 1, 'cancel', '2021-08-13 14:35:00', 2, '2021-10-28 09:31:44', '', '0000-00-00 00:00:00'),
(305, '27a205b1-9384-11eb-aa1b-06d48d72463a', 849, '3', 1, 'cancel', '2021-09-15 09:00:00', 2, '2021-10-28 09:31:57', '', '0000-00-00 00:00:00'),
(306, 'b61df649-9365-11eb-aa1b-06d48d72463a', 932, '2', 1, 'cancel', '2021-09-22 09:00:00', 2, '2021-10-28 09:32:03', '', '0000-00-00 00:00:00'),
(307, '4d986c51-920e-11eb-aa1b-06d48d72463a', 968, '3', 1, 'cancel', '2021-09-23 15:43:00', 2, '2021-10-28 09:32:09', '', '0000-00-00 00:00:00'),
(308, '43b6d0c4-9367-11eb-aa1b-06d48d72463a', 855, '3', 1, 'cancel', '2021-09-15 09:40:00', 2, '2021-10-28 09:32:44', '', '0000-00-00 00:00:00'),
(309, 'd1e3b701-93b0-11eb-aa1b-06d48d72463a', 919, '2', 1, 'cancel', '2021-09-20 17:25:00', 2, '2021-10-28 09:32:58', '', '0000-00-00 00:00:00'),
(310, 'cd6334f5-93ac-11eb-aa1b-06d48d72463a', 57, '2', 1, 'dssdsds', '2021-11-13 09:38:00', 2, '2021-11-18 10:50:06', '', '0000-00-00 00:00:00'),
(311, 'a14b9513-ce6f-11eb-a2d6-025f708e58f2', 11, '2', 1, 'no billing', '2021-11-08 11:18:10', 2, '2021-11-18 10:50:59', '', '0000-00-00 00:00:00'),
(312, '1444b977-93af-11eb-aa1b-06d48d72463a', 60, '2', 1, 'no billing', '2021-11-13 09:39:16', 2, '2021-11-18 10:51:07', '', '0000-00-00 00:00:00'),
(313, '255c96af-93b0-11eb-aa1b-06d48d72463a', 59, '2', 1, 'no billing', '2021-11-13 09:38:55', 2, '2021-11-18 10:51:13', '', '0000-00-00 00:00:00'),
(314, 'c085da51-db19-11eb-a2d6-025f708e58f2', 8, '2', 1, 'no billing', '2021-11-08 11:17:06', 2, '2021-11-18 10:51:20', '', '0000-00-00 00:00:00'),
(315, '26b033f1-93b0-11eb-aa1b-06d48d72463a', 58, '2', 1, 'no billing', '2021-11-13 09:38:26', 2, '2021-11-18 10:51:26', '', '0000-00-00 00:00:00');

-- --------------------------------------------------------

--
-- Table structure for table `cl_charges`
--

CREATE TABLE IF NOT EXISTS `cl_charges` (
  `id` int UNSIGNED NOT NULL AUTO_INCREMENT,
  `charge_type` varchar(250) CHARACTER SET utf8 COLLATE utf8_unicode_ci NOT NULL,
  `charge_cost` int NOT NULL,
  `charge_code` varchar(3) CHARACTER SET utf8 COLLATE utf8_unicode_ci NOT NULL,
  `print_code` varchar(255) CHARACTER SET utf8 COLLATE utf8_unicode_ci DEFAULT NULL,
  `description` text CHARACTER SET utf8 COLLATE utf8_unicode_ci NOT NULL,
  `doctor_related` tinyint(1) NOT NULL,
  `shipping_related` tinyint(1) NOT NULL,
  `created_by` int NOT NULL,
  `creation_date_on` timestamp NOT NULL DEFAULT CURRENT_TIMESTAMP ON UPDATE CURRENT_TIMESTAMP,
  `modified_by` int NOT NULL,
  `modification_date` timestamp NOT NULL DEFAULT '0000-00-00 00:00:00',
  `status` enum('0','1','2') CHARACTER SET utf8 COLLATE utf8_unicode_ci NOT NULL DEFAULT '1',
  PRIMARY KEY (`id`),
  UNIQUE KEY `charges_charge_code_unique` (`charge_code`),
  KEY `charges_shipping_related_index` (`shipping_related`)
) ENGINE=InnoDB AUTO_INCREMENT=25 DEFAULT CHARSET=utf8mb3 COLLATE=utf8_unicode_ci;

--
-- Dumping data for table `cl_charges`
--

INSERT INTO `cl_charges` (`id`, `charge_type`, `charge_cost`, `charge_code`, `print_code`, `description`, `doctor_related`, `shipping_related`, `created_by`, `modified_by`, `modification_date`, `status`) VALUES
(1, 'Consultancy', 0, 'cns', 'SDC', 'This is the doctor default consultancy charge', 1, 0, 0, 0, '2021-07-31 05:16:10', '0'),
(2, 'Medicine', 0, 'mdn', 'MDN', 'This is only used for discounts', 1, 0, 0, 0, '2020-02-06 13:57:39', '0'),
(3, 'E-Consultation', 1200, 'ecs', 'ECS', '', 1, 0, 0, 0, '2020-02-06 13:58:13', '1'),
(4, 'US Shipping Charg', 500, 'usc', 'USC', '', 0, 1, 0, 0, '2021-09-08 11:18:28', '1'),
(5, 'UK Shipping Charge', 400, 'ukc', 'UKC', '', 1, 1, 0, 0, '2021-09-02 07:36:43', '1'),
(6, 'Big Box Charge', 100, 'box', 'BOX', '', 0, 0, 0, 0, '2020-02-24 04:32:38', '1'),
(7, 'Patient Visit', 2500, 'pvt', 'PVT', '', 1, 0, 0, 0, '2020-02-06 13:58:55', '1'),
(8, 'Other', 0, 'oth', NULL, 'Other charge', 0, 0, 0, 0, '0000-00-00 00:00:00', '0'),
(9, 'Extras', 250, 'EXT', 'EXT', 'Test', 1, 0, 0, 0, '2021-07-30 12:56:51', '1'),
(10, 'Courier NCR', 200, 'BD', 'BD', 'Courier within NCR', 0, 1, 0, 0, '2021-09-08 11:37:41', '1'),
(11, 'Courier - National', 500, 'DBD', 'DBD', 'Courier within India outside NCR', 0, 1, 0, 0, '2021-09-08 11:17:58', '1'),
(12, 'E-Consultation International', 2500, 'SEI', 'SEI', 'Econsultation charge for international patients', 1, 0, 0, 0, '2020-02-06 13:59:34', '1'),
(13, 'Noida Gurgaon etc', 100, 'NGO', 'NGO', 'Charges for picking up medicines at the Gurgaon Clinic or Noida Annexe or any other centre without paying consultation fee', 0, 0, 0, 0, '2020-02-06 13:59:46', '1'),
(14, 'E-consultation Domestic', 600, 'SED', 'SED', 'Econsultation charges for resident Indian Nationals with addresses within India', 1, 0, 0, 0, '2020-02-06 13:59:54', '1'),
(15, 'Small Box Charge', 50, 'SBX', 'SBX', 'Charge for small box', 1, 0, 0, 0, '0000-00-00 00:00:00', '1'),
(16, 'Sterlisation and Sanitation', 10, 'STE', 'STE', 'Charge for sterlisation and sanitisation of clinic premises and equipment ', 0, 0, 0, 0, '0000-00-00 00:00:00', '1'),
(17, 'Carry Bag', 10, 'CAB', 'CAB', 'This is the cost of a carry bag', 0, 0, 0, 0, '0000-00-00 00:00:00', '1'),
(18, 'Courier - International', 3000, 'CIN', 'CIN', 'International courier or shipping charges', 0, 0, 0, 0, '0000-00-00 00:00:00', '1'),
(19, 'Outstation Consultancy Kub', 400, 'OKU', 'OKU', 'Add on charge for consultation outside of Delhi like BLR for Dr. Kushal Banerjee', 0, 0, 0, 0, '0000-00-00 00:00:00', '1'),
(20, 'Demo Charge', 200, 'dcc', 'dcc', 'demo description', 1, 0, 0, 0, '2021-07-30 12:57:49', '1'),
(24, 'Test shipping charge', 123, 'Tsp', 'TSP', '', 0, 1, 0, 0, '0000-00-00 00:00:00', '0');

-- --------------------------------------------------------

--
-- Table structure for table `cl_city`
--

CREATE TABLE IF NOT EXISTS `cl_city` (
  `id` int UNSIGNED NOT NULL AUTO_INCREMENT,
  `city_name` varchar(255) CHARACTER SET utf8 COLLATE utf8_unicode_ci NOT NULL,
  `state_id` int NOT NULL,
  `country_id` int NOT NULL,
  `creation_date` datetime NOT NULL,
  `created_by` int NOT NULL,
  `modification_date` datetime NOT NULL,
  `modified_by` int NOT NULL,
  `status` enum('0','1','2') CHARACTER SET utf8 COLLATE utf8_unicode_ci NOT NULL,
  `old_id` int NOT NULL,
  PRIMARY KEY (`id`),
  KEY `state_id` (`state_id`),
  KEY `country_id` (`country_id`)
) ENGINE=InnoDB AUTO_INCREMENT=1993 DEFAULT CHARSET=utf8mb3 COLLATE=utf8_unicode_ci;

--
-- Dumping data for table `cl_city`
--

INSERT INTO `cl_city` (`id`, `city_name`, `state_id`, `country_id`, `creation_date`, `created_by`, `modification_date`, `modified_by`, `status`, `old_id`) VALUES
(1, 'ADORF', 69, 84, '2016-02-03 17:24:50', 0, '2016-02-03 17:24:50', 0, '1', 18),
(2, 'AGARIYA KOTH', 23, 102, '2016-02-03 17:24:50', 0, '2016-02-03 17:24:50', 0, '1', 77),
(3, 'AGRA', 215, 102, '2016-02-03 17:24:50', 0, '2016-02-03 17:24:50', 0, '1', 48),
(4, 'AHMADABAD', 67, 102, '2016-02-03 17:24:50', 0, '2016-02-03 17:24:50', 0, '1', 88),
(5, 'Allahbad', 215, 102, '2016-02-03 17:24:50', 0, '2016-02-03 17:24:50', 0, '1', 95),
(6, 'AMBALA', 176, 102, '2016-02-03 17:24:50', 0, '2016-02-03 17:24:50', 0, '1', 70),
(7, 'AMRITSAR', 176, 102, '2016-02-03 17:24:50', 0, '2016-02-03 17:24:50', 0, '1', 71),
(8, 'APORTO', 10, 174, '2016-02-03 17:24:50', 0, '2016-02-03 17:24:50', 0, '1', 10),
(9, 'BALLABHGARH', 70, 102, '2016-02-03 17:24:50', 0, '2016-02-03 17:24:50', 0, '1', 61),
(10, 'Bangalore', 90, 102, '2016-02-03 17:24:50', 0, '2016-02-03 17:24:50', 0, '1', 43),
(11, 'BARIELLY', 23, 102, '2016-02-03 17:24:50', 0, '2016-02-03 17:24:50', 0, '1', 76),
(12, 'BARKING', 57, 225, '2016-02-03 17:24:50', 0, '2016-02-03 17:24:50', 0, '1', 31),
(13, 'BHARATPUR', 180, 102, '2016-02-03 17:24:50', 0, '2016-02-03 17:24:50', 0, '1', 68),
(14, 'BIKANER', 180, 102, '2016-02-03 17:24:50', 0, '2016-02-03 17:24:50', 0, '1', 74),
(15, 'BOTANY', 155, 13, '2016-02-03 17:24:50', 0, '2016-02-03 17:24:50', 0, '1', 34),
(16, 'CHANDIGARH', 70, 102, '2016-02-03 17:24:50', 0, '2016-02-03 17:24:50', 0, '1', 80),
(17, 'CHICAGO', 78, 227, '2016-02-03 17:24:50', 0, '2016-02-03 17:24:50', 0, '1', 51),
(18, 'COCHIN', 94, 102, '2016-02-03 17:24:50', 0, '2016-02-03 17:24:50', 0, '1', 57),
(19, 'DALLAS', 208, 227, '2016-02-03 17:24:50', 0, '2016-02-03 17:24:50', 0, '1', 39),
(20, 'DELHI', 49, 102, '2016-02-03 17:24:50', 0, '2016-02-03 17:24:50', 0, '1', 20),
(21, 'DHANBAD', 23, 102, '2016-02-03 17:24:50', 0, '2016-02-03 17:24:50', 0, '1', 81),
(22, 'DHARUNHERA, DISTT REWARI', 70, 102, '2016-02-03 17:24:50', 0, '2016-02-03 17:24:50', 0, '1', 22),
(23, 'FARIDABAD', 70, 102, '2016-02-03 17:24:50', 0, '2016-02-03 17:24:50', 0, '1', 21),
(24, 'FIROZABAD', 215, 102, '2016-02-03 17:24:50', 0, '2016-02-03 17:24:50', 0, '1', 62),
(25, 'Franca', 20, 195, '2016-02-03 17:24:50', 0, '2016-02-03 17:24:50', 0, '1', 53),
(26, 'Fremont', 29, 227, '2016-02-03 17:24:50', 0, '2016-02-03 17:24:50', 0, '1', 94),
(27, 'FRET', 104, 76, '2016-02-03 17:24:50', 0, '2016-02-03 17:24:50', 0, '1', 35),
(28, 'Gautam Budh Nagar', 215, 102, '2016-02-03 17:24:50', 0, '2016-02-03 17:24:50', 0, '1', 49),
(29, 'GHAZIABAD', 215, 102, '2016-02-03 17:24:50', 0, '2016-02-03 17:24:50', 0, '1', 23),
(30, 'Gorakhpur', 215, 102, '2016-02-03 17:24:50', 0, '2016-02-03 17:24:50', 0, '1', 92),
(31, 'GREATER NOIDA', 215, 102, '2016-02-03 17:24:50', 0, '2016-02-03 17:24:50', 0, '1', 66),
(32, 'GURDASPUR', 176, 102, '2016-02-03 17:24:50', 0, '2016-02-03 17:24:50', 0, '1', 64),
(33, 'GURGAON', 70, 102, '2016-02-03 17:24:50', 0, '2016-02-03 17:24:50', 0, '1', 1),
(34, 'HAUPPAUGE', 147, 227, '2016-02-03 17:24:50', 0, '2016-02-03 17:24:50', 0, '1', 32),
(35, 'Havidovre', 45, 58, '2016-02-03 17:24:50', 0, '2016-02-03 17:24:50', 0, '1', 47),
(36, 'HAZIRABAGH', 85, 102, '2016-02-03 17:24:50', 0, '2016-02-03 17:24:50', 0, '1', 85),
(37, 'HISAR', 70, 102, '2016-02-03 17:24:50', 0, '2016-02-03 17:24:50', 0, '1', 58),
(38, 'HOOGLY', 90, 102, '2016-02-03 17:24:50', 0, '2016-02-03 17:24:50', 0, '1', 78),
(39, 'HOWRAH', 226, 102, '2016-02-03 17:24:50', 0, '2016-02-03 17:24:50', 0, '1', 28),
(40, 'IBIZA', 76, 195, '2016-02-03 17:24:50', 0, '2016-02-03 17:24:50', 0, '1', 38),
(41, 'INDORE', 112, 102, '2016-02-03 17:24:50', 0, '2016-02-03 17:24:50', 0, '1', 60),
(42, 'ISERNHAGEN', 69, 84, '2016-02-03 17:24:50', 0, '2016-02-03 17:24:50', 0, '1', 14),
(43, 'JAIPUR', 180, 102, '2016-02-03 17:24:50', 0, '2016-02-03 17:24:50', 0, '1', 9),
(44, 'JALANDHAR', 176, 102, '2016-02-03 17:24:50', 0, '2016-02-03 17:24:50', 0, '1', 40),
(45, 'Jamaica', 147, 227, '2016-02-03 17:24:50', 0, '2016-02-03 17:24:50', 0, '1', 56),
(46, 'Jhansi', 215, 102, '2016-02-03 17:24:50', 0, '2016-02-03 17:24:50', 0, '1', 93),
(47, 'JODHPUR', 180, 102, '2016-02-03 17:24:50', 0, '2016-02-03 17:24:50', 0, '1', 13),
(48, 'KAITHAL', 70, 102, '2016-02-03 17:24:50', 0, '2016-02-03 17:24:50', 0, '1', 83),
(49, 'KAMPALA', 87, 222, '2016-02-03 17:24:50', 0, '2016-02-03 17:24:50', 0, '1', 26),
(50, 'Kanpur', 215, 102, '2016-02-03 17:24:50', 0, '2016-02-03 17:24:50', 0, '1', 3),
(51, 'KOLKATA', 226, 102, '2016-02-03 17:24:50', 0, '2016-02-03 17:24:50', 0, '1', 16),
(52, 'KOWLOON', 99, 99, '2016-02-03 17:24:50', 0, '2016-02-03 17:24:50', 0, '1', 33),
(53, 'LADAKH', 84, 102, '2016-02-03 17:24:50', 0, '2016-02-03 17:24:50', 0, '1', 65),
(54, 'LASPALMAS', 5, 195, '2016-02-03 17:24:50', 0, '2016-02-03 17:24:50', 0, '1', 15),
(55, 'LOS ANGELES', 29, 227, '2016-02-03 17:24:50', 0, '2016-02-03 17:24:50', 0, '1', 6),
(56, 'LUCKNOW', 215, 102, '2016-02-03 17:24:50', 0, '2016-02-03 17:24:50', 0, '1', 19),
(57, 'LUDHIANA', 176, 102, '2016-02-03 17:24:50', 0, '2016-02-03 17:24:50', 0, '1', 24),
(58, 'Madras', 36, 102, '2016-02-03 17:24:50', 0, '2016-02-03 17:24:50', 0, '1', 42),
(59, 'Madrid', 113, 195, '2016-02-03 17:24:50', 0, '2016-02-03 17:24:50', 0, '1', 46),
(60, 'MATHURA', 215, 102, '2016-02-03 17:24:50', 0, '2016-02-03 17:24:50', 0, '1', 50),
(61, 'MEERUT', 215, 102, '2016-02-03 17:24:50', 0, '2016-02-03 17:24:50', 0, '1', 25),
(62, 'MORADABAD', 215, 102, '2016-02-03 17:24:50', 0, '2016-02-03 17:24:50', 0, '1', 4),
(63, 'MUMBAI', 114, 102, '2016-02-03 17:24:50', 0, '2016-02-03 17:24:50', 0, '1', 29),
(64, 'MUSHIDABAD', 226, 102, '2016-02-03 17:24:50', 0, '2016-02-03 17:24:50', 0, '1', 84),
(65, 'MUZAFAR NAGAR', 215, 102, '2016-02-03 17:24:50', 0, '2016-02-03 17:24:50', 0, '1', 75),
(66, 'MUZAFFARPUR', 23, 102, '2016-02-03 17:24:50', 0, '2016-02-03 17:24:50', 0, '1', 73),
(67, 'NAINITAL', 216, 102, '2016-02-03 17:24:50', 0, '2016-02-03 17:24:50', 0, '1', 69),
(68, 'New Delhi', 49, 102, '2016-02-03 17:24:50', 0, '2016-02-03 17:24:50', 0, '1', 12),
(69, 'NEW YORK', 147, 227, '2016-02-03 17:24:50', 0, '2016-02-03 17:24:50', 0, '1', 2),
(70, 'NOIDA', 215, 102, '2016-02-03 17:24:50', 0, '2016-02-03 17:24:50', 0, '1', 7),
(71, 'NORTH BETHESDA', 147, 227, '2016-02-03 17:24:50', 0, '2016-02-03 17:24:50', 0, '1', 86),
(72, 'Panchkula', 176, 102, '2016-02-03 17:24:50', 0, '2016-02-03 17:24:50', 0, '1', 37),
(73, 'PANIPAT', 70, 102, '2016-02-03 17:24:50', 0, '2016-02-03 17:24:50', 0, '1', 8),
(74, 'PATHANKOT', 176, 102, '2016-02-03 17:24:50', 0, '2016-02-03 17:24:50', 0, '1', 79),
(75, 'PATIALA', 176, 102, '2016-02-03 17:24:50', 0, '2016-02-03 17:24:50', 0, '1', 44),
(76, 'PATNA', 23, 102, '2016-02-03 17:24:50', 0, '2016-02-03 17:24:50', 0, '1', 82),
(77, 'PORTUGAL', 10, 174, '2016-02-03 17:24:50', 0, '2016-02-03 17:24:50', 0, '1', 11),
(78, 'PUNE', 114, 102, '2016-02-03 17:24:50', 0, '2016-02-03 17:24:50', 0, '1', 67),
(79, 'Roissy', 31, 76, '2016-02-03 17:24:50', 0, '2016-02-03 17:24:50', 0, '1', 55),
(80, 'Rosedale', 149, 227, '2016-02-03 17:24:50', 0, '2016-02-03 17:24:50', 0, '1', 52),
(81, 'RUDRA PRAYAG', 216, 102, '2016-02-03 17:24:50', 0, '2016-02-03 17:24:50', 0, '1', 72),
(82, 'Sahibabad', 215, 102, '2016-02-03 17:24:50', 0, '2016-02-03 17:24:50', 0, '1', 27),
(83, 'SAO PAULO', 32, 29, '2016-02-03 17:24:50', 0, '2016-02-03 17:24:50', 0, '1', 30),
(84, 'SHAJAHAPUR', 215, 102, '2016-02-03 17:24:50', 0, '2016-02-03 17:24:50', 0, '1', 89),
(85, 'Shanghai', 172, 45, '2016-02-03 17:24:50', 0, '2016-02-03 17:24:50', 0, '1', 45),
(86, 'SHILLONG', 138, 102, '2016-02-03 17:24:50', 0, '2016-02-03 17:24:50', 0, '1', 63),
(87, 'SILCHAL', 14, 102, '2016-02-03 17:24:50', 0, '2016-02-03 17:24:50', 0, '1', 87),
(88, 'SONEPAT', 70, 102, '2016-02-03 17:24:50', 0, '2016-02-03 17:24:50', 0, '1', 5),
(89, 'STAMFORD', 199, 227, '2016-02-03 17:24:50', 0, '2016-02-03 17:24:50', 0, '1', 90),
(90, 'TANUKU', 9, 102, '2016-02-03 17:24:50', 0, '2016-02-03 17:24:50', 0, '1', 91),
(91, 'TIRUPUR', 205, 102, '2016-02-03 17:24:50', 0, '2016-02-03 17:24:50', 0, '1', 36),
(92, 'Toronto', 161, 39, '2016-02-03 17:24:50', 0, '2016-02-03 17:24:50', 0, '1', 54),
(93, 'VARANASI', 215, 102, '2016-02-03 17:24:50', 0, '2016-02-03 17:24:50', 0, '1', 17),
(94, 'YAMUNA NAGAR', 70, 102, '2016-02-03 17:24:50', 0, '2016-02-03 17:24:50', 0, '1', 59),
(95, '', 122, 102, '0000-00-00 00:00:00', 0, '0000-00-00 00:00:00', 0, '0', 0),
(96, 'JAMSEDPUR', 85, 102, '0000-00-00 00:00:00', 0, '0000-00-00 00:00:00', 0, '0', 0),
(97, 'SOLAPUR', 114, 102, '0000-00-00 00:00:00', 0, '0000-00-00 00:00:00', 0, '0', 0),
(98, 'JAMMU', 84, 102, '0000-00-00 00:00:00', 0, '0000-00-00 00:00:00', 0, '0', 0),
(99, 'Bhiwadi', 180, 102, '0000-00-00 00:00:00', 0, '0000-00-00 00:00:00', 0, '0', 0),
(100, '', 84, 102, '0000-00-00 00:00:00', 0, '0000-00-00 00:00:00', 0, '0', 0),
(101, 'ALVISO', 29, 227, '0000-00-00 00:00:00', 0, '0000-00-00 00:00:00', 0, '0', 0),
(102, '', 213, 102, '0000-00-00 00:00:00', 0, '0000-00-00 00:00:00', 0, '0', 0),
(103, 'hYDERABAD', 9, 102, '0000-00-00 00:00:00', 0, '0000-00-00 00:00:00', 0, '0', 0),
(104, 'MYSORE', 90, 102, '0000-00-00 00:00:00', 0, '0000-00-00 00:00:00', 0, '0', 0),
(105, 'BARELI', 215, 102, '0000-00-00 00:00:00', 0, '0000-00-00 00:00:00', 0, '0', 0),
(106, 'ALIGARH', 215, 102, '0000-00-00 00:00:00', 0, '0000-00-00 00:00:00', 0, '0', 0),
(107, 'PALI', 180, 102, '0000-00-00 00:00:00', 0, '0000-00-00 00:00:00', 0, '0', 0),
(108, 'Dheradhun', 216, 102, '0000-00-00 00:00:00', 0, '0000-00-00 00:00:00', 0, '0', 0),
(109, 'SRI NAGAR', 84, 102, '0000-00-00 00:00:00', 0, '0000-00-00 00:00:00', 0, '0', 0),
(110, '', 180, 102, '0000-00-00 00:00:00', 0, '0000-00-00 00:00:00', 0, '0', 0),
(111, '', 215, 102, '0000-00-00 00:00:00', 0, '0000-00-00 00:00:00', 0, '0', 0),
(112, 'GUWHATI', 14, 102, '0000-00-00 00:00:00', 0, '0000-00-00 00:00:00', 0, '0', 0),
(113, 'ALWAR', 180, 102, '0000-00-00 00:00:00', 0, '0000-00-00 00:00:00', 0, '0', 0),
(114, 'BHOPAL', 112, 102, '0000-00-00 00:00:00', 0, '0000-00-00 00:00:00', 0, '0', 0),
(115, 'RANCHI', 85, 102, '0000-00-00 00:00:00', 0, '0000-00-00 00:00:00', 0, '0', 0),
(116, 'USA', 236, 227, '0000-00-00 00:00:00', 0, '0000-00-00 00:00:00', 0, '0', 0),
(117, '', 163, 102, '0000-00-00 00:00:00', 0, '0000-00-00 00:00:00', 0, '0', 0),
(118, 'PALAMU', 85, 102, '0000-00-00 00:00:00', 0, '0000-00-00 00:00:00', 0, '0', 0),
(119, 'SAHARANPUR', 215, 102, '0000-00-00 00:00:00', 0, '0000-00-00 00:00:00', 0, '0', 0),
(120, '', 85, 102, '0000-00-00 00:00:00', 0, '0000-00-00 00:00:00', 0, '0', 0),
(121, 'PURNIA', 23, 102, '0000-00-00 00:00:00', 0, '0000-00-00 00:00:00', 0, '0', 0),
(122, '', 74, 102, '0000-00-00 00:00:00', 0, '0000-00-00 00:00:00', 0, '0', 0),
(123, 'BOKARO', 85, 102, '0000-00-00 00:00:00', 0, '0000-00-00 00:00:00', 0, '0', 0),
(124, 'SAMLI', 215, 102, '0000-00-00 00:00:00', 0, '0000-00-00 00:00:00', 0, '0', 0),
(125, '', 23, 102, '0000-00-00 00:00:00', 0, '0000-00-00 00:00:00', 0, '0', 0),
(126, 'GALWAR', 112, 102, '0000-00-00 00:00:00', 0, '0000-00-00 00:00:00', 0, '0', 0),
(127, 'GAYA', 23, 102, '0000-00-00 00:00:00', 0, '0000-00-00 00:00:00', 0, '0', 0),
(128, 'REWARI', 70, 102, '0000-00-00 00:00:00', 0, '0000-00-00 00:00:00', 0, '0', 0),
(129, 'BHANDERA', 112, 102, '0000-00-00 00:00:00', 0, '0000-00-00 00:00:00', 0, '0', 0),
(130, 'AMBALA', 70, 102, '0000-00-00 00:00:00', 0, '0000-00-00 00:00:00', 0, '0', 0),
(131, 'JHAJJAR', 70, 102, '0000-00-00 00:00:00', 0, '0000-00-00 00:00:00', 0, '0', 0),
(132, 'AJMER', 180, 102, '0000-00-00 00:00:00', 0, '0000-00-00 00:00:00', 0, '0', 0),
(133, 'BANKA', 23, 102, '0000-00-00 00:00:00', 0, '0000-00-00 00:00:00', 0, '0', 0),
(134, 'JURSEY', 220, 227, '0000-00-00 00:00:00', 0, '0000-00-00 00:00:00', 0, '0', 0),
(135, 'SONITPUR', 14, 102, '0000-00-00 00:00:00', 0, '0000-00-00 00:00:00', 0, '0', 0),
(136, 'GANGTOH', 194, 102, '0000-00-00 00:00:00', 0, '0000-00-00 00:00:00', 0, '0', 0),
(137, 'Jubail', 183, 185, '0000-00-00 00:00:00', 0, '0000-00-00 00:00:00', 0, '0', 0),
(138, 'GANGTOK', 194, 102, '0000-00-00 00:00:00', 0, '0000-00-00 00:00:00', 0, '0', 0),
(139, 'Chesham', 237, 225, '0000-00-00 00:00:00', 0, '0000-00-00 00:00:00', 0, '0', 0),
(140, 'HARDROHI', 215, 102, '0000-00-00 00:00:00', 0, '0000-00-00 00:00:00', 0, '0', 0),
(141, 'UTTARAKHAND', 216, 102, '0000-00-00 00:00:00', 0, '0000-00-00 00:00:00', 0, '0', 0),
(142, 'BIHAR', 23, 102, '0000-00-00 00:00:00', 0, '0000-00-00 00:00:00', 0, '0', 0),
(143, 'SHIWAN', 23, 102, '0000-00-00 00:00:00', 0, '0000-00-00 00:00:00', 0, '0', 0),
(144, 'SAMASTIPUR', 23, 102, '0000-00-00 00:00:00', 0, '0000-00-00 00:00:00', 0, '0', 0),
(145, 'SILIGURI', 226, 102, '0000-00-00 00:00:00', 0, '0000-00-00 00:00:00', 0, '0', 0),
(146, 'Chesham', 238, 225, '0000-00-00 00:00:00', 0, '0000-00-00 00:00:00', 0, '0', 0),
(147, 'mirjapur', 215, 102, '0000-00-00 00:00:00', 0, '0000-00-00 00:00:00', 0, '0', 0),
(148, 'mirzapur', 215, 102, '0000-00-00 00:00:00', 0, '0000-00-00 00:00:00', 0, '0', 0),
(149, 'BAGHPAT', 215, 102, '0000-00-00 00:00:00', 0, '0000-00-00 00:00:00', 0, '0', 0),
(150, 'BAGPAT', 215, 102, '0000-00-00 00:00:00', 0, '0000-00-00 00:00:00', 0, '0', 0),
(151, 'SIBAN', 23, 102, '0000-00-00 00:00:00', 0, '0000-00-00 00:00:00', 0, '0', 0),
(152, 'JAHANBAD', 23, 102, '0000-00-00 00:00:00', 0, '0000-00-00 00:00:00', 0, '0', 0),
(153, '1', 70, 102, '0000-00-00 00:00:00', 0, '0000-00-00 00:00:00', 0, '0', 0),
(154, 'DANBAD', 85, 102, '0000-00-00 00:00:00', 0, '0000-00-00 00:00:00', 0, '0', 0),
(155, 'KATIHAR', 23, 102, '0000-00-00 00:00:00', 0, '0000-00-00 00:00:00', 0, '0', 0),
(156, 'BHOPAL', 67, 102, '0000-00-00 00:00:00', 0, '0000-00-00 00:00:00', 0, '0', 0),
(157, 'SURAT', 67, 102, '0000-00-00 00:00:00', 0, '0000-00-00 00:00:00', 0, '0', 0),
(158, '', 114, 102, '0000-00-00 00:00:00', 0, '0000-00-00 00:00:00', 0, '0', 0),
(159, '', 70, 102, '0000-00-00 00:00:00', 0, '0000-00-00 00:00:00', 0, '0', 0),
(160, 'ROHTAK', 70, 102, '0000-00-00 00:00:00', 0, '0000-00-00 00:00:00', 0, '0', 0),
(161, 'haridwar', 216, 102, '0000-00-00 00:00:00', 0, '0000-00-00 00:00:00', 0, '0', 0),
(162, 'TINSUKIYA', 14, 102, '0000-00-00 00:00:00', 0, '0000-00-00 00:00:00', 0, '0', 0),
(163, 'JASSHADPUR', 85, 102, '0000-00-00 00:00:00', 0, '0000-00-00 00:00:00', 0, '0', 0),
(164, 'SILLIGURI', 226, 102, '0000-00-00 00:00:00', 0, '0000-00-00 00:00:00', 0, '0', 0),
(165, 'DEWARIA', 215, 102, '0000-00-00 00:00:00', 0, '0000-00-00 00:00:00', 0, '0', 0),
(166, 'CHANDIGARH', 176, 102, '0000-00-00 00:00:00', 0, '0000-00-00 00:00:00', 0, '0', 0),
(167, 'UJJEN', 112, 102, '0000-00-00 00:00:00', 0, '0000-00-00 00:00:00', 0, '0', 0),
(168, 'SILIGURI', 14, 102, '0000-00-00 00:00:00', 0, '0000-00-00 00:00:00', 0, '0', 0),
(169, 'RAMPRASTH', 215, 102, '0000-00-00 00:00:00', 0, '0000-00-00 00:00:00', 0, '0', 0),
(170, '', 194, 102, '0000-00-00 00:00:00', 0, '0000-00-00 00:00:00', 0, '0', 0),
(171, 'GANGLOK', 194, 102, '0000-00-00 00:00:00', 0, '0000-00-00 00:00:00', 0, '0', 0),
(172, 'SHEOPUR', 112, 102, '0000-00-00 00:00:00', 0, '0000-00-00 00:00:00', 0, '0', 0),
(173, '', 67, 102, '0000-00-00 00:00:00', 0, '0000-00-00 00:00:00', 0, '0', 0),
(174, 'DHANBAD', 85, 102, '0000-00-00 00:00:00', 0, '0000-00-00 00:00:00', 0, '0', 0),
(175, 'DEHRADUN', 216, 102, '0000-00-00 00:00:00', 0, '0000-00-00 00:00:00', 0, '0', 0),
(176, 'HARDOHI', 215, 102, '0000-00-00 00:00:00', 0, '0000-00-00 00:00:00', 0, '0', 0),
(177, 'SHIVAN', 23, 102, '0000-00-00 00:00:00', 0, '0000-00-00 00:00:00', 0, '0', 0),
(178, 'KHIRI', 215, 102, '0000-00-00 00:00:00', 0, '0000-00-00 00:00:00', 0, '0', 0),
(179, 'BILANDSAHAR', 215, 102, '0000-00-00 00:00:00', 0, '0000-00-00 00:00:00', 0, '0', 0),
(180, '', 49, 102, '0000-00-00 00:00:00', 0, '0000-00-00 00:00:00', 0, '0', 0),
(181, 'ALMORA', 215, 102, '0000-00-00 00:00:00', 0, '0000-00-00 00:00:00', 0, '0', 0),
(182, 'asia', 240, 189, '0000-00-00 00:00:00', 0, '0000-00-00 00:00:00', 0, '0', 0),
(183, 'GOPALGANJ', 23, 102, '0000-00-00 00:00:00', 0, '0000-00-00 00:00:00', 0, '0', 0),
(184, '', 241, 102, '0000-00-00 00:00:00', 0, '0000-00-00 00:00:00', 0, '0', 0),
(185, 'MOTIHARI', 23, 102, '0000-00-00 00:00:00', 0, '0000-00-00 00:00:00', 0, '0', 0),
(186, 'JAYPUR', 82, 102, '0000-00-00 00:00:00', 0, '0000-00-00 00:00:00', 0, '0', 0),
(187, 'AMROHA', 215, 102, '0000-00-00 00:00:00', 0, '0000-00-00 00:00:00', 0, '0', 0),
(188, 'wisconsin', 228, 227, '0000-00-00 00:00:00', 0, '0000-00-00 00:00:00', 0, '0', 0),
(189, 'jaipur', 82, 102, '0000-00-00 00:00:00', 0, '0000-00-00 00:00:00', 0, '0', 0),
(190, 'AMRAVATI', 114, 102, '0000-00-00 00:00:00', 0, '0000-00-00 00:00:00', 0, '0', 0),
(191, 'CHINCHORE', 14, 102, '0000-00-00 00:00:00', 0, '0000-00-00 00:00:00', 0, '0', 0),
(192, 'BAHADUR GARH', 70, 102, '0000-00-00 00:00:00', 0, '0000-00-00 00:00:00', 0, '0', 0),
(193, '', 90, 102, '0000-00-00 00:00:00', 0, '0000-00-00 00:00:00', 0, '0', 0),
(194, 'AARHUS', 242, 58, '0000-00-00 00:00:00', 0, '0000-00-00 00:00:00', 0, '0', 0),
(195, 'AARHUS', 243, 58, '0000-00-00 00:00:00', 0, '0000-00-00 00:00:00', 0, '0', 0),
(196, 'dubai', 49, 102, '0000-00-00 00:00:00', 0, '0000-00-00 00:00:00', 0, '0', 0),
(197, 'RISHIKES', 216, 102, '0000-00-00 00:00:00', 0, '0000-00-00 00:00:00', 0, '0', 0),
(198, 'SONIPATH', 70, 102, '0000-00-00 00:00:00', 0, '0000-00-00 00:00:00', 0, '0', 0),
(199, 'VAISHALI', 23, 102, '0000-00-00 00:00:00', 0, '0000-00-00 00:00:00', 0, '0', 0),
(200, '1', 200, 84, '0000-00-00 00:00:00', 0, '0000-00-00 00:00:00', 0, '0', 0),
(201, 'UDISHA', 244, 102, '0000-00-00 00:00:00', 0, '0000-00-00 00:00:00', 0, '0', 0),
(202, 'PRATAPGARH', 215, 102, '0000-00-00 00:00:00', 0, '0000-00-00 00:00:00', 0, '0', 0),
(203, 'GOA', 64, 102, '0000-00-00 00:00:00', 0, '0000-00-00 00:00:00', 0, '0', 0),
(204, 'west Mamblam', 36, 102, '0000-00-00 00:00:00', 0, '0000-00-00 00:00:00', 0, '0', 0),
(205, 'RAIPUR', 33, 102, '0000-00-00 00:00:00', 0, '0000-00-00 00:00:00', 0, '0', 0),
(206, '', 14, 102, '0000-00-00 00:00:00', 0, '0000-00-00 00:00:00', 0, '0', 0),
(207, 'CHAMPARAN', 23, 102, '0000-00-00 00:00:00', 0, '0000-00-00 00:00:00', 0, '0', 0),
(208, 'HALDWANI', 216, 102, '0000-00-00 00:00:00', 0, '0000-00-00 00:00:00', 0, '0', 0),
(209, 'MOR', 215, 102, '0000-00-00 00:00:00', 0, '0000-00-00 00:00:00', 0, '0', 0),
(210, 'chandirah', 176, 102, '0000-00-00 00:00:00', 0, '0000-00-00 00:00:00', 0, '0', 0),
(211, '', 35, 102, '0000-00-00 00:00:00', 0, '0000-00-00 00:00:00', 0, '0', 0),
(212, '1', 13, 102, '0000-00-00 00:00:00', 0, '0000-00-00 00:00:00', 0, '0', 0),
(213, 'LONDON', 106, 225, '0000-00-00 00:00:00', 0, '0000-00-00 00:00:00', 0, '0', 0),
(214, '', 88, 102, '0000-00-00 00:00:00', 0, '0000-00-00 00:00:00', 0, '0', 0),
(215, 'Hazaribagh', 88, 102, '0000-00-00 00:00:00', 0, '0000-00-00 00:00:00', 0, '0', 0),
(216, '', 112, 102, '0000-00-00 00:00:00', 0, '0000-00-00 00:00:00', 0, '0', 0),
(217, 'Singarul', 112, 102, '0000-00-00 00:00:00', 0, '0000-00-00 00:00:00', 0, '0', 0),
(218, 'VANIYAL', 84, 102, '0000-00-00 00:00:00', 0, '0000-00-00 00:00:00', 0, '0', 0),
(219, 'Sancoale', 64, 102, '0000-00-00 00:00:00', 0, '0000-00-00 00:00:00', 0, '0', 0),
(220, 'ALIGRH', 215, 102, '0000-00-00 00:00:00', 0, '0000-00-00 00:00:00', 0, '0', 0),
(221, '', 64, 102, '0000-00-00 00:00:00', 0, '0000-00-00 00:00:00', 0, '0', 0),
(222, '', 216, 102, '0000-00-00 00:00:00', 0, '0000-00-00 00:00:00', 0, '0', 0),
(223, 'CHIRKUNDA', 85, 102, '0000-00-00 00:00:00', 0, '0000-00-00 00:00:00', 0, '0', 0),
(224, 'BAHADURGARH', 70, 102, '0000-00-00 00:00:00', 0, '0000-00-00 00:00:00', 0, '0', 0),
(225, 'DOHA', 245, 176, '0000-00-00 00:00:00', 0, '0000-00-00 00:00:00', 0, '0', 0),
(226, 'BULANDSAHAR', 215, 102, '0000-00-00 00:00:00', 0, '0000-00-00 00:00:00', 0, '0', 0),
(227, '', 226, 102, '0000-00-00 00:00:00', 0, '0000-00-00 00:00:00', 0, '0', 0),
(228, 'PANIPATH', 70, 102, '0000-00-00 00:00:00', 0, '0000-00-00 00:00:00', 0, '0', 0),
(229, 'BHUBNESWAR', 244, 102, '0000-00-00 00:00:00', 0, '0000-00-00 00:00:00', 0, '0', 0),
(230, 'BAG', 215, 102, '0000-00-00 00:00:00', 0, '0000-00-00 00:00:00', 0, '0', 0),
(231, 'OTTAWA', 161, 39, '0000-00-00 00:00:00', 0, '0000-00-00 00:00:00', 0, '0', 0),
(232, 'bangkok', 246, 212, '0000-00-00 00:00:00', 0, '0000-00-00 00:00:00', 0, '0', 0),
(233, 'sirsi', 90, 102, '0000-00-00 00:00:00', 0, '0000-00-00 00:00:00', 0, '0', 0),
(234, 'Other', 247, 102, '0000-00-00 00:00:00', 0, '0000-00-00 00:00:00', 0, '0', 0),
(235, 'BURDWAB', 226, 102, '0000-00-00 00:00:00', 0, '0000-00-00 00:00:00', 0, '0', 0),
(236, 'JORHAT', 14, 102, '0000-00-00 00:00:00', 0, '0000-00-00 00:00:00', 0, '0', 0),
(237, 'TIKAMGARH', 112, 102, '0000-00-00 00:00:00', 0, '0000-00-00 00:00:00', 0, '0', 0),
(238, 'KATNI', 112, 102, '0000-00-00 00:00:00', 0, '0000-00-00 00:00:00', 0, '0', 0),
(239, 'ANANTNAG', 84, 102, '0000-00-00 00:00:00', 0, '0000-00-00 00:00:00', 0, '0', 0),
(240, '', 47, 102, '0000-00-00 00:00:00', 0, '0000-00-00 00:00:00', 0, '0', 0),
(241, 'PA', 248, 224, '0000-00-00 00:00:00', 0, '0000-00-00 00:00:00', 0, '0', 0),
(242, 'DUDGAM', 84, 102, '0000-00-00 00:00:00', 0, '0000-00-00 00:00:00', 0, '0', 0),
(243, 'SIKANDRABAD', 9, 102, '0000-00-00 00:00:00', 0, '0000-00-00 00:00:00', 0, '0', 0),
(244, 'srinagar', 84, 102, '0000-00-00 00:00:00', 0, '0000-00-00 00:00:00', 0, '0', 0),
(245, 'DARBHANGA', 23, 102, '0000-00-00 00:00:00', 0, '0000-00-00 00:00:00', 0, '0', 0),
(246, 'PONDA', 64, 102, '0000-00-00 00:00:00', 0, '0000-00-00 00:00:00', 0, '0', 0),
(247, '1', 9, 102, '0000-00-00 00:00:00', 0, '0000-00-00 00:00:00', 0, '0', 0),
(248, 'PALWAL', 70, 102, '0000-00-00 00:00:00', 0, '0000-00-00 00:00:00', 0, '0', 0),
(249, '1', 230, 225, '0000-00-00 00:00:00', 0, '0000-00-00 00:00:00', 0, '0', 0),
(250, 'SHIVANS', 23, 102, '0000-00-00 00:00:00', 0, '0000-00-00 00:00:00', 0, '0', 0),
(251, 'SATNA', 112, 102, '0000-00-00 00:00:00', 0, '0000-00-00 00:00:00', 0, '0', 0),
(252, 'KURUKSHTRA ', 70, 102, '0000-00-00 00:00:00', 0, '0000-00-00 00:00:00', 0, '0', 0),
(253, 'cuttak', 163, 102, '0000-00-00 00:00:00', 0, '0000-00-00 00:00:00', 0, '0', 0),
(254, 'Regent Park', 106, 225, '0000-00-00 00:00:00', 0, '0000-00-00 00:00:00', 0, '0', 0),
(255, '', 176, 102, '0000-00-00 00:00:00', 0, '0000-00-00 00:00:00', 0, '0', 0),
(256, 'ARARIA', 23, 102, '0000-00-00 00:00:00', 0, '0000-00-00 00:00:00', 0, '0', 0),
(257, 'SAGAR', 112, 102, '0000-00-00 00:00:00', 0, '0000-00-00 00:00:00', 0, '0', 0),
(258, 'KUMARDUBHI', 85, 102, '0000-00-00 00:00:00', 0, '0000-00-00 00:00:00', 0, '0', 0),
(259, 'CHAMBA', 74, 102, '0000-00-00 00:00:00', 0, '0000-00-00 00:00:00', 0, '0', 0),
(260, 'BENGLORE', 9, 102, '0000-00-00 00:00:00', 0, '0000-00-00 00:00:00', 0, '0', 0),
(261, 'west sydney', 201, 13, '0000-00-00 00:00:00', 0, '0000-00-00 00:00:00', 0, '0', 0),
(262, 'ROPAR', 176, 102, '0000-00-00 00:00:00', 0, '0000-00-00 00:00:00', 0, '0', 0),
(263, 'simla', 74, 102, '0000-00-00 00:00:00', 0, '0000-00-00 00:00:00', 0, '0', 0),
(264, '1', 28, 10, '0000-00-00 00:00:00', 0, '0000-00-00 00:00:00', 0, '0', 0),
(265, 'HARDOI', 215, 102, '0000-00-00 00:00:00', 0, '0000-00-00 00:00:00', 0, '0', 0),
(266, 'HUSTON TEXAS', 71, 227, '0000-00-00 00:00:00', 0, '0000-00-00 00:00:00', 0, '0', 0),
(267, 'UNNAO', 215, 102, '0000-00-00 00:00:00', 0, '0000-00-00 00:00:00', 0, '0', 0),
(268, 'FLORIDA', 116, 225, '0000-00-00 00:00:00', 0, '0000-00-00 00:00:00', 0, '0', 0),
(269, '', 46, 102, '0000-00-00 00:00:00', 0, '0000-00-00 00:00:00', 0, '0', 0),
(270, 'HYDERABAD', 251, 102, '0000-00-00 00:00:00', 0, '0000-00-00 00:00:00', 0, '0', 0),
(271, 'GAJROLA', 215, 102, '0000-00-00 00:00:00', 0, '0000-00-00 00:00:00', 0, '0', 0),
(272, '1', 253, 224, '0000-00-00 00:00:00', 0, '0000-00-00 00:00:00', 0, '0', 0),
(273, 'New Delhi', 70, 102, '0000-00-00 00:00:00', 0, '0000-00-00 00:00:00', 0, '0', 0),
(274, '1', 213, 102, '0000-00-00 00:00:00', 0, '0000-00-00 00:00:00', 0, '0', 0),
(275, 'DUBAI', 52, 224, '0000-00-00 00:00:00', 0, '0000-00-00 00:00:00', 0, '0', 0),
(276, '', 254, 4, '0000-00-00 00:00:00', 0, '0000-00-00 00:00:00', 0, '0', 0),
(277, 'BIJNOR', 215, 102, '0000-00-00 00:00:00', 0, '0000-00-00 00:00:00', 0, '0', 0),
(278, '1', 49, 102, '0000-00-00 00:00:00', 0, '0000-00-00 00:00:00', 0, '0', 0),
(279, 'VEERGANJ', 91, 151, '0000-00-00 00:00:00', 0, '0000-00-00 00:00:00', 0, '0', 0),
(280, 'europe', 255, 76, '0000-00-00 00:00:00', 0, '0000-00-00 00:00:00', 0, '0', 0),
(281, '1', 256, 226, '0000-00-00 00:00:00', 0, '0000-00-00 00:00:00', 0, '0', 0),
(282, 'KASHGANJ', 215, 102, '0000-00-00 00:00:00', 0, '0000-00-00 00:00:00', 0, '0', 0),
(283, 'dhaka', 257, 18, '0000-00-00 00:00:00', 0, '0000-00-00 00:00:00', 0, '0', 0),
(284, 'dhaka', 258, 18, '0000-00-00 00:00:00', 0, '0000-00-00 00:00:00', 0, '0', 0),
(285, 'RAMPURI', 215, 102, '0000-00-00 00:00:00', 0, '0000-00-00 00:00:00', 0, '0', 0),
(286, 'RAMPUR', 215, 102, '0000-00-00 00:00:00', 0, '0000-00-00 00:00:00', 0, '0', 0),
(287, 'BHAGALPUR', 23, 102, '0000-00-00 00:00:00', 0, '0000-00-00 00:00:00', 0, '0', 0),
(288, 'RAMPR', 215, 102, '0000-00-00 00:00:00', 0, '0000-00-00 00:00:00', 0, '0', 0),
(289, '', 259, 18, '0000-00-00 00:00:00', 0, '0000-00-00 00:00:00', 0, '0', 0),
(290, 'SIRSA', 70, 102, '0000-00-00 00:00:00', 0, '0000-00-00 00:00:00', 0, '0', 0),
(291, 'N', 49, 102, '0000-00-00 00:00:00', 0, '0000-00-00 00:00:00', 0, '0', 0),
(292, 'NARNAULOI', 70, 102, '0000-00-00 00:00:00', 0, '0000-00-00 00:00:00', 0, '0', 0),
(293, 'HARYANA', 70, 102, '0000-00-00 00:00:00', 0, '0000-00-00 00:00:00', 0, '0', 0),
(294, 'BANARASI', 215, 102, '0000-00-00 00:00:00', 0, '0000-00-00 00:00:00', 0, '0', 0),
(295, '', 106, 225, '0000-00-00 00:00:00', 0, '0000-00-00 00:00:00', 0, '0', 0),
(296, 'ENGLAND', 106, 225, '0000-00-00 00:00:00', 0, '0000-00-00 00:00:00', 0, '0', 0),
(297, '1', 145, 227, '0000-00-00 00:00:00', 0, '0000-00-00 00:00:00', 0, '0', 0),
(298, 'kasmir', 84, 102, '0000-00-00 00:00:00', 0, '0000-00-00 00:00:00', 0, '0', 0),
(299, '', 82, 102, '0000-00-00 00:00:00', 0, '0000-00-00 00:00:00', 0, '0', 0),
(300, 'MUZAFFAR NAGAR', 215, 102, '0000-00-00 00:00:00', 0, '0000-00-00 00:00:00', 0, '0', 0),
(301, 'J', 49, 102, '0000-00-00 00:00:00', 0, '0000-00-00 00:00:00', 0, '0', 0),
(302, 'BHUBHNASAR', 163, 102, '0000-00-00 00:00:00', 0, '0000-00-00 00:00:00', 0, '0', 0),
(303, 'BAITUL', 112, 102, '0000-00-00 00:00:00', 0, '0000-00-00 00:00:00', 0, '0', 0),
(304, 'ETWA', 215, 102, '0000-00-00 00:00:00', 0, '0000-00-00 00:00:00', 0, '0', 0),
(305, 'GUWAHATI', 14, 102, '0000-00-00 00:00:00', 0, '0000-00-00 00:00:00', 0, '0', 0),
(306, 'CALIFORNIA', 177, 39, '0000-00-00 00:00:00', 0, '0000-00-00 00:00:00', 0, '0', 0),
(307, 'Farrukabad', 215, 102, '0000-00-00 00:00:00', 0, '0000-00-00 00:00:00', 0, '0', 0),
(308, 'bulendsher', 215, 102, '0000-00-00 00:00:00', 0, '0000-00-00 00:00:00', 0, '0', 0),
(309, 'MIDDLESEX', 106, 225, '0000-00-00 00:00:00', 0, '0000-00-00 00:00:00', 0, '0', 0),
(310, 'shri nagar', 84, 102, '0000-00-00 00:00:00', 0, '0000-00-00 00:00:00', 0, '0', 0),
(311, 'aasam', 14, 102, '0000-00-00 00:00:00', 0, '0000-00-00 00:00:00', 0, '0', 0),
(312, 'srin nagar ', 84, 102, '0000-00-00 00:00:00', 0, '0000-00-00 00:00:00', 0, '0', 0),
(313, 'kashmir ', 84, 102, '0000-00-00 00:00:00', 0, '0000-00-00 00:00:00', 0, '0', 0),
(314, 'saharnpur', 215, 102, '0000-00-00 00:00:00', 0, '0000-00-00 00:00:00', 0, '0', 0),
(315, 'rai bariely', 215, 102, '0000-00-00 00:00:00', 0, '0000-00-00 00:00:00', 0, '0', 0),
(316, 'haidrabad', 9, 102, '0000-00-00 00:00:00', 0, '0000-00-00 00:00:00', 0, '0', 0),
(317, 'shimla', 74, 102, '0000-00-00 00:00:00', 0, '0000-00-00 00:00:00', 0, '0', 0),
(318, 'bulansher', 215, 102, '0000-00-00 00:00:00', 0, '0000-00-00 00:00:00', 0, '0', 0),
(319, 'pakhanlor', 112, 102, '0000-00-00 00:00:00', 0, '0000-00-00 00:00:00', 0, '0', 0),
(320, '1', 46, 102, '0000-00-00 00:00:00', 0, '0000-00-00 00:00:00', 0, '0', 0),
(321, 'muzafarpur', 23, 102, '0000-00-00 00:00:00', 0, '0000-00-00 00:00:00', 0, '0', 0),
(322, 'badayun', 215, 102, '0000-00-00 00:00:00', 0, '0000-00-00 00:00:00', 0, '0', 0),
(323, 'barieli', 215, 102, '0000-00-00 00:00:00', 0, '0000-00-00 00:00:00', 0, '0', 0),
(324, 'maliharan', 215, 102, '0000-00-00 00:00:00', 0, '0000-00-00 00:00:00', 0, '0', 0),
(325, 'pilibheet ', 215, 102, '0000-00-00 00:00:00', 0, '0000-00-00 00:00:00', 0, '0', 0),
(326, 'KURUKSHTERA', 70, 102, '0000-00-00 00:00:00', 0, '0000-00-00 00:00:00', 0, '0', 0),
(328, 'bulandsher', 215, 102, '0000-00-00 00:00:00', 0, '0000-00-00 00:00:00', 0, '0', 0),
(329, 'nawada', 23, 102, '0000-00-00 00:00:00', 0, '0000-00-00 00:00:00', 0, '0', 0),
(330, 'chiraiya', 23, 102, '0000-00-00 00:00:00', 0, '0000-00-00 00:00:00', 0, '0', 0),
(331, 'kota', 180, 102, '0000-00-00 00:00:00', 0, '0000-00-00 00:00:00', 0, '0', 0),
(332, 'gwalior', 112, 102, '0000-00-00 00:00:00', 0, '0000-00-00 00:00:00', 0, '0', 0),
(333, 'Bardhman', 226, 102, '0000-00-00 00:00:00', 0, '0000-00-00 00:00:00', 0, '0', 0),
(334, 'ABHUDHABI', 52, 224, '0000-00-00 00:00:00', 0, '0000-00-00 00:00:00', 0, '0', 0),
(335, 'EUGENE', 265, 227, '0000-00-00 00:00:00', 0, '0000-00-00 00:00:00', 0, '0', 0),
(336, 'punjab', 176, 102, '0000-00-00 00:00:00', 0, '0000-00-00 00:00:00', 0, '0', 0),
(337, 'khushi ganj', 215, 102, '0000-00-00 00:00:00', 0, '0000-00-00 00:00:00', 0, '0', 0),
(338, 'tapkondiya', 163, 102, '0000-00-00 00:00:00', 0, '0000-00-00 00:00:00', 0, '0', 0),
(339, 'tn', 145, 227, '0000-00-00 00:00:00', 0, '0000-00-00 00:00:00', 0, '0', 0),
(340, 'sharjah', 52, 224, '0000-00-00 00:00:00', 0, '0000-00-00 00:00:00', 0, '0', 0),
(341, 'mau', 215, 102, '0000-00-00 00:00:00', 0, '0000-00-00 00:00:00', 0, '0', 0),
(342, 'peeli bheet', 215, 102, '0000-00-00 00:00:00', 0, '0000-00-00 00:00:00', 0, '0', 0),
(344, 'Sharjha', 52, 224, '0000-00-00 00:00:00', 0, '0000-00-00 00:00:00', 0, '0', 0),
(347, 'essex', 106, 225, '0000-00-00 00:00:00', 0, '0000-00-00 00:00:00', 0, '0', 0),
(348, 'seetapur', 215, 102, '0000-00-00 00:00:00', 0, '0000-00-00 00:00:00', 0, '0', 0),
(349, 'TANDA', 215, 102, '0000-00-00 00:00:00', 0, '0000-00-00 00:00:00', 0, '0', 0),
(350, 'oman', 52, 224, '0000-00-00 00:00:00', 0, '0000-00-00 00:00:00', 0, '0', 0),
(351, 'Kharagpur', 226, 102, '0000-00-00 00:00:00', 0, '0000-00-00 00:00:00', 0, '0', 0),
(353, 'NEW JERSEY', 145, 227, '0000-00-00 00:00:00', 0, '0000-00-00 00:00:00', 0, '0', 0),
(354, 'JABBAL PUR', 112, 102, '0000-00-00 00:00:00', 0, '0000-00-00 00:00:00', 0, '0', 0),
(356, 'N', 215, 102, '0000-00-00 00:00:00', 0, '0000-00-00 00:00:00', 0, '0', 0),
(359, 'europe', 234, 207, '0000-00-00 00:00:00', 0, '0000-00-00 00:00:00', 0, '0', 0),
(360, 'hapur', 215, 102, '0000-00-00 00:00:00', 0, '0000-00-00 00:00:00', 0, '0', 0),
(361, 'bhadurgarh', 70, 102, '0000-00-00 00:00:00', 0, '0000-00-00 00:00:00', 0, '0', 0),
(362, 'madhubani', 23, 102, '0000-00-00 00:00:00', 0, '0000-00-00 00:00:00', 0, '0', 0),
(363, 'uttar dinagpur', 226, 102, '0000-00-00 00:00:00', 0, '0000-00-00 00:00:00', 0, '0', 0),
(364, 'B', 25, 13, '0000-00-00 00:00:00', 0, '0000-00-00 00:00:00', 0, '0', 0),
(365, 'sambhal', 215, 102, '0000-00-00 00:00:00', 0, '0000-00-00 00:00:00', 0, '0', 0),
(366, 'KATHMANDU', 91, 151, '0000-00-00 00:00:00', 0, '0000-00-00 00:00:00', 0, '0', 0),
(371, 'mathura', 241, 102, '0000-00-00 00:00:00', 0, '0000-00-00 00:00:00', 0, '0', 0),
(372, 'noida', 241, 102, '0000-00-00 00:00:00', 0, '0000-00-00 00:00:00', 0, '0', 0),
(373, 'delhi', 241, 102, '0000-00-00 00:00:00', 0, '0000-00-00 00:00:00', 0, '0', 0),
(374, 'bhubneswar', 163, 102, '0000-00-00 00:00:00', 0, '0000-00-00 00:00:00', 0, '0', 0),
(375, '1', 114, 102, '0000-00-00 00:00:00', 0, '0000-00-00 00:00:00', 0, '0', 0),
(376, 'COLUMBUS', 106, 225, '0000-00-00 00:00:00', 0, '0000-00-00 00:00:00', 0, '0', 0),
(377, 'dalhozi', 74, 102, '0000-00-00 00:00:00', 0, '0000-00-00 00:00:00', 0, '0', 0),
(380, 'ballia', 215, 102, '0000-00-00 00:00:00', 0, '0000-00-00 00:00:00', 0, '0', 0),
(381, 'NOOTDORP', 7, 152, '0000-00-00 00:00:00', 0, '0000-00-00 00:00:00', 0, '0', 0),
(384, 'D', 49, 102, '0000-00-00 00:00:00', 0, '0000-00-00 00:00:00', 0, '0', 0),
(385, 'IMPHAL', 13, 102, '0000-00-00 00:00:00', 0, '0000-00-00 00:00:00', 0, '0', 0),
(395, '', 266, 58, '0000-00-00 00:00:00', 0, '0000-00-00 00:00:00', 0, '0', 0),
(396, 'Godda', 85, 102, '0000-00-00 00:00:00', 0, '0000-00-00 00:00:00', 0, '0', 0),
(399, '1', 267, 102, '0000-00-00 00:00:00', 0, '0000-00-00 00:00:00', 0, '0', 0),
(400, 'JAMTARA', 85, 102, '0000-00-00 00:00:00', 0, '0000-00-00 00:00:00', 0, '0', 0),
(401, '1', 106, 225, '0000-00-00 00:00:00', 0, '0000-00-00 00:00:00', 0, '0', 0),
(402, 'BAGPATH', 215, 102, '0000-00-00 00:00:00', 0, '0000-00-00 00:00:00', 0, '0', 0),
(403, 'dharma nagar', 213, 102, '0000-00-00 00:00:00', 0, '0000-00-00 00:00:00', 0, '0', 0),
(404, 'JAMSED PUR', 85, 102, '0000-00-00 00:00:00', 0, '0000-00-00 00:00:00', 0, '0', 0),
(405, 'PANCH KULA', 70, 102, '0000-00-00 00:00:00', 0, '0000-00-00 00:00:00', 0, '0', 0),
(406, '1', 112, 102, '0000-00-00 00:00:00', 0, '0000-00-00 00:00:00', 0, '0', 0),
(407, '', 52, 224, '0000-00-00 00:00:00', 0, '0000-00-00 00:00:00', 0, '0', 0),
(408, '', 80, 227, '0000-00-00 00:00:00', 0, '0000-00-00 00:00:00', 0, '0', 0),
(412, 'nagpur', 112, 102, '0000-00-00 00:00:00', 0, '0000-00-00 00:00:00', 0, '0', 0),
(413, '1', 215, 102, '0000-00-00 00:00:00', 0, '0000-00-00 00:00:00', 0, '0', 0),
(414, 'atlanta', 62, 227, '0000-00-00 00:00:00', 0, '0000-00-00 00:00:00', 0, '0', 0),
(418, 'TOLEDO', 158, 227, '0000-00-00 00:00:00', 0, '0000-00-00 00:00:00', 0, '0', 0),
(419, 't1', 216, 102, '0000-00-00 00:00:00', 0, '0000-00-00 00:00:00', 0, '0', 0),
(421, 'kalifa', 52, 224, '0000-00-00 00:00:00', 0, '0000-00-00 00:00:00', 0, '0', 0),
(422, 'Itawa', 215, 102, '0000-00-00 00:00:00', 0, '0000-00-00 00:00:00', 0, '0', 0),
(423, 'tokyo', 269, 227, '0000-00-00 00:00:00', 0, '0000-00-00 00:00:00', 0, '0', 0),
(424, 'rajesthan', 270, 102, '0000-00-00 00:00:00', 0, '0000-00-00 00:00:00', 0, '0', 0),
(425, 'margate', 58, 227, '0000-00-00 00:00:00', 0, '0000-00-00 00:00:00', 0, '0', 0),
(426, 'bIHAR', 50, 227, '0000-00-00 00:00:00', 0, '0000-00-00 00:00:00', 0, '0', 0),
(435, '1', 271, 189, '0000-00-00 00:00:00', 0, '0000-00-00 00:00:00', 0, '0', 0),
(436, 'chandigarh', 33, 102, '0000-00-00 00:00:00', 0, '0000-00-00 00:00:00', 0, '0', 0),
(438, 'A', 74, 102, '0000-00-00 00:00:00', 0, '0000-00-00 00:00:00', 0, '0', 0),
(439, '1', 74, 102, '0000-00-00 00:00:00', 0, '0000-00-00 00:00:00', 0, '0', 0),
(443, 'BULANDSHAR', 215, 102, '0000-00-00 00:00:00', 0, '0000-00-00 00:00:00', 0, '0', 0),
(451, 'BARELY', 215, 102, '0000-00-00 00:00:00', 0, '0000-00-00 00:00:00', 0, '0', 0),
(455, 'WEST CHAMPAL', 23, 102, '0000-00-00 00:00:00', 0, '0000-00-00 00:00:00', 0, '0', 0),
(456, 'KHORI GAON', 70, 102, '0000-00-00 00:00:00', 0, '0000-00-00 00:00:00', 0, '0', 0),
(457, 'haridwar', 272, 102, '0000-00-00 00:00:00', 0, '0000-00-00 00:00:00', 0, '0', 0),
(461, ' BULANDSHAHAR', 215, 102, '0000-00-00 00:00:00', 0, '0000-00-00 00:00:00', 0, '0', 0),
(465, 'REWARI', 49, 102, '0000-00-00 00:00:00', 0, '0000-00-00 00:00:00', 0, '0', 0),
(466, 'JAHANABAD', 23, 102, '0000-00-00 00:00:00', 0, '0000-00-00 00:00:00', 0, '0', 0),
(468, 'NORTH 24 PARGANA', 226, 102, '0000-00-00 00:00:00', 0, '0000-00-00 00:00:00', 0, '0', 0),
(473, 'rapur', 215, 102, '0000-00-00 00:00:00', 0, '0000-00-00 00:00:00', 0, '0', 0),
(478, 'saudi Arabia', 183, 185, '0000-00-00 00:00:00', 0, '0000-00-00 00:00:00', 0, '0', 0),
(484, 'Raigarh', 35, 102, '0000-00-00 00:00:00', 0, '0000-00-00 00:00:00', 0, '0', 0),
(485, '1', 23, 102, '0000-00-00 00:00:00', 0, '0000-00-00 00:00:00', 0, '0', 0),
(491, '', 262, 102, '0000-00-00 00:00:00', 0, '0000-00-00 00:00:00', 0, '0', 0),
(498, 'ghaziabad', 241, 102, '0000-00-00 00:00:00', 0, '0000-00-00 00:00:00', 0, '0', 0),
(499, 'KATAK', 163, 102, '0000-00-00 00:00:00', 0, '0000-00-00 00:00:00', 0, '0', 0),
(505, 'kash gunj', 215, 102, '0000-00-00 00:00:00', 0, '0000-00-00 00:00:00', 0, '0', 0),
(517, 'balia', 215, 102, '0000-00-00 00:00:00', 0, '0000-00-00 00:00:00', 0, '0', 0),
(535, 'NJ', 106, 225, '0000-00-00 00:00:00', 0, '0000-00-00 00:00:00', 0, '0', 0),
(548, 'dek', 49, 102, '0000-00-00 00:00:00', 0, '0000-00-00 00:00:00', 0, '0', 0),
(549, 'ub5 49y', 106, 225, '0000-00-00 00:00:00', 0, '0000-00-00 00:00:00', 0, '0', 0),
(550, 'AURORA', 78, 227, '0000-00-00 00:00:00', 0, '0000-00-00 00:00:00', 0, '0', 0),
(551, 'karnal', 70, 102, '0000-00-00 00:00:00', 0, '0000-00-00 00:00:00', 0, '0', 0),
(553, 'rajpura', 176, 102, '0000-00-00 00:00:00', 0, '0000-00-00 00:00:00', 0, '0', 0),
(567, 'DHENANKANAL', 163, 102, '0000-00-00 00:00:00', 0, '0000-00-00 00:00:00', 0, '0', 0),
(568, 'JAMMU AND KASHMIR', 84, 102, '0000-00-00 00:00:00', 0, '0000-00-00 00:00:00', 0, '0', 0),
(569, 'malaysia', 276, 189, '0000-00-00 00:00:00', 0, '0000-00-00 00:00:00', 0, '0', 0),
(572, 'hoshiarpur', 176, 102, '0000-00-00 00:00:00', 0, '0000-00-00 00:00:00', 0, '0', 0),
(574, '', 277, 155, '0000-00-00 00:00:00', 0, '0000-00-00 00:00:00', 0, '0', 0),
(634, 'b', 49, 102, '0000-00-00 00:00:00', 0, '0000-00-00 00:00:00', 0, '0', 0),
(643, 'ORISSA', 163, 102, '0000-00-00 00:00:00', 0, '0000-00-00 00:00:00', 0, '0', 0),
(644, 'HARIDWAR', 280, 102, '0000-00-00 00:00:00', 0, '0000-00-00 00:00:00', 0, '0', 0),
(645, 'SUBANSIRI', 13, 102, '0000-00-00 00:00:00', 0, '0000-00-00 00:00:00', 0, '0', 0),
(646, 'tehsil ', 74, 102, '0000-00-00 00:00:00', 0, '0000-00-00 00:00:00', 0, '0', 0),
(647, 'janjgir', 35, 102, '0000-00-00 00:00:00', 0, '0000-00-00 00:00:00', 0, '0', 0),
(648, 'bareilly', 215, 102, '0000-00-00 00:00:00', 0, '0000-00-00 00:00:00', 0, '0', 0),
(654, 'mohali', 176, 102, '0000-00-00 00:00:00', 0, '0000-00-00 00:00:00', 0, '0', 0),
(662, '', 8, 102, '0000-00-00 00:00:00', 0, '0000-00-00 00:00:00', 0, '0', 0),
(664, 'rajeshthan', 82, 102, '0000-00-00 00:00:00', 0, '0000-00-00 00:00:00', 0, '0', 0),
(668, 'shiv nagar', 70, 102, '0000-00-00 00:00:00', 0, '0000-00-00 00:00:00', 0, '0', 0),
(670, 'rampur', 216, 102, '0000-00-00 00:00:00', 0, '0000-00-00 00:00:00', 0, '0', 0),
(671, 'gatya', 23, 102, '0000-00-00 00:00:00', 0, '0000-00-00 00:00:00', 0, '0', 0),
(672, 'meerat', 112, 102, '0000-00-00 00:00:00', 0, '0000-00-00 00:00:00', 0, '0', 0),
(678, 'BARANASHI', 23, 102, '0000-00-00 00:00:00', 0, '0000-00-00 00:00:00', 0, '0', 0),
(690, 'DAKSHIN 24 PARGANA', 226, 102, '0000-00-00 00:00:00', 0, '0000-00-00 00:00:00', 0, '0', 0),
(691, 'TEJU', 13, 102, '0000-00-00 00:00:00', 0, '0000-00-00 00:00:00', 0, '0', 0),
(692, 'venice', 228, 227, '0000-00-00 00:00:00', 0, '0000-00-00 00:00:00', 0, '0', 0),
(698, 'D', 52, 224, '0000-00-00 00:00:00', 0, '0000-00-00 00:00:00', 0, '0', 0),
(714, '', 281, 241, '0000-00-00 00:00:00', 0, '0000-00-00 00:00:00', 0, '0', 0),
(715, '', 282, 115, '0000-00-00 00:00:00', 0, '0000-00-00 00:00:00', 0, '0', 0),
(716, 'a', 106, 225, '0000-00-00 00:00:00', 0, '0000-00-00 00:00:00', 0, '0', 0),
(733, 'FARUKHABAD', 215, 102, '0000-00-00 00:00:00', 0, '0000-00-00 00:00:00', 0, '0', 0),
(734, '', 9, 102, '0000-00-00 00:00:00', 0, '0000-00-00 00:00:00', 0, '0', 0),
(743, '', 283, 227, '0000-00-00 00:00:00', 0, '0000-00-00 00:00:00', 0, '0', 0),
(757, 'new de', 49, 102, '0000-00-00 00:00:00', 0, '0000-00-00 00:00:00', 0, '0', 0),
(760, 'saharanpur', 284, 102, '0000-00-00 00:00:00', 0, '0000-00-00 00:00:00', 0, '0', 0),
(774, 'Mohadi', 114, 102, '0000-00-00 00:00:00', 0, '0000-00-00 00:00:00', 0, '0', 0),
(778, 'AUSTRALIA', 285, 13, '0000-00-00 00:00:00', 0, '0000-00-00 00:00:00', 0, '0', 0),
(779, 'RATHIWAS', 70, 102, '0000-00-00 00:00:00', 0, '0000-00-00 00:00:00', 0, '0', 0),
(781, '', 286, 1, '0000-00-00 00:00:00', 0, '0000-00-00 00:00:00', 0, '0', 0),
(784, 'boroda', 67, 102, '0000-00-00 00:00:00', 0, '0000-00-00 00:00:00', 0, '0', 0),
(786, 'dang', 91, 151, '0000-00-00 00:00:00', 0, '0000-00-00 00:00:00', 0, '0', 0),
(792, '', 287, 39, '0000-00-00 00:00:00', 0, '0000-00-00 00:00:00', 0, '0', 0),
(794, 'voorhees', 145, 227, '0000-00-00 00:00:00', 0, '0000-00-00 00:00:00', 0, '0', 0),
(798, 'malda', 226, 102, '0000-00-00 00:00:00', 0, '0000-00-00 00:00:00', 0, '0', 0),
(799, 'reservoir', 288, 189, '0000-00-00 00:00:00', 0, '0000-00-00 00:00:00', 0, '0', 0),
(801, 'Santa clara', 29, 227, '0000-00-00 00:00:00', 0, '0000-00-00 00:00:00', 0, '0', 0),
(802, 'medanipur', 226, 102, '0000-00-00 00:00:00', 0, '0000-00-00 00:00:00', 0, '0', 0),
(808, 'krishan gunj', 23, 102, '0000-00-00 00:00:00', 0, '0000-00-00 00:00:00', 0, '0', 0),
(812, 'city', 289, 102, '0000-00-00 00:00:00', 0, '0000-00-00 00:00:00', 0, '0', 0),
(816, 'jhamtara', 85, 102, '0000-00-00 00:00:00', 0, '0000-00-00 00:00:00', 0, '0', 0),
(817, 'karad', 114, 102, '0000-00-00 00:00:00', 0, '0000-00-00 00:00:00', 0, '0', 0),
(818, 'pauri', 216, 102, '0000-00-00 00:00:00', 0, '0000-00-00 00:00:00', 0, '0', 0),
(820, 'rudrapur', 216, 102, '0000-00-00 00:00:00', 0, '0000-00-00 00:00:00', 0, '0', 0),
(821, 'dharbhanga', 23, 102, '0000-00-00 00:00:00', 0, '0000-00-00 00:00:00', 0, '0', 0),
(822, 'janjhgir', 35, 102, '0000-00-00 00:00:00', 0, '0000-00-00 00:00:00', 0, '0', 0),
(824, 'HARIDWAR', 290, 102, '0000-00-00 00:00:00', 0, '0000-00-00 00:00:00', 0, '0', 0),
(825, 'usa', 291, 226, '0000-00-00 00:00:00', 0, '0000-00-00 00:00:00', 0, '0', 0),
(826, 'usa', 292, 225, '0000-00-00 00:00:00', 0, '0000-00-00 00:00:00', 0, '0', 0),
(827, 'france', 293, 226, '0000-00-00 00:00:00', 0, '0000-00-00 00:00:00', 0, '0', 0),
(828, 'france', 294, 224, '0000-00-00 00:00:00', 0, '0000-00-00 00:00:00', 0, '0', 0),
(829, '1', 167, 76, '0000-00-00 00:00:00', 0, '0000-00-00 00:00:00', 0, '0', 0),
(830, 'france', 58, 227, '0000-00-00 00:00:00', 0, '0000-00-00 00:00:00', 0, '0', 0),
(831, 'bhind', 112, 102, '0000-00-00 00:00:00', 0, '0000-00-00 00:00:00', 0, '0', 0),
(832, 'birganj', 91, 151, '0000-00-00 00:00:00', 0, '0000-00-00 00:00:00', 0, '0', 0),
(833, 'nalanda', 23, 102, '0000-00-00 00:00:00', 0, '0000-00-00 00:00:00', 0, '0', 0),
(834, '', 121, 227, '0000-00-00 00:00:00', 0, '0000-00-00 00:00:00', 0, '0', 0),
(835, 'birat nagar', 91, 151, '0000-00-00 00:00:00', 0, '0000-00-00 00:00:00', 0, '0', 0),
(836, 'chatterpur', 112, 102, '0000-00-00 00:00:00', 0, '0000-00-00 00:00:00', 0, '0', 0),
(837, 'hydrabad', 9, 102, '0000-00-00 00:00:00', 0, '0000-00-00 00:00:00', 0, '0', 0),
(838, 'durgapur', 226, 102, '0000-00-00 00:00:00', 0, '0000-00-00 00:00:00', 0, '0', 0),
(843, '', 13, 102, '0000-00-00 00:00:00', 0, '0000-00-00 00:00:00', 0, '0', 0),
(846, 'morena', 112, 102, '0000-00-00 00:00:00', 0, '0000-00-00 00:00:00', 0, '0', 0),
(847, 'VANCOUVER', 217, 39, '0000-00-00 00:00:00', 0, '0000-00-00 00:00:00', 0, '0', 0),
(848, 'chapra', 23, 102, '0000-00-00 00:00:00', 0, '0000-00-00 00:00:00', 0, '0', 0),
(849, 'vishakapatnam', 9, 102, '0000-00-00 00:00:00', 0, '0000-00-00 00:00:00', 0, '0', 0),
(850, 'jharjar', 70, 102, '0000-00-00 00:00:00', 0, '0000-00-00 00:00:00', 0, '0', 0),
(851, 'mahindergarh', 70, 102, '0000-00-00 00:00:00', 0, '0000-00-00 00:00:00', 0, '0', 0),
(852, 'solan', 74, 102, '0000-00-00 00:00:00', 0, '0000-00-00 00:00:00', 0, '0', 0),
(853, 'viena', 295, 13, '0000-00-00 00:00:00', 0, '0000-00-00 00:00:00', 0, '0', 0),
(854, 'HYDRABAD', 296, 102, '0000-00-00 00:00:00', 0, '0000-00-00 00:00:00', 0, '0', 0),
(855, 'shilong', 122, 102, '0000-00-00 00:00:00', 0, '0000-00-00 00:00:00', 0, '0', 0),
(856, 'Ballwin', 131, 227, '0000-00-00 00:00:00', 0, '0000-00-00 00:00:00', 0, '0', 0),
(857, 'new york', 106, 225, '0000-00-00 00:00:00', 0, '0000-00-00 00:00:00', 0, '0', 0),
(858, 'Punta sahiab', 74, 102, '0000-00-00 00:00:00', 0, '0000-00-00 00:00:00', 0, '0', 0),
(859, 'kasganj', 215, 102, '0000-00-00 00:00:00', 0, '0000-00-00 00:00:00', 0, '0', 0),
(860, 'Bhandara', 114, 102, '0000-00-00 00:00:00', 0, '0000-00-00 00:00:00', 0, '0', 0),
(861, 'Hockessin', 48, 227, '0000-00-00 00:00:00', 0, '0000-00-00 00:00:00', 0, '0', 0),
(867, 'barnala', 176, 102, '0000-00-00 00:00:00', 0, '0000-00-00 00:00:00', 0, '0', 0),
(870, 'Rockville', 120, 227, '0000-00-00 00:00:00', 0, '0000-00-00 00:00:00', 0, '0', 0),
(874, 'm', 123, 13, '0000-00-00 00:00:00', 0, '0000-00-00 00:00:00', 0, '0', 0),
(877, 'dc', 225, 227, '0000-00-00 00:00:00', 0, '0000-00-00 00:00:00', 0, '0', 0),
(878, 'jharkhand', 23, 102, '0000-00-00 00:00:00', 0, '0000-00-00 00:00:00', 0, '0', 0),
(883, '', 297, 103, '0000-00-00 00:00:00', 0, '0000-00-00 00:00:00', 0, '0', 0),
(884, 'BELEGRADE', 298, 241, '0000-00-00 00:00:00', 0, '0000-00-00 00:00:00', 0, '0', 0),
(885, 'udaipur', 180, 102, '0000-00-00 00:00:00', 0, '0000-00-00 00:00:00', 0, '0', 0),
(887, 'siwan', 23, 102, '0000-00-00 00:00:00', 0, '0000-00-00 00:00:00', 0, '0', 0),
(893, 'i', 91, 151, '0000-00-00 00:00:00', 0, '0000-00-00 00:00:00', 0, '0', 0),
(895, 'Golaghat', 14, 102, '0000-00-00 00:00:00', 0, '0000-00-00 00:00:00', 0, '0', 0),
(897, 'una', 74, 102, '0000-00-00 00:00:00', 0, '0000-00-00 00:00:00', 0, '0', 0),
(903, 'aara', 23, 102, '0000-00-00 00:00:00', 0, '0000-00-00 00:00:00', 0, '0', 0),
(905, 'waterloo', 161, 39, '0000-00-00 00:00:00', 0, '0000-00-00 00:00:00', 0, '0', 0),
(906, 'BHILAI', 35, 102, '0000-00-00 00:00:00', 0, '0000-00-00 00:00:00', 0, '0', 0),
(907, 'azamgarh', 215, 102, '0000-00-00 00:00:00', 0, '0000-00-00 00:00:00', 0, '0', 0),
(908, 'bijnoor', 215, 102, '0000-00-00 00:00:00', 0, '0000-00-00 00:00:00', 0, '0', 0),
(909, 'Amethi', 215, 102, '0000-00-00 00:00:00', 0, '0000-00-00 00:00:00', 0, '0', 0),
(910, 'Terri garhwal', 216, 102, '0000-00-00 00:00:00', 0, '0000-00-00 00:00:00', 0, '0', 0),
(911, 'hÃ ridar', 216, 102, '0000-00-00 00:00:00', 0, '0000-00-00 00:00:00', 0, '0', 0),
(912, 'ferntree gully', 123, 13, '0000-00-00 00:00:00', 0, '0000-00-00 00:00:00', 0, '0', 0),
(916, 'jaunpur', 215, 102, '0000-00-00 00:00:00', 0, '0000-00-00 00:00:00', 0, '0', 0),
(919, 'solon', 74, 102, '0000-00-00 00:00:00', 0, '0000-00-00 00:00:00', 0, '0', 0),
(920, 'chamaparan', 23, 102, '0000-00-00 00:00:00', 0, '0000-00-00 00:00:00', 0, '0', 0),
(921, 'mednipur', 226, 102, '0000-00-00 00:00:00', 0, '0000-00-00 00:00:00', 0, '0', 0),
(926, 'champaran pur', 23, 102, '0000-00-00 00:00:00', 0, '0000-00-00 00:00:00', 0, '0', 0),
(927, 'goddha', 85, 102, '0000-00-00 00:00:00', 0, '0000-00-00 00:00:00', 0, '0', 0),
(930, 'Dumka', 85, 102, '0000-00-00 00:00:00', 0, '0000-00-00 00:00:00', 0, '0', 0),
(931, 'Shashpur', 23, 102, '0000-00-00 00:00:00', 0, '0000-00-00 00:00:00', 0, '0', 0),
(932, 'sikkim', 194, 102, '0000-00-00 00:00:00', 0, '0000-00-00 00:00:00', 0, '0', 0),
(933, 'bhojpur', 23, 102, '0000-00-00 00:00:00', 0, '0000-00-00 00:00:00', 0, '0', 0),
(934, 'dehradoon', 216, 102, '0000-00-00 00:00:00', 0, '0000-00-00 00:00:00', 0, '0', 0),
(935, 'Delhi', 112, 102, '0000-00-00 00:00:00', 0, '0000-00-00 00:00:00', 0, '0', 0),
(937, 'unites state', 214, 227, '0000-00-00 00:00:00', 0, '0000-00-00 00:00:00', 0, '0', 0),
(938, 'bakora', 85, 102, '0000-00-00 00:00:00', 0, '0000-00-00 00:00:00', 0, '0', 0),
(940, 'sian', 23, 102, '0000-00-00 00:00:00', 0, '0000-00-00 00:00:00', 0, '0', 0),
(941, 'bariely', 215, 102, '0000-00-00 00:00:00', 0, '0000-00-00 00:00:00', 0, '0', 0),
(947, 'Hyderabad', 67, 102, '0000-00-00 00:00:00', 0, '0000-00-00 00:00:00', 0, '0', 0),
(949, 'motihsri', 23, 102, '0000-00-00 00:00:00', 0, '0000-00-00 00:00:00', 0, '0', 0),
(952, 'midnapur', 226, 102, '0000-00-00 00:00:00', 0, '0000-00-00 00:00:00', 0, '0', 0),
(958, 'mandsaur', 112, 102, '0000-00-00 00:00:00', 0, '0000-00-00 00:00:00', 0, '0', 0),
(960, 'saharsa', 23, 102, '0000-00-00 00:00:00', 0, '0000-00-00 00:00:00', 0, '0', 0),
(962, 'sitapur', 215, 102, '0000-00-00 00:00:00', 0, '0000-00-00 00:00:00', 0, '0', 0),
(963, 'nepal', 91, 151, '0000-00-00 00:00:00', 0, '0000-00-00 00:00:00', 0, '0', 0),
(965, 'USA', 225, 227, '0000-00-00 00:00:00', 0, '0000-00-00 00:00:00', 0, '0', 0),
(966, 'Seattle', 50, 227, '0000-00-00 00:00:00', 0, '0000-00-00 00:00:00', 0, '0', 0),
(967, 'New delhi', 241, 102, '0000-00-00 00:00:00', 0, '0000-00-00 00:00:00', 0, '0', 0),
(968, 'vadodara', 67, 102, '0000-00-00 00:00:00', 0, '0000-00-00 00:00:00', 0, '0', 0),
(969, 'dehradoon', 272, 102, '0000-00-00 00:00:00', 0, '0000-00-00 00:00:00', 0, '0', 0),
(975, 'Jamshedpur', 85, 102, '0000-00-00 00:00:00', 0, '0000-00-00 00:00:00', 0, '0', 0),
(977, 'bokaro steel city', 85, 102, '0000-00-00 00:00:00', 0, '0000-00-00 00:00:00', 0, '0', 0),
(979, 'sheohar', 23, 102, '0000-00-00 00:00:00', 0, '0000-00-00 00:00:00', 0, '0', 0),
(980, 'badaun', 215, 102, '0000-00-00 00:00:00', 0, '0000-00-00 00:00:00', 0, '0', 0),
(981, 'gauhati', 14, 102, '0000-00-00 00:00:00', 0, '0000-00-00 00:00:00', 0, '0', 0),
(982, 'azad marg', 82, 102, '0000-00-00 00:00:00', 0, '0000-00-00 00:00:00', 0, '0', 0),
(983, 'chennai', 205, 102, '0000-00-00 00:00:00', 0, '0000-00-00 00:00:00', 0, '0', 0),
(987, 'faizabad', 215, 102, '0000-00-00 00:00:00', 0, '0000-00-00 00:00:00', 0, '0', 0),
(988, 'sita morhi', 23, 102, '0000-00-00 00:00:00', 0, '0000-00-00 00:00:00', 0, '0', 0),
(990, '1', 180, 102, '0000-00-00 00:00:00', 0, '0000-00-00 00:00:00', 0, '0', 0),
(991, 'Dw', 49, 102, '0000-00-00 00:00:00', 0, '0000-00-00 00:00:00', 0, '0', 0),
(992, '1100019', 49, 102, '0000-00-00 00:00:00', 0, '0000-00-00 00:00:00', 0, '0', 0),
(993, '', 205, 102, '0000-00-00 00:00:00', 0, '0000-00-00 00:00:00', 0, '0', 0),
(996, 'udaypur', 180, 102, '0000-00-00 00:00:00', 0, '0000-00-00 00:00:00', 0, '0', 0),
(1006, 'bulensher', 215, 102, '0000-00-00 00:00:00', 0, '0000-00-00 00:00:00', 0, '0', 0),
(1010, 'mahendragarh', 70, 102, '0000-00-00 00:00:00', 0, '0000-00-00 00:00:00', 0, '0', 0),
(1011, 'kenya', 302, 115, '0000-00-00 00:00:00', 0, '0000-00-00 00:00:00', 0, '0', 0),
(1012, '', 145, 227, '0000-00-00 00:00:00', 0, '0000-00-00 00:00:00', 0, '0', 0),
(1014, '1', 82, 102, '0000-00-00 00:00:00', 0, '0000-00-00 00:00:00', 0, '0', 0),
(1017, 'moscow', 136, 181, '0000-00-00 00:00:00', 0, '0000-00-00 00:00:00', 0, '0', 0),
(1019, 'raibarillei', 215, 102, '0000-00-00 00:00:00', 0, '0000-00-00 00:00:00', 0, '0', 0),
(1020, 'bhiwani', 70, 102, '0000-00-00 00:00:00', 0, '0000-00-00 00:00:00', 0, '0', 0),
(1021, '1', 101, 102, '0000-00-00 00:00:00', 0, '0000-00-00 00:00:00', 0, '0', 0),
(1022, 'barelay', 215, 102, '0000-00-00 00:00:00', 0, '0000-00-00 00:00:00', 0, '0', 0),
(1023, 'surket', 91, 151, '0000-00-00 00:00:00', 0, '0000-00-00 00:00:00', 0, '0', 0),
(1024, 'k', 91, 151, '0000-00-00 00:00:00', 0, '0000-00-00 00:00:00', 0, '0', 0),
(1026, 'sarahanpur', 215, 102, '0000-00-00 00:00:00', 0, '0000-00-00 00:00:00', 0, '0', 0),
(1029, 'pilibhit', 215, 102, '0000-00-00 00:00:00', 0, '0000-00-00 00:00:00', 0, '0', 0),
(1030, 'alwer', 180, 102, '0000-00-00 00:00:00', 0, '0000-00-00 00:00:00', 0, '0', 0),
(1031, 'dinajpur', 226, 102, '0000-00-00 00:00:00', 0, '0000-00-00 00:00:00', 0, '0', 0),
(1032, 'eampur', 215, 102, '0000-00-00 00:00:00', 0, '0000-00-00 00:00:00', 0, '0', 0),
(1033, 'baxar', 23, 102, '0000-00-00 00:00:00', 0, '0000-00-00 00:00:00', 0, '0', 0),
(1034, 'bulandshahr', 215, 102, '0000-00-00 00:00:00', 0, '0000-00-00 00:00:00', 0, '0', 0);
INSERT INTO `cl_city` (`id`, `city_name`, `state_id`, `country_id`, `creation_date`, `created_by`, `modification_date`, `modified_by`, `status`, `old_id`) VALUES
(1039, 'nanital', 215, 102, '0000-00-00 00:00:00', 0, '0000-00-00 00:00:00', 0, '0', 0),
(1040, 'singapore', 304, 189, '0000-00-00 00:00:00', 0, '0000-00-00 00:00:00', 0, '0', 0),
(1051, 'sahjanpue', 215, 102, '0000-00-00 00:00:00', 0, '0000-00-00 00:00:00', 0, '0', 0),
(1053, 'berali', 215, 102, '0000-00-00 00:00:00', 0, '0000-00-00 00:00:00', 0, '0', 0),
(1056, 'san jose', 29, 227, '0000-00-00 00:00:00', 0, '0000-00-00 00:00:00', 0, '0', 0),
(1057, 'ghaziabad', 49, 102, '0000-00-00 00:00:00', 0, '0000-00-00 00:00:00', 0, '0', 0),
(1060, 'surendranagar', 67, 102, '0000-00-00 00:00:00', 0, '0000-00-00 00:00:00', 0, '0', 0),
(1063, 'noida', 305, 102, '0000-00-00 00:00:00', 0, '0000-00-00 00:00:00', 0, '0', 0),
(1064, 'st', 38, 227, '0000-00-00 00:00:00', 0, '0000-00-00 00:00:00', 0, '0', 0),
(1065, 'boca raton', 58, 227, '0000-00-00 00:00:00', 0, '0000-00-00 00:00:00', 0, '0', 0),
(1068, 'san francsco', 29, 227, '0000-00-00 00:00:00', 0, '0000-00-00 00:00:00', 0, '0', 0),
(1070, '1', 262, 102, '0000-00-00 00:00:00', 0, '0000-00-00 00:00:00', 0, '0', 0),
(1071, 'baroth', 284, 102, '0000-00-00 00:00:00', 0, '0000-00-00 00:00:00', 0, '0', 0),
(1074, '1', 176, 102, '0000-00-00 00:00:00', 0, '0000-00-00 00:00:00', 0, '0', 0),
(1075, '1', 27, 21, '0000-00-00 00:00:00', 0, '0000-00-00 00:00:00', 0, '0', 0),
(1076, 'bilaspur', 35, 102, '0000-00-00 00:00:00', 0, '0000-00-00 00:00:00', 0, '0', 0),
(1077, 'new delhi', 64, 102, '0000-00-00 00:00:00', 0, '0000-00-00 00:00:00', 0, '0', 0),
(1078, 'narwana', 70, 102, '0000-00-00 00:00:00', 0, '0000-00-00 00:00:00', 0, '0', 0),
(1079, 'begusarai', 23, 102, '0000-00-00 00:00:00', 0, '0000-00-00 00:00:00', 0, '0', 0),
(1082, 'Gulf ', 47, 102, '0000-00-00 00:00:00', 0, '0000-00-00 00:00:00', 0, '0', 0),
(1086, '', 306, 106, '0000-00-00 00:00:00', 0, '0000-00-00 00:00:00', 0, '0', 0),
(1088, 'Govind puri', 49, 102, '0000-00-00 00:00:00', 0, '0000-00-00 00:00:00', 0, '0', 0),
(1089, 'sabdarjan', 49, 102, '0000-00-00 00:00:00', 0, '0000-00-00 00:00:00', 0, '0', 0),
(1092, '', 290, 102, '0000-00-00 00:00:00', 0, '0000-00-00 00:00:00', 0, '0', 0),
(1093, 'uttara khand', 216, 102, '0000-00-00 00:00:00', 0, '0000-00-00 00:00:00', 0, '0', 0),
(1096, '1', 33, 102, '0000-00-00 00:00:00', 0, '0000-00-00 00:00:00', 0, '0', 0),
(1098, 'dharuhera', 70, 102, '0000-00-00 00:00:00', 0, '0000-00-00 00:00:00', 0, '0', 0),
(1100, 'pithoragarh', 216, 102, '0000-00-00 00:00:00', 0, '0000-00-00 00:00:00', 0, '0', 0),
(1101, 'rohtas', 23, 102, '0000-00-00 00:00:00', 0, '0000-00-00 00:00:00', 0, '0', 0),
(1102, '', 307, 108, '0000-00-00 00:00:00', 0, '0000-00-00 00:00:00', 0, '0', 0),
(1103, 'barlachstr', 69, 84, '0000-00-00 00:00:00', 0, '0000-00-00 00:00:00', 0, '0', 0),
(1107, 'gadarpur', 216, 102, '0000-00-00 00:00:00', 0, '0000-00-00 00:00:00', 0, '0', 0),
(1108, '1', 216, 102, '0000-00-00 00:00:00', 0, '0000-00-00 00:00:00', 0, '0', 0),
(1109, 'bahrain', 106, 225, '0000-00-00 00:00:00', 0, '0000-00-00 00:00:00', 0, '0', 0),
(1110, 'farrukhabad', 215, 102, '0000-00-00 00:00:00', 0, '0000-00-00 00:00:00', 0, '0', 0),
(1113, 'canada', 8, 102, '0000-00-00 00:00:00', 0, '0000-00-00 00:00:00', 0, '0', 0),
(1114, 'Austin', 208, 227, '0000-00-00 00:00:00', 0, '0000-00-00 00:00:00', 0, '0', 0),
(1115, 'singapore', 308, 189, '0000-00-00 00:00:00', 0, '0000-00-00 00:00:00', 0, '0', 0),
(1116, 'clarksburg', 120, 227, '0000-00-00 00:00:00', 0, '0000-00-00 00:00:00', 0, '0', 0),
(1117, 'etah', 215, 102, '0000-00-00 00:00:00', 0, '0000-00-00 00:00:00', 0, '0', 0),
(1120, 'Raipur', 35, 102, '0000-00-00 00:00:00', 0, '0000-00-00 00:00:00', 0, '0', 0),
(1129, '1', 85, 102, '0000-00-00 00:00:00', 0, '0000-00-00 00:00:00', 0, '0', 0),
(1132, 'agartala', 213, 102, '0000-00-00 00:00:00', 0, '0000-00-00 00:00:00', 0, '0', 0),
(1136, 'a', 310, 13, '0000-00-00 00:00:00', 0, '0000-00-00 00:00:00', 0, '0', 0),
(1137, 'nodia', 215, 102, '0000-00-00 00:00:00', 0, '0000-00-00 00:00:00', 0, '0', 0),
(1138, '1', 64, 102, '0000-00-00 00:00:00', 0, '0000-00-00 00:00:00', 0, '0', 0),
(1139, 'chapra bihar', 23, 102, '0000-00-00 00:00:00', 0, '0000-00-00 00:00:00', 0, '0', 0),
(1143, '', 33, 102, '0000-00-00 00:00:00', 0, '0000-00-00 00:00:00', 0, '0', 0),
(1144, '1', 88, 102, '0000-00-00 00:00:00', 0, '0000-00-00 00:00:00', 0, '0', 0),
(1146, '', 275, 102, '0000-00-00 00:00:00', 0, '0000-00-00 00:00:00', 0, '0', 0),
(1147, 'o', 49, 102, '0000-00-00 00:00:00', 0, '0000-00-00 00:00:00', 0, '0', 0),
(1148, '1', 35, 102, '0000-00-00 00:00:00', 0, '0000-00-00 00:00:00', 0, '0', 0),
(1151, 'wilhems', 311, 140, '0000-00-00 00:00:00', 0, '0000-00-00 00:00:00', 0, '0', 0),
(1153, 'munger', 23, 102, '0000-00-00 00:00:00', 0, '0000-00-00 00:00:00', 0, '0', 0),
(1154, '1', 226, 102, '0000-00-00 00:00:00', 0, '0000-00-00 00:00:00', 0, '0', 0),
(1156, 'hodal', 70, 102, '0000-00-00 00:00:00', 0, '0000-00-00 00:00:00', 0, '0', 0),
(1157, 'Aurangabad', 114, 102, '0000-00-00 00:00:00', 0, '0000-00-00 00:00:00', 0, '0', 0),
(1158, 'Firozabad', 49, 102, '0000-00-00 00:00:00', 0, '0000-00-00 00:00:00', 0, '0', 0),
(1164, '1', 67, 102, '0000-00-00 00:00:00', 0, '0000-00-00 00:00:00', 0, '0', 0),
(1173, 'barelly', 215, 102, '0000-00-00 00:00:00', 0, '0000-00-00 00:00:00', 0, '0', 0),
(1177, '', 313, 3, '0000-00-00 00:00:00', 0, '0000-00-00 00:00:00', 0, '0', 0),
(1190, 'o', 315, 4, '0000-00-00 00:00:00', 0, '0000-00-00 00:00:00', 0, '0', 0),
(1191, 'burdwan', 226, 102, '0000-00-00 00:00:00', 0, '0000-00-00 00:00:00', 0, '0', 0),
(1192, 'Guna', 112, 102, '0000-00-00 00:00:00', 0, '0000-00-00 00:00:00', 0, '0', 0),
(1194, 'nodia', 49, 102, '0000-00-00 00:00:00', 0, '0000-00-00 00:00:00', 0, '0', 0),
(1198, '', 115, 227, '0000-00-00 00:00:00', 0, '0000-00-00 00:00:00', 0, '0', 0),
(1199, 'paschim midnapur', 226, 102, '0000-00-00 00:00:00', 0, '0000-00-00 00:00:00', 0, '0', 0),
(1200, 'bhalukpong', 13, 102, '0000-00-00 00:00:00', 0, '0000-00-00 00:00:00', 0, '0', 0),
(1202, '1', 163, 102, '0000-00-00 00:00:00', 0, '0000-00-00 00:00:00', 0, '0', 0),
(1209, 'jharasuguda', 163, 102, '0000-00-00 00:00:00', 0, '0000-00-00 00:00:00', 0, '0', 0),
(1210, 'etawa', 215, 102, '0000-00-00 00:00:00', 0, '0000-00-00 00:00:00', 0, '0', 0),
(1211, 'orangabad', 23, 102, '0000-00-00 00:00:00', 0, '0000-00-00 00:00:00', 0, '0', 0),
(1212, '', 317, 211, '0000-00-00 00:00:00', 0, '0000-00-00 00:00:00', 0, '0', 0),
(1214, 'Narwood', 121, 227, '0000-00-00 00:00:00', 0, '0000-00-00 00:00:00', 0, '0', 0),
(1216, 'gogahati', 14, 102, '0000-00-00 00:00:00', 0, '0000-00-00 00:00:00', 0, '0', 0),
(1219, 'mughalsarai', 215, 102, '0000-00-00 00:00:00', 0, '0000-00-00 00:00:00', 0, '0', 0),
(1220, 'trupati', 9, 102, '0000-00-00 00:00:00', 0, '0000-00-00 00:00:00', 0, '0', 0),
(1221, 'secane', 188, 227, '0000-00-00 00:00:00', 0, '0000-00-00 00:00:00', 0, '0', 0),
(1230, 'Thane', 114, 102, '0000-00-00 00:00:00', 0, '0000-00-00 00:00:00', 0, '0', 0),
(1232, 'bhubaneswar', 163, 102, '0000-00-00 00:00:00', 0, '0000-00-00 00:00:00', 0, '0', 0),
(1235, '', 280, 102, '0000-00-00 00:00:00', 0, '0000-00-00 00:00:00', 0, '0', 0),
(1236, 'jind', 70, 102, '0000-00-00 00:00:00', 0, '0000-00-00 00:00:00', 0, '0', 0),
(1245, 'alabama', 2, 227, '0000-00-00 00:00:00', 0, '0000-00-00 00:00:00', 0, '0', 0),
(1250, 'nahar', 74, 102, '0000-00-00 00:00:00', 0, '0000-00-00 00:00:00', 0, '0', 0),
(1254, 'kumardhubi', 85, 102, '0000-00-00 00:00:00', 0, '0000-00-00 00:00:00', 0, '0', 0),
(1255, '', 300, 189, '0000-00-00 00:00:00', 0, '0000-00-00 00:00:00', 0, '0', 0),
(1256, 'Hyderabad', 319, 102, '0000-00-00 00:00:00', 0, '0000-00-00 00:00:00', 0, '0', 0),
(1257, 'manali', 272, 102, '0000-00-00 00:00:00', 0, '0000-00-00 00:00:00', 0, '0', 0),
(1258, 'Belonia South', 213, 102, '0000-00-00 00:00:00', 0, '0000-00-00 00:00:00', 0, '0', 0),
(1262, '11', 262, 102, '0000-00-00 00:00:00', 0, '0000-00-00 00:00:00', 0, '0', 0),
(1263, 'gwahati', 14, 102, '0000-00-00 00:00:00', 0, '0000-00-00 00:00:00', 0, '0', 0),
(1264, 'gwahai', 14, 102, '0000-00-00 00:00:00', 0, '0000-00-00 00:00:00', 0, '0', 0),
(1265, 'kannauj', 215, 102, '0000-00-00 00:00:00', 0, '0000-00-00 00:00:00', 0, '0', 0),
(1267, '1', 205, 102, '0000-00-00 00:00:00', 0, '0000-00-00 00:00:00', 0, '0', 0),
(1271, '1', 321, 152, '0000-00-00 00:00:00', 0, '0000-00-00 00:00:00', 0, '0', 0),
(1272, 'purbamidna pur', 226, 102, '0000-00-00 00:00:00', 0, '0000-00-00 00:00:00', 0, '0', 0),
(1273, 'purba midna pur', 226, 102, '0000-00-00 00:00:00', 0, '0000-00-00 00:00:00', 0, '0', 0),
(1275, 'mohali', 33, 102, '0000-00-00 00:00:00', 0, '0000-00-00 00:00:00', 0, '0', 0),
(1276, 'sidhi', 112, 102, '0000-00-00 00:00:00', 0, '0000-00-00 00:00:00', 0, '0', 0),
(1277, 'Vellore', 205, 102, '0000-00-00 00:00:00', 0, '0000-00-00 00:00:00', 0, '0', 0),
(1282, '', 284, 102, '0000-00-00 00:00:00', 0, '0000-00-00 00:00:00', 0, '0', 0),
(1283, 'gurgaon', 241, 102, '0000-00-00 00:00:00', 0, '0000-00-00 00:00:00', 0, '0', 0),
(1285, 'gzb', 241, 102, '0000-00-00 00:00:00', 0, '0000-00-00 00:00:00', 0, '0', 0),
(1287, '1', 272, 102, '0000-00-00 00:00:00', 0, '0000-00-00 00:00:00', 0, '0', 0),
(1290, 'Dehri-on-sone', 23, 102, '0000-00-00 00:00:00', 0, '0000-00-00 00:00:00', 0, '0', 0),
(1291, 'Khandwa', 112, 102, '0000-00-00 00:00:00', 0, '0000-00-00 00:00:00', 0, '0', 0),
(1293, 'silchar', 14, 102, '0000-00-00 00:00:00', 0, '0000-00-00 00:00:00', 0, '0', 0),
(1298, '', 6, 227, '0000-00-00 00:00:00', 0, '0000-00-00 00:00:00', 0, '0', 0),
(1301, 'o', 180, 102, '0000-00-00 00:00:00', 0, '0000-00-00 00:00:00', 0, '0', 0),
(1302, 'new chandigarh', 33, 102, '0000-00-00 00:00:00', 0, '0000-00-00 00:00:00', 0, '0', 0),
(1303, '1', 84, 102, '0000-00-00 00:00:00', 0, '0000-00-00 00:00:00', 0, '0', 0),
(1307, 'khurja', 215, 102, '0000-00-00 00:00:00', 0, '0000-00-00 00:00:00', 0, '0', 0),
(1308, 'odisha', 163, 102, '0000-00-00 00:00:00', 0, '0000-00-00 00:00:00', 0, '0', 0),
(1309, 'midnapur', 324, 102, '0000-00-00 00:00:00', 0, '0000-00-00 00:00:00', 0, '0', 0),
(1310, '1', 2, 227, '0000-00-00 00:00:00', 0, '0000-00-00 00:00:00', 0, '0', 0),
(1312, 'haldwani', 241, 102, '0000-00-00 00:00:00', 0, '0000-00-00 00:00:00', 0, '0', 0),
(1313, 'Asansol', 226, 102, '0000-00-00 00:00:00', 0, '0000-00-00 00:00:00', 0, '0', 0),
(1314, 'Thruvanmiyur', 36, 102, '0000-00-00 00:00:00', 0, '0000-00-00 00:00:00', 0, '0', 0),
(1316, '', 91, 151, '0000-00-00 00:00:00', 0, '0000-00-00 00:00:00', 0, '0', 0),
(1317, '1', 94, 102, '0000-00-00 00:00:00', 0, '0000-00-00 00:00:00', 0, '0', 0),
(1318, 'auriaya', 215, 102, '0000-00-00 00:00:00', 0, '0000-00-00 00:00:00', 0, '0', 0),
(1319, 'delhi', 325, 102, '0000-00-00 00:00:00', 0, '0000-00-00 00:00:00', 0, '0', 0),
(1320, '', 36, 102, '0000-00-00 00:00:00', 0, '0000-00-00 00:00:00', 0, '0', 0),
(1321, 'singrauli', 112, 102, '0000-00-00 00:00:00', 0, '0000-00-00 00:00:00', 0, '0', 0),
(1322, 'new delhi', 326, 102, '0000-00-00 00:00:00', 0, '0000-00-00 00:00:00', 0, '0', 0),
(1324, '1', 138, 102, '0000-00-00 00:00:00', 0, '0000-00-00 00:00:00', 0, '0', 0),
(1325, 'vinay nagar', 70, 102, '0000-00-00 00:00:00', 0, '0000-00-00 00:00:00', 0, '0', 0),
(1326, 'srinager', 84, 102, '0000-00-00 00:00:00', 0, '0000-00-00 00:00:00', 0, '0', 0),
(1327, 'gorakpur', 215, 102, '0000-00-00 00:00:00', 0, '0000-00-00 00:00:00', 0, '0', 0),
(1331, '', 201, 13, '0000-00-00 00:00:00', 0, '0000-00-00 00:00:00', 0, '0', 0),
(1332, 'Other_city', 329, 102, '0000-00-00 00:00:00', 0, '0000-00-00 00:00:00', 0, '0', 0),
(1333, 'Other_city_1', 331, 102, '0000-00-00 00:00:00', 0, '0000-00-00 00:00:00', 0, '1', 0),
(1334, 'Other_city_3', 333, 102, '0000-00-00 00:00:00', 0, '0000-00-00 00:00:00', 0, '1', 0),
(1335, 'Other_city_4', 334, 102, '0000-00-00 00:00:00', 0, '0000-00-00 00:00:00', 0, '1', 0),
(1336, 'Other_city_5', 335, 102, '0000-00-00 00:00:00', 0, '0000-00-00 00:00:00', 0, '1', 0),
(1337, 'other_city_6', 336, 102, '0000-00-00 00:00:00', 0, '0000-00-00 00:00:00', 0, '1', 0),
(1338, 'other_city_7', 337, 102, '0000-00-00 00:00:00', 0, '0000-00-00 00:00:00', 0, '1', 0),
(1339, 'other_7', 338, 102, '0000-00-00 00:00:00', 0, '0000-00-00 00:00:00', 0, '1', 0),
(1340, 'test', 339, 102, '0000-00-00 00:00:00', 0, '0000-00-00 00:00:00', 0, '1', 0),
(1341, 'tset', 340, 102, '0000-00-00 00:00:00', 0, '0000-00-00 00:00:00', 0, '1', 0),
(1342, 'city_1', 341, 102, '0000-00-00 00:00:00', 0, '0000-00-00 00:00:00', 0, '1', 0),
(1343, 'tset3', 342, 102, '0000-00-00 00:00:00', 0, '0000-00-00 00:00:00', 0, '1', 0),
(1344, 'test11', 343, 102, '0000-00-00 00:00:00', 0, '0000-00-00 00:00:00', 0, '1', 0),
(1345, 'test12', 344, 102, '0000-00-00 00:00:00', 0, '0000-00-00 00:00:00', 0, '1', 0),
(1346, 'lal ganj', 215, 102, '0000-00-00 00:00:00', 0, '0000-00-00 00:00:00', 0, '0', 0),
(1347, 'banaras', 215, 102, '0000-00-00 00:00:00', 0, '0000-00-00 00:00:00', 0, '0', 0),
(1348, 'sitamuri', 23, 102, '0000-00-00 00:00:00', 0, '0000-00-00 00:00:00', 0, '0', 0),
(1349, 'simla', 194, 102, '0000-00-00 00:00:00', 0, '0000-00-00 00:00:00', 0, '0', 0),
(1350, '110017', 49, 102, '0000-00-00 00:00:00', 0, '0000-00-00 00:00:00', 0, '0', 0),
(1351, 'Dehradun', 275, 102, '0000-00-00 00:00:00', 0, '0000-00-00 00:00:00', 0, '0', 0),
(1352, '209731', 215, 102, '0000-00-00 00:00:00', 0, '0000-00-00 00:00:00', 0, '0', 0),
(1353, '', 239, 0, '0000-00-00 00:00:00', 0, '0000-00-00 00:00:00', 0, '0', 0),
(1354, '133001', 70, 102, '0000-00-00 00:00:00', 0, '0000-00-00 00:00:00', 0, '0', 0),
(1355, '', 279, 0, '0000-00-00 00:00:00', 0, '0000-00-00 00:00:00', 0, '0', 0),
(1356, 'kichha', 316, 0, '0000-00-00 00:00:00', 0, '0000-00-00 00:00:00', 0, '0', 0),
(1357, '', 345, 0, '0000-00-00 00:00:00', 0, '0000-00-00 00:00:00', 0, '0', 0),
(1358, 'DENEW DELPHI', 241, 102, '0000-00-00 00:00:00', 0, '0000-00-00 00:00:00', 0, '0', 0),
(1359, 'biznor', 215, 102, '0000-00-00 00:00:00', 0, '0000-00-00 00:00:00', 0, '0', 0),
(1360, 'bandi pur', 23, 102, '0000-00-00 00:00:00', 0, '0000-00-00 00:00:00', 0, '0', 0),
(1361, 'Manama', 346, 225, '0000-00-00 00:00:00', 0, '0000-00-00 00:00:00', 0, '0', 0),
(1362, 'dhampur', 215, 102, '0000-00-00 00:00:00', 0, '0000-00-00 00:00:00', 0, '0', 0),
(1363, 'Clearwater Bay', 347, 99, '0000-00-00 00:00:00', 0, '0000-00-00 00:00:00', 0, '0', 0),
(1364, 'rampi', 215, 102, '0000-00-00 00:00:00', 0, '0000-00-00 00:00:00', 0, '0', 0),
(1365, 'CA', 188, 227, '0000-00-00 00:00:00', 0, '0000-00-00 00:00:00', 0, '0', 0),
(1366, 'alipur', 49, 102, '0000-00-00 00:00:00', 0, '0000-00-00 00:00:00', 0, '0', 0),
(1367, '', 94, 102, '0000-00-00 00:00:00', 0, '0000-00-00 00:00:00', 0, '0', 0),
(1368, 'kichha', 216, 102, '0000-00-00 00:00:00', 0, '0000-00-00 00:00:00', 0, '0', 0),
(1369, 'burdubai', 52, 224, '0000-00-00 00:00:00', 0, '0000-00-00 00:00:00', 0, '0', 0),
(1370, '', 154, 39, '0000-00-00 00:00:00', 0, '0000-00-00 00:00:00', 0, '0', 0),
(1371, 'barddhaman', 226, 102, '0000-00-00 00:00:00', 0, '0000-00-00 00:00:00', 0, '0', 0),
(1372, '', 331, 102, '0000-00-00 00:00:00', 0, '0000-00-00 00:00:00', 0, '0', 0),
(1373, 'hydrabad', 348, 102, '0000-00-00 00:00:00', 0, '0000-00-00 00:00:00', 0, '0', 0),
(1374, 'korba', 35, 102, '0000-00-00 00:00:00', 0, '0000-00-00 00:00:00', 0, '0', 0),
(1375, '', 349, 102, '0000-00-00 00:00:00', 0, '0000-00-00 00:00:00', 0, '0', 0),
(1376, 'Talab Tillok', 84, 102, '0000-00-00 00:00:00', 0, '0000-00-00 00:00:00', 0, '0', 0),
(1377, 'Talab tiblow', 84, 102, '0000-00-00 00:00:00', 0, '0000-00-00 00:00:00', 0, '0', 0),
(1378, 'bhubeneswar', 163, 102, '0000-00-00 00:00:00', 0, '0000-00-00 00:00:00', 0, '0', 0),
(1379, 'bareili', 215, 102, '0000-00-00 00:00:00', 0, '0000-00-00 00:00:00', 0, '0', 0),
(1380, 'Arlington', 224, 227, '0000-00-00 00:00:00', 0, '0000-00-00 00:00:00', 0, '0', 0),
(1381, 'bareiily', 215, 102, '0000-00-00 00:00:00', 0, '0000-00-00 00:00:00', 0, '0', 0),
(1382, 'surrey', 350, 225, '0000-00-00 00:00:00', 0, '0000-00-00 00:00:00', 0, '0', 0),
(1383, 'kondapur', 351, 102, '0000-00-00 00:00:00', 0, '0000-00-00 00:00:00', 0, '0', 0),
(1384, 'ruthiyai', 112, 102, '0000-00-00 00:00:00', 0, '0000-00-00 00:00:00', 0, '0', 0),
(1385, '1', 241, 102, '0000-00-00 00:00:00', 0, '0000-00-00 00:00:00', 0, '0', 0),
(1386, '1', 352, 102, '0000-00-00 00:00:00', 0, '0000-00-00 00:00:00', 0, '0', 0),
(1387, '1', 352, 102, '0000-00-00 00:00:00', 0, '0000-00-00 00:00:00', 0, '0', 0),
(1388, '1', 353, 102, '0000-00-00 00:00:00', 0, '0000-00-00 00:00:00', 0, '0', 0),
(1389, 'kurukshetra', 70, 102, '0000-00-00 00:00:00', 0, '0000-00-00 00:00:00', 0, '0', 0),
(1390, '110025', 49, 102, '0000-00-00 00:00:00', 0, '0000-00-00 00:00:00', 0, '0', 0),
(1391, 'gaya', 354, 0, '0000-00-00 00:00:00', 0, '0000-00-00 00:00:00', 0, '0', 0),
(1392, '1', 355, 227, '0000-00-00 00:00:00', 0, '0000-00-00 00:00:00', 0, '0', 0),
(1393, 'delhi', 343, 102, '0000-00-00 00:00:00', 0, '0000-00-00 00:00:00', 0, '0', 0),
(1394, 'united states', 168, 227, '0000-00-00 00:00:00', 0, '0000-00-00 00:00:00', 0, '0', 0),
(1395, 'gajraula', 215, 102, '0000-00-00 00:00:00', 0, '0000-00-00 00:00:00', 0, '0', 0),
(1396, 'merut', 70, 102, '0000-00-00 00:00:00', 0, '0000-00-00 00:00:00', 0, '0', 0),
(1397, 'noida', 239, 0, '0000-00-00 00:00:00', 0, '0000-00-00 00:00:00', 0, '0', 0),
(1398, '', 356, 0, '0000-00-00 00:00:00', 0, '0000-00-00 00:00:00', 0, '0', 0),
(1399, '', 357, 187, '0000-00-00 00:00:00', 0, '0000-00-00 00:00:00', 0, '0', 0),
(1400, 'bhatharna', 215, 102, '0000-00-00 00:00:00', 0, '0000-00-00 00:00:00', 0, '0', 0),
(1401, 'Brunswick', 145, 227, '0000-00-00 00:00:00', 0, '0000-00-00 00:00:00', 0, '0', 0),
(1402, '', 235, 13, '0000-00-00 00:00:00', 0, '0000-00-00 00:00:00', 0, '0', 0),
(1403, 'dhaka', 358, 18, '0000-00-00 00:00:00', 0, '0000-00-00 00:00:00', 0, '0', 0),
(1404, 'California', 359, 76, '0000-00-00 00:00:00', 0, '0000-00-00 00:00:00', 0, '0', 0),
(1405, 'Budhan', 215, 102, '0000-00-00 00:00:00', 0, '0000-00-00 00:00:00', 0, '0', 0),
(1406, 'Visakhapatnam', 9, 102, '0000-00-00 00:00:00', 0, '0000-00-00 00:00:00', 0, '0', 0),
(1407, 'dubia', 52, 224, '0000-00-00 00:00:00', 0, '0000-00-00 00:00:00', 0, '0', 0),
(1408, '1', 158, 227, '0000-00-00 00:00:00', 0, '0000-00-00 00:00:00', 0, '0', 0),
(1409, '', 360, 224, '0000-00-00 00:00:00', 0, '0000-00-00 00:00:00', 0, '0', 0),
(1410, 'Rookkee', 216, 102, '0000-00-00 00:00:00', 0, '0000-00-00 00:00:00', 0, '0', 0),
(1411, 'Rohatak', 70, 102, '0000-00-00 00:00:00', 0, '0000-00-00 00:00:00', 0, '0', 0),
(1412, 'silugiri', 14, 102, '0000-00-00 00:00:00', 0, '0000-00-00 00:00:00', 0, '0', 0),
(1413, 'FURJAN', 52, 224, '0000-00-00 00:00:00', 0, '0000-00-00 00:00:00', 0, '0', 0),
(1414, 'Dublin', 53, 106, '0000-00-00 00:00:00', 0, '0000-00-00 00:00:00', 0, '0', 0),
(1415, '1', 361, 13, '0000-00-00 00:00:00', 0, '0000-00-00 00:00:00', 0, '0', 0),
(1416, '', 123, 13, '0000-00-00 00:00:00', 0, '0000-00-00 00:00:00', 0, '0', 0),
(1417, 'DELHI', 239, 0, '0000-00-00 00:00:00', 0, '0000-00-00 00:00:00', 0, '0', 0),
(1418, 'Hoboken', 145, 227, '0000-00-00 00:00:00', 0, '0000-00-00 00:00:00', 0, '0', 0),
(1419, 'secunderabad', 251, 102, '0000-00-00 00:00:00', 0, '0000-00-00 00:00:00', 0, '0', 0),
(1420, 'Dadri', 70, 102, '0000-00-00 00:00:00', 0, '0000-00-00 00:00:00', 0, '0', 0),
(1421, 'Wilmington', 48, 227, '0000-00-00 00:00:00', 0, '0000-00-00 00:00:00', 0, '0', 0),
(1422, 'NW 3 7AT', 106, 225, '0000-00-00 00:00:00', 0, '0000-00-00 00:00:00', 0, '0', 0),
(1423, 'Tampa', 58, 227, '0000-00-00 00:00:00', 0, '0000-00-00 00:00:00', 0, '0', 0),
(1424, 'Kollam', 94, 102, '0000-00-00 00:00:00', 0, '0000-00-00 00:00:00', 0, '0', 0),
(1425, 'Kushinagar', 215, 102, '0000-00-00 00:00:00', 0, '0000-00-00 00:00:00', 0, '0', 0),
(1426, 'parulia', 226, 102, '0000-00-00 00:00:00', 0, '0000-00-00 00:00:00', 0, '0', 0),
(1427, 'anaj mandi', 176, 102, '0000-00-00 00:00:00', 0, '0000-00-00 00:00:00', 0, '0', 0),
(1428, 'dehradoon', 280, 102, '0000-00-00 00:00:00', 0, '0000-00-00 00:00:00', 0, '0', 0),
(1429, 'dheradoon', 272, 102, '0000-00-00 00:00:00', 0, '0000-00-00 00:00:00', 0, '0', 0),
(1430, 'ghaziabad', 216, 102, '0000-00-00 00:00:00', 0, '0000-00-00 00:00:00', 0, '0', 0),
(1431, 'jamui', 23, 102, '0000-00-00 00:00:00', 0, '0000-00-00 00:00:00', 0, '0', 0),
(1432, 'Lowa', 362, 227, '0000-00-00 00:00:00', 0, '0000-00-00 00:00:00', 0, '0', 0),
(1433, 'Badalpur ', 114, 102, '0000-00-00 00:00:00', 0, '0000-00-00 00:00:00', 0, '0', 0),
(1434, '', 363, 104, '0000-00-00 00:00:00', 0, '0000-00-00 00:00:00', 0, '0', 0),
(1435, 'j & K', 84, 102, '0000-00-00 00:00:00', 0, '0000-00-00 00:00:00', 0, '0', 0),
(1436, 'Chennai', 36, 102, '0000-00-00 00:00:00', 0, '0000-00-00 00:00:00', 0, '0', 0),
(1437, 'North Goa', 64, 102, '0000-00-00 00:00:00', 0, '0000-00-00 00:00:00', 0, '0', 0),
(1438, 'purnea', 23, 102, '0000-00-00 00:00:00', 0, '0000-00-00 00:00:00', 0, '0', 0),
(1439, 'London', 364, 226, '0000-00-00 00:00:00', 0, '0000-00-00 00:00:00', 0, '0', 0),
(1440, 'sasaram', 23, 102, '0000-00-00 00:00:00', 0, '0000-00-00 00:00:00', 0, '0', 0),
(1441, 'up', 215, 102, '0000-00-00 00:00:00', 0, '0000-00-00 00:00:00', 0, '0', 0),
(1442, 'Navsari', 67, 102, '0000-00-00 00:00:00', 0, '0000-00-00 00:00:00', 0, '0', 0),
(1443, '', 155, 13, '0000-00-00 00:00:00', 0, '0000-00-00 00:00:00', 0, '0', 0),
(1444, 'dadi bhola', 74, 102, '0000-00-00 00:00:00', 0, '0000-00-00 00:00:00', 0, '0', 0),
(1445, 'noida', 365, 102, '0000-00-00 00:00:00', 0, '0000-00-00 00:00:00', 0, '0', 0),
(1446, 'bhatjinda ', 176, 102, '0000-00-00 00:00:00', 0, '0000-00-00 00:00:00', 0, '0', 0),
(1447, 'surajkund', 70, 102, '0000-00-00 00:00:00', 0, '0000-00-00 00:00:00', 0, '0', 0),
(1448, 'Vaishali', 215, 102, '0000-00-00 00:00:00', 0, '0000-00-00 00:00:00', 0, '0', 0),
(1449, 'Mahendergarh', 70, 102, '0000-00-00 00:00:00', 0, '0000-00-00 00:00:00', 0, '0', 0),
(1450, 'vibari', 180, 102, '0000-00-00 00:00:00', 0, '0000-00-00 00:00:00', 0, '0', 0),
(1451, '', 224, 227, '0000-00-00 00:00:00', 0, '0000-00-00 00:00:00', 0, '0', 0),
(1452, 'sohna', 70, 102, '0000-00-00 00:00:00', 0, '0000-00-00 00:00:00', 0, '0', 0),
(1453, 'london', 366, 226, '0000-00-00 00:00:00', 0, '0000-00-00 00:00:00', 0, '0', 0),
(1454, 'Sammamish', 225, 227, '0000-00-00 00:00:00', 0, '0000-00-00 00:00:00', 0, '0', 0),
(1455, 'Baliar', 215, 102, '0000-00-00 00:00:00', 0, '0000-00-00 00:00:00', 0, '0', 0),
(1456, 'Shivpuri', 112, 102, '0000-00-00 00:00:00', 0, '0000-00-00 00:00:00', 0, '0', 0),
(1457, 'Shickarpur', 215, 102, '0000-00-00 00:00:00', 0, '0000-00-00 00:00:00', 0, '0', 0),
(1458, 'bokaro steet city', 85, 102, '0000-00-00 00:00:00', 0, '0000-00-00 00:00:00', 0, '0', 0),
(1459, 'Riwari', 70, 102, '0000-00-00 00:00:00', 0, '0000-00-00 00:00:00', 0, '0', 0),
(1460, '140603', 176, 102, '0000-00-00 00:00:00', 0, '0000-00-00 00:00:00', 0, '0', 0),
(1461, 'Rajnagar', 215, 102, '0000-00-00 00:00:00', 0, '0000-00-00 00:00:00', 0, '0', 0),
(1462, 'rampurhat', 226, 102, '0000-00-00 00:00:00', 0, '0000-00-00 00:00:00', 0, '0', 0),
(1463, 'Simra', 367, 151, '0000-00-00 00:00:00', 0, '0000-00-00 00:00:00', 0, '0', 0),
(1464, 'Chandugarh', 33, 102, '0000-00-00 00:00:00', 0, '0000-00-00 00:00:00', 0, '0', 0),
(1465, 'Midnapore', 226, 102, '0000-00-00 00:00:00', 0, '0000-00-00 00:00:00', 0, '0', 0),
(1466, 'aligarg', 215, 102, '0000-00-00 00:00:00', 0, '0000-00-00 00:00:00', 0, '0', 0),
(1467, 'Indirapuram', 215, 102, '0000-00-00 00:00:00', 0, '0000-00-00 00:00:00', 0, '0', 0),
(1468, 'Daudnagar', 23, 102, '0000-00-00 00:00:00', 0, '0000-00-00 00:00:00', 0, '0', 0),
(1469, 'USA', 58, 227, '0000-00-00 00:00:00', 0, '0000-00-00 00:00:00', 0, '0', 0),
(1470, 'Alyarpur', 215, 102, '0000-00-00 00:00:00', 0, '0000-00-00 00:00:00', 0, '0', 0),
(1471, 'Pipal Kheri', 112, 102, '0000-00-00 00:00:00', 0, '0000-00-00 00:00:00', 0, '0', 0),
(1472, 'Hamirpur', 215, 102, '0000-00-00 00:00:00', 0, '0000-00-00 00:00:00', 0, '0', 0),
(1473, 'Rohotak', 70, 102, '0000-00-00 00:00:00', 0, '0000-00-00 00:00:00', 0, '0', 0),
(1474, 'Portage', 126, 227, '0000-00-00 00:00:00', 0, '0000-00-00 00:00:00', 0, '0', 0),
(1475, 'Khowat', 213, 102, '0000-00-00 00:00:00', 0, '0000-00-00 00:00:00', 0, '0', 0),
(1476, 'Schleswig- holstein', 97, 84, '0000-00-00 00:00:00', 0, '0000-00-00 00:00:00', 0, '0', 0),
(1477, 'kankag khera', 215, 102, '0000-00-00 00:00:00', 0, '0000-00-00 00:00:00', 0, '0', 0),
(1478, 'Jhunjhunu', 180, 102, '0000-00-00 00:00:00', 0, '0000-00-00 00:00:00', 0, '0', 0),
(1479, 'Regina', 190, 39, '0000-00-00 00:00:00', 0, '0000-00-00 00:00:00', 0, '0', 0),
(1480, 'kanti ', 112, 102, '0000-00-00 00:00:00', 0, '0000-00-00 00:00:00', 0, '0', 0),
(1481, 'Mahwa', 180, 102, '0000-00-00 00:00:00', 0, '0000-00-00 00:00:00', 0, '0', 0),
(1482, '1', 14, 102, '0000-00-00 00:00:00', 0, '0000-00-00 00:00:00', 0, '0', 0),
(1483, '', 25, 13, '0000-00-00 00:00:00', 0, '0000-00-00 00:00:00', 0, '0', 0),
(1484, 'panchsheel colony', 70, 102, '0000-00-00 00:00:00', 0, '0000-00-00 00:00:00', 0, '0', 0),
(1485, 'dehri', 23, 102, '0000-00-00 00:00:00', 0, '0000-00-00 00:00:00', 0, '0', 0),
(1486, 'gzb', 262, 102, '0000-00-00 00:00:00', 0, '0000-00-00 00:00:00', 0, '0', 0),
(1487, '1', 368, 39, '0000-00-00 00:00:00', 0, '0000-00-00 00:00:00', 0, '0', 0),
(1488, 'Satgaon', 114, 102, '0000-00-00 00:00:00', 0, '0000-00-00 00:00:00', 0, '0', 0),
(1489, 'Busking', 369, 227, '0000-00-00 00:00:00', 0, '0000-00-00 00:00:00', 0, '0', 0),
(1490, '1', 38, 227, '0000-00-00 00:00:00', 0, '0000-00-00 00:00:00', 0, '0', 0),
(1491, 'Mower Place ', 123, 13, '0000-00-00 00:00:00', 0, '0000-00-00 00:00:00', 0, '0', 0),
(1492, 'jhonpur', 215, 102, '0000-00-00 00:00:00', 0, '0000-00-00 00:00:00', 0, '0', 0),
(1493, 'Baksar', 23, 102, '0000-00-00 00:00:00', 0, '0000-00-00 00:00:00', 0, '0', 0),
(1494, 'nodia', 226, 102, '0000-00-00 00:00:00', 0, '0000-00-00 00:00:00', 0, '0', 0),
(1495, 'stuttgart', 370, 84, '0000-00-00 00:00:00', 0, '0000-00-00 00:00:00', 0, '0', 0),
(1496, 'Bulandhsahar', 215, 102, '0000-00-00 00:00:00', 0, '0000-00-00 00:00:00', 0, '0', 0),
(1497, 'darwar', 215, 102, '0000-00-00 00:00:00', 0, '0000-00-00 00:00:00', 0, '0', 0),
(1498, 'Bilashpur', 35, 102, '0000-00-00 00:00:00', 0, '0000-00-00 00:00:00', 0, '0', 0),
(1499, 'Bhubaneshwar', 163, 102, '0000-00-00 00:00:00', 0, '0000-00-00 00:00:00', 0, '0', 0),
(1500, 'Neemuch', 112, 102, '0000-00-00 00:00:00', 0, '0000-00-00 00:00:00', 0, '0', 0),
(1501, 'Visakhaptnam', 9, 102, '0000-00-00 00:00:00', 0, '0000-00-00 00:00:00', 0, '0', 0),
(1502, 'Pilani', 180, 102, '0000-00-00 00:00:00', 0, '0000-00-00 00:00:00', 0, '0', 0),
(1503, 'dehradoon', 275, 102, '0000-00-00 00:00:00', 0, '0000-00-00 00:00:00', 0, '0', 0),
(1504, 'Jamnagar', 67, 102, '0000-00-00 00:00:00', 0, '0000-00-00 00:00:00', 0, '0', 0),
(1505, 'gowhati', 14, 102, '0000-00-00 00:00:00', 0, '0000-00-00 00:00:00', 0, '0', 0),
(1506, 'giridi', 85, 102, '0000-00-00 00:00:00', 0, '0000-00-00 00:00:00', 0, '0', 0),
(1507, 'nanital', 275, 102, '0000-00-00 00:00:00', 0, '0000-00-00 00:00:00', 0, '0', 0),
(1508, 'Mississauga', 118, 39, '0000-00-00 00:00:00', 0, '0000-00-00 00:00:00', 0, '0', 0),
(1509, 'Kangla', 215, 102, '0000-00-00 00:00:00', 0, '0000-00-00 00:00:00', 0, '0', 0),
(1510, 'Brentwood', 207, 227, '0000-00-00 00:00:00', 0, '0000-00-00 00:00:00', 0, '0', 0),
(1511, 'Plumo', 85, 102, '0000-00-00 00:00:00', 0, '0000-00-00 00:00:00', 0, '0', 0),
(1512, 'Bhegosarai', 23, 102, '0000-00-00 00:00:00', 0, '0000-00-00 00:00:00', 0, '0', 0),
(1513, 'sarna', 176, 102, '0000-00-00 00:00:00', 0, '0000-00-00 00:00:00', 0, '0', 0),
(1514, 'Vijaywada', 9, 102, '0000-00-00 00:00:00', 0, '0000-00-00 00:00:00', 0, '0', 0),
(1515, 'Phoenix', 11, 227, '0000-00-00 00:00:00', 0, '0000-00-00 00:00:00', 0, '0', 0),
(1516, 'begusrai ', 23, 102, '0000-00-00 00:00:00', 0, '0000-00-00 00:00:00', 0, '0', 0),
(1517, 'unitate state', 106, 225, '0000-00-00 00:00:00', 0, '0000-00-00 00:00:00', 0, '0', 0),
(1518, 'Telengana', 351, 102, '0000-00-00 00:00:00', 0, '0000-00-00 00:00:00', 0, '0', 0),
(1519, '1', 371, 62, '0000-00-00 00:00:00', 0, '0000-00-00 00:00:00', 0, '0', 0),
(1520, 'Gurgaon', 372, 0, '0000-00-00 00:00:00', 0, '0000-00-00 00:00:00', 0, '0', 0),
(1521, 'jalpaiguri ', 226, 102, '0000-00-00 00:00:00', 0, '0000-00-00 00:00:00', 0, '0', 0),
(1522, 'nadia', 226, 102, '0000-00-00 00:00:00', 0, '0000-00-00 00:00:00', 0, '0', 0),
(1523, 'basti', 215, 102, '0000-00-00 00:00:00', 0, '0000-00-00 00:00:00', 0, '0', 0),
(1524, 'kharar', 176, 102, '0000-00-00 00:00:00', 0, '0000-00-00 00:00:00', 0, '0', 0),
(1525, 'Pamidi, Anantapur', 9, 102, '0000-00-00 00:00:00', 0, '0000-00-00 00:00:00', 0, '0', 0),
(1526, 'Muzaffarnagar', 215, 102, '0000-00-00 00:00:00', 0, '0000-00-00 00:00:00', 0, '0', 0),
(1527, 'bhalai', 33, 102, '0000-00-00 00:00:00', 0, '0000-00-00 00:00:00', 0, '0', 0),
(1528, 'Begumganj', 112, 102, '0000-00-00 00:00:00', 0, '0000-00-00 00:00:00', 0, '0', 0),
(1529, 'Delhi', 279, 0, '0000-00-00 00:00:00', 0, '0000-00-00 00:00:00', 0, '0', 0),
(1530, 'Chandigarh', 35, 102, '0000-00-00 00:00:00', 0, '0000-00-00 00:00:00', 0, '0', 0),
(1531, 'kurukchatra', 70, 102, '0000-00-00 00:00:00', 0, '0000-00-00 00:00:00', 0, '0', 0),
(1532, '', 373, 0, '0000-00-00 00:00:00', 0, '0000-00-00 00:00:00', 0, '1', 0),
(1533, '', 374, 102, '0000-00-00 00:00:00', 0, '0000-00-00 00:00:00', 0, '1', 0),
(1534, '', 49, 102, '0000-00-00 00:00:00', 0, '0000-00-00 00:00:00', 0, '1', 0),
(1535, '', 215, 102, '0000-00-00 00:00:00', 0, '0000-00-00 00:00:00', 0, '1', 0),
(1536, '', 29, 227, '0000-00-00 00:00:00', 0, '0000-00-00 00:00:00', 0, '1', 0),
(1537, 'chamuli', 375, 102, '0000-00-00 00:00:00', 0, '0000-00-00 00:00:00', 0, '1', 0),
(1538, 'Aligarh', 215, 102, '0000-00-00 00:00:00', 0, '0000-00-00 00:00:00', 0, '1', 0),
(1539, '', 70, 102, '0000-00-00 00:00:00', 0, '0000-00-00 00:00:00', 0, '1', 0),
(1540, 'kuruhshetra', 70, 102, '0000-00-00 00:00:00', 0, '0000-00-00 00:00:00', 0, '1', 0),
(1541, 'karnal', 70, 102, '0000-00-00 00:00:00', 0, '0000-00-00 00:00:00', 0, '1', 0),
(1542, '1', 35, 102, '0000-00-00 00:00:00', 0, '0000-00-00 00:00:00', 0, '1', 0),
(1543, 'prataphgarh', 215, 102, '0000-00-00 00:00:00', 0, '0000-00-00 00:00:00', 0, '1', 0),
(1544, '', 33, 102, '0000-00-00 00:00:00', 0, '0000-00-00 00:00:00', 0, '1', 0),
(1545, '1', 49, 102, '0000-00-00 00:00:00', 0, '0000-00-00 00:00:00', 0, '1', 0),
(1546, 'ranchi', 85, 102, '0000-00-00 00:00:00', 0, '0000-00-00 00:00:00', 0, '1', 0),
(1547, '1', 215, 102, '0000-00-00 00:00:00', 0, '0000-00-00 00:00:00', 0, '1', 0),
(1548, 'Telengana', 376, 102, '0000-00-00 00:00:00', 0, '0000-00-00 00:00:00', 0, '1', 0),
(1549, 'trichy', 205, 102, '0000-00-00 00:00:00', 0, '0000-00-00 00:00:00', 0, '1', 0),
(1550, '1', 4, 39, '0000-00-00 00:00:00', 0, '0000-00-00 00:00:00', 0, '1', 0),
(1551, 'ranga reddy', 376, 102, '0000-00-00 00:00:00', 0, '0000-00-00 00:00:00', 0, '1', 0),
(1552, 'Canada', 212, 39, '0000-00-00 00:00:00', 0, '0000-00-00 00:00:00', 0, '1', 0),
(1553, 'UAE', 52, 224, '0000-00-00 00:00:00', 0, '0000-00-00 00:00:00', 0, '1', 0),
(1554, '', 0, 0, '0000-00-00 00:00:00', 0, '0000-00-00 00:00:00', 0, '1', 0),
(1555, 'chandigarh', 33, 102, '0000-00-00 00:00:00', 0, '0000-00-00 00:00:00', 0, '1', 0),
(1556, 'rewari', 70, 102, '0000-00-00 00:00:00', 0, '0000-00-00 00:00:00', 0, '1', 0),
(1557, '', 377, 189, '0000-00-00 00:00:00', 0, '0000-00-00 00:00:00', 0, '1', 0),
(1558, 'Gopalganj', 23, 102, '0000-00-00 00:00:00', 0, '0000-00-00 00:00:00', 0, '1', 0),
(1559, 'talukabani', 114, 102, '0000-00-00 00:00:00', 0, '0000-00-00 00:00:00', 0, '1', 0),
(1560, '', 23, 102, '0000-00-00 00:00:00', 0, '0000-00-00 00:00:00', 0, '1', 0),
(1561, 'j & K', 84, 102, '0000-00-00 00:00:00', 0, '0000-00-00 00:00:00', 0, '1', 0),
(1562, 'damtri', 35, 102, '0000-00-00 00:00:00', 0, '0000-00-00 00:00:00', 0, '1', 0),
(1563, 'durgapur', 226, 102, '0000-00-00 00:00:00', 0, '0000-00-00 00:00:00', 0, '1', 0),
(1564, 'Uttar Dinajpur', 226, 102, '0000-00-00 00:00:00', 0, '0000-00-00 00:00:00', 0, '1', 0),
(1565, '1', 23, 102, '0000-00-00 00:00:00', 0, '0000-00-00 00:00:00', 0, '1', 0),
(1566, '', 163, 102, '0000-00-00 00:00:00', 0, '0000-00-00 00:00:00', 0, '1', 0),
(1567, '', 53, 106, '0000-00-00 00:00:00', 0, '0000-00-00 00:00:00', 0, '1', 0),
(1568, '', 67, 102, '0000-00-00 00:00:00', 0, '0000-00-00 00:00:00', 0, '1', 0),
(1569, 'sikandrabad', 378, 102, '0000-00-00 00:00:00', 0, '0000-00-00 00:00:00', 0, '1', 0),
(1570, '1', 85, 102, '0000-00-00 00:00:00', 0, '0000-00-00 00:00:00', 0, '1', 0),
(1571, '1', 180, 102, '0000-00-00 00:00:00', 0, '0000-00-00 00:00:00', 0, '1', 0),
(1572, '1', 163, 102, '0000-00-00 00:00:00', 0, '0000-00-00 00:00:00', 0, '1', 0),
(1573, 'bargarh', 163, 102, '0000-00-00 00:00:00', 0, '0000-00-00 00:00:00', 0, '1', 0),
(1574, 'Vidinda', 176, 102, '0000-00-00 00:00:00', 0, '0000-00-00 00:00:00', 0, '1', 0),
(1575, '', 194, 102, '0000-00-00 00:00:00', 0, '0000-00-00 00:00:00', 0, '1', 0),
(1576, 'vihar', 176, 102, '0000-00-00 00:00:00', 0, '0000-00-00 00:00:00', 0, '1', 0),
(1577, 'shimla', 74, 102, '0000-00-00 00:00:00', 0, '0000-00-00 00:00:00', 0, '1', 0),
(1578, 'dumka', 85, 102, '0000-00-00 00:00:00', 0, '0000-00-00 00:00:00', 0, '1', 0),
(1579, '', 379, 225, '0000-00-00 00:00:00', 0, '0000-00-00 00:00:00', 0, '1', 0),
(1580, '', 380, 155, '0000-00-00 00:00:00', 0, '0000-00-00 00:00:00', 0, '1', 0),
(1581, 'Hapour', 215, 102, '0000-00-00 00:00:00', 0, '0000-00-00 00:00:00', 0, '1', 0),
(1582, 'hardoi', 215, 102, '0000-00-00 00:00:00', 0, '0000-00-00 00:00:00', 0, '1', 0),
(1583, 'Deoghar', 85, 102, '0000-00-00 00:00:00', 0, '0000-00-00 00:00:00', 0, '1', 0),
(1584, 'Bhiwari', 180, 102, '0000-00-00 00:00:00', 0, '0000-00-00 00:00:00', 0, '1', 0),
(1585, 'bilaspur', 35, 102, '0000-00-00 00:00:00', 0, '0000-00-00 00:00:00', 0, '1', 0),
(1586, 'Mahendragarh', 70, 102, '0000-00-00 00:00:00', 0, '0000-00-00 00:00:00', 0, '1', 0),
(1587, 'rothak ', 70, 102, '0000-00-00 00:00:00', 0, '0000-00-00 00:00:00', 0, '1', 0),
(1588, '', 201, 13, '0000-00-00 00:00:00', 0, '0000-00-00 00:00:00', 0, '1', 0),
(1589, 'Noida', 381, 102, '0000-00-00 00:00:00', 0, '0000-00-00 00:00:00', 0, '1', 0),
(1590, '', 216, 102, '0000-00-00 00:00:00', 0, '0000-00-00 00:00:00', 0, '1', 0),
(1591, '', 112, 102, '0000-00-00 00:00:00', 0, '0000-00-00 00:00:00', 0, '1', 0),
(1592, 'Shahabad', 215, 102, '0000-00-00 00:00:00', 0, '0000-00-00 00:00:00', 0, '1', 0),
(1593, 'Guna', 112, 102, '0000-00-00 00:00:00', 0, '0000-00-00 00:00:00', 0, '1', 0),
(1594, 'amargarh', 215, 102, '0000-00-00 00:00:00', 0, '0000-00-00 00:00:00', 0, '1', 0),
(1595, 'dehradoon', 375, 102, '0000-00-00 00:00:00', 0, '0000-00-00 00:00:00', 0, '1', 0),
(1596, 'victoria', 382, 13, '0000-00-00 00:00:00', 0, '0000-00-00 00:00:00', 0, '1', 0),
(1597, '', 383, 13, '0000-00-00 00:00:00', 0, '0000-00-00 00:00:00', 0, '1', 0),
(1598, 'alwar', 180, 102, '0000-00-00 00:00:00', 0, '0000-00-00 00:00:00', 0, '1', 0),
(1599, '', 85, 102, '0000-00-00 00:00:00', 0, '0000-00-00 00:00:00', 0, '1', 0),
(1600, 'sugar Land', 208, 227, '0000-00-00 00:00:00', 0, '0000-00-00 00:00:00', 0, '1', 0),
(1601, 'dhabad ', 85, 102, '0000-00-00 00:00:00', 0, '0000-00-00 00:00:00', 0, '1', 0),
(1602, 'Cathal', 70, 102, '0000-00-00 00:00:00', 0, '0000-00-00 00:00:00', 0, '1', 0),
(1603, '1', 70, 102, '0000-00-00 00:00:00', 0, '0000-00-00 00:00:00', 0, '1', 0),
(1604, 'united kingdom', 384, 226, '0000-00-00 00:00:00', 0, '0000-00-00 00:00:00', 0, '1', 0),
(1605, 'bhopura', 215, 102, '0000-00-00 00:00:00', 0, '0000-00-00 00:00:00', 0, '1', 0),
(1606, 'saharanpur', 215, 102, '0000-00-00 00:00:00', 0, '0000-00-00 00:00:00', 0, '1', 0),
(1607, 'Una', 74, 102, '0000-00-00 00:00:00', 0, '0000-00-00 00:00:00', 0, '1', 0),
(1608, '1', 112, 102, '0000-00-00 00:00:00', 0, '0000-00-00 00:00:00', 0, '1', 0),
(1609, 'Muscat', 385, 164, '0000-00-00 00:00:00', 0, '0000-00-00 00:00:00', 0, '1', 0),
(1610, 'kafel', 70, 102, '0000-00-00 00:00:00', 0, '0000-00-00 00:00:00', 0, '1', 0),
(1611, 'jamunanagar', 70, 102, '0000-00-00 00:00:00', 0, '0000-00-00 00:00:00', 0, '1', 0),
(1612, 'gola', 112, 102, '0000-00-00 00:00:00', 0, '0000-00-00 00:00:00', 0, '1', 0),
(1613, 'aurangabad', 23, 102, '0000-00-00 00:00:00', 0, '0000-00-00 00:00:00', 0, '1', 0),
(1614, '1', 216, 102, '0000-00-00 00:00:00', 0, '0000-00-00 00:00:00', 0, '1', 0),
(1615, 'rewa', 112, 102, '0000-00-00 00:00:00', 0, '0000-00-00 00:00:00', 0, '1', 0),
(1616, '1', 386, 225, '0000-00-00 00:00:00', 0, '0000-00-00 00:00:00', 0, '1', 0),
(1617, 'chennai', 205, 102, '0000-00-00 00:00:00', 0, '0000-00-00 00:00:00', 0, '1', 0),
(1618, 'Puducherry.', 170, 102, '0000-00-00 00:00:00', 0, '0000-00-00 00:00:00', 0, '1', 0),
(1619, 'Den-Haag', 387, 152, '0000-00-00 00:00:00', 0, '0000-00-00 00:00:00', 0, '1', 0),
(1620, 'barddhaman', 226, 102, '0000-00-00 00:00:00', 0, '0000-00-00 00:00:00', 0, '1', 0),
(1621, '', 36, 102, '0000-00-00 00:00:00', 0, '0000-00-00 00:00:00', 0, '1', 0),
(1622, 'agartala', 213, 102, '0000-00-00 00:00:00', 0, '0000-00-00 00:00:00', 0, '1', 0),
(1623, 'raipur', 33, 102, '0000-00-00 00:00:00', 0, '0000-00-00 00:00:00', 0, '1', 0),
(1624, 'jamui', 23, 102, '0000-00-00 00:00:00', 0, '0000-00-00 00:00:00', 0, '1', 0),
(1625, 'ambala city ', 70, 102, '0000-00-00 00:00:00', 0, '0000-00-00 00:00:00', 0, '1', 0),
(1626, 'Dhubri', 14, 102, '0000-00-00 00:00:00', 0, '0000-00-00 00:00:00', 0, '1', 0),
(1627, 'Hyderabad', 378, 102, '0000-00-00 00:00:00', 0, '0000-00-00 00:00:00', 0, '1', 0),
(1628, 'ludihanea', 67, 102, '0000-00-00 00:00:00', 0, '0000-00-00 00:00:00', 0, '1', 0),
(1629, 'gwalior', 376, 102, '0000-00-00 00:00:00', 0, '0000-00-00 00:00:00', 0, '1', 0),
(1630, 'gwalior', 112, 102, '0000-00-00 00:00:00', 0, '0000-00-00 00:00:00', 0, '1', 0),
(1631, 'Frankfurtam', 388, 84, '0000-00-00 00:00:00', 0, '0000-00-00 00:00:00', 0, '1', 0),
(1632, 'rawer killa', 163, 102, '0000-00-00 00:00:00', 0, '0000-00-00 00:00:00', 0, '1', 0),
(1633, 'LAKHIMPUR KHIRI', 215, 102, '0000-00-00 00:00:00', 0, '0000-00-00 00:00:00', 0, '1', 0),
(1634, 'bhilai', 35, 102, '0000-00-00 00:00:00', 0, '0000-00-00 00:00:00', 0, '1', 0),
(1635, 'Palakkad', 94, 102, '0000-00-00 00:00:00', 0, '0000-00-00 00:00:00', 0, '1', 0),
(1636, 'bijnor', 215, 102, '0000-00-00 00:00:00', 0, '0000-00-00 00:00:00', 0, '1', 0),
(1637, 'short Hills', 145, 227, '0000-00-00 00:00:00', 0, '0000-00-00 00:00:00', 0, '1', 0),
(1638, 'Guland Sahar', 215, 102, '0000-00-00 00:00:00', 0, '0000-00-00 00:00:00', 0, '1', 0),
(1639, 'jhunjhunu', 180, 102, '0000-00-00 00:00:00', 0, '0000-00-00 00:00:00', 0, '1', 0),
(1640, '1', 176, 102, '0000-00-00 00:00:00', 0, '0000-00-00 00:00:00', 0, '1', 0),
(1641, 'South Delhi', 389, 103, '0000-00-00 00:00:00', 0, '0000-00-00 00:00:00', 0, '1', 0),
(1642, '', 180, 102, '0000-00-00 00:00:00', 0, '0000-00-00 00:00:00', 0, '1', 0),
(1643, 'Almora', 375, 102, '0000-00-00 00:00:00', 0, '0000-00-00 00:00:00', 0, '1', 0),
(1644, 'baranasi', 215, 102, '0000-00-00 00:00:00', 0, '0000-00-00 00:00:00', 0, '1', 0),
(1645, 'Rampur', 215, 102, '0000-00-00 00:00:00', 0, '0000-00-00 00:00:00', 0, '1', 0),
(1646, 'purulia', 226, 102, '0000-00-00 00:00:00', 0, '0000-00-00 00:00:00', 0, '1', 0),
(1647, 'palbal', 70, 102, '0000-00-00 00:00:00', 0, '0000-00-00 00:00:00', 0, '1', 0),
(1648, 'sambhal', 215, 102, '0000-00-00 00:00:00', 0, '0000-00-00 00:00:00', 0, '1', 0),
(1649, 'Bhubaneswar', 163, 102, '0000-00-00 00:00:00', 0, '0000-00-00 00:00:00', 0, '1', 0),
(1650, 'Jamshedpur', 85, 102, '0000-00-00 00:00:00', 0, '0000-00-00 00:00:00', 0, '1', 0),
(1651, '1', 114, 102, '0000-00-00 00:00:00', 0, '0000-00-00 00:00:00', 0, '1', 0),
(1652, 'Navi Mumbai', 114, 102, '0000-00-00 00:00:00', 0, '0000-00-00 00:00:00', 0, '1', 0),
(1653, 'South Tripura', 213, 102, '0000-00-00 00:00:00', 0, '0000-00-00 00:00:00', 0, '1', 0),
(1654, '', 381, 102, '0000-00-00 00:00:00', 0, '0000-00-00 00:00:00', 0, '1', 0),
(1655, 'amruha', 215, 102, '0000-00-00 00:00:00', 0, '0000-00-00 00:00:00', 0, '1', 0),
(1656, 'Cuttack', 163, 102, '0000-00-00 00:00:00', 0, '0000-00-00 00:00:00', 0, '1', 0),
(1657, 'Vaishali', 215, 102, '0000-00-00 00:00:00', 0, '0000-00-00 00:00:00', 0, '1', 0),
(1658, 'Raebareli', 215, 102, '0000-00-00 00:00:00', 0, '0000-00-00 00:00:00', 0, '1', 0),
(1659, 'Etawah', 215, 102, '0000-00-00 00:00:00', 0, '0000-00-00 00:00:00', 0, '1', 0),
(1660, 'Dehradun', 216, 102, '0000-00-00 00:00:00', 0, '0000-00-00 00:00:00', 0, '1', 0),
(1661, 'london', 390, 226, '0000-00-00 00:00:00', 0, '0000-00-00 00:00:00', 0, '1', 0),
(1662, 'bastar', 35, 102, '0000-00-00 00:00:00', 0, '0000-00-00 00:00:00', 0, '1', 0),
(1663, 'balaabgarh', 70, 102, '0000-00-00 00:00:00', 0, '0000-00-00 00:00:00', 0, '1', 0),
(1664, 'Triputi', 9, 102, '0000-00-00 00:00:00', 0, '0000-00-00 00:00:00', 0, '1', 0),
(1665, 'Dearborn', 126, 227, '0000-00-00 00:00:00', 0, '0000-00-00 00:00:00', 0, '1', 0),
(1666, 'serilingampally', 376, 102, '0000-00-00 00:00:00', 0, '0000-00-00 00:00:00', 0, '1', 0),
(1667, 'Jabalpur', 112, 102, '0000-00-00 00:00:00', 0, '0000-00-00 00:00:00', 0, '1', 0),
(1668, 'Bhopal', 112, 102, '0000-00-00 00:00:00', 0, '0000-00-00 00:00:00', 0, '1', 0),
(1669, 'Amroha', 215, 102, '0000-00-00 00:00:00', 0, '0000-00-00 00:00:00', 0, '1', 0),
(1670, 'Midnapore', 226, 102, '0000-00-00 00:00:00', 0, '0000-00-00 00:00:00', 0, '1', 0),
(1671, 'Shamli', 215, 102, '0000-00-00 00:00:00', 0, '0000-00-00 00:00:00', 0, '1', 0),
(1672, 'Anand', 67, 102, '0000-00-00 00:00:00', 0, '0000-00-00 00:00:00', 0, '1', 0),
(1673, 'kashganj', 215, 102, '0000-00-00 00:00:00', 0, '0000-00-00 00:00:00', 0, '1', 0),
(1674, 'ZIRAKPUR', 176, 102, '0000-00-00 00:00:00', 0, '0000-00-00 00:00:00', 0, '1', 0),
(1675, 'hapur', 215, 102, '0000-00-00 00:00:00', 0, '0000-00-00 00:00:00', 0, '1', 0),
(1676, 'dHAR', 112, 102, '0000-00-00 00:00:00', 0, '0000-00-00 00:00:00', 0, '1', 0),
(1677, 'Baghpat', 215, 102, '0000-00-00 00:00:00', 0, '0000-00-00 00:00:00', 0, '1', 0),
(1678, 'haridwar', 375, 102, '0000-00-00 00:00:00', 0, '0000-00-00 00:00:00', 0, '1', 0),
(1679, 'Parvati puram', 9, 102, '0000-00-00 00:00:00', 0, '0000-00-00 00:00:00', 0, '1', 0),
(1680, 'Sivasagar', 14, 102, '0000-00-00 00:00:00', 0, '0000-00-00 00:00:00', 0, '1', 0),
(1681, 'Leamington', 391, 226, '0000-00-00 00:00:00', 0, '0000-00-00 00:00:00', 0, '1', 0),
(1682, 'shahibada', 215, 102, '0000-00-00 00:00:00', 0, '0000-00-00 00:00:00', 0, '1', 0),
(1683, 'Batala', 176, 102, '0000-00-00 00:00:00', 0, '0000-00-00 00:00:00', 0, '1', 0),
(1684, 'Bahadurgarh', 70, 102, '0000-00-00 00:00:00', 0, '0000-00-00 00:00:00', 0, '1', 0),
(1685, 'ajmer', 180, 102, '0000-00-00 00:00:00', 0, '0000-00-00 00:00:00', 0, '1', 0),
(1686, '', 82, 102, '0000-00-00 00:00:00', 0, '0000-00-00 00:00:00', 0, '1', 0),
(1687, 'pittsburgh', 168, 227, '0000-00-00 00:00:00', 0, '0000-00-00 00:00:00', 0, '1', 0),
(1688, '', 376, 102, '0000-00-00 00:00:00', 0, '0000-00-00 00:00:00', 0, '1', 0),
(1689, 'nagpur', 331, 102, '0000-00-00 00:00:00', 0, '0000-00-00 00:00:00', 0, '1', 0),
(1690, 'Ali ganj', 215, 102, '0000-00-00 00:00:00', 0, '0000-00-00 00:00:00', 0, '1', 0),
(1691, 'giridih', 85, 102, '0000-00-00 00:00:00', 0, '0000-00-00 00:00:00', 0, '1', 0),
(1692, 'Gainesville', 58, 227, '0000-00-00 00:00:00', 0, '0000-00-00 00:00:00', 0, '1', 0),
(1693, 'New Delhi', 47, 102, '0000-00-00 00:00:00', 0, '0000-00-00 00:00:00', 0, '1', 0),
(1694, 'mau', 215, 102, '0000-00-00 00:00:00', 0, '0000-00-00 00:00:00', 0, '1', 0),
(1695, 'harda', 112, 102, '0000-00-00 00:00:00', 0, '0000-00-00 00:00:00', 0, '1', 0),
(1696, 'amroha', 112, 102, '0000-00-00 00:00:00', 0, '0000-00-00 00:00:00', 0, '1', 0),
(1697, 'Manglaur', 375, 102, '0000-00-00 00:00:00', 0, '0000-00-00 00:00:00', 0, '1', 0),
(1698, 'Sukhlagang', 215, 102, '0000-00-00 00:00:00', 0, '0000-00-00 00:00:00', 0, '1', 0),
(1699, 'old delhi', 49, 102, '0000-00-00 00:00:00', 0, '0000-00-00 00:00:00', 0, '1', 0),
(1700, 'bhagal pur', 23, 102, '0000-00-00 00:00:00', 0, '0000-00-00 00:00:00', 0, '1', 0),
(1701, 'Mushabani', 85, 102, '0000-00-00 00:00:00', 0, '0000-00-00 00:00:00', 0, '1', 0),
(1702, 'narvana', 70, 102, '0000-00-00 00:00:00', 0, '0000-00-00 00:00:00', 0, '1', 0),
(1703, 'visakhapatnam ', 9, 102, '0000-00-00 00:00:00', 0, '0000-00-00 00:00:00', 0, '1', 0),
(1704, 'Giddarbaha', 176, 102, '0000-00-00 00:00:00', 0, '0000-00-00 00:00:00', 0, '1', 0),
(1705, 'mogal sarai', 215, 102, '0000-00-00 00:00:00', 0, '0000-00-00 00:00:00', 0, '1', 0),
(1706, 'durg', 35, 102, '0000-00-00 00:00:00', 0, '0000-00-00 00:00:00', 0, '1', 0),
(1707, 'tarnparan', 176, 102, '0000-00-00 00:00:00', 0, '0000-00-00 00:00:00', 0, '1', 0),
(1708, 'Scarborough', 190, 39, '0000-00-00 00:00:00', 0, '0000-00-00 00:00:00', 0, '1', 0),
(1709, 'Lucknow', 88, 102, '0000-00-00 00:00:00', 0, '0000-00-00 00:00:00', 0, '1', 0),
(1710, '', 392, 225, '0000-00-00 00:00:00', 0, '0000-00-00 00:00:00', 0, '1', 0),
(1711, 'Chandigarh', 176, 102, '0000-00-00 00:00:00', 0, '0000-00-00 00:00:00', 0, '1', 0),
(1712, 'SAN DIEGO', 29, 227, '0000-00-00 00:00:00', 0, '0000-00-00 00:00:00', 0, '1', 0),
(1713, 'khanpur', 49, 102, '0000-00-00 00:00:00', 0, '0000-00-00 00:00:00', 0, '1', 0),
(1714, 'jind ', 70, 102, '0000-00-00 00:00:00', 0, '0000-00-00 00:00:00', 0, '1', 0),
(1715, 'sirsa', 70, 102, '0000-00-00 00:00:00', 0, '0000-00-00 00:00:00', 0, '1', 0),
(1716, 'Kishanganj', 23, 102, '0000-00-00 00:00:00', 0, '0000-00-00 00:00:00', 0, '1', 0),
(1717, 'banka', 23, 102, '0000-00-00 00:00:00', 0, '0000-00-00 00:00:00', 0, '1', 0),
(1718, 'Mohali', 176, 102, '0000-00-00 00:00:00', 0, '0000-00-00 00:00:00', 0, '1', 0),
(1719, 'Surat', 67, 102, '0000-00-00 00:00:00', 0, '0000-00-00 00:00:00', 0, '1', 0),
(1720, 'Jaisalmer', 180, 102, '0000-00-00 00:00:00', 0, '0000-00-00 00:00:00', 0, '1', 0),
(1721, '', 93, 227, '0000-00-00 00:00:00', 0, '0000-00-00 00:00:00', 0, '1', 0),
(1722, 'chatarpur', 49, 102, '0000-00-00 00:00:00', 0, '0000-00-00 00:00:00', 0, '1', 0),
(1723, 'Chomu', 180, 102, '0000-00-00 00:00:00', 0, '0000-00-00 00:00:00', 0, '1', 0),
(1724, '', 14, 102, '0000-00-00 00:00:00', 0, '0000-00-00 00:00:00', 0, '1', 0),
(1725, 'Bharuch', 67, 102, '0000-00-00 00:00:00', 0, '0000-00-00 00:00:00', 0, '1', 0),
(1726, '24 pargona', 226, 102, '0000-00-00 00:00:00', 0, '0000-00-00 00:00:00', 0, '1', 0),
(1727, 'Rourkela', 163, 102, '0000-00-00 00:00:00', 0, '0000-00-00 00:00:00', 0, '1', 0),
(1728, 'Florida', 6, 227, '0000-00-00 00:00:00', 0, '0000-00-00 00:00:00', 0, '1', 0),
(1729, 'mansa ', 176, 102, '0000-00-00 00:00:00', 0, '0000-00-00 00:00:00', 0, '1', 0),
(1730, 'Kasganj', 215, 102, '0000-00-00 00:00:00', 0, '0000-00-00 00:00:00', 0, '1', 0),
(1731, 'Rajasthan', 180, 102, '0000-00-00 00:00:00', 0, '0000-00-00 00:00:00', 0, '1', 0),
(1732, 'Rajgangpur', 393, 0, '0000-00-00 00:00:00', 0, '0000-00-00 00:00:00', 0, '1', 0),
(1733, 'harayana', 373, 0, '0000-00-00 00:00:00', 0, '0000-00-00 00:00:00', 0, '1', 0),
(1734, 'dehradoon', 332, 102, '0000-00-00 00:00:00', 0, '0000-00-00 00:00:00', 0, '1', 0),
(1735, 'Faizabad', 215, 102, '0000-00-00 00:00:00', 0, '0000-00-00 00:00:00', 0, '1', 0),
(1736, 'north', 49, 102, '0000-00-00 00:00:00', 0, '0000-00-00 00:00:00', 0, '1', 0),
(1737, 'New Delhi', 374, 102, '0000-00-00 00:00:00', 0, '0000-00-00 00:00:00', 0, '1', 0),
(1738, 'nagina', 215, 102, '0000-00-00 00:00:00', 0, '0000-00-00 00:00:00', 0, '1', 0),
(1739, 'udaypur', 180, 102, '0000-00-00 00:00:00', 0, '0000-00-00 00:00:00', 0, '1', 0),
(1740, 'nainital', 375, 102, '0000-00-00 00:00:00', 0, '0000-00-00 00:00:00', 0, '1', 0),
(1741, 'Warszawa', 394, 148, '0000-00-00 00:00:00', 0, '0000-00-00 00:00:00', 0, '1', 0),
(1742, 'Shyamli', 215, 102, '0000-00-00 00:00:00', 0, '0000-00-00 00:00:00', 0, '1', 0),
(1743, 'Bhiwani', 70, 102, '0000-00-00 00:00:00', 0, '0000-00-00 00:00:00', 0, '1', 0),
(1744, 'London', 106, 225, '0000-00-00 00:00:00', 0, '0000-00-00 00:00:00', 0, '1', 0),
(1745, '', 64, 102, '0000-00-00 00:00:00', 0, '0000-00-00 00:00:00', 0, '1', 0),
(1746, 'abohar', 176, 102, '0000-00-00 00:00:00', 0, '0000-00-00 00:00:00', 0, '1', 0),
(1747, 'Bulandshahr', 215, 102, '0000-00-00 00:00:00', 0, '0000-00-00 00:00:00', 0, '1', 0),
(1748, '', 395, 227, '0000-00-00 00:00:00', 0, '0000-00-00 00:00:00', 0, '1', 0),
(1749, 'sahdra', 49, 102, '0000-00-00 00:00:00', 0, '0000-00-00 00:00:00', 0, '1', 0),
(1750, 'USA', 208, 227, '0000-00-00 00:00:00', 0, '0000-00-00 00:00:00', 0, '1', 0),
(1751, 'Raigad', 114, 102, '0000-00-00 00:00:00', 0, '0000-00-00 00:00:00', 0, '1', 0),
(1752, 'Roorkee', 396, 102, '0000-00-00 00:00:00', 0, '0000-00-00 00:00:00', 0, '1', 0),
(1753, 'OLD', 397, 13, '0000-00-00 00:00:00', 0, '0000-00-00 00:00:00', 0, '1', 0),
(1754, 'Odisha', 226, 102, '0000-00-00 00:00:00', 0, '0000-00-00 00:00:00', 0, '1', 0),
(1755, 'Begum', 112, 102, '0000-00-00 00:00:00', 0, '0000-00-00 00:00:00', 0, '1', 0),
(1756, 'Baghpath', 215, 102, '0000-00-00 00:00:00', 0, '0000-00-00 00:00:00', 0, '1', 0),
(1757, 'Jhajjar', 70, 102, '0000-00-00 00:00:00', 0, '0000-00-00 00:00:00', 0, '1', 0),
(1758, 'khagaria', 23, 102, '0000-00-00 00:00:00', 0, '0000-00-00 00:00:00', 0, '1', 0),
(1759, 'begu sarai', 23, 102, '0000-00-00 00:00:00', 0, '0000-00-00 00:00:00', 0, '1', 0),
(1760, 'Nagpur', 114, 102, '0000-00-00 00:00:00', 0, '0000-00-00 00:00:00', 0, '1', 0),
(1761, 'siliguri', 112, 102, '0000-00-00 00:00:00', 0, '0000-00-00 00:00:00', 0, '1', 0),
(1762, 'kingdon', 211, 108, '0000-00-00 00:00:00', 0, '0000-00-00 00:00:00', 0, '1', 0),
(1763, 'jalpaiguri', 226, 102, '0000-00-00 00:00:00', 0, '0000-00-00 00:00:00', 0, '1', 0),
(1764, '1', 398, 102, '0000-00-00 00:00:00', 0, '0000-00-00 00:00:00', 0, '1', 0),
(1765, 'kharagpur', 226, 102, '0000-00-00 00:00:00', 0, '0000-00-00 00:00:00', 0, '1', 0),
(1766, 'rauta pur', 215, 102, '0000-00-00 00:00:00', 0, '0000-00-00 00:00:00', 0, '1', 0),
(1767, 'gaziabad', 381, 102, '0000-00-00 00:00:00', 0, '0000-00-00 00:00:00', 0, '1', 0),
(1768, 'Bokaro ', 85, 102, '0000-00-00 00:00:00', 0, '0000-00-00 00:00:00', 0, '1', 0),
(1769, '1', 29, 227, '0000-00-00 00:00:00', 0, '0000-00-00 00:00:00', 0, '1', 0),
(1770, 'valsad', 67, 102, '0000-00-00 00:00:00', 0, '0000-00-00 00:00:00', 0, '1', 0),
(1771, 'aldie', 225, 227, '0000-00-00 00:00:00', 0, '0000-00-00 00:00:00', 0, '1', 0),
(1772, 'wardha', 112, 102, '0000-00-00 00:00:00', 0, '0000-00-00 00:00:00', 0, '1', 0),
(1773, 'Reilly', 215, 102, '0000-00-00 00:00:00', 0, '0000-00-00 00:00:00', 0, '1', 0),
(1774, 'bareilly', 215, 102, '0000-00-00 00:00:00', 0, '0000-00-00 00:00:00', 0, '1', 0),
(1775, 'virudhu nagar', 205, 102, '0000-00-00 00:00:00', 0, '0000-00-00 00:00:00', 0, '1', 0),
(1776, 'samastipur', 23, 102, '0000-00-00 00:00:00', 0, '0000-00-00 00:00:00', 0, '1', 0),
(1777, 'baghpat', 381, 102, '0000-00-00 00:00:00', 0, '0000-00-00 00:00:00', 0, '1', 0),
(1778, 'gaya', 23, 102, '0000-00-00 00:00:00', 0, '0000-00-00 00:00:00', 0, '1', 0),
(1779, 'San jose', 29, 227, '0000-00-00 00:00:00', 0, '0000-00-00 00:00:00', 0, '1', 0),
(1780, 'Baltimore', 120, 227, '0000-00-00 00:00:00', 0, '0000-00-00 00:00:00', 0, '1', 0);
INSERT INTO `cl_city` (`id`, `city_name`, `state_id`, `country_id`, `creation_date`, `created_by`, `modification_date`, `modified_by`, `status`, `old_id`) VALUES
(1781, 'farmington', 126, 227, '0000-00-00 00:00:00', 0, '0000-00-00 00:00:00', 0, '1', 0),
(1782, 'malviya nagar', 49, 102, '0000-00-00 00:00:00', 0, '0000-00-00 00:00:00', 0, '1', 0),
(1783, 'govindpuri', 49, 102, '0000-00-00 00:00:00', 0, '0000-00-00 00:00:00', 0, '1', 0),
(1784, 'timmani', 112, 102, '0000-00-00 00:00:00', 0, '0000-00-00 00:00:00', 0, '1', 0),
(1785, 'husirpur', 176, 102, '0000-00-00 00:00:00', 0, '0000-00-00 00:00:00', 0, '1', 0),
(1786, 'dwarka', 49, 102, '0000-00-00 00:00:00', 0, '0000-00-00 00:00:00', 0, '1', 0),
(1787, 'sitamarhi', 23, 102, '0000-00-00 00:00:00', 0, '0000-00-00 00:00:00', 0, '1', 0),
(1788, '', 399, 103, '0000-00-00 00:00:00', 0, '0000-00-00 00:00:00', 0, '1', 0),
(1789, 'tilak nagar', 49, 102, '0000-00-00 00:00:00', 0, '0000-00-00 00:00:00', 0, '1', 0),
(1790, 'Weston', 58, 227, '0000-00-00 00:00:00', 0, '0000-00-00 00:00:00', 0, '1', 0),
(1791, 'sikendrabad', 400, 102, '0000-00-00 00:00:00', 0, '0000-00-00 00:00:00', 0, '1', 0),
(1792, 'Kota', 180, 102, '0000-00-00 00:00:00', 0, '0000-00-00 00:00:00', 0, '1', 0),
(1793, '', 400, 102, '0000-00-00 00:00:00', 0, '0000-00-00 00:00:00', 0, '1', 0),
(1794, 'Gandhinagat', 70, 102, '0000-00-00 00:00:00', 0, '0000-00-00 00:00:00', 0, '1', 0),
(1795, 'Leighton Buzzard', 401, 226, '0000-00-00 00:00:00', 0, '0000-00-00 00:00:00', 0, '1', 0),
(1796, 'Rudrapur', 216, 102, '0000-00-00 00:00:00', 0, '0000-00-00 00:00:00', 0, '1', 0),
(1797, '', 90, 102, '0000-00-00 00:00:00', 0, '0000-00-00 00:00:00', 0, '1', 0),
(1798, 'Secunderabad', 378, 102, '0000-00-00 00:00:00', 0, '0000-00-00 00:00:00', 0, '1', 0),
(1799, 'noida', 400, 102, '0000-00-00 00:00:00', 0, '0000-00-00 00:00:00', 0, '1', 0),
(1800, 'Shanti pur', 14, 102, '0000-00-00 00:00:00', 0, '0000-00-00 00:00:00', 0, '1', 0),
(1801, 'shivpuri', 82, 102, '0000-00-00 00:00:00', 0, '0000-00-00 00:00:00', 0, '1', 0),
(1802, 'Proddatur', 9, 102, '0000-00-00 00:00:00', 0, '0000-00-00 00:00:00', 0, '1', 0),
(1803, 'Phoenix', 11, 227, '0000-00-00 00:00:00', 0, '0000-00-00 00:00:00', 0, '1', 0),
(1804, 'Los Angeles', 108, 227, '0000-00-00 00:00:00', 0, '0000-00-00 00:00:00', 0, '1', 0),
(1805, 'ratanpur ', 215, 102, '0000-00-00 00:00:00', 0, '0000-00-00 00:00:00', 0, '1', 0),
(1806, 'Dehri on sone', 23, 102, '0000-00-00 00:00:00', 0, '0000-00-00 00:00:00', 0, '1', 0),
(1807, 'banda', 215, 102, '0000-00-00 00:00:00', 0, '0000-00-00 00:00:00', 0, '1', 0),
(1808, 'Mukherjee nagar', 49, 102, '0000-00-00 00:00:00', 0, '0000-00-00 00:00:00', 0, '1', 0),
(1809, 'siwan', 23, 102, '0000-00-00 00:00:00', 0, '0000-00-00 00:00:00', 0, '1', 0),
(1810, '1', 94, 102, '0000-00-00 00:00:00', 0, '0000-00-00 00:00:00', 0, '1', 0),
(1811, 'n delhi', 49, 102, '0000-00-00 00:00:00', 0, '0000-00-00 00:00:00', 0, '1', 0),
(1812, 'tehsil', 70, 102, '0000-00-00 00:00:00', 0, '0000-00-00 00:00:00', 0, '1', 0),
(1813, ' Darlington', 123, 13, '0000-00-00 00:00:00', 0, '0000-00-00 00:00:00', 0, '1', 0),
(1814, 'ORLANDO', 160, 227, '0000-00-00 00:00:00', 0, '0000-00-00 00:00:00', 0, '1', 0),
(1815, 'Eastern Province', 160, 185, '0000-00-00 00:00:00', 0, '0000-00-00 00:00:00', 0, '1', 0),
(1816, 'Raigarh', 35, 102, '0000-00-00 00:00:00', 0, '0000-00-00 00:00:00', 0, '1', 0),
(1817, 'noor nagar', 215, 102, '0000-00-00 00:00:00', 0, '0000-00-00 00:00:00', 0, '1', 0),
(1818, 'Hauz khas', 49, 102, '0000-00-00 00:00:00', 0, '0000-00-00 00:00:00', 0, '1', 0),
(1819, 'Kannauj', 215, 102, '0000-00-00 00:00:00', 0, '0000-00-00 00:00:00', 0, '1', 0),
(1820, 'hyderabad', 9, 102, '0000-00-00 00:00:00', 0, '0000-00-00 00:00:00', 0, '1', 0),
(1821, 'Mississauga', 402, 39, '0000-00-00 00:00:00', 0, '0000-00-00 00:00:00', 0, '1', 0),
(1822, 'gaziabad', 400, 102, '0000-00-00 00:00:00', 0, '0000-00-00 00:00:00', 0, '1', 0),
(1823, 'HAIDER PUR', 49, 102, '0000-00-00 00:00:00', 0, '0000-00-00 00:00:00', 0, '1', 0),
(1824, 'bhopal', 114, 102, '0000-00-00 00:00:00', 0, '0000-00-00 00:00:00', 0, '1', 0),
(1825, 'Kodaikanal', 205, 102, '0000-00-00 00:00:00', 0, '0000-00-00 00:00:00', 0, '1', 0),
(1826, '', 375, 102, '0000-00-00 00:00:00', 0, '0000-00-00 00:00:00', 0, '1', 0),
(1827, 'Dabra', 112, 102, '0000-00-00 00:00:00', 0, '0000-00-00 00:00:00', 0, '1', 0),
(1828, 'geonggi', 192, 117, '0000-00-00 00:00:00', 0, '0000-00-00 00:00:00', 0, '1', 0),
(1829, 'panchkula', 33, 102, '0000-00-00 00:00:00', 0, '0000-00-00 00:00:00', 0, '1', 0),
(1830, '', 338, 102, '0000-00-00 00:00:00', 0, '0000-00-00 00:00:00', 0, '1', 0),
(1831, 'Chrompet ', 36, 102, '0000-00-00 00:00:00', 0, '0000-00-00 00:00:00', 0, '1', 0),
(1832, 'Jaunpur', 215, 102, '0000-00-00 00:00:00', 0, '0000-00-00 00:00:00', 0, '1', 0),
(1833, '', 122, 102, '0000-00-00 00:00:00', 0, '0000-00-00 00:00:00', 0, '1', 0),
(1834, 'aurangabad', 114, 102, '0000-00-00 00:00:00', 0, '0000-00-00 00:00:00', 0, '1', 0),
(1835, 'Shilong', 122, 102, '0000-00-00 00:00:00', 0, '0000-00-00 00:00:00', 0, '1', 0),
(1836, 'aligarh', 400, 102, '0000-00-00 00:00:00', 0, '0000-00-00 00:00:00', 0, '1', 0),
(1837, 'lake forest', 29, 227, '0000-00-00 00:00:00', 0, '0000-00-00 00:00:00', 0, '1', 0),
(1838, 'Fayetteville', 12, 227, '0000-00-00 00:00:00', 0, '0000-00-00 00:00:00', 0, '1', 0),
(1839, '', 205, 102, '0000-00-00 00:00:00', 0, '0000-00-00 00:00:00', 0, '1', 0),
(1840, 'alaknanda', 49, 102, '0000-00-00 00:00:00', 0, '0000-00-00 00:00:00', 0, '1', 0),
(1841, 'princeton', 403, 227, '0000-00-00 00:00:00', 0, '0000-00-00 00:00:00', 0, '1', 0),
(1842, 'Bahodapur', 112, 102, '0000-00-00 00:00:00', 0, '0000-00-00 00:00:00', 0, '1', 0),
(1843, 'KRISH', 404, 84, '0000-00-00 00:00:00', 0, '0000-00-00 00:00:00', 0, '1', 0),
(1844, 'Shrirampur', 114, 102, '0000-00-00 00:00:00', 0, '0000-00-00 00:00:00', 0, '1', 0),
(1845, 'Monipur', 215, 102, '0000-00-00 00:00:00', 0, '0000-00-00 00:00:00', 0, '1', 0),
(1846, 'Siliguri', 226, 102, '0000-00-00 00:00:00', 0, '0000-00-00 00:00:00', 0, '1', 0),
(1847, 'Hooghly', 226, 102, '0000-00-00 00:00:00', 0, '0000-00-00 00:00:00', 0, '1', 0),
(1848, 'Rampurhat', 226, 102, '0000-00-00 00:00:00', 0, '0000-00-00 00:00:00', 0, '1', 0),
(1849, 'Westbury', 147, 227, '0000-00-00 00:00:00', 0, '0000-00-00 00:00:00', 0, '1', 0),
(1850, '', 405, 104, '0000-00-00 00:00:00', 0, '0000-00-00 00:00:00', 0, '1', 0),
(1851, 'Darbhanga', 23, 102, '0000-00-00 00:00:00', 0, '0000-00-00 00:00:00', 0, '1', 0),
(1852, 'Goregaon West', 114, 102, '0000-00-00 00:00:00', 0, '0000-00-00 00:00:00', 0, '1', 0),
(1853, 'birbhum', 226, 102, '0000-00-00 00:00:00', 0, '0000-00-00 00:00:00', 0, '1', 0),
(1854, 'sydney', 201, 13, '0000-00-00 00:00:00', 0, '0000-00-00 00:00:00', 0, '1', 0),
(1855, 'nehtaur', 215, 102, '0000-00-00 00:00:00', 0, '0000-00-00 00:00:00', 0, '1', 0),
(1856, 'palano', 392, 225, '0000-00-00 00:00:00', 0, '0000-00-00 00:00:00', 0, '1', 0),
(1857, 'Chandler', 11, 227, '0000-00-00 00:00:00', 0, '0000-00-00 00:00:00', 0, '1', 0),
(1858, 'unitad arab', 406, 225, '0000-00-00 00:00:00', 0, '0000-00-00 00:00:00', 0, '1', 0),
(1859, '', 396, 102, '0000-00-00 00:00:00', 0, '0000-00-00 00:00:00', 0, '1', 0),
(1860, '', 226, 102, '0000-00-00 00:00:00', 0, '0000-00-00 00:00:00', 0, '1', 0),
(1861, 'Fatehpur', 215, 102, '0000-00-00 00:00:00', 0, '0000-00-00 00:00:00', 0, '1', 0),
(1862, 'Bavaria', 97, 84, '0000-00-00 00:00:00', 0, '0000-00-00 00:00:00', 0, '1', 0),
(1863, 'Ambala Cantt', 70, 102, '0000-00-00 00:00:00', 0, '0000-00-00 00:00:00', 0, '1', 0),
(1864, '1', 381, 102, '0000-00-00 00:00:00', 0, '0000-00-00 00:00:00', 0, '1', 0),
(1865, 'Pennsylvania', 34, 227, '0000-00-00 00:00:00', 0, '0000-00-00 00:00:00', 0, '1', 0),
(1866, 'merrut', 70, 102, '0000-00-00 00:00:00', 0, '0000-00-00 00:00:00', 0, '1', 0),
(1867, 'guhati', 14, 102, '0000-00-00 00:00:00', 0, '0000-00-00 00:00:00', 0, '1', 0),
(1868, 'Darlington', 407, 13, '0000-00-00 00:00:00', 0, '0000-00-00 00:00:00', 0, '1', 0),
(1869, 'samasti pur', 23, 102, '0000-00-00 00:00:00', 0, '0000-00-00 00:00:00', 0, '1', 0),
(1870, 'Kanina', 70, 102, '0000-00-00 00:00:00', 0, '0000-00-00 00:00:00', 0, '1', 0),
(1871, 'Chandauli', 215, 102, '0000-00-00 00:00:00', 0, '0000-00-00 00:00:00', 0, '1', 0),
(1872, 'Mirzapur ', 215, 102, '0000-00-00 00:00:00', 0, '0000-00-00 00:00:00', 0, '1', 0),
(1873, 'Lakemary', 58, 227, '0000-00-00 00:00:00', 0, '0000-00-00 00:00:00', 0, '1', 0),
(1874, 'ghaziabad', 408, 0, '0000-00-00 00:00:00', 0, '0000-00-00 00:00:00', 0, '1', 0),
(1875, 'sasaram', 23, 102, '0000-00-00 00:00:00', 0, '0000-00-00 00:00:00', 0, '1', 0),
(1876, 'mayur vihar', 49, 102, '0000-00-00 00:00:00', 0, '0000-00-00 00:00:00', 0, '1', 0),
(1877, 'Uttam Nagar', 49, 102, '0000-00-00 00:00:00', 0, '0000-00-00 00:00:00', 0, '1', 0),
(1878, 'MAHMOODPUR NAIBASTI', 215, 102, '0000-00-00 00:00:00', 0, '0000-00-00 00:00:00', 0, '1', 0),
(1879, 'roorki', 375, 102, '0000-00-00 00:00:00', 0, '0000-00-00 00:00:00', 0, '1', 0),
(1880, 'Bhatindi', 84, 102, '0000-00-00 00:00:00', 0, '0000-00-00 00:00:00', 0, '1', 0),
(1881, 'luckniw', 409, 102, '0000-00-00 00:00:00', 0, '0000-00-00 00:00:00', 0, '1', 0),
(1882, '1', 191, 227, '0000-00-00 00:00:00', 0, '0000-00-00 00:00:00', 0, '1', 0),
(1883, 'Tripura', 213, 102, '0000-00-00 00:00:00', 0, '0000-00-00 00:00:00', 0, '1', 0),
(1884, 'OkHLA', 49, 102, '0000-00-00 00:00:00', 0, '0000-00-00 00:00:00', 0, '1', 0),
(1885, 'orland park', 410, 226, '0000-00-00 00:00:00', 0, '0000-00-00 00:00:00', 0, '1', 0),
(1886, 'Dumraon', 23, 102, '0000-00-00 00:00:00', 0, '0000-00-00 00:00:00', 0, '1', 0),
(1887, '1', 74, 102, '0000-00-00 00:00:00', 0, '0000-00-00 00:00:00', 0, '1', 0),
(1888, 'Epping', 155, 13, '0000-00-00 00:00:00', 0, '0000-00-00 00:00:00', 0, '1', 0),
(1889, 'vihar', 85, 102, '0000-00-00 00:00:00', 0, '0000-00-00 00:00:00', 0, '1', 0),
(1890, 'betia', 23, 102, '0000-00-00 00:00:00', 0, '0000-00-00 00:00:00', 0, '1', 0),
(1891, 'chennai ', 36, 102, '0000-00-00 00:00:00', 0, '0000-00-00 00:00:00', 0, '1', 0),
(1892, 'usa', 411, 224, '0000-00-00 00:00:00', 0, '0000-00-00 00:00:00', 0, '1', 0),
(1893, 'DUBLIN', 158, 227, '0000-00-00 00:00:00', 0, '0000-00-00 00:00:00', 0, '1', 0),
(1894, 'new dellhi', 49, 102, '0000-00-00 00:00:00', 0, '0000-00-00 00:00:00', 0, '1', 0),
(1895, 'DELHI', 374, 102, '0000-00-00 00:00:00', 0, '0000-00-00 00:00:00', 0, '1', 0),
(1896, 'Greenwood', 79, 227, '0000-00-00 00:00:00', 0, '0000-00-00 00:00:00', 0, '1', 0),
(1897, 'buksar', 23, 102, '0000-00-00 00:00:00', 0, '0000-00-00 00:00:00', 0, '1', 0),
(1898, '', 412, 0, '0000-00-00 00:00:00', 0, '0000-00-00 00:00:00', 0, '1', 0),
(1899, 'shahdara delhi', 49, 102, '0000-00-00 00:00:00', 0, '0000-00-00 00:00:00', 0, '1', 0),
(1900, 'darjeeling', 226, 102, '0000-00-00 00:00:00', 0, '0000-00-00 00:00:00', 0, '1', 0),
(1901, 'lahladpur', 23, 102, '0000-00-00 00:00:00', 0, '0000-00-00 00:00:00', 0, '1', 0),
(1902, 'fAZILKA', 176, 102, '0000-00-00 00:00:00', 0, '0000-00-00 00:00:00', 0, '1', 0),
(1903, 'Janak Puri', 49, 102, '0000-00-00 00:00:00', 0, '0000-00-00 00:00:00', 0, '1', 0),
(1904, 'nuh', 70, 102, '0000-00-00 00:00:00', 0, '0000-00-00 00:00:00', 0, '1', 0),
(1905, 'chapra ', 23, 102, '0000-00-00 00:00:00', 0, '0000-00-00 00:00:00', 0, '1', 0),
(1906, 'singapore ', 413, 189, '0000-00-00 00:00:00', 0, '0000-00-00 00:00:00', 0, '1', 0),
(1907, 'USA', 392, 225, '0000-00-00 00:00:00', 0, '0000-00-00 00:00:00', 0, '1', 0),
(1908, 'dehradun', 396, 102, '0000-00-00 00:00:00', 0, '0000-00-00 00:00:00', 0, '1', 0),
(1909, 'usa', 78, 227, '0000-00-00 00:00:00', 0, '0000-00-00 00:00:00', 0, '1', 0),
(1910, 'tinsukia', 14, 102, '0000-00-00 00:00:00', 0, '0000-00-00 00:00:00', 0, '1', 0),
(1911, ' Hayre Drive Southall ', 414, 226, '0000-00-00 00:00:00', 0, '0000-00-00 00:00:00', 0, '1', 0),
(1912, 'Timarpur', 49, 102, '0000-00-00 00:00:00', 0, '0000-00-00 00:00:00', 0, '1', 0),
(1913, 'palam', 49, 102, '0000-00-00 00:00:00', 0, '0000-00-00 00:00:00', 0, '1', 0),
(1914, 'azamgarh', 215, 102, '0000-00-00 00:00:00', 0, '0000-00-00 00:00:00', 0, '1', 0),
(1915, 'karoli', 180, 102, '0000-00-00 00:00:00', 0, '0000-00-00 00:00:00', 0, '1', 0),
(1916, 'Agra', 400, 102, '0000-00-00 00:00:00', 0, '0000-00-00 00:00:00', 0, '1', 0),
(1917, 'Thane', 114, 102, '0000-00-00 00:00:00', 0, '0000-00-00 00:00:00', 0, '1', 0),
(1918, 'farodabad', 70, 102, '0000-00-00 00:00:00', 0, '0000-00-00 00:00:00', 0, '1', 0),
(1919, 'BARAKAR ', 226, 102, '0000-00-00 00:00:00', 0, '0000-00-00 00:00:00', 0, '1', 0),
(1920, '', 415, 0, '0000-00-00 00:00:00', 0, '0000-00-00 00:00:00', 0, '1', 0),
(1921, 'jalandher', 416, 0, '0000-00-00 00:00:00', 0, '0000-00-00 00:00:00', 0, '1', 0),
(1922, '', 6, 227, '0000-00-00 00:00:00', 0, '0000-00-00 00:00:00', 0, '1', 0),
(1923, 'haryana', 373, 0, '0000-00-00 00:00:00', 0, '0000-00-00 00:00:00', 0, '1', 0),
(1924, 'jakhal', 70, 102, '0000-00-00 00:00:00', 0, '0000-00-00 00:00:00', 0, '1', 0),
(1925, 'Fatehpur', 400, 102, '0000-00-00 00:00:00', 0, '0000-00-00 00:00:00', 0, '1', 0),
(1926, 'hatwa', 112, 102, '0000-00-00 00:00:00', 0, '0000-00-00 00:00:00', 0, '1', 0),
(1927, 'ndls', 417, 0, '0000-00-00 00:00:00', 0, '0000-00-00 00:00:00', 0, '1', 0),
(1928, '', 84, 102, '0000-00-00 00:00:00', 0, '0000-00-00 00:00:00', 0, '1', 0),
(1929, 'selhi', 49, 102, '0000-00-00 00:00:00', 0, '0000-00-00 00:00:00', 0, '1', 0),
(1930, ' S Prairie Ave', 38, 227, '0000-00-00 00:00:00', 0, '0000-00-00 00:00:00', 0, '1', 0),
(1931, 'usa', 390, 226, '0000-00-00 00:00:00', 0, '0000-00-00 00:00:00', 0, '1', 0),
(1932, '1', 375, 102, '0000-00-00 00:00:00', 0, '0000-00-00 00:00:00', 0, '1', 0),
(1933, 'araria', 23, 102, '0000-00-00 00:00:00', 0, '0000-00-00 00:00:00', 0, '1', 0),
(1934, 'motihar', 23, 102, '0000-00-00 00:00:00', 0, '0000-00-00 00:00:00', 0, '1', 0),
(1935, '', 418, 102, '0000-00-00 00:00:00', 0, '0000-00-00 00:00:00', 0, '1', 0),
(1936, 'lohardaga', 85, 102, '0000-00-00 00:00:00', 0, '0000-00-00 00:00:00', 0, '1', 0),
(1937, 'New Delhi', 419, 0, '0000-00-00 00:00:00', 0, '0000-00-00 00:00:00', 0, '1', 0),
(1938, 'Monger', 23, 102, '0000-00-00 00:00:00', 0, '0000-00-00 00:00:00', 0, '1', 0),
(1939, 'AGRA', 381, 102, '0000-00-00 00:00:00', 0, '0000-00-00 00:00:00', 0, '1', 0),
(1940, 'dadri', 215, 102, '0000-00-00 00:00:00', 0, '0000-00-00 00:00:00', 0, '1', 0),
(1941, 'ujjain', 112, 102, '0000-00-00 00:00:00', 0, '0000-00-00 00:00:00', 0, '1', 0),
(1942, 'kasmir', 194, 102, '0000-00-00 00:00:00', 0, '0000-00-00 00:00:00', 0, '1', 0),
(1943, 'nagaon', 14, 102, '0000-00-00 00:00:00', 0, '0000-00-00 00:00:00', 0, '1', 0),
(1944, 'arilington', 116, 225, '0000-00-00 00:00:00', 0, '0000-00-00 00:00:00', 0, '1', 0),
(1945, 'kabul', 420, 1, '0000-00-00 00:00:00', 0, '0000-00-00 00:00:00', 0, '1', 0),
(1946, 'Jammu', 84, 102, '0000-00-00 00:00:00', 0, '0000-00-00 00:00:00', 0, '1', 0),
(1947, '1', 421, 189, '0000-00-00 00:00:00', 0, '0000-00-00 00:00:00', 0, '1', 0),
(1948, '1', 205, 102, '0000-00-00 00:00:00', 0, '0000-00-00 00:00:00', 0, '1', 0),
(1949, 'Unnao', 215, 102, '0000-00-00 00:00:00', 0, '0000-00-00 00:00:00', 0, '1', 0),
(1950, 'Deoband (Saharanpur)', 215, 102, '0000-00-00 00:00:00', 0, '0000-00-00 00:00:00', 0, '1', 0),
(1951, 'UTAH', 43, 227, '0000-00-00 00:00:00', 0, '0000-00-00 00:00:00', 0, '1', 0),
(1952, '', 138, 102, '0000-00-00 00:00:00', 0, '0000-00-00 00:00:00', 0, '1', 0),
(1953, 'Basseterre', 423, 101, '0000-00-00 00:00:00', 0, '0000-00-00 00:00:00', 0, '1', 0),
(1954, 'canada ', 424, 48, '0000-00-00 00:00:00', 0, '0000-00-00 00:00:00', 0, '1', 0),
(1955, 'raxaul', 23, 102, '0000-00-00 00:00:00', 0, '0000-00-00 00:00:00', 0, '1', 0),
(1956, 'Pensylvania', 168, 227, '0000-00-00 00:00:00', 0, '0000-00-00 00:00:00', 0, '1', 0),
(1957, '', 398, 102, '0000-00-00 00:00:00', 0, '0000-00-00 00:00:00', 0, '1', 0),
(1958, 'South West Delhi', 49, 102, '0000-00-00 00:00:00', 0, '0000-00-00 00:00:00', 0, '1', 0),
(1959, 'gusum', 72, 206, '0000-00-00 00:00:00', 0, '0000-00-00 00:00:00', 0, '1', 0),
(1960, 'Jamalpur', 23, 102, '0000-00-00 00:00:00', 0, '0000-00-00 00:00:00', 0, '1', 0),
(1961, 'rohtak', 70, 102, '0000-00-00 00:00:00', 0, '0000-00-00 00:00:00', 0, '1', 0),
(1962, 'delhi', 417, 0, '0000-00-00 00:00:00', 0, '0000-00-00 00:00:00', 0, '1', 0),
(1963, 'ncr, ghaziabad', 49, 102, '0000-00-00 00:00:00', 0, '0000-00-00 00:00:00', 0, '1', 0),
(1964, 'oROI', 215, 102, '0000-00-00 00:00:00', 0, '0000-00-00 00:00:00', 0, '1', 0),
(1965, '11', 49, 102, '0000-00-00 00:00:00', 0, '0000-00-00 00:00:00', 0, '1', 0),
(1966, 'gautam budh nagar', 425, 0, '0000-00-00 00:00:00', 0, '0000-00-00 00:00:00', 0, '1', 0),
(1967, 'allahabad', 215, 102, '0000-00-00 00:00:00', 0, '0000-00-00 00:00:00', 0, '1', 0),
(1968, 'Kasajung', 215, 102, '0000-00-00 00:00:00', 0, '0000-00-00 00:00:00', 0, '1', 0),
(1969, 'Jordan', 214, 227, '0000-00-00 00:00:00', 0, '0000-00-00 00:00:00', 0, '1', 0),
(1970, 'Bellerose', 147, 227, '0000-00-00 00:00:00', 0, '0000-00-00 00:00:00', 0, '1', 0),
(1971, 'Bellerose', 19, 227, '0000-00-00 00:00:00', 0, '0000-00-00 00:00:00', 0, '1', 0),
(1972, 'tokyo', 210, 111, '0000-00-00 00:00:00', 0, '0000-00-00 00:00:00', 0, '1', 0),
(1973, '', 114, 102, '0000-00-00 00:00:00', 0, '0000-00-00 00:00:00', 0, '1', 0),
(1974, '', 35, 102, '0000-00-00 00:00:00', 0, '0000-00-00 00:00:00', 0, '1', 0),
(1975, 'NEW delhi', 417, 0, '0000-00-00 00:00:00', 0, '0000-00-00 00:00:00', 0, '1', 0),
(1976, 'Lahara Nagla', 215, 102, '0000-00-00 00:00:00', 0, '0000-00-00 00:00:00', 0, '1', 0),
(1977, '', 176, 102, '0000-00-00 00:00:00', 0, '0000-00-00 00:00:00', 0, '1', 0),
(1978, 'palamu', 85, 102, '0000-00-00 00:00:00', 0, '0000-00-00 00:00:00', 0, '1', 0),
(1979, 'palamau', 85, 102, '0000-00-00 00:00:00', 0, '0000-00-00 00:00:00', 0, '1', 0),
(1980, 'usa', 122, 102, '0000-00-00 00:00:00', 0, '0000-00-00 00:00:00', 0, '1', 0),
(1981, 'Farrukhabad', 215, 102, '0000-00-00 00:00:00', 0, '0000-00-00 00:00:00', 0, '1', 0),
(1982, 'HALDWANI', 375, 102, '0000-00-00 00:00:00', 0, '0000-00-00 00:00:00', 0, '1', 0),
(1983, '', 9, 102, '0000-00-00 00:00:00', 0, '0000-00-00 00:00:00', 0, '1', 0),
(1984, 'Fatehgarh Sahib', 176, 102, '0000-00-00 00:00:00', 0, '0000-00-00 00:00:00', 0, '1', 0),
(1985, 'DEN HAAG', 426, 153, '0000-00-00 00:00:00', 0, '0000-00-00 00:00:00', 0, '1', 0),
(1986, 'pithoragarh', 396, 102, '0000-00-00 00:00:00', 0, '0000-00-00 00:00:00', 0, '1', 0),
(1987, 'Churu', 180, 102, '0000-00-00 00:00:00', 0, '0000-00-00 00:00:00', 0, '1', 0),
(1988, '', 13, 102, '0000-00-00 00:00:00', 0, '0000-00-00 00:00:00', 0, '1', 0),
(1989, 'Bijnour', 215, 102, '0000-00-00 00:00:00', 0, '0000-00-00 00:00:00', 0, '1', 0),
(1990, 'aaaa', 70, 102, '0000-00-00 00:00:00', 0, '0000-00-00 00:00:00', 0, '1', 0),
(1991, 'aaaa', 70, 102, '0000-00-00 00:00:00', 0, '0000-00-00 00:00:00', 0, '1', 0),
(1992, 'bbb', 70, 102, '0000-00-00 00:00:00', 0, '0000-00-00 00:00:00', 0, '1', 0);

-- --------------------------------------------------------

--
